Jun 19 08:35:54.756049 np0000003260 devstack@neutron-api.service[89957]: [pid: 89957|app: 0|req: 6/14] 10.4.3.117 () {68 vars in 1323 bytes} [Fri Jun 19 08:35:54 2026] POST /networking/v2.0/routers => generated 599 bytes in 190 msecs (HTTP/1.1 201) 4 headers in 162 bytes (1 switches on core 0)
Jun 19 08:35:54.998015 np0000003260 devstack@neutron-api.service[89958]: DEBUG neutron.api.wsgi [None req-6c5aebb6-7865-4bc0-af8c-71f3cce7f2aa admin admin] Missing Content-Type {{(pid=89958) get_content_type /opt/stack/neutron/neutron/api/wsgi.py:80}}
Jun 19 08:35:54.998015 np0000003260 devstack@neutron-api.service[89958]: DEBUG neutron.api.wsgi [None req-6c5aebb6-7865-4bc0-af8c-71f3cce7f2aa admin admin] https://10.4.3.117/networking/v2.0/extensions returned with HTTP 200 {{(pid=89958) __call__ /opt/stack/neutron/neutron/api/wsgi.py:540}}
Jun 19 08:35:54.998015 np0000003260 devstack@neutron-api.service[89958]: [pid: 89958|app: 0|req: 5/15] 10.4.3.117 () {64 vars in 1292 bytes} [Fri Jun 19 08:35:54 2026] GET /networking/v2.0/extensions => generated 16171 bytes in 3 msecs (HTTP/1.1 200) 4 headers in 159 bytes (1 switches on core 0)
Jun 19 08:35:55.247712 np0000003260 devstack@neutron-api.service[89956]: DEBUG neutron.api.v2.base [None req-f76c2336-ab34-434e-a3cc-beb81819ccb1 admin admin] Request body: {'network': {'provider:physical_network': 'public', 'name': 'public', 'router:external': True, 'admin_state_up': True, 'provider:network_type': 'flat', 'is_default': True}} {{(pid=89956) prepare_request_body /opt/stack/neutron/neutron/api/v2/base.py:727}}
Jun 19 08:35:55.263894 np0000003260 devstack@neutron-api.service[89956]: DEBUG neutron.pecan_wsgi.hooks.quota_enforcement [None req-f76c2336-ab34-434e-a3cc-beb81819ccb1 admin admin] Made reservation on behalf of b779fee9914f4d18a6ae166c391ff6c9 for: {'network': 1} {{(pid=89956) before /opt/stack/neutron/neutron/pecan_wsgi/hooks/quota_enforcement.py:66}}
Jun 19 08:35:55.268199 np0000003260 devstack@neutron-api.service[89956]: DEBUG neutron_lib.callbacks.manager [None req-f76c2336-ab34-434e-a3cc-beb81819ccb1 admin admin] Publish callbacks ['neutron.plugins.ml2.plugin.SecurityGroupDbMixin._ensure_default_security_group_handler-3174223'] for network (None), before_create {{(pid=89956) _notify_loop /opt/stack/data/venv/lib/python3.12/site-packages/neutron_lib/callbacks/manager.py:184}}
Jun 19 08:35:55.308587 np0000003260 devstack@neutron-api.service[89956]: DEBUG neutron.plugins.ml2.drivers.type_flat [None req-f76c2336-ab34-434e-a3cc-beb81819ccb1 admin admin] Reserving flat network on physical network public {{(pid=89956) reserve_provider_segment /opt/stack/neutron/neutron/plugins/ml2/drivers/type_flat.py:100}}
Jun 19 08:35:55.319019 np0000003260 devstack@neutron-api.service[89956]: DEBUG neutron_lib.callbacks.manager [None req-f76c2336-ab34-434e-a3cc-beb81819ccb1 admin admin] Publish callbacks ['neutron.services.segments.db._add_segment_host_mapping_for_segment-8216798288016', 'neutron.plugins.ml2.plugin.Ml2Plugin._handle_segment_change-3954279'] for segment (c0acf9b2-203b-4c43-b98c-c1349aaaa26a), precommit_create {{(pid=89956) _notify_loop /opt/stack/data/venv/lib/python3.12/site-packages/neutron_lib/callbacks/manager.py:184}}
Jun 19 08:35:55.319379 np0000003260 devstack@neutron-api.service[89956]: DEBUG neutron_lib.callbacks.manager [None req-f76c2336-ab34-434e-a3cc-beb81819ccb1 admin admin] Unsubscribe: segment precommit_create {{(pid=89956) unsubscribe /opt/stack/data/venv/lib/python3.12/site-packages/neutron_lib/callbacks/manager.py:90}}
Jun 19 08:35:55.319429 np0000003260 devstack@neutron-api.service[89956]: INFO neutron.db.segments_db [None req-f76c2336-ab34-434e-a3cc-beb81819ccb1 admin admin] Added segment c0acf9b2-203b-4c43-b98c-c1349aaaa26a of type flat for network 21f59050-5dff-4513-a7d0-5ff96f86df85
Jun 19 08:35:55.360485 np0000003260 devstack@neutron-api.service[89956]: DEBUG neutron_lib.callbacks.manager [None req-f76c2336-ab34-434e-a3cc-beb81819ccb1 admin admin] Publish callbacks ['neutron.services.auto_allocate.db._ensure_external_network_default_value_callback-8216797214700'] for network (21f59050-5dff-4513-a7d0-5ff96f86df85), precommit_create {{(pid=89956) _notify_loop /opt/stack/data/venv/lib/python3.12/site-packages/neutron_lib/callbacks/manager.py:184}}
Jun 19 08:35:55.382363 np0000003260 devstack@neutron-api.service[89956]: DEBUG neutron.plugins.ml2.drivers.ovn.mech_driver.mech_driver [None req-f76c2336-ab34-434e-a3cc-beb81819ccb1 admin admin] Validating network segment with type flat, segmentation ID None, physical network public {{(pid=89956) _validate_network_segments /opt/stack/neutron/neutron/plugins/ml2/drivers/ovn/mech_driver/mech_driver.py:646}}
Jun 19 08:35:55.382526 np0000003260 devstack@neutron-api.service[89956]: DEBUG neutron.db.ovn_revision_numbers_db [None req-f76c2336-ab34-434e-a3cc-beb81819ccb1 admin admin] create_initial_revision uuid=21f59050-5dff-4513-a7d0-5ff96f86df85, type=networks, rev=-1 {{(pid=89956) create_initial_revision /opt/stack/neutron/neutron/db/ovn_revision_numbers_db.py:98}}
Jun 19 08:35:55.400247 np0000003260 devstack@neutron-api.service[89956]: DEBUG neutron_lib.callbacks.manager [None req-f76c2336-ab34-434e-a3cc-beb81819ccb1 admin admin] Publish callbacks ['neutron.plugins.ml2.ovo_rpc._ObjectChangeHandler.handle_event-6652158'] for network (21f59050-5dff-4513-a7d0-5ff96f86df85), after_create {{(pid=89956) _notify_loop /opt/stack/data/venv/lib/python3.12/site-packages/neutron_lib/callbacks/manager.py:184}}
Jun 19 08:35:55.448441 np0000003260 devstack@neutron-api.service[89956]: DEBUG neutron.api.rpc.handlers.resources_rpc [None req-f76c2336-ab34-434e-a3cc-beb81819ccb1 admin admin] Pushing event updated for resources: {'Network': ['ID=21f59050-5dff-4513-a7d0-5ff96f86df85,revision_number=1']} {{(pid=89956) push /opt/stack/neutron/neutron/api/rpc/handlers/resources_rpc.py:237}}
Jun 19 08:35:55.454069 np0000003260 devstack@neutron-api.service[89956]: DEBUG neutron.api.rpc.callbacks.version_manager [None req-f76c2336-ab34-434e-a3cc-beb81819ccb1 admin admin] Tracked resource versions report:
Jun 19 08:35:55.454069 np0000003260 devstack@neutron-api.service[89956]: pushed versions:
Jun 19 08:35:55.454069 np0000003260 devstack@neutron-api.service[89956]: { 'AddressGroup': {'1.2'},
Jun 19 08:35:55.454069 np0000003260 devstack@neutron-api.service[89956]: 'Agent': {'1.1'},
Jun 19 08:35:55.454069 np0000003260 devstack@neutron-api.service[89956]: 'ConntrackHelper': {'1.0'},
Jun 19 08:35:55.454069 np0000003260 devstack@neutron-api.service[89956]: 'LocalIPAssociation': {'1.0'},
Jun 19 08:35:55.454069 np0000003260 devstack@neutron-api.service[89956]: 'Log': {'1.0'},
Jun 19 08:35:55.454069 np0000003260 devstack@neutron-api.service[89956]: 'NDPProxy': {'1.0'},
Jun 19 08:35:55.454069 np0000003260 devstack@neutron-api.service[89956]: 'Network': {'1.3'},
Jun 19 08:35:55.454069 np0000003260 devstack@neutron-api.service[89956]: 'Port': {'1.11'},
Jun 19 08:35:55.454069 np0000003260 devstack@neutron-api.service[89956]: 'PortForwarding': {'1.3'},
Jun 19 08:35:55.454069 np0000003260 devstack@neutron-api.service[89956]: 'QosPolicy': {'1.10'},
Jun 19 08:35:55.454069 np0000003260 devstack@neutron-api.service[89956]: 'SecurityGroup': {'1.6'},
Jun 19 08:35:55.454069 np0000003260 devstack@neutron-api.service[89956]: 'SecurityGroupRule': {'1.3'},
Jun 19 08:35:55.454069 np0000003260 devstack@neutron-api.service[89956]: 'SubPort': {'1.0'},
Jun 19 08:35:55.454069 np0000003260 devstack@neutron-api.service[89956]: 'Subnet': {'1.2'},
Jun 19 08:35:55.454069 np0000003260 devstack@neutron-api.service[89956]: 'Trunk': {'1.1'}}
Jun 19 08:35:55.454069 np0000003260 devstack@neutron-api.service[89956]: consumer versions:
Jun 19 08:35:55.454069 np0000003260 devstack@neutron-api.service[89956]: { OVN Neutron agent@np0000003260: {},
Jun 19 08:35:55.454069 np0000003260 devstack@neutron-api.service[89956]: OVN Controller Gateway agent@np0000003260: {}}
Jun 19 08:35:55.454069 np0000003260 devstack@neutron-api.service[89956]: {{(pid=89956) report /opt/stack/neutron/neutron/api/rpc/callbacks/version_manager.py:183}}
Jun 19 08:35:55.464753 np0000003260 devstack@neutron-api.service[89956]: INFO neutron.plugins.ml2.drivers.ovn.mech_driver.ovsdb.extensions.qos [None req-f76c2336-ab34-434e-a3cc-beb81819ccb1 admin admin] Starting OVNClientQosExtension
Jun 19 08:35:55.464851 np0000003260 devstack@neutron-api.service[89956]: INFO neutron.plugins.ml2.drivers.ovn.mech_driver.ovsdb.extensions.placement [None req-f76c2336-ab34-434e-a3cc-beb81819ccb1 admin admin] Starting OVNClientPlacementExtension
Jun 19 08:35:55.470849 np0000003260 devstack@neutron-api.service[89956]: DEBUG ovsdbapp.backend.ovs_idl.transaction [-] Running txn n=1 command(idx=0): AddNetworkCommand(_result=None, network_uuid=21f59050-5dff-4513-a7d0-5ff96f86df85, may_exist=True, columns={'external_ids': {'neutron:network_name': 'public', 'neutron:mtu': '1430', 'neutron:revision_number': '1', 'neutron:availability_zone_hints': '', 'neutron:provnet-network-type': 'flat', 'neutron:provnet-physical-network': 'public'}, 'other_config': {'mcast_snoop': 'false', 'mcast_flood_unregistered': 'false', 'vlan-passthru': 'false', 'fdb_age_threshold': '300', 'broadcast-arps-to-all-routers': 'true'}}) {{(pid=89956) do_commit /opt/stack/data/venv/lib/python3.12/site-packages/ovsdbapp/backend/ovs_idl/transaction.py:89}}
Jun 19 08:35:55.471170 np0000003260 devstack@neutron-api.service[89956]: DEBUG neutron.common.ovn.utils [-] OVS persist_uuid supported=True {{(pid=89956) ovs_persist_uuid_supported /opt/stack/neutron/neutron/common/ovn/utils.py:1544}}
Jun 19 08:35:55.471571 np0000003260 devstack@neutron-api.service[89956]: DEBUG ovsdbapp.backend.ovs_idl.transaction [-] Running txn n=1 command(idx=1): AddLSwitchPortCommand(_result=None, lport=provnet-c0acf9b2-203b-4c43-b98c-c1349aaaa26a, lswitch=neutron-21f59050-5dff-4513-a7d0-5ff96f86df85, may_exist=True, network_uuid=21f59050-5dff-4513-a7d0-5ff96f86df85, columns={'addresses': ['unknown'], 'external_ids': {'neutron:provnet-physical-network': 'public'}, 'type': 'localnet', 'tag_request': [], 'options': {'network_name': 'public', 'mcast_flood_reports': 'true', 'mcast_flood': 'false', 'localnet_learn_fdb': 'false'}}) {{(pid=89956) do_commit /opt/stack/data/venv/lib/python3.12/site-packages/ovsdbapp/backend/ovs_idl/transaction.py:89}}
Jun 19 08:35:55.474506 np0000003260 devstack@neutron-api.service[89956]: DEBUG neutron.plugins.ml2.drivers.ovn.mech_driver.ovsdb.ovsdb_monitor [-] Hash Ring: Node 7ec91103b9b15c2990b2d7c5399eeb29 (host: np0000003260) handling event "create" for row febdb1ae-6868-4a92-b8c9-4122e31942e7 (table: Logical_Switch_Port) {{(pid=89956) notify /opt/stack/neutron/neutron/plugins/ml2/drivers/ovn/mech_driver/ovsdb/ovsdb_monitor.py:1015}}
Jun 19 08:35:55.476513 np0000003260 devstack@neutron-api.service[89957]: DEBUG neutron.plugins.ml2.drivers.ovn.mech_driver.ovsdb.ovsdb_monitor [-] Hash Ring: Node 2cc800861afb5dcb881db04cbc11cc2e (host: np0000003260) handling event "create" for row 21f59050-5dff-4513-a7d0-5ff96f86df85 (table: Logical_Switch) {{(pid=89957) notify /opt/stack/neutron/neutron/plugins/ml2/drivers/ovn/mech_driver/ovsdb/ovsdb_monitor.py:1015}}
Jun 19 08:35:55.476823 np0000003260 devstack@neutron-api.service[89957]: DEBUG neutron.plugins.ml2.drivers.ovn.mech_driver.ovsdb.ovsdb_monitor [-] Hash Ring: Node 2cc800861afb5dcb881db04cbc11cc2e (host: np0000003260) handling event "create" for row febdb1ae-6868-4a92-b8c9-4122e31942e7 (table: Logical_Switch_Port) {{(pid=89957) notify /opt/stack/neutron/neutron/plugins/ml2/drivers/ovn/mech_driver/ovsdb/ovsdb_monitor.py:1015}}
Jun 19 08:35:55.478104 np0000003260 devstack@neutron-api.service[89957]: DEBUG neutron.plugins.ml2.drivers.ovn.mech_driver.ovsdb.ovsdb_monitor [-] Hash Ring: Node 2cc800861afb5dcb881db04cbc11cc2e (host: np0000003260) handling event "update" for row febdb1ae-6868-4a92-b8c9-4122e31942e7 (table: Logical_Switch_Port) {{(pid=89957) notify /opt/stack/neutron/neutron/plugins/ml2/drivers/ovn/mech_driver/ovsdb/ovsdb_monitor.py:1015}}
Jun 19 08:35:55.480504 np0000003260 devstack@neutron-api.service[89957]: DEBUG neutron.plugins.ml2.drivers.ovn.mech_driver.ovsdb.ovsdb_monitor [-] Hash Ring: Node 2cc800861afb5dcb881db04cbc11cc2e (host: np0000003260) handling event "create" for row 70a3c361-4626-413e-9d3d-ee731debf57b (table: Datapath_Binding) {{(pid=89957) notify /opt/stack/neutron/neutron/plugins/ml2/drivers/ovn/mech_driver/ovsdb/ovsdb_monitor.py:1015}}
Jun 19 08:35:55.480504 np0000003260 devstack@neutron-api.service[89957]: DEBUG neutron.plugins.ml2.drivers.ovn.mech_driver.ovsdb.ovsdb_monitor [-] Hash Ring: Node 2cc800861afb5dcb881db04cbc11cc2e (host: np0000003260) handling event "create" for row 0d348796-c62a-436e-a47b-781c2881d9a1 (table: Port_Binding) {{(pid=89957) notify /opt/stack/neutron/neutron/plugins/ml2/drivers/ovn/mech_driver/ovsdb/ovsdb_monitor.py:1015}}
Jun 19 08:35:55.482322 np0000003260 devstack@neutron-api.service[89956]: DEBUG neutron.plugins.ml2.drivers.ovn.mech_driver.ovsdb.ovsdb_monitor [-] Hash Ring: Node 7ec91103b9b15c2990b2d7c5399eeb29 (host: np0000003260) handling event "update" for row febdb1ae-6868-4a92-b8c9-4122e31942e7 (table: Logical_Switch_Port) {{(pid=89956) notify /opt/stack/neutron/neutron/plugins/ml2/drivers/ovn/mech_driver/ovsdb/ovsdb_monitor.py:1015}}
Jun 19 08:35:55.490895 np0000003260 devstack@neutron-api.service[89956]: DEBUG neutron.plugins.ml2.drivers.ovn.mech_driver.ovsdb.ovsdb_monitor [-] Hash Ring: Node 7ec91103b9b15c2990b2d7c5399eeb29 (host: np0000003260) handling event "create" for row 70a3c361-4626-413e-9d3d-ee731debf57b (table: Datapath_Binding) {{(pid=89956) notify /opt/stack/neutron/neutron/plugins/ml2/drivers/ovn/mech_driver/ovsdb/ovsdb_monitor.py:1015}}
Jun 19 08:35:55.491055 np0000003260 devstack@neutron-api.service[89956]: DEBUG neutron.plugins.ml2.drivers.ovn.mech_driver.ovsdb.ovsdb_monitor [-] Hash Ring: Node 7ec91103b9b15c2990b2d7c5399eeb29 (host: np0000003260) handling event "create" for row 0d348796-c62a-436e-a47b-781c2881d9a1 (table: Port_Binding) {{(pid=89956) notify /opt/stack/neutron/neutron/plugins/ml2/drivers/ovn/mech_driver/ovsdb/ovsdb_monitor.py:1015}}
Jun 19 08:35:55.503681 np0000003260 devstack@neutron-api.service[89956]: INFO neutron.db.ovn_revision_numbers_db [None req-f76c2336-ab34-434e-a3cc-beb81819ccb1 admin admin] Successfully bumped revision number for resource 21f59050-5dff-4513-a7d0-5ff96f86df85 (type: networks) to 1
Jun 19 08:35:55.551325 np0000003260 devstack@neutron-api.service[89956]: DEBUG neutron_lib.callbacks.manager [None req-f76c2336-ab34-434e-a3cc-beb81819ccb1 admin admin] Publish callbacks ['neutron.plugins.ml2.plugin.SecurityGroupDbMixin._ensure_default_security_group_handler-3174223'] for port (None), before_create {{(pid=89956) _notify_loop /opt/stack/data/venv/lib/python3.12/site-packages/neutron_lib/callbacks/manager.py:184}}
Jun 19 08:35:55.806067 np0000003260 devstack@neutron-api.service[89956]: DEBUG neutron_lib.callbacks.manager [None req-f76c2336-ab34-434e-a3cc-beb81819ccb1 admin admin] Publish callbacks ['neutron.plugins.ml2.drivers.ovn.mech_driver.mech_driver.OVNMechanismDriver._validate_allowed_address_pairs-494942'] for allowed_address_pair (b6cd9c54-ef09-4d31-bab8-305266b1683f), before_create {{(pid=89956) _notify_loop /opt/stack/data/venv/lib/python3.12/site-packages/neutron_lib/callbacks/manager.py:184}}
Jun 19 08:35:55.806501 np0000003260 devstack@neutron-api.service[89956]: DEBUG neutron_lib.callbacks.manager [None req-f76c2336-ab34-434e-a3cc-beb81819ccb1 admin admin] Publish callbacks [] for port (b6cd9c54-ef09-4d31-bab8-305266b1683f), precommit_create {{(pid=89956) _notify_loop /opt/stack/data/venv/lib/python3.12/site-packages/neutron_lib/callbacks/manager.py:184}}
Jun 19 08:35:55.806667 np0000003260 devstack@neutron-api.service[89956]: DEBUG neutron.plugins.ml2.drivers.ovn.mech_driver.mech_driver [None req-f76c2336-ab34-434e-a3cc-beb81819ccb1 admin admin] No provisioning block for port b6cd9c54-ef09-4d31-bab8-305266b1683f since it does not have a host {{(pid=89956) _is_port_provisioning_required /opt/stack/neutron/neutron/plugins/ml2/drivers/ovn/mech_driver/mech_driver.py:899}}
Jun 19 08:35:55.806767 np0000003260 devstack@neutron-api.service[89956]: DEBUG neutron.db.ovn_revision_numbers_db [None req-f76c2336-ab34-434e-a3cc-beb81819ccb1 admin admin] create_initial_revision uuid=b6cd9c54-ef09-4d31-bab8-305266b1683f, type=ports, rev=-1 {{(pid=89956) create_initial_revision /opt/stack/neutron/neutron/db/ovn_revision_numbers_db.py:98}}
Jun 19 08:35:55.850664 np0000003260 devstack@neutron-api.service[89956]: DEBUG neutron_lib.callbacks.manager [None req-f76c2336-ab34-434e-a3cc-beb81819ccb1 admin admin] Publish callbacks ['neutron.plugins.ml2.ovo_rpc._ObjectChangeHandler.handle_event-6652145'] for port (b6cd9c54-ef09-4d31-bab8-305266b1683f), after_create {{(pid=89956) _notify_loop /opt/stack/data/venv/lib/python3.12/site-packages/neutron_lib/callbacks/manager.py:184}}
Jun 19 08:35:55.900594 np0000003260 devstack@neutron-api.service[89956]: DEBUG neutron.api.rpc.handlers.resources_rpc [None req-f76c2336-ab34-434e-a3cc-beb81819ccb1 admin admin] Pushing event updated for resources: {'Port': ['ID=b6cd9c54-ef09-4d31-bab8-305266b1683f,revision_number=1']} {{(pid=89956) push /opt/stack/neutron/neutron/api/rpc/handlers/resources_rpc.py:237}}
Jun 19 08:35:55.931507 np0000003260 devstack@neutron-api.service[89956]: DEBUG neutron.plugins.ml2.drivers.ovn.mech_driver.ovsdb.commands [None req-f76c2336-ab34-434e-a3cc-beb81819ccb1 admin admin] Converting tag [] to a tag_request {{(pid=89956) _tag_column_to_tag_request /opt/stack/neutron/neutron/plugins/ml2/drivers/ovn/mech_driver/ovsdb/commands.py:205}}
Jun 19 08:35:55.932195 np0000003260 devstack@neutron-api.service[89956]: DEBUG ovsdbapp.backend.ovs_idl.transaction [-] Running txn n=1 command(idx=0): AddLSwitchPortCommand(_result=None, lport=b6cd9c54-ef09-4d31-bab8-305266b1683f, lswitch=neutron-21f59050-5dff-4513-a7d0-5ff96f86df85, may_exist=True, network_uuid=21f59050-5dff-4513-a7d0-5ff96f86df85, columns={'addresses': ['fa:16:3e:2c:1f:9b'], 'external_ids': {'neutron:port_name': '', 'neutron:device_id': 'ovnmeta-21f59050-5dff-4513-a7d0-5ff96f86df85', 'neutron:project_id': 'b779fee9914f4d18a6ae166c391ff6c9', 'neutron:cidrs': '', 'neutron:device_owner': 'network:distributed', 'neutron:subnet_pool_addr_scope4': '', 'neutron:subnet_pool_addr_scope6': '', 'neutron:network_name': 'neutron-21f59050-5dff-4513-a7d0-5ff96f86df85', 'neutron:security_group_ids': '', 'neutron:revision_number': '1', 'neutron:vnic_type': 'normal', 'neutron:port_capabilities': '', 'neutron:mtu': '1430'}, 'parent_name': [], 'enabled': True, 'options': {}, 'type': 'localport', 'port_security': [], 'dhcpv4_options': [], 'dhcpv6_options': [], 'tag_request': []}) {{(pid=89956) do_commit /opt/stack/data/venv/lib/python3.12/site-packages/ovsdbapp/backend/ovs_idl/transaction.py:89}}
Jun 19 08:35:55.932660 np0000003260 devstack@neutron-api.service[89956]: DEBUG ovsdbapp.backend.ovs_idl.transaction [-] Running txn n=1 command(idx=1): QoSDelCommand(_result=None, switch=neutron-21f59050-5dff-4513-a7d0-5ff96f86df85, conditions=[('direction', '=', 'to-lport'), ('priority', '=', 2002), ('match', '=', 'outport == "b6cd9c54-ef09-4d31-bab8-305266b1683f"')], if_exists=True) {{(pid=89956) do_commit /opt/stack/data/venv/lib/python3.12/site-packages/ovsdbapp/backend/ovs_idl/transaction.py:89}}
Jun 19 08:35:55.932815 np0000003260 devstack@neutron-api.service[89956]: DEBUG ovsdbapp.backend.ovs_idl.transaction [-] Running txn n=1 command(idx=2): QoSDelCommand(_result=None, switch=neutron-21f59050-5dff-4513-a7d0-5ff96f86df85, conditions=[('direction', '=', 'from-lport'), ('priority', '=', 2002), ('match', '=', 'inport == "b6cd9c54-ef09-4d31-bab8-305266b1683f"')], if_exists=True) {{(pid=89956) do_commit /opt/stack/data/venv/lib/python3.12/site-packages/ovsdbapp/backend/ovs_idl/transaction.py:89}}
Jun 19 08:35:55.932977 np0000003260 devstack@neutron-api.service[89956]: DEBUG ovsdbapp.backend.ovs_idl.transaction [-] Running txn n=1 command(idx=3): UpdateLSwitchPortQosOptionsCommand(_result=None, lport=AddLSwitchPortCommand(_result=d6bf0c75-66cf-4e95-aa3d-e18ef618b73e, lport=b6cd9c54-ef09-4d31-bab8-305266b1683f, lswitch=neutron-21f59050-5dff-4513-a7d0-5ff96f86df85, may_exist=True, network_uuid=21f59050-5dff-4513-a7d0-5ff96f86df85, columns={'addresses': ['fa:16:3e:2c:1f:9b'], 'external_ids': {'neutron:port_name': '', 'neutron:device_id': 'ovnmeta-21f59050-5dff-4513-a7d0-5ff96f86df85', 'neutron:project_id': 'b779fee9914f4d18a6ae166c391ff6c9', 'neutron:cidrs': '', 'neutron:device_owner': 'network:distributed', 'neutron:subnet_pool_addr_scope4': '', 'neutron:subnet_pool_addr_scope6': '', 'neutron:network_name': 'neutron-21f59050-5dff-4513-a7d0-5ff96f86df85', 'neutron:security_group_ids': '', 'neutron:revision_number': '1', 'neutron:vnic_type': 'normal', 'neutron:port_capabilities': '', 'neutron:mtu': '1430'}, 'parent_name': [], 'enabled': True, 'options': {}, 'type': 'localport', 'port_security': [], 'tag_request': []}), if_exists=True, qos={'qos_max_rate': None, 'qos_burst': None, 'qos_min_rate': None}) {{(pid=89956) do_commit /opt/stack/data/venv/lib/python3.12/site-packages/ovsdbapp/backend/ovs_idl/transaction.py:89}}
Jun 19 08:35:55.937566 np0000003260 devstack@neutron-api.service[89958]: DEBUG neutron.plugins.ml2.drivers.ovn.mech_driver.ovsdb.ovsdb_monitor [-] Hash Ring: Node eb756edd8f515f1eae40e078a05eee5a (host: np0000003260) handling event "create" for row bda56daf-b3e5-467c-8864-91dfddf1623f (table: Logical_Switch_Port) {{(pid=89958) notify /opt/stack/neutron/neutron/plugins/ml2/drivers/ovn/mech_driver/ovsdb/ovsdb_monitor.py:1015}}
Jun 19 08:35:55.938092 np0000003260 devstack@neutron-api.service[89957]: DEBUG neutron.plugins.ml2.drivers.ovn.mech_driver.ovsdb.ovsdb_monitor [-] Hash Ring: Node 2cc800861afb5dcb881db04cbc11cc2e (host: np0000003260) handling event "update" for row 21f59050-5dff-4513-a7d0-5ff96f86df85 (table: Logical_Switch) {{(pid=89957) notify /opt/stack/neutron/neutron/plugins/ml2/drivers/ovn/mech_driver/ovsdb/ovsdb_monitor.py:1015}}
Jun 19 08:35:55.938640 np0000003260 devstack@neutron-api.service[89957]: DEBUG neutron.plugins.ml2.drivers.ovn.mech_driver.ovsdb.ovsdb_monitor [-] Hash Ring: Node 2cc800861afb5dcb881db04cbc11cc2e (host: np0000003260) handling event "create" for row bda56daf-b3e5-467c-8864-91dfddf1623f (table: Logical_Switch_Port) {{(pid=89957) notify /opt/stack/neutron/neutron/plugins/ml2/drivers/ovn/mech_driver/ovsdb/ovsdb_monitor.py:1015}}
Jun 19 08:35:55.938982 np0000003260 devstack@neutron-api.service[89958]: DEBUG ovsdbapp.backend.ovs_idl.event [-] Matched CREATE: LogicalSwitchPortCreateEvent(events=('create',), table='Logical_Switch_Port', conditions=[], old_conditions=None), priority=20 to row=Logical_Switch_Port(uuid=bda56daf-b3e5-467c-8864-91dfddf1623f, addresses=['fa:16:3e:2c:1f:9b'], dhcpv4_options=[], dhcpv6_options=[], dynamic_addresses=[], enabled=True, external_ids={'neutron:cidrs': '', 'neutron:device_id': 'ovnmeta-21f59050-5dff-4513-a7d0-5ff96f86df85', 'neutron:device_owner': 'network:distributed', 'neutron:mtu': '1430', 'neutron:network_name': 'neutron-21f59050-5dff-4513-a7d0-5ff96f86df85', 'neutron:port_capabilities': '', 'neutron:port_name': '', 'neutron:project_id': 'b779fee9914f4d18a6ae166c391ff6c9', 'neutron:revision_number': '1', 'neutron:security_group_ids': '', 'neutron:subnet_pool_addr_scope4': '', 'neutron:subnet_pool_addr_scope6': '', 'neutron:vnic_type': 'normal'}, ha_chassis_group=[], mirror_rules=[], name='b6cd9c54-ef09-4d31-bab8-305266b1683f', options={}, parent_name=[], port_security=[], tag=[], tag_request=[], type='localport', up=[]) old= {{(pid=89958) matches /opt/stack/data/venv/lib/python3.12/site-packages/ovsdbapp/backend/ovs_idl/event.py:55}}
Jun 19 08:35:55.939651 np0000003260 devstack@neutron-api.service[89957]: DEBUG ovsdbapp.backend.ovs_idl.event [-] Matched CREATE: LogicalSwitchPortCreateEvent(events=('create',), table='Logical_Switch_Port', conditions=[], old_conditions=None), priority=20 to row=Logical_Switch_Port(uuid=bda56daf-b3e5-467c-8864-91dfddf1623f, addresses=['fa:16:3e:2c:1f:9b'], dhcpv4_options=[], dhcpv6_options=[], dynamic_addresses=[], enabled=True, external_ids={'neutron:cidrs': '', 'neutron:device_id': 'ovnmeta-21f59050-5dff-4513-a7d0-5ff96f86df85', 'neutron:device_owner': 'network:distributed', 'neutron:mtu': '1430', 'neutron:network_name': 'neutron-21f59050-5dff-4513-a7d0-5ff96f86df85', 'neutron:port_capabilities': '', 'neutron:port_name': '', 'neutron:project_id': 'b779fee9914f4d18a6ae166c391ff6c9', 'neutron:revision_number': '1', 'neutron:security_group_ids': '', 'neutron:subnet_pool_addr_scope4': '', 'neutron:subnet_pool_addr_scope6': '', 'neutron:vnic_type': 'normal'}, ha_chassis_group=[], mirror_rules=[], name='b6cd9c54-ef09-4d31-bab8-305266b1683f', options={}, parent_name=[], port_security=[], tag=[], tag_request=[], type='localport', up=[]) old= {{(pid=89957) matches /opt/stack/data/venv/lib/python3.12/site-packages/ovsdbapp/backend/ovs_idl/event.py:55}}
Jun 19 08:35:55.941441 np0000003260 devstack@neutron-api.service[89958]: INFO neutron.plugins.ml2.drivers.ovn.mech_driver.mech_driver [None req-c4d65afd-7375-4de4-8dac-8d8e26143b34 None None] OVN reports status down for port: b6cd9c54-ef09-4d31-bab8-305266b1683f
Jun 19 08:35:55.941773 np0000003260 devstack@neutron-api.service[89957]: DEBUG neutron.plugins.ml2.drivers.ovn.mech_driver.ovsdb.ovsdb_monitor [-] Hash Ring: Node 2cc800861afb5dcb881db04cbc11cc2e (host: np0000003260) handling event "update" for row bda56daf-b3e5-467c-8864-91dfddf1623f (table: Logical_Switch_Port) {{(pid=89957) notify /opt/stack/neutron/neutron/plugins/ml2/drivers/ovn/mech_driver/ovsdb/ovsdb_monitor.py:1015}}
Jun 19 08:35:55.942680 np0000003260 devstack@neutron-api.service[89957]: INFO neutron.plugins.ml2.drivers.ovn.mech_driver.mech_driver [None req-f6c79809-9dac-4f00-8d8c-6590c1d046b0 None None] OVN reports status down for port: b6cd9c54-ef09-4d31-bab8-305266b1683f
Jun 19 08:35:55.943282 np0000003260 devstack@neutron-api.service[89957]: DEBUG neutron.plugins.ml2.drivers.ovn.mech_driver.ovsdb.ovsdb_monitor [-] Hash Ring: Node 2cc800861afb5dcb881db04cbc11cc2e (host: np0000003260) handling event "create" for row ab1a324d-1e34-4268-a767-e5ec96daa62a (table: Port_Binding) {{(pid=89957) notify /opt/stack/neutron/neutron/plugins/ml2/drivers/ovn/mech_driver/ovsdb/ovsdb_monitor.py:1015}}
Jun 19 08:35:55.944418 np0000003260 devstack@neutron-api.service[89958]: DEBUG neutron.plugins.ml2.drivers.ovn.mech_driver.ovsdb.ovsdb_monitor [-] Hash Ring: Node eb756edd8f515f1eae40e078a05eee5a (host: np0000003260) handling event "update" for row bda56daf-b3e5-467c-8864-91dfddf1623f (table: Logical_Switch_Port) {{(pid=89958) notify /opt/stack/neutron/neutron/plugins/ml2/drivers/ovn/mech_driver/ovsdb/ovsdb_monitor.py:1015}}
Jun 19 08:35:55.944581 np0000003260 devstack@neutron-api.service[89956]: DEBUG neutron.plugins.ml2.drivers.ovn.mech_driver.ovsdb.ovsdb_monitor [-] Hash Ring: Node 7ec91103b9b15c2990b2d7c5399eeb29 (host: np0000003260) handling event "create" for row ab1a324d-1e34-4268-a767-e5ec96daa62a (table: Port_Binding) {{(pid=89956) notify /opt/stack/neutron/neutron/plugins/ml2/drivers/ovn/mech_driver/ovsdb/ovsdb_monitor.py:1015}}
Jun 19 08:35:55.962808 np0000003260 devstack@neutron-api.service[89957]: DEBUG neutron.db.provisioning_blocks [None req-f6c79809-9dac-4f00-8d8c-6590c1d046b0 None None] Transition to ACTIVE for port object b6cd9c54-ef09-4d31-bab8-305266b1683f will not be triggered until provisioned by entity L2. {{(pid=89957) add_provisioning_component /opt/stack/neutron/neutron/db/provisioning_blocks.py:74}}
Jun 19 08:35:55.966215 np0000003260 devstack@neutron-api.service[89958]: DEBUG neutron_lib.db.api [None req-c4d65afd-7375-4de4-8dac-8d8e26143b34 None None] Retry wrapper got retriable exception: Failed to create a duplicate ProvisioningBlock: for attribute(s) ['provisioningblocks.PRIMARY'] with value(s) 20-L2 {{(pid=89958) wrapped /opt/stack/data/venv/lib/python3.12/site-packages/neutron_lib/db/api.py:185}}
Jun 19 08:35:55.966451 np0000003260 devstack@neutron-api.service[89958]: DEBUG oslo_db.api [None req-c4d65afd-7375-4de4-8dac-8d8e26143b34 None None] Performing DB retry for function neutron.db.provisioning_blocks.add_provisioning_component {{(pid=89958) wrapper /opt/stack/data/venv/lib/python3.12/site-packages/oslo_db/api.py:155}}
Jun 19 08:35:55.978858 np0000003260 devstack@neutron-api.service[89956]: INFO neutron.db.ovn_revision_numbers_db [None req-f76c2336-ab34-434e-a3cc-beb81819ccb1 admin admin] Successfully bumped revision number for resource b6cd9c54-ef09-4d31-bab8-305266b1683f (type: ports) to 1
Jun 19 08:35:55.979718 np0000003260 devstack@neutron-api.service[89957]: DEBUG neutron.plugins.ml2.plugin [None req-f6c79809-9dac-4f00-8d8c-6590c1d046b0 None None] Current status of the port b6cd9c54-ef09-4d31-bab8-305266b1683f is: DOWN; New status is: DOWN {{(pid=89957) _update_individual_port_db_status /opt/stack/neutron/neutron/plugins/ml2/plugin.py:2473}}
Jun 19 08:35:55.980501 np0000003260 devstack@neutron-api.service[89957]: DEBUG ovsdbapp.backend.ovs_idl.transaction [-] Running txn n=1 command(idx=0): DbRemoveCommand(_result=None, table=Logical_Switch_Port, record=b6cd9c54-ef09-4d31-bab8-305266b1683f, column=external_ids, values=('neutron:host_id',), keyvalues={}, if_exists=True) {{(pid=89957) do_commit /opt/stack/data/venv/lib/python3.12/site-packages/ovsdbapp/backend/ovs_idl/transaction.py:89}}
Jun 19 08:35:55.989514 np0000003260 devstack@neutron-api.service[89956]: DEBUG neutron.pecan_wsgi.hooks.policy_enforcement [None req-f76c2336-ab34-434e-a3cc-beb81819ccb1 admin admin] Attributes excluded by policy engine: ['standard_attr_id'] {{(pid=89956) _exclude_attributes_by_policy /opt/stack/neutron/neutron/pecan_wsgi/hooks/policy_enforcement.py:259}}
Jun 19 08:35:55.989785 np0000003260 devstack@neutron-api.service[89956]: DEBUG neutron_lib.callbacks.manager [None req-f76c2336-ab34-434e-a3cc-beb81819ccb1 admin admin] Publish callbacks [] for network (None), before_response {{(pid=89956) _notify_loop /opt/stack/data/venv/lib/python3.12/site-packages/neutron_lib/callbacks/manager.py:184}}
Jun 19 08:35:55.997108 np0000003260 devstack@neutron-api.service[89956]: [pid: 89956|app: 0|req: 5/16] 10.4.3.117 () {68 vars in 1327 bytes} [Fri Jun 19 08:35:55 2026] POST /networking/v2.0/networks => generated 679 bytes in 753 msecs (HTTP/1.1 201) 4 headers in 162 bytes (1 switches on core 0)
Jun 19 08:35:56.243651 np0000003260 devstack@neutron-api.service[89957]: DEBUG neutron.pecan_wsgi.hooks.policy_enforcement [None req-c7e1de9c-a304-4397-aed0-0e10f18cc86a admin admin] Attributes excluded by policy engine: ['standard_attr_id', 'shared'] {{(pid=89957) _exclude_attributes_by_policy /opt/stack/neutron/neutron/pecan_wsgi/hooks/policy_enforcement.py:259}}
Jun 19 08:35:56.244825 np0000003260 devstack@neutron-api.service[89957]: [pid: 89957|app: 0|req: 7/17] 10.4.3.117 () {64 vars in 1381 bytes} [Fri Jun 19 08:35:56 2026] GET /networking/v2.0/subnets/aa91ca77-8178-4ea2-9bb9-d9f79752024a => generated 666 bytes in 19 msecs (HTTP/1.1 200) 4 headers in 157 bytes (1 switches on core 0)
Jun 19 08:35:56.255486 np0000003260 devstack@neutron-api.service[89958]: DEBUG neutron.api.wsgi [None req-f62bb9dd-4ac2-4588-889c-ac863c7f36dc admin admin] Missing Content-Type {{(pid=89958) get_content_type /opt/stack/neutron/neutron/api/wsgi.py:80}}
Jun 19 08:35:56.516369 np0000003260 devstack@neutron-api.service[89958]: [pid: 89958|app: 0|req: 6/18] 10.4.3.117 () {64 vars in 1381 bytes} [Fri Jun 19 08:35:56 2026] GET /networking/v2.0/routers/82e9124a-df4f-4794-8164-f77f7e20cb3c => generated 599 bytes in 264 msecs (HTTP/1.1 200) 4 headers in 157 bytes (1 switches on core 0)
Jun 19 08:35:56.521584 np0000003260 devstack@neutron-api.service[89958]: DEBUG neutron.db.provisioning_blocks [None req-c4d65afd-7375-4de4-8dac-8d8e26143b34 None None] Ignored duplicate provisioning block setup for port b6cd9c54-ef09-4d31-bab8-305266b1683f by entity L2. {{(pid=89958) add_provisioning_component /opt/stack/neutron/neutron/db/provisioning_blocks.py:69}}
Jun 19 08:35:56.542325 np0000003260 devstack@neutron-api.service[89958]: DEBUG neutron.plugins.ml2.plugin [None req-c4d65afd-7375-4de4-8dac-8d8e26143b34 None None] Current status of the port b6cd9c54-ef09-4d31-bab8-305266b1683f is: DOWN; New status is: DOWN {{(pid=89958) _update_individual_port_db_status /opt/stack/neutron/neutron/plugins/ml2/plugin.py:2473}}
Jun 19 08:35:56.543181 np0000003260 devstack@neutron-api.service[89958]: DEBUG ovsdbapp.backend.ovs_idl.transaction [-] Running txn n=1 command(idx=0): DbRemoveCommand(_result=None, table=Logical_Switch_Port, record=b6cd9c54-ef09-4d31-bab8-305266b1683f, column=external_ids, values=('neutron:host_id',), keyvalues={}, if_exists=True) {{(pid=89958) do_commit /opt/stack/data/venv/lib/python3.12/site-packages/ovsdbapp/backend/ovs_idl/transaction.py:89}}
Jun 19 08:35:56.658860 np0000003260 devstack@neutron-api.service[89956]: DEBUG neutron_lib.callbacks.manager [None req-d4f56ffa-f46b-4a08-ac7b-575e414c9b20 admin admin] Publish callbacks ['neutron.plugins.ml2.plugin.SecurityGroupDbMixin._ensure_default_security_group_handler-3174223'] for port (None), before_create {{(pid=89956) _notify_loop /opt/stack/data/venv/lib/python3.12/site-packages/neutron_lib/callbacks/manager.py:184}}
Jun 19 08:35:56.757166 np0000003260 devstack@neutron-api.service[89956]: DEBUG neutron.db.db_base_plugin_common [None req-d4f56ffa-f46b-4a08-ac7b-575e414c9b20 admin admin] Allocated IP 10.1.0.1 (22b0ea97-e5b9-4bc2-9125-988620fb482c/aa91ca77-8178-4ea2-9bb9-d9f79752024a/6980192a-56fb-4279-82ea-eb8bdeffc82c) {{(pid=89956) _store_ip_allocation /opt/stack/neutron/neutron/db/db_base_plugin_common.py:131}}
Jun 19 08:35:56.819336 np0000003260 devstack@neutron-api.service[89956]: DEBUG neutron_lib.callbacks.manager [None req-d4f56ffa-f46b-4a08-ac7b-575e414c9b20 admin admin] Publish callbacks ['neutron.plugins.ml2.drivers.ovn.mech_driver.mech_driver.OVNMechanismDriver._validate_allowed_address_pairs-494942'] for allowed_address_pair (6980192a-56fb-4279-82ea-eb8bdeffc82c), before_create {{(pid=89956) _notify_loop /opt/stack/data/venv/lib/python3.12/site-packages/neutron_lib/callbacks/manager.py:184}}
Jun 19 08:35:56.819935 np0000003260 devstack@neutron-api.service[89956]: DEBUG neutron_lib.callbacks.manager [None req-d4f56ffa-f46b-4a08-ac7b-575e414c9b20 admin admin] Publish callbacks [] for port (6980192a-56fb-4279-82ea-eb8bdeffc82c), precommit_create {{(pid=89956) _notify_loop /opt/stack/data/venv/lib/python3.12/site-packages/neutron_lib/callbacks/manager.py:184}}
Jun 19 08:35:56.820175 np0000003260 devstack@neutron-api.service[89956]: DEBUG neutron.plugins.ml2.drivers.ovn.mech_driver.mech_driver [None req-d4f56ffa-f46b-4a08-ac7b-575e414c9b20 admin admin] No provisioning block for port 6980192a-56fb-4279-82ea-eb8bdeffc82c since it does not have a host {{(pid=89956) _is_port_provisioning_required /opt/stack/neutron/neutron/plugins/ml2/drivers/ovn/mech_driver/mech_driver.py:899}}
Jun 19 08:35:56.820357 np0000003260 devstack@neutron-api.service[89956]: DEBUG neutron.db.ovn_revision_numbers_db [None req-d4f56ffa-f46b-4a08-ac7b-575e414c9b20 admin admin] create_initial_revision uuid=6980192a-56fb-4279-82ea-eb8bdeffc82c, type=ports, rev=-1 {{(pid=89956) create_initial_revision /opt/stack/neutron/neutron/db/ovn_revision_numbers_db.py:98}}
Jun 19 08:35:56.891537 np0000003260 devstack@neutron-api.service[89956]: DEBUG neutron.db.ovn_revision_numbers_db [None req-d4f56ffa-f46b-4a08-ac7b-575e414c9b20 admin admin] create_initial_revision uuid=6980192a-56fb-4279-82ea-eb8bdeffc82c, type=router_ports, rev=-1 {{(pid=89956) create_initial_revision /opt/stack/neutron/neutron/db/ovn_revision_numbers_db.py:98}}
Jun 19 08:35:56.916594 np0000003260 devstack@neutron-api.service[89956]: DEBUG neutron_lib.callbacks.manager [None req-d4f56ffa-f46b-4a08-ac7b-575e414c9b20 admin admin] Publish callbacks ['neutron.plugins.ml2.ovo_rpc._ObjectChangeHandler.handle_event-6652145'] for port (6980192a-56fb-4279-82ea-eb8bdeffc82c), after_create {{(pid=89956) _notify_loop /opt/stack/data/venv/lib/python3.12/site-packages/neutron_lib/callbacks/manager.py:184}}
Jun 19 08:35:56.936502 np0000003260 devstack@neutron-api.service[89956]: DEBUG neutron.api.rpc.handlers.resources_rpc [None req-d4f56ffa-f46b-4a08-ac7b-575e414c9b20 admin admin] Pushing event updated for resources: {'Port': ['ID=6980192a-56fb-4279-82ea-eb8bdeffc82c,revision_number=1']} {{(pid=89956) push /opt/stack/neutron/neutron/api/rpc/handlers/resources_rpc.py:237}}
Jun 19 08:35:56.990626 np0000003260 devstack@neutron-api.service[89956]: DEBUG neutron.plugins.ml2.drivers.ovn.mech_driver.ovsdb.commands [None req-d4f56ffa-f46b-4a08-ac7b-575e414c9b20 admin admin] Converting tag [] to a tag_request {{(pid=89956) _tag_column_to_tag_request /opt/stack/neutron/neutron/plugins/ml2/drivers/ovn/mech_driver/ovsdb/commands.py:205}}
Jun 19 08:35:56.991372 np0000003260 devstack@neutron-api.service[89956]: DEBUG ovsdbapp.backend.ovs_idl.transaction [-] Running txn n=1 command(idx=0): AddLSwitchPortCommand(_result=None, lport=6980192a-56fb-4279-82ea-eb8bdeffc82c, lswitch=neutron-22b0ea97-e5b9-4bc2-9125-988620fb482c, may_exist=True, network_uuid=22b0ea97-e5b9-4bc2-9125-988620fb482c, columns={'addresses': ['unknown'], 'external_ids': {'neutron:port_name': '', 'neutron:device_id': '82e9124a-df4f-4794-8164-f77f7e20cb3c', 'neutron:project_id': 'b779fee9914f4d18a6ae166c391ff6c9', 'neutron:cidrs': '10.1.0.1/26', 'neutron:device_owner': 'network:router_interface', 'neutron:subnet_pool_addr_scope4': '', 'neutron:subnet_pool_addr_scope6': '', 'neutron:network_name': 'neutron-22b0ea97-e5b9-4bc2-9125-988620fb482c', 'neutron:security_group_ids': '', 'neutron:revision_number': '1', 'neutron:vnic_type': 'normal', 'neutron:port_capabilities': '', 'neutron:mtu': ''}, 'parent_name': [], 'enabled': True, 'options': {}, 'type': '', 'port_security': [], 'dhcpv4_options': [], 'dhcpv6_options': [], 'tag_request': []}) {{(pid=89956) do_commit /opt/stack/data/venv/lib/python3.12/site-packages/ovsdbapp/backend/ovs_idl/transaction.py:89}}
Jun 19 08:35:56.991994 np0000003260 devstack@neutron-api.service[89956]: DEBUG ovsdbapp.backend.ovs_idl.transaction [-] Running txn n=1 command(idx=1): QoSDelCommand(_result=None, switch=neutron-22b0ea97-e5b9-4bc2-9125-988620fb482c, conditions=[('direction', '=', 'to-lport'), ('priority', '=', 2002), ('match', '=', 'outport == "6980192a-56fb-4279-82ea-eb8bdeffc82c"')], if_exists=True) {{(pid=89956) do_commit /opt/stack/data/venv/lib/python3.12/site-packages/ovsdbapp/backend/ovs_idl/transaction.py:89}}
Jun 19 08:35:56.992209 np0000003260 devstack@neutron-api.service[89956]: DEBUG ovsdbapp.backend.ovs_idl.transaction [-] Running txn n=1 command(idx=2): QoSDelCommand(_result=None, switch=neutron-22b0ea97-e5b9-4bc2-9125-988620fb482c, conditions=[('direction', '=', 'from-lport'), ('priority', '=', 2002), ('match', '=', 'inport == "6980192a-56fb-4279-82ea-eb8bdeffc82c"')], if_exists=True) {{(pid=89956) do_commit /opt/stack/data/venv/lib/python3.12/site-packages/ovsdbapp/backend/ovs_idl/transaction.py:89}}
Jun 19 08:35:56.995632 np0000003260 devstack@neutron-api.service[89956]: DEBUG neutron.plugins.ml2.drivers.ovn.mech_driver.ovsdb.ovsdb_monitor [-] Hash Ring: Node 7ec91103b9b15c2990b2d7c5399eeb29 (host: np0000003260) handling event "create" for row 5d8a2d52-c188-421d-a209-3c2fc2813528 (table: Logical_Switch_Port) {{(pid=89956) notify /opt/stack/neutron/neutron/plugins/ml2/drivers/ovn/mech_driver/ovsdb/ovsdb_monitor.py:1015}}
Jun 19 08:35:56.997650 np0000003260 devstack@neutron-api.service[89956]: DEBUG ovsdbapp.backend.ovs_idl.event [-] Matched CREATE: LogicalSwitchPortCreateEvent(events=('create',), table='Logical_Switch_Port', conditions=[], old_conditions=None), priority=20 to row=Logical_Switch_Port(uuid=5d8a2d52-c188-421d-a209-3c2fc2813528, addresses=['unknown'], dhcpv4_options=[], dhcpv6_options=[], dynamic_addresses=[], enabled=True, external_ids={'neutron:cidrs': '10.1.0.1/26', 'neutron:device_id': '82e9124a-df4f-4794-8164-f77f7e20cb3c', 'neutron:device_owner': 'network:router_interface', 'neutron:mtu': '', 'neutron:network_name': 'neutron-22b0ea97-e5b9-4bc2-9125-988620fb482c', 'neutron:port_capabilities': '', 'neutron:port_name': '', 'neutron:project_id': 'b779fee9914f4d18a6ae166c391ff6c9', 'neutron:revision_number': '1', 'neutron:security_group_ids': '', 'neutron:subnet_pool_addr_scope4': '', 'neutron:subnet_pool_addr_scope6': '', 'neutron:vnic_type': 'normal'}, ha_chassis_group=[], mirror_rules=[], name='6980192a-56fb-4279-82ea-eb8bdeffc82c', options={}, parent_name=[], port_security=[], tag=[], tag_request=[], type='', up=[]) old= {{(pid=89956) matches /opt/stack/data/venv/lib/python3.12/site-packages/ovsdbapp/backend/ovs_idl/event.py:55}}
Jun 19 08:35:56.998326 np0000003260 devstack@neutron-api.service[89958]: DEBUG neutron.plugins.ml2.drivers.ovn.mech_driver.ovsdb.ovsdb_monitor [-] Hash Ring: Node eb756edd8f515f1eae40e078a05eee5a (host: np0000003260) handling event "update" for row 22b0ea97-e5b9-4bc2-9125-988620fb482c (table: Logical_Switch) {{(pid=89958) notify /opt/stack/neutron/neutron/plugins/ml2/drivers/ovn/mech_driver/ovsdb/ovsdb_monitor.py:1015}}
Jun 19 08:35:56.999062 np0000003260 devstack@neutron-api.service[89956]: INFO neutron.plugins.ml2.drivers.ovn.mech_driver.mech_driver [-] OVN reports status down for port: 6980192a-56fb-4279-82ea-eb8bdeffc82c
Jun 19 08:35:56.999506 np0000003260 devstack@neutron-api.service[89957]: DEBUG neutron.plugins.ml2.drivers.ovn.mech_driver.ovsdb.ovsdb_monitor [-] Hash Ring: Node 2cc800861afb5dcb881db04cbc11cc2e (host: np0000003260) handling event "create" for row 86fc50ad-5463-4ca0-a240-3eaeb10d9154 (table: Port_Binding) {{(pid=89957) notify /opt/stack/neutron/neutron/plugins/ml2/drivers/ovn/mech_driver/ovsdb/ovsdb_monitor.py:1015}}
Jun 19 08:35:56.999971 np0000003260 devstack@neutron-api.service[89956]: DEBUG neutron.plugins.ml2.drivers.ovn.mech_driver.ovsdb.ovsdb_monitor [-] Hash Ring: Node 7ec91103b9b15c2990b2d7c5399eeb29 (host: np0000003260) handling event "update" for row 5d8a2d52-c188-421d-a209-3c2fc2813528 (table: Logical_Switch_Port) {{(pid=89956) notify /opt/stack/neutron/neutron/plugins/ml2/drivers/ovn/mech_driver/ovsdb/ovsdb_monitor.py:1015}}
Jun 19 08:35:57.000665 np0000003260 devstack@neutron-api.service[89957]: DEBUG neutron.plugins.ml2.drivers.ovn.mech_driver.ovsdb.ovsdb_monitor [-] Hash Ring: Node 2cc800861afb5dcb881db04cbc11cc2e (host: np0000003260) handling event "update" for row 22b0ea97-e5b9-4bc2-9125-988620fb482c (table: Logical_Switch) {{(pid=89957) notify /opt/stack/neutron/neutron/plugins/ml2/drivers/ovn/mech_driver/ovsdb/ovsdb_monitor.py:1015}}
Jun 19 08:35:57.000859 np0000003260 devstack@neutron-api.service[89957]: DEBUG neutron.plugins.ml2.drivers.ovn.mech_driver.ovsdb.ovsdb_monitor [-] Hash Ring: Node 2cc800861afb5dcb881db04cbc11cc2e (host: np0000003260) handling event "create" for row 5d8a2d52-c188-421d-a209-3c2fc2813528 (table: Logical_Switch_Port) {{(pid=89957) notify /opt/stack/neutron/neutron/plugins/ml2/drivers/ovn/mech_driver/ovsdb/ovsdb_monitor.py:1015}}
Jun 19 08:35:57.001744 np0000003260 devstack@neutron-api.service[89957]: DEBUG ovsdbapp.backend.ovs_idl.event [-] Matched CREATE: LogicalSwitchPortCreateEvent(events=('create',), table='Logical_Switch_Port', conditions=[], old_conditions=None), priority=20 to row=Logical_Switch_Port(uuid=5d8a2d52-c188-421d-a209-3c2fc2813528, addresses=['unknown'], dhcpv4_options=[], dhcpv6_options=[], dynamic_addresses=[], enabled=True, external_ids={'neutron:cidrs': '10.1.0.1/26', 'neutron:device_id': '82e9124a-df4f-4794-8164-f77f7e20cb3c', 'neutron:device_owner': 'network:router_interface', 'neutron:mtu': '', 'neutron:network_name': 'neutron-22b0ea97-e5b9-4bc2-9125-988620fb482c', 'neutron:port_capabilities': '', 'neutron:port_name': '', 'neutron:project_id': 'b779fee9914f4d18a6ae166c391ff6c9', 'neutron:revision_number': '1', 'neutron:security_group_ids': '', 'neutron:subnet_pool_addr_scope4': '', 'neutron:subnet_pool_addr_scope6': '', 'neutron:vnic_type': 'normal'}, ha_chassis_group=[], mirror_rules=[], name='6980192a-56fb-4279-82ea-eb8bdeffc82c', options={}, parent_name=[], port_security=[], tag=[], tag_request=[], type='', up=[]) old= {{(pid=89957) matches /opt/stack/data/venv/lib/python3.12/site-packages/ovsdbapp/backend/ovs_idl/event.py:55}}
Jun 19 08:35:57.002078 np0000003260 devstack@neutron-api.service[89958]: DEBUG neutron.plugins.ml2.drivers.ovn.mech_driver.ovsdb.ovsdb_monitor [-] Hash Ring: Node eb756edd8f515f1eae40e078a05eee5a (host: np0000003260) handling event "create" for row 86fc50ad-5463-4ca0-a240-3eaeb10d9154 (table: Port_Binding) {{(pid=89958) notify /opt/stack/neutron/neutron/plugins/ml2/drivers/ovn/mech_driver/ovsdb/ovsdb_monitor.py:1015}}
Jun 19 08:35:57.002606 np0000003260 devstack@neutron-api.service[89957]: DEBUG neutron.plugins.ml2.drivers.ovn.mech_driver.ovsdb.ovsdb_monitor [-] Hash Ring: Node 2cc800861afb5dcb881db04cbc11cc2e (host: np0000003260) handling event "update" for row 5d8a2d52-c188-421d-a209-3c2fc2813528 (table: Logical_Switch_Port) {{(pid=89957) notify /opt/stack/neutron/neutron/plugins/ml2/drivers/ovn/mech_driver/ovsdb/ovsdb_monitor.py:1015}}
Jun 19 08:35:57.003625 np0000003260 devstack@neutron-api.service[89957]: INFO neutron.plugins.ml2.drivers.ovn.mech_driver.mech_driver [None req-f6c79809-9dac-4f00-8d8c-6590c1d046b0 None None] OVN reports status down for port: 6980192a-56fb-4279-82ea-eb8bdeffc82c
Jun 19 08:35:57.023672 np0000003260 devstack@neutron-api.service[89957]: DEBUG neutron.db.provisioning_blocks [None req-f6c79809-9dac-4f00-8d8c-6590c1d046b0 None None] Transition to ACTIVE for port object 6980192a-56fb-4279-82ea-eb8bdeffc82c will not be triggered until provisioned by entity L2. {{(pid=89957) add_provisioning_component /opt/stack/neutron/neutron/db/provisioning_blocks.py:74}}
Jun 19 08:35:57.035278 np0000003260 devstack@neutron-api.service[89956]: INFO neutron.db.ovn_revision_numbers_db [None req-d4f56ffa-f46b-4a08-ac7b-575e414c9b20 admin admin] Successfully bumped revision number for resource 6980192a-56fb-4279-82ea-eb8bdeffc82c (type: ports) to 1
Jun 19 08:35:57.042195 np0000003260 devstack@neutron-api.service[89957]: DEBUG neutron.plugins.ml2.plugin [None req-f6c79809-9dac-4f00-8d8c-6590c1d046b0 None None] Current status of the port 6980192a-56fb-4279-82ea-eb8bdeffc82c is: DOWN; New status is: DOWN {{(pid=89957) _update_individual_port_db_status /opt/stack/neutron/neutron/plugins/ml2/plugin.py:2473}}
Jun 19 08:35:57.042999 np0000003260 devstack@neutron-api.service[89957]: DEBUG ovsdbapp.backend.ovs_idl.transaction [-] Running txn n=1 command(idx=0): DbRemoveCommand(_result=None, table=Logical_Switch_Port, record=6980192a-56fb-4279-82ea-eb8bdeffc82c, column=external_ids, values=('neutron:host_id',), keyvalues={}, if_exists=True) {{(pid=89957) do_commit /opt/stack/data/venv/lib/python3.12/site-packages/ovsdbapp/backend/ovs_idl/transaction.py:89}}
Jun 19 08:35:57.049602 np0000003260 devstack@neutron-api.service[89956]: DEBUG neutron_lib.callbacks.manager [None req-d4f56ffa-f46b-4a08-ac7b-575e414c9b20 admin admin] Publish callbacks [] for router_interface (82e9124a-df4f-4794-8164-f77f7e20cb3c), before_create {{(pid=89956) _notify_loop /opt/stack/data/venv/lib/python3.12/site-packages/neutron_lib/callbacks/manager.py:184}}
Jun 19 08:35:57.160882 np0000003260 devstack@neutron-api.service[89956]: DEBUG neutron.db.provisioning_blocks [None req-5146d1d6-9802-4396-ae52-1d5f3c6d60a4 None None] Ignored duplicate provisioning block setup for port 6980192a-56fb-4279-82ea-eb8bdeffc82c by entity L2. {{(pid=89956) add_provisioning_component /opt/stack/neutron/neutron/db/provisioning_blocks.py:69}}
Jun 19 08:35:57.242681 np0000003260 devstack@neutron-api.service[89956]: DEBUG neutron.plugins.ml2.plugin [None req-5146d1d6-9802-4396-ae52-1d5f3c6d60a4 None None] Current status of the port 6980192a-56fb-4279-82ea-eb8bdeffc82c is: DOWN; New status is: DOWN {{(pid=89956) _update_individual_port_db_status /opt/stack/neutron/neutron/plugins/ml2/plugin.py:2473}}
Jun 19 08:35:57.244764 np0000003260 devstack@neutron-api.service[89956]: DEBUG ovsdbapp.backend.ovs_idl.transaction [-] Running txn n=1 command(idx=0): DbRemoveCommand(_result=None, table=Logical_Switch_Port, record=6980192a-56fb-4279-82ea-eb8bdeffc82c, column=external_ids, values=('neutron:host_id',), keyvalues={}, if_exists=True) {{(pid=89956) do_commit /opt/stack/data/venv/lib/python3.12/site-packages/ovsdbapp/backend/ovs_idl/transaction.py:89}}
Jun 19 08:35:57.318029 np0000003260 devstack@neutron-api.service[89956]: DEBUG neutron_lib.callbacks.manager [None req-d4f56ffa-f46b-4a08-ac7b-575e414c9b20 admin admin] Publish callbacks ['neutron.plugins.ml2.plugin.SecurityGroupDbMixin._ensure_default_security_group_handler-3174223', 'neutron.services.ovn_l3.plugin.OVNL3RouterPlugin._port_update-8216797214060', 'neutron.db.l3_db.L3_NAT_dbonly_mixin._prevent_internal_ip_change_for_fip-8216798145166'] for port (6980192a-56fb-4279-82ea-eb8bdeffc82c), before_update {{(pid=89956) _notify_loop /opt/stack/data/venv/lib/python3.12/site-packages/neutron_lib/callbacks/manager.py:184}}
Jun 19 08:35:57.686611 np0000003260 devstack@neutron-api.service[89956]: DEBUG neutron_lib.callbacks.manager [None req-d4f56ffa-f46b-4a08-ac7b-575e414c9b20 admin admin] Publish callbacks [] for port (6980192a-56fb-4279-82ea-eb8bdeffc82c), precommit_update {{(pid=89956) _notify_loop /opt/stack/data/venv/lib/python3.12/site-packages/neutron_lib/callbacks/manager.py:184}}
