Jul 28 10:57:13.574781 np0000005987 nova-scheduler[93531]: DEBUG cotyledon.oslo_config_glue [-] oslo_messaging_rabbit.rabbit_quorum_delivery_limit = 0 {{(pid=93531) log_opt_values /opt/stack/data/venv/lib/python3.12/site-packages/oslo_config/cfg.py:3253}}
Jul 28 10:57:13.575083 np0000005987 nova-scheduler[93531]: DEBUG cotyledon.oslo_config_glue [-] oslo_messaging_rabbit.rabbit_quorum_max_memory_bytes = 0 {{(pid=93531) log_opt_values /opt/stack/data/venv/lib/python3.12/site-packages/oslo_config/cfg.py:3253}}
Jul 28 10:57:13.575083 np0000005987 nova-scheduler[93531]: DEBUG cotyledon.oslo_config_glue [-] oslo_messaging_rabbit.rabbit_quorum_max_memory_length = 0 {{(pid=93531) log_opt_values /opt/stack/data/venv/lib/python3.12/site-packages/oslo_config/cfg.py:3253}}
Jul 28 10:57:13.575083 np0000005987 nova-scheduler[93531]: DEBUG cotyledon.oslo_config_glue [-] oslo_messaging_rabbit.rabbit_quorum_queue = False {{(pid=93531) log_opt_values /opt/stack/data/venv/lib/python3.12/site-packages/oslo_config/cfg.py:3253}}
Jul 28 10:57:13.575083 np0000005987 nova-scheduler[93531]: DEBUG cotyledon.oslo_config_glue [-] oslo_messaging_rabbit.rabbit_retry_backoff = 2 {{(pid=93531) log_opt_values /opt/stack/data/venv/lib/python3.12/site-packages/oslo_config/cfg.py:3253}}
Jul 28 10:57:13.575083 np0000005987 nova-scheduler[93531]: DEBUG cotyledon.oslo_config_glue [-] oslo_messaging_rabbit.rabbit_retry_interval = 1 {{(pid=93531) log_opt_values /opt/stack/data/venv/lib/python3.12/site-packages/oslo_config/cfg.py:3253}}
Jul 28 10:57:13.575083 np0000005987 nova-scheduler[93531]: DEBUG cotyledon.oslo_config_glue [-] oslo_messaging_rabbit.rabbit_stream_fanout = False {{(pid=93531) log_opt_values /opt/stack/data/venv/lib/python3.12/site-packages/oslo_config/cfg.py:3253}}
Jul 28 10:57:13.575083 np0000005987 nova-scheduler[93531]: DEBUG cotyledon.oslo_config_glue [-] oslo_messaging_rabbit.rabbit_transient_queues_ttl = 1800 {{(pid=93531) log_opt_values /opt/stack/data/venv/lib/python3.12/site-packages/oslo_config/cfg.py:3253}}
Jul 28 10:57:13.575083 np0000005987 nova-scheduler[93531]: DEBUG cotyledon.oslo_config_glue [-] oslo_messaging_rabbit.rabbit_transient_quorum_queue = False {{(pid=93531) log_opt_values /opt/stack/data/venv/lib/python3.12/site-packages/oslo_config/cfg.py:3253}}
Jul 28 10:57:13.575361 np0000005987 nova-scheduler[93531]: DEBUG cotyledon.oslo_config_glue [-] oslo_messaging_rabbit.rpc_conn_pool_size = 30 {{(pid=93531) log_opt_values /opt/stack/data/venv/lib/python3.12/site-packages/oslo_config/cfg.py:3253}}
Jul 28 10:57:13.575361 np0000005987 nova-scheduler[93531]: DEBUG cotyledon.oslo_config_glue [-] oslo_messaging_rabbit.ssl = False {{(pid=93531) log_opt_values /opt/stack/data/venv/lib/python3.12/site-packages/oslo_config/cfg.py:3253}}
Jul 28 10:57:13.575361 np0000005987 nova-scheduler[93531]: DEBUG cotyledon.oslo_config_glue [-] oslo_messaging_rabbit.ssl_ca_file = {{(pid=93531) log_opt_values /opt/stack/data/venv/lib/python3.12/site-packages/oslo_config/cfg.py:3253}}
Jul 28 10:57:13.575361 np0000005987 nova-scheduler[93531]: DEBUG cotyledon.oslo_config_glue [-] oslo_messaging_rabbit.ssl_cert_file = {{(pid=93531) log_opt_values /opt/stack/data/venv/lib/python3.12/site-packages/oslo_config/cfg.py:3253}}
Jul 28 10:57:13.575361 np0000005987 nova-scheduler[93531]: DEBUG cotyledon.oslo_config_glue [-] oslo_messaging_rabbit.ssl_enforce_fips_mode = False {{(pid=93531) log_opt_values /opt/stack/data/venv/lib/python3.12/site-packages/oslo_config/cfg.py:3253}}
Jul 28 10:57:13.575361 np0000005987 nova-scheduler[93531]: DEBUG cotyledon.oslo_config_glue [-] oslo_messaging_rabbit.ssl_enforce_hostname_verification = True {{(pid=93531) log_opt_values /opt/stack/data/venv/lib/python3.12/site-packages/oslo_config/cfg.py:3253}}
Jul 28 10:57:13.575361 np0000005987 nova-scheduler[93531]: DEBUG cotyledon.oslo_config_glue [-] oslo_messaging_rabbit.ssl_key_file = {{(pid=93531) log_opt_values /opt/stack/data/venv/lib/python3.12/site-packages/oslo_config/cfg.py:3253}}
Jul 28 10:57:13.575361 np0000005987 nova-scheduler[93531]: DEBUG cotyledon.oslo_config_glue [-] oslo_messaging_rabbit.ssl_version = {{(pid=93531) log_opt_values /opt/stack/data/venv/lib/python3.12/site-packages/oslo_config/cfg.py:3253}}
Jul 28 10:57:13.575361 np0000005987 nova-scheduler[93531]: DEBUG cotyledon.oslo_config_glue [-] oslo_messaging_rabbit.use_queue_manager = False {{(pid=93531) log_opt_values /opt/stack/data/venv/lib/python3.12/site-packages/oslo_config/cfg.py:3253}}
Jul 28 10:57:13.575690 np0000005987 nova-scheduler[93531]: DEBUG cotyledon.oslo_config_glue [-] oslo_messaging_notifications.driver = ['messagingv2'] {{(pid=93531) log_opt_values /opt/stack/data/venv/lib/python3.12/site-packages/oslo_config/cfg.py:3253}}
Jul 28 10:57:13.575690 np0000005987 nova-scheduler[93531]: DEBUG cotyledon.oslo_config_glue [-] oslo_messaging_notifications.retry = -1 {{(pid=93531) log_opt_values /opt/stack/data/venv/lib/python3.12/site-packages/oslo_config/cfg.py:3253}}
Jul 28 10:57:13.575690 np0000005987 nova-scheduler[93531]: DEBUG cotyledon.oslo_config_glue [-] oslo_messaging_notifications.topics = ['notifications'] {{(pid=93531) log_opt_values /opt/stack/data/venv/lib/python3.12/site-packages/oslo_config/cfg.py:3253}}
Jul 28 10:57:13.575690 np0000005987 nova-scheduler[93531]: DEBUG cotyledon.oslo_config_glue [-] oslo_messaging_notifications.transport_url = **** {{(pid=93531) log_opt_values /opt/stack/data/venv/lib/python3.12/site-packages/oslo_config/cfg.py:3253}}
Jul 28 10:57:13.575690 np0000005987 nova-scheduler[93531]: DEBUG cotyledon.oslo_config_glue [-] oslo_limit.auth_section = None {{(pid=93531) log_opt_values /opt/stack/data/venv/lib/python3.12/site-packages/oslo_config/cfg.py:3253}}
Jul 28 10:57:13.575690 np0000005987 nova-scheduler[93531]: DEBUG cotyledon.oslo_config_glue [-] oslo_limit.auth_type = None {{(pid=93531) log_opt_values /opt/stack/data/venv/lib/python3.12/site-packages/oslo_config/cfg.py:3253}}
Jul 28 10:57:13.575690 np0000005987 nova-scheduler[93531]: DEBUG cotyledon.oslo_config_glue [-] oslo_limit.cafile = None {{(pid=93531) log_opt_values /opt/stack/data/venv/lib/python3.12/site-packages/oslo_config/cfg.py:3253}}
Jul 28 10:57:13.575690 np0000005987 nova-scheduler[93531]: DEBUG cotyledon.oslo_config_glue [-] oslo_limit.certfile = None {{(pid=93531) log_opt_values /opt/stack/data/venv/lib/python3.12/site-packages/oslo_config/cfg.py:3253}}
Jul 28 10:57:13.575690 np0000005987 nova-scheduler[93531]: DEBUG cotyledon.oslo_config_glue [-] oslo_limit.collect_timing = False {{(pid=93531) log_opt_values /opt/stack/data/venv/lib/python3.12/site-packages/oslo_config/cfg.py:3253}}
Jul 28 10:57:13.575991 np0000005987 nova-scheduler[93531]: DEBUG cotyledon.oslo_config_glue [-] oslo_limit.connect_retries = None {{(pid=93531) log_opt_values /opt/stack/data/venv/lib/python3.12/site-packages/oslo_config/cfg.py:3253}}
Jul 28 10:57:13.575991 np0000005987 nova-scheduler[93531]: DEBUG cotyledon.oslo_config_glue [-] oslo_limit.connect_retry_delay = None {{(pid=93531) log_opt_values /opt/stack/data/venv/lib/python3.12/site-packages/oslo_config/cfg.py:3253}}
Jul 28 10:57:13.575991 np0000005987 nova-scheduler[93531]: DEBUG cotyledon.oslo_config_glue [-] oslo_limit.endpoint_id = None {{(pid=93531) log_opt_values /opt/stack/data/venv/lib/python3.12/site-packages/oslo_config/cfg.py:3253}}
Jul 28 10:57:13.575991 np0000005987 nova-scheduler[93531]: DEBUG cotyledon.oslo_config_glue [-] oslo_limit.endpoint_interface = public {{(pid=93531) log_opt_values /opt/stack/data/venv/lib/python3.12/site-packages/oslo_config/cfg.py:3253}}
Jul 28 10:57:13.575991 np0000005987 nova-scheduler[93531]: DEBUG cotyledon.oslo_config_glue [-] oslo_limit.endpoint_override = None {{(pid=93531) log_opt_values /opt/stack/data/venv/lib/python3.12/site-packages/oslo_config/cfg.py:3253}}
Jul 28 10:57:13.575991 np0000005987 nova-scheduler[93531]: DEBUG cotyledon.oslo_config_glue [-] oslo_limit.endpoint_region_name = None {{(pid=93531) log_opt_values /opt/stack/data/venv/lib/python3.12/site-packages/oslo_config/cfg.py:3253}}
Jul 28 10:57:13.575991 np0000005987 nova-scheduler[93531]: DEBUG cotyledon.oslo_config_glue [-] oslo_limit.endpoint_service_name = None {{(pid=93531) log_opt_values /opt/stack/data/venv/lib/python3.12/site-packages/oslo_config/cfg.py:3253}}
Jul 28 10:57:13.575991 np0000005987 nova-scheduler[93531]: DEBUG cotyledon.oslo_config_glue [-] oslo_limit.endpoint_service_type = None {{(pid=93531) log_opt_values /opt/stack/data/venv/lib/python3.12/site-packages/oslo_config/cfg.py:3253}}
Jul 28 10:57:13.575991 np0000005987 nova-scheduler[93531]: DEBUG cotyledon.oslo_config_glue [-] oslo_limit.insecure = False {{(pid=93531) log_opt_values /opt/stack/data/venv/lib/python3.12/site-packages/oslo_config/cfg.py:3253}}
Jul 28 10:57:13.576311 np0000005987 nova-scheduler[93531]: DEBUG cotyledon.oslo_config_glue [-] oslo_limit.keyfile = None {{(pid=93531) log_opt_values /opt/stack/data/venv/lib/python3.12/site-packages/oslo_config/cfg.py:3253}}
Jul 28 10:57:13.576311 np0000005987 nova-scheduler[93531]: DEBUG cotyledon.oslo_config_glue [-] oslo_limit.max_version = None {{(pid=93531) log_opt_values /opt/stack/data/venv/lib/python3.12/site-packages/oslo_config/cfg.py:3253}}
Jul 28 10:57:13.576311 np0000005987 nova-scheduler[93531]: DEBUG cotyledon.oslo_config_glue [-] oslo_limit.min_version = None {{(pid=93531) log_opt_values /opt/stack/data/venv/lib/python3.12/site-packages/oslo_config/cfg.py:3253}}
Jul 28 10:57:13.576311 np0000005987 nova-scheduler[93531]: DEBUG cotyledon.oslo_config_glue [-] oslo_limit.region_name = None {{(pid=93531) log_opt_values /opt/stack/data/venv/lib/python3.12/site-packages/oslo_config/cfg.py:3253}}
Jul 28 10:57:13.576311 np0000005987 nova-scheduler[93531]: DEBUG cotyledon.oslo_config_glue [-] oslo_limit.retriable_status_codes = None {{(pid=93531) log_opt_values /opt/stack/data/venv/lib/python3.12/site-packages/oslo_config/cfg.py:3253}}
Jul 28 10:57:13.576311 np0000005987 nova-scheduler[93531]: DEBUG cotyledon.oslo_config_glue [-] oslo_limit.service_name = None {{(pid=93531) log_opt_values /opt/stack/data/venv/lib/python3.12/site-packages/oslo_config/cfg.py:3253}}
Jul 28 10:57:13.576311 np0000005987 nova-scheduler[93531]: DEBUG cotyledon.oslo_config_glue [-] oslo_limit.service_type = None {{(pid=93531) log_opt_values /opt/stack/data/venv/lib/python3.12/site-packages/oslo_config/cfg.py:3253}}
Jul 28 10:57:13.576311 np0000005987 nova-scheduler[93531]: DEBUG cotyledon.oslo_config_glue [-] oslo_limit.split_loggers = False {{(pid=93531) log_opt_values /opt/stack/data/venv/lib/python3.12/site-packages/oslo_config/cfg.py:3253}}
Jul 28 10:57:13.576311 np0000005987 nova-scheduler[93531]: DEBUG cotyledon.oslo_config_glue [-] oslo_limit.status_code_retries = None {{(pid=93531) log_opt_values /opt/stack/data/venv/lib/python3.12/site-packages/oslo_config/cfg.py:3253}}
Jul 28 10:57:13.576620 np0000005987 nova-scheduler[93531]: DEBUG cotyledon.oslo_config_glue [-] oslo_limit.status_code_retry_delay = None {{(pid=93531) log_opt_values /opt/stack/data/venv/lib/python3.12/site-packages/oslo_config/cfg.py:3253}}
Jul 28 10:57:13.576620 np0000005987 nova-scheduler[93531]: DEBUG cotyledon.oslo_config_glue [-] oslo_limit.timeout = None {{(pid=93531) log_opt_values /opt/stack/data/venv/lib/python3.12/site-packages/oslo_config/cfg.py:3253}}
Jul 28 10:57:13.576620 np0000005987 nova-scheduler[93531]: DEBUG cotyledon.oslo_config_glue [-] oslo_limit.valid_interfaces = None {{(pid=93531) log_opt_values /opt/stack/data/venv/lib/python3.12/site-packages/oslo_config/cfg.py:3253}}
Jul 28 10:57:13.576620 np0000005987 nova-scheduler[93531]: DEBUG cotyledon.oslo_config_glue [-] oslo_limit.version = None {{(pid=93531) log_opt_values /opt/stack/data/venv/lib/python3.12/site-packages/oslo_config/cfg.py:3253}}
Jul 28 10:57:13.576620 np0000005987 nova-scheduler[93531]: DEBUG cotyledon.oslo_config_glue [-] oslo_reports.file_event_handler = None {{(pid=93531) log_opt_values /opt/stack/data/venv/lib/python3.12/site-packages/oslo_config/cfg.py:3253}}
Jul 28 10:57:13.576620 np0000005987 nova-scheduler[93531]: DEBUG cotyledon.oslo_config_glue [-] oslo_reports.file_event_handler_interval = 1 {{(pid=93531) log_opt_values /opt/stack/data/venv/lib/python3.12/site-packages/oslo_config/cfg.py:3253}}
Jul 28 10:57:13.576620 np0000005987 nova-scheduler[93531]: DEBUG cotyledon.oslo_config_glue [-] oslo_reports.log_dir = None {{(pid=93531) log_opt_values /opt/stack/data/venv/lib/python3.12/site-packages/oslo_config/cfg.py:3253}}
Jul 28 10:57:13.576620 np0000005987 nova-scheduler[93531]: DEBUG cotyledon.oslo_config_glue [-] ******************************************************************************** {{(pid=93531) log_opt_values /opt/stack/data/venv/lib/python3.12/site-packages/oslo_config/cfg.py:3260}}
Jul 28 10:57:13.576620 np0000005987 nova-scheduler[93531]: DEBUG cotyledon._service_worker [-] Run service ServiceWrapper(1) [93531] {{(pid=93531) wait_forever /opt/stack/data/venv/lib/python3.12/site-packages/cotyledon/_service_worker.py:218}}
Jul 28 10:57:13.576909 np0000005987 nova-scheduler[93531]: INFO nova.service [-] Starting scheduler node (version 33.1.0)
Jul 28 10:57:13.576909 np0000005987 nova-scheduler[93531]: INFO dbcounter [None req-11f92ca9-0cf3-4f94-8ee0-5359df9337fd None None] Registered counter for database nova_cell0
Jul 28 10:57:13.577816 np0000005987 nova-scheduler[93525]: DEBUG oslo_db.sqlalchemy.engines [None req-f3f0371c-7ca4-4536-9f18-edd00d6ce726 None None] MySQL server mode set to STRICT_TRANS_TABLES,STRICT_ALL_TABLES,NO_ZERO_IN_DATE,NO_ZERO_DATE,ERROR_FOR_DIVISION_BY_ZERO,TRADITIONAL,NO_ENGINE_SUBSTITUTION {{(pid=93525) _check_effective_sql_mode /opt/stack/data/venv/lib/python3.12/site-packages/oslo_db/sqlalchemy/engines.py:325}}
Jul 28 10:57:13.581141 np0000005987 nova-scheduler[93557]: DEBUG oslo_db.sqlalchemy.engines [None req-c5197b1c-1678-445a-ba39-7c7b1c1f5ca4 None None] MySQL server mode set to STRICT_TRANS_TABLES,STRICT_ALL_TABLES,NO_ZERO_IN_DATE,NO_ZERO_DATE,ERROR_FOR_DIVISION_BY_ZERO,TRADITIONAL,NO_ENGINE_SUBSTITUTION {{(pid=93557) _check_effective_sql_mode /opt/stack/data/venv/lib/python3.12/site-packages/oslo_db/sqlalchemy/engines.py:325}}
Jul 28 10:57:13.587964 np0000005987 nova-scheduler[93525]: DEBUG dbcounter [-] [93525] Writer thread running {{(pid=93525) stat_writer /opt/stack/data/venv/lib/python3.12/site-packages/dbcounter.py:102}}
Jul 28 10:57:13.590540 np0000005987 nova-scheduler[93557]: DEBUG dbcounter [-] [93557] Writer thread running {{(pid=93557) stat_writer /opt/stack/data/venv/lib/python3.12/site-packages/dbcounter.py:102}}
Jul 28 10:57:13.602713 np0000005987 nova-scheduler[93525]: DEBUG nova.service [None req-f3f0371c-7ca4-4536-9f18-edd00d6ce726 None None] Creating RPC server for service: nova-scheduler on topic: scheduler {{(pid=93525) start /opt/stack/nova/nova/service.py:196}}
Jul 28 10:57:13.607206 np0000005987 nova-scheduler[93557]: DEBUG nova.service [None req-c5197b1c-1678-445a-ba39-7c7b1c1f5ca4 None None] Creating RPC server for service: nova-scheduler on topic: scheduler {{(pid=93557) start /opt/stack/nova/nova/service.py:196}}
Jul 28 10:57:13.607727 np0000005987 nova-scheduler[93531]: DEBUG oslo_db.sqlalchemy.engines [None req-11f92ca9-0cf3-4f94-8ee0-5359df9337fd None None] MySQL server mode set to STRICT_TRANS_TABLES,STRICT_ALL_TABLES,NO_ZERO_IN_DATE,NO_ZERO_DATE,ERROR_FOR_DIVISION_BY_ZERO,TRADITIONAL,NO_ENGINE_SUBSTITUTION {{(pid=93531) _check_effective_sql_mode /opt/stack/data/venv/lib/python3.12/site-packages/oslo_db/sqlalchemy/engines.py:325}}
Jul 28 10:57:13.618685 np0000005987 nova-scheduler[93531]: DEBUG dbcounter [-] [93531] Writer thread running {{(pid=93531) stat_writer /opt/stack/data/venv/lib/python3.12/site-packages/dbcounter.py:102}}
Jul 28 10:57:13.621417 np0000005987 nova-scheduler[93531]: DEBUG nova.service [None req-11f92ca9-0cf3-4f94-8ee0-5359df9337fd None None] Creating RPC server for service: nova-scheduler on topic: scheduler {{(pid=93531) start /opt/stack/nova/nova/service.py:196}}
Jul 28 10:57:13.625985 np0000005987 nova-scheduler[93557]: DEBUG nova.service [None req-c5197b1c-1678-445a-ba39-7c7b1c1f5ca4 None None] Join ServiceGroup membership for this service scheduler {{(pid=93557) start /opt/stack/nova/nova/service.py:222}}
Jul 28 10:57:13.626172 np0000005987 nova-scheduler[93557]: DEBUG nova.servicegroup.drivers.db [None req-c5197b1c-1678-445a-ba39-7c7b1c1f5ca4 None None] DB_Driver: join new ServiceGroup member np0000005987 to the scheduler group, service = {{(pid=93557) join /opt/stack/nova/nova/servicegroup/drivers/db.py:44}}
Jul 28 10:57:13.634832 np0000005987 nova-scheduler[93525]: DEBUG nova.service [None req-f3f0371c-7ca4-4536-9f18-edd00d6ce726 None None] Join ServiceGroup membership for this service scheduler {{(pid=93525) start /opt/stack/nova/nova/service.py:222}}
Jul 28 10:57:13.635019 np0000005987 nova-scheduler[93525]: DEBUG nova.servicegroup.drivers.db [None req-f3f0371c-7ca4-4536-9f18-edd00d6ce726 None None] DB_Driver: join new ServiceGroup member np0000005987 to the scheduler group, service = {{(pid=93525) join /opt/stack/nova/nova/servicegroup/drivers/db.py:44}}
Jul 28 10:57:13.638926 np0000005987 nova-scheduler[93531]: DEBUG nova.service [None req-11f92ca9-0cf3-4f94-8ee0-5359df9337fd None None] Join ServiceGroup membership for this service scheduler {{(pid=93531) start /opt/stack/nova/nova/service.py:222}}
Jul 28 10:57:13.639156 np0000005987 nova-scheduler[93531]: DEBUG nova.servicegroup.drivers.db [None req-11f92ca9-0cf3-4f94-8ee0-5359df9337fd None None] DB_Driver: join new ServiceGroup member np0000005987 to the scheduler group, service = {{(pid=93531) join /opt/stack/nova/nova/servicegroup/drivers/db.py:44}}
Jul 28 10:57:18.640079 np0000005987 nova-scheduler[93557]: DEBUG oslo.service.backend._threading.loopingcall [-] Fixed interval looping call 'nova.servicegroup.drivers.db.DbDriver._report_state' sleeping for 119.99 seconds {{(pid=93557) _run_loop /opt/stack/data/venv/lib/python3.12/site-packages/oslo_service/backend/_threading/loopingcall.py:125}}
Jul 28 10:57:18.644777 np0000005987 nova-scheduler[93525]: DEBUG oslo.service.backend._threading.loopingcall [-] Fixed interval looping call 'nova.servicegroup.drivers.db.DbDriver._report_state' sleeping for 119.99 seconds {{(pid=93525) _run_loop /opt/stack/data/venv/lib/python3.12/site-packages/oslo_service/backend/_threading/loopingcall.py:125}}
Jul 28 10:57:18.651785 np0000005987 nova-scheduler[93531]: DEBUG oslo.service.backend._threading.loopingcall [-] Fixed interval looping call 'nova.servicegroup.drivers.db.DbDriver._report_state' sleeping for 119.99 seconds {{(pid=93531) _run_loop /opt/stack/data/venv/lib/python3.12/site-packages/oslo_service/backend/_threading/loopingcall.py:125}}
Jul 28 10:57:22.171314 np0000005987 nova-scheduler[92283]: DEBUG dbcounter [-] [92283] Writing DB stats nova_api:SELECT=3 {{(pid=92283) stat_writer /opt/stack/data/venv/lib/python3.12/site-packages/dbcounter.py:115}}
Jul 28 10:57:22.311339 np0000005987 nova-scheduler[92283]: DEBUG dbcounter [-] [92283] Writing DB stats nova_cell0:SELECT=1 {{(pid=92283) stat_writer /opt/stack/data/venv/lib/python3.12/site-packages/dbcounter.py:115}}
Jul 28 10:57:22.314495 np0000005987 nova-scheduler[92283]: DEBUG dbcounter [-] [92283] Writing DB stats nova_cell1:SELECT=1 {{(pid=92283) stat_writer /opt/stack/data/venv/lib/python3.12/site-packages/dbcounter.py:115}}
Jul 28 10:57:28.636241 np0000005987 nova-scheduler[93557]: DEBUG dbcounter [-] [93557] Writing DB stats nova_cell0:SELECT=5,nova_cell0:INSERT=1,nova_cell0:UPDATE=1 {{(pid=93557) stat_writer /opt/stack/data/venv/lib/python3.12/site-packages/dbcounter.py:115}}
Jul 28 10:57:28.642142 np0000005987 nova-scheduler[93525]: DEBUG dbcounter [-] [93525] Writing DB stats nova_cell0:SELECT=4,nova_cell0:INSERT=1 {{(pid=93525) stat_writer /opt/stack/data/venv/lib/python3.12/site-packages/dbcounter.py:115}}
Jul 28 10:57:28.648725 np0000005987 nova-scheduler[93531]: DEBUG dbcounter [-] [93531] Writing DB stats nova_cell0:SELECT=3 {{(pid=93531) stat_writer /opt/stack/data/venv/lib/python3.12/site-packages/dbcounter.py:115}}
Jul 28 10:57:34.641932 np0000005987 nova-scheduler[93531]: DEBUG oslo.service.backend._threading.loopingcall [None req-597394c8-0013-47c3-af52-104427589f9b None None] Dynamic interval looping call 'nova.service.Service.periodic_tasks' sleeping for 60.00 seconds {{(pid=93531) _run_loop /opt/stack/data/venv/lib/python3.12/site-packages/oslo_service/backend/_threading/loopingcall.py:125}}
Jul 28 10:57:35.628781 np0000005987 nova-scheduler[93557]: DEBUG oslo.service.backend._threading.loopingcall [None req-94a880cc-ba3c-410e-88d8-43bc687a6cef None None] Dynamic interval looping call 'nova.service.Service.periodic_tasks' sleeping for 60.00 seconds {{(pid=93557) _run_loop /opt/stack/data/venv/lib/python3.12/site-packages/oslo_service/backend/_threading/loopingcall.py:125}}
Jul 28 10:57:39.638195 np0000005987 nova-scheduler[93525]: DEBUG oslo.service.backend._threading.loopingcall [None req-fdafc502-3202-4e2d-96f5-348a49653918 None None] Dynamic interval looping call 'nova.service.Service.periodic_tasks' sleeping for 60.00 seconds {{(pid=93525) _run_loop /opt/stack/data/venv/lib/python3.12/site-packages/oslo_service/backend/_threading/loopingcall.py:125}}
Jul 28 10:58:34.642368 np0000005987 nova-scheduler[93531]: DEBUG oslo.service.backend._threading.loopingcall [None req-597394c8-0013-47c3-af52-104427589f9b None None] Dynamic interval looping call 'nova.service.Service.periodic_tasks' sleeping for 60.00 seconds {{(pid=93531) _run_loop /opt/stack/data/venv/lib/python3.12/site-packages/oslo_service/backend/_threading/loopingcall.py:125}}
Jul 28 10:58:35.629211 np0000005987 nova-scheduler[93557]: DEBUG oslo.service.backend._threading.loopingcall [None req-94a880cc-ba3c-410e-88d8-43bc687a6cef None None] Dynamic interval looping call 'nova.service.Service.periodic_tasks' sleeping for 60.00 seconds {{(pid=93557) _run_loop /opt/stack/data/venv/lib/python3.12/site-packages/oslo_service/backend/_threading/loopingcall.py:125}}
Jul 28 10:58:39.638902 np0000005987 nova-scheduler[93525]: DEBUG oslo.service.backend._threading.loopingcall [None req-fdafc502-3202-4e2d-96f5-348a49653918 None None] Dynamic interval looping call 'nova.service.Service.periodic_tasks' sleeping for 60.00 seconds {{(pid=93525) _run_loop /opt/stack/data/venv/lib/python3.12/site-packages/oslo_service/backend/_threading/loopingcall.py:125}}
Jul 28 10:59:18.641913 np0000005987 nova-scheduler[93557]: DEBUG oslo.service.backend._threading.loopingcall [-] Fixed interval looping call 'nova.servicegroup.drivers.db.DbDriver._report_state' sleeping for 119.99 seconds {{(pid=93557) _run_loop /opt/stack/data/venv/lib/python3.12/site-packages/oslo_service/backend/_threading/loopingcall.py:125}}
Jul 28 10:59:18.642457 np0000005987 nova-scheduler[93525]: DEBUG oslo.service.backend._threading.loopingcall [-] Fixed interval looping call 'nova.servicegroup.drivers.db.DbDriver._report_state' sleeping for 119.99 seconds {{(pid=93525) _run_loop /opt/stack/data/venv/lib/python3.12/site-packages/oslo_service/backend/_threading/loopingcall.py:125}}
Jul 28 10:59:18.645298 np0000005987 nova-scheduler[93531]: DEBUG oslo.service.backend._threading.loopingcall [-] Fixed interval looping call 'nova.servicegroup.drivers.db.DbDriver._report_state' sleeping for 120.00 seconds {{(pid=93531) _run_loop /opt/stack/data/venv/lib/python3.12/site-packages/oslo_service/backend/_threading/loopingcall.py:125}}
Jul 28 10:59:28.636906 np0000005987 nova-scheduler[93557]: DEBUG dbcounter [-] [93557] Writing DB stats nova_cell0:SELECT=1,nova_cell0:UPDATE=1 {{(pid=93557) stat_writer /opt/stack/data/venv/lib/python3.12/site-packages/dbcounter.py:115}}
Jul 28 10:59:28.640189 np0000005987 nova-scheduler[93525]: DEBUG dbcounter [-] [93525] Writing DB stats nova_cell0:SELECT=1,nova_cell0:UPDATE=1 {{(pid=93525) stat_writer /opt/stack/data/venv/lib/python3.12/site-packages/dbcounter.py:115}}
Jul 28 10:59:28.643631 np0000005987 nova-scheduler[93531]: DEBUG dbcounter [-] [93531] Writing DB stats nova_cell0:SELECT=1 {{(pid=93531) stat_writer /opt/stack/data/venv/lib/python3.12/site-packages/dbcounter.py:115}}
Jul 28 10:59:34.642931 np0000005987 nova-scheduler[93531]: DEBUG oslo.service.backend._threading.loopingcall [None req-597394c8-0013-47c3-af52-104427589f9b None None] Dynamic interval looping call 'nova.service.Service.periodic_tasks' sleeping for 60.00 seconds {{(pid=93531) _run_loop /opt/stack/data/venv/lib/python3.12/site-packages/oslo_service/backend/_threading/loopingcall.py:125}}
Jul 28 10:59:35.629668 np0000005987 nova-scheduler[93557]: DEBUG oslo.service.backend._threading.loopingcall [None req-94a880cc-ba3c-410e-88d8-43bc687a6cef None None] Dynamic interval looping call 'nova.service.Service.periodic_tasks' sleeping for 60.00 seconds {{(pid=93557) _run_loop /opt/stack/data/venv/lib/python3.12/site-packages/oslo_service/backend/_threading/loopingcall.py:125}}
Jul 28 10:59:39.641095 np0000005987 nova-scheduler[93525]: DEBUG oslo.service.backend._threading.loopingcall [None req-fdafc502-3202-4e2d-96f5-348a49653918 None None] Dynamic interval looping call 'nova.service.Service.periodic_tasks' sleeping for 60.00 seconds {{(pid=93525) _run_loop /opt/stack/data/venv/lib/python3.12/site-packages/oslo_service/backend/_threading/loopingcall.py:125}}
Jul 28 10:59:50.526101 np0000005987 nova-scheduler[93557]: DEBUG nova.scheduler.manager [None req-23bd36b2-2d28-4557-8943-c9f3ce258291 tempest-DeleteServersTestJSON-168655437 tempest-DeleteServersTestJSON-168655437-project-member] Starting to schedule for instances: ['84803007-56e6-416a-becf-546c21ca4637'] {{(pid=93557) select_destinations /opt/stack/nova/nova/scheduler/manager.py:209}}
Jul 28 10:59:50.527270 np0000005987 nova-scheduler[93557]: DEBUG nova.scheduler.request_filter [None req-23bd36b2-2d28-4557-8943-c9f3ce258291 tempest-DeleteServersTestJSON-168655437 tempest-DeleteServersTestJSON-168655437-project-member] compute_status_filter request filter added forbidden trait COMPUTE_STATUS_DISABLED {{(pid=93557) compute_status_filter /opt/stack/nova/nova/scheduler/request_filter.py:253}}
Jul 28 10:59:50.527270 np0000005987 nova-scheduler[93557]: DEBUG nova.scheduler.request_filter [None req-23bd36b2-2d28-4557-8943-c9f3ce258291 tempest-DeleteServersTestJSON-168655437 tempest-DeleteServersTestJSON-168655437-project-member] Request filter 'compute_status_filter' took 0.0 seconds {{(pid=93557) wrapper /opt/stack/nova/nova/scheduler/request_filter.py:46}}
Jul 28 10:59:50.527503 np0000005987 nova-scheduler[93557]: DEBUG nova.scheduler.request_filter [None req-23bd36b2-2d28-4557-8943-c9f3ce258291 tempest-DeleteServersTestJSON-168655437 tempest-DeleteServersTestJSON-168655437-project-member] Request filter 'accelerators_filter' took 0.0 seconds {{(pid=93557) wrapper /opt/stack/nova/nova/scheduler/request_filter.py:46}}
Jul 28 10:59:50.527703 np0000005987 nova-scheduler[93557]: DEBUG nova.scheduler.request_filter [None req-23bd36b2-2d28-4557-8943-c9f3ce258291 tempest-DeleteServersTestJSON-168655437 tempest-DeleteServersTestJSON-168655437-project-member] Request filter 'packed_virtqueue_filter' took 0.0 seconds {{(pid=93557) wrapper /opt/stack/nova/nova/scheduler/request_filter.py:46}}
Jul 28 10:59:50.527998 np0000005987 nova-scheduler[93557]: DEBUG nova.scheduler.request_filter [None req-23bd36b2-2d28-4557-8943-c9f3ce258291 tempest-DeleteServersTestJSON-168655437 tempest-DeleteServersTestJSON-168655437-project-member] Request filter 'remote_managed_ports_filter' took 0.0 seconds {{(pid=93557) wrapper /opt/stack/nova/nova/scheduler/request_filter.py:46}}
Jul 28 10:59:50.528129 np0000005987 nova-scheduler[93557]: DEBUG nova.scheduler.request_filter [None req-23bd36b2-2d28-4557-8943-c9f3ce258291 tempest-DeleteServersTestJSON-168655437 tempest-DeleteServersTestJSON-168655437-project-member] ephemeral_encryption_filter skipped {{(pid=93557) ephemeral_encryption_filter /opt/stack/nova/nova/scheduler/request_filter.py:426}}
Jul 28 10:59:50.528296 np0000005987 nova-scheduler[93557]: DEBUG nova.scheduler.request_filter [None req-23bd36b2-2d28-4557-8943-c9f3ce258291 tempest-DeleteServersTestJSON-168655437 tempest-DeleteServersTestJSON-168655437-project-member] virtio_sound_filter skipped {{(pid=93557) virtio_sound_filter /opt/stack/nova/nova/scheduler/request_filter.py:460}}
Jul 28 10:59:50.528443 np0000005987 nova-scheduler[93557]: DEBUG nova.scheduler.request_filter [None req-23bd36b2-2d28-4557-8943-c9f3ce258291 tempest-DeleteServersTestJSON-168655437 tempest-DeleteServersTestJSON-168655437-project-member] tpm_secret_security_filter skipped {{(pid=93557) tpm_secret_security_filter /opt/stack/nova/nova/scheduler/request_filter.py:477}}
Jul 28 10:59:51.078417 np0000005987 nova-scheduler[93557]: INFO nova.utils [None req-23bd36b2-2d28-4557-8943-c9f3ce258291 tempest-DeleteServersTestJSON-168655437 tempest-DeleteServersTestJSON-168655437-project-member] The cell worker thread pool ForkProcess-3.cell_worker is initialized
Jul 28 10:59:51.078960 np0000005987 nova-scheduler[93557]: DEBUG oslo_concurrency.lockutils [None req-23bd36b2-2d28-4557-8943-c9f3ce258291 tempest-DeleteServersTestJSON-168655437 tempest-DeleteServersTestJSON-168655437-project-member] Acquiring lock "230db30e-470c-4319-a48d-955f033b3358" by "nova.context.set_target_cell..get_or_set_cached_cell_and_set_connections" {{(pid=93557) inner /opt/stack/data/venv/lib/python3.12/site-packages/oslo_concurrency/lockutils.py:512}}
Jul 28 10:59:51.079421 np0000005987 nova-scheduler[93557]: DEBUG oslo_concurrency.lockutils [None req-23bd36b2-2d28-4557-8943-c9f3ce258291 tempest-DeleteServersTestJSON-168655437 tempest-DeleteServersTestJSON-168655437-project-member] Lock "230db30e-470c-4319-a48d-955f033b3358" acquired by "nova.context.set_target_cell..get_or_set_cached_cell_and_set_connections" :: waited 0.001s {{(pid=93557) inner /opt/stack/data/venv/lib/python3.12/site-packages/oslo_concurrency/lockutils.py:525}}
Jul 28 10:59:51.082222 np0000005987 nova-scheduler[93557]: DEBUG oslo_concurrency.lockutils [None req-23bd36b2-2d28-4557-8943-c9f3ce258291 tempest-DeleteServersTestJSON-168655437 tempest-DeleteServersTestJSON-168655437-project-member] Lock "230db30e-470c-4319-a48d-955f033b3358" "released" by "nova.context.set_target_cell..get_or_set_cached_cell_and_set_connections" :: held 0.003s {{(pid=93557) inner /opt/stack/data/venv/lib/python3.12/site-packages/oslo_concurrency/lockutils.py:544}}
Jul 28 10:59:51.084211 np0000005987 nova-scheduler[93557]: INFO dbcounter [None req-23bd36b2-2d28-4557-8943-c9f3ce258291 tempest-DeleteServersTestJSON-168655437 tempest-DeleteServersTestJSON-168655437-project-member] Registered counter for database nova_cell1
Jul 28 10:59:51.127558 np0000005987 nova-scheduler[93557]: DEBUG oslo_db.sqlalchemy.engines [None req-23bd36b2-2d28-4557-8943-c9f3ce258291 tempest-DeleteServersTestJSON-168655437 tempest-DeleteServersTestJSON-168655437-project-member] MySQL server mode set to STRICT_TRANS_TABLES,STRICT_ALL_TABLES,NO_ZERO_IN_DATE,NO_ZERO_DATE,ERROR_FOR_DIVISION_BY_ZERO,TRADITIONAL,NO_ENGINE_SUBSTITUTION {{(pid=93557) _check_effective_sql_mode /opt/stack/data/venv/lib/python3.12/site-packages/oslo_db/sqlalchemy/engines.py:325}}
Jul 28 10:59:51.133227 np0000005987 nova-scheduler[93557]: DEBUG dbcounter [-] [93557] Writer thread running {{(pid=93557) stat_writer /opt/stack/data/venv/lib/python3.12/site-packages/dbcounter.py:102}}
Jul 28 10:59:51.158141 np0000005987 nova-scheduler[93557]: DEBUG oslo_db.sqlalchemy.engines [None req-23bd36b2-2d28-4557-8943-c9f3ce258291 tempest-DeleteServersTestJSON-168655437 tempest-DeleteServersTestJSON-168655437-project-member] Parent process 92283 forked (93557) with an open database connection, which is being discarded and recreated. {{(pid=93557) checkout /opt/stack/data/venv/lib/python3.12/site-packages/oslo_db/sqlalchemy/engines.py:402}}
Jul 28 10:59:51.206397 np0000005987 nova-scheduler[93557]: DEBUG dbcounter [-] [93557] Writer thread running {{(pid=93557) stat_writer /opt/stack/data/venv/lib/python3.12/site-packages/dbcounter.py:102}}
Jul 28 10:59:51.215551 np0000005987 nova-scheduler[93557]: DEBUG oslo_concurrency.lockutils [None req-23bd36b2-2d28-4557-8943-c9f3ce258291 tempest-DeleteServersTestJSON-168655437 tempest-DeleteServersTestJSON-168655437-project-member] Acquiring lock "230db30e-470c-4319-a48d-955f033b3358" by "nova.context.set_target_cell..get_or_set_cached_cell_and_set_connections" {{(pid=93557) inner /opt/stack/data/venv/lib/python3.12/site-packages/oslo_concurrency/lockutils.py:512}}
Jul 28 10:59:51.215764 np0000005987 nova-scheduler[93557]: DEBUG oslo_concurrency.lockutils [None req-23bd36b2-2d28-4557-8943-c9f3ce258291 tempest-DeleteServersTestJSON-168655437 tempest-DeleteServersTestJSON-168655437-project-member] Lock "230db30e-470c-4319-a48d-955f033b3358" acquired by "nova.context.set_target_cell..get_or_set_cached_cell_and_set_connections" :: waited 0.000s {{(pid=93557) inner /opt/stack/data/venv/lib/python3.12/site-packages/oslo_concurrency/lockutils.py:525}}
Jul 28 10:59:51.215954 np0000005987 nova-scheduler[93557]: DEBUG oslo_concurrency.lockutils [None req-23bd36b2-2d28-4557-8943-c9f3ce258291 tempest-DeleteServersTestJSON-168655437 tempest-DeleteServersTestJSON-168655437-project-member] Lock "230db30e-470c-4319-a48d-955f033b3358" "released" by "nova.context.set_target_cell..get_or_set_cached_cell_and_set_connections" :: held 0.000s {{(pid=93557) inner /opt/stack/data/venv/lib/python3.12/site-packages/oslo_concurrency/lockutils.py:544}}
Jul 28 10:59:51.221557 np0000005987 nova-scheduler[93557]: DEBUG oslo_concurrency.lockutils [None req-23bd36b2-2d28-4557-8943-c9f3ce258291 tempest-DeleteServersTestJSON-168655437 tempest-DeleteServersTestJSON-168655437-project-member] Acquiring lock "np0000005987-np0000005987" by "nova.scheduler.host_manager.HostState.update.._locked_update" {{(pid=93557) inner /opt/stack/data/venv/lib/python3.12/site-packages/oslo_concurrency/lockutils.py:512}}
Jul 28 10:59:51.221763 np0000005987 nova-scheduler[93557]: DEBUG oslo_concurrency.lockutils [None req-23bd36b2-2d28-4557-8943-c9f3ce258291 tempest-DeleteServersTestJSON-168655437 tempest-DeleteServersTestJSON-168655437-project-member] Lock "np0000005987-np0000005987" acquired by "nova.scheduler.host_manager.HostState.update.._locked_update" :: waited 0.000s {{(pid=93557) inner /opt/stack/data/venv/lib/python3.12/site-packages/oslo_concurrency/lockutils.py:525}}
Jul 28 10:59:51.223023 np0000005987 nova-scheduler[93557]: DEBUG nova.scheduler.host_manager [None req-23bd36b2-2d28-4557-8943-c9f3ce258291 tempest-DeleteServersTestJSON-168655437 tempest-DeleteServersTestJSON-168655437-project-member] Update host state from compute node: ComputeNode(cpu_allocation_ratio=4.0,cpu_info='{"arch": "x86_64", "model": "EPYC-Milan", "vendor": "AMD", "topology": {"cells": 1, "sockets": 16, "cores": 1, "threads": 1}, "maxphysaddr": {"mode": "emulate", "bits": 40}, "features": ["amd-ssbd", "lbrv", "clwb", "f16c", "vmcb-clean", "cmov", "sse2", "rdtscp", "rdctl-no", "avx", "bmi2", "hypervisor", "osvw", "cx8", "npt", "sse4.1", "bmi1", "msr", "pni", "skip-l1dfl-vmentry", "fxsr", "xsaveopt", "pschange-mc-no", "wbnoinvd", "pse", "tsc", "null-sel-clr-base", "no-nested-data-bp", "x2apic", "rdrand", "nrip-save", "flushbyasid", "sha-ni", "svme-addr-chk", "mce", "mds-no", "ssbd", "ssse3", "sse4a", "pge", "umip", "mtrr", "tsc-deadline", "stibp-always-on", "lm", "lahf_lm", "stibp", "pclmuldq", "xsaves", "sep", "lfence-always-serializing", "tsc_adjust", "spec-ctrl", "arch-capabilities", "abm", "apic", "pfthreshold", "ibpb", "vaes", "rdseed", "xsavec", "invpcid", "fsrm", "rdpid", "virt-ssbd", "nx", "fma", "3dnowprefetch", "pause-filter", "fxsr_opt", "vgif", "clzero", "pku", "cmp_legacy", "xsave", "vme", "perfctr_core", "cx16", "pae", "syscall", "mca", "sse", "v-vmsave-vmload", "smep", "adx", "xgetbv1", "pdpe1gb", "fpu", "erms", "pcid", "vpclmulqdq", "pat", "clflush", "popcnt", "arat", "fsgsbase", "mmxext", "avx2", "gds-no", "amd-psfd", "sse4.2", "cr8legacy", "movbe", "clflushopt", "ibrs", "svm", "xsaveerptr", "amd-stibp", "pse36", "topoext", "aes", "misalignsse", "mmx", "de", "smap", "tsc-scale"]}',created_at=2026-07-28T10:57:34Z,current_workload=0,deleted=False,deleted_at=None,disk_allocation_ratio=1.0,disk_available_least=73,free_disk_gb=95,free_ram_mb=62765,host='np0000005987',host_ip=10.4.3.56,hypervisor_hostname='np0000005987',hypervisor_type='QEMU',hypervisor_version=8002002,id=1,local_gb=95,local_gb_used=0,mapped=1,memory_mb=63277,memory_mb_used=512,metrics='[]',numa_topology='{"nova_object.name": "NUMATopology", "nova_object.namespace": "nova", "nova_object.version": "1.2", "nova_object.data": {"cells": [{"nova_object.name": "NUMACell", "nova_object.namespace": "nova", "nova_object.version": "1.5", "nova_object.data": {"id": 0, "cpuset": [0, 1, 2, 3, 4, 5, 6, 7, 8, 9, 10, 11, 12, 13, 14, 15], "pcpuset": [0, 1, 2, 3, 4, 5, 6, 7, 8, 9, 10, 11, 12, 13, 14, 15], "memory": 63277, "cpu_usage": 0, "memory_usage": 0, "pinned_cpus": [], "siblings": [[6], [12], [2], [15], [5], [11], [8], [14], [4], [1], [7], [10], [0], [13], [3], [9]], "mempages": [{"nova_object.name": "NUMAPagesTopology", "nova_object.namespace": "nova", "nova_object.version": "1.1", "nova_object.data": {"size_kb": 4, "total": 16177929, "used": 0, "reserved": 0}, "nova_object.changes": ["reserved", "total", "used", "size_kb"]}, {"nova_object.name": "NUMAPagesTopology", "nova_object.namespace": "nova", "nova_object.version": "1.1", "nova_object.data": {"size_kb": 2048, "total": 41, "used": 0, "reserved": 0}, "nova_object.changes": ["reserved", "total", "used", "size_kb"]}, {"nova_object.name": "NUMAPagesTopology", "nova_object.namespace": "nova", "nova_object.version": "1.1", "nova_object.data": {"size_kb": 1048576, "total": 0, "used": 0, "reserved": 0}, "nova_object.changes": ["reserved", "total", "used", "size_kb"]}], "network_metadata": {"nova_object.name": "NetworkMetadata", "nova_object.namespace": "nova", "nova_object.version": "1.0", "nova_object.data": {"physnets": [], "tunneled": false}, "nova_object.changes": ["physnets", "tunneled"]}, "socket": null}, "nova_object.changes": ["network_metadata", "cpuset", "pinned_cpus", "socket", "id", "pcpuset", "cpu_usage", "memory", "siblings", "memory_usage", "mempages"]}]}, "nova_object.changes": ["cells"]}',pci_device_pools=PciDevicePoolList,ram_allocation_ratio=1.0,running_vms=0,service_id=3,stats={failed_builds='0',uptime=' 10:59:22 up 15 min, 2 users, load average: 1.56, 1.47, 0.86
Jul 28 10:59:51.223023 np0000005987 nova-scheduler[93557]: '},supported_hv_specs=[HVSpec,HVSpec,HVSpec,HVSpec,HVSpec,HVSpec,HVSpec,HVSpec,HVSpec,HVSpec,HVSpec,HVSpec,HVSpec,HVSpec,HVSpec,HVSpec,HVSpec,HVSpec,HVSpec,HVSpec,HVSpec,HVSpec,HVSpec,HVSpec,HVSpec],updated_at=2026-07-28T10:59:23Z,uuid=215aba95-5481-4f6e-a9f8-cf078a0a0b5e,vcpus=16,vcpus_used=0) {{(pid=93557) _locked_update /opt/stack/nova/nova/scheduler/host_manager.py:168}}
Jul 28 10:59:51.223939 np0000005987 nova-scheduler[93557]: DEBUG nova.scheduler.host_manager [None req-23bd36b2-2d28-4557-8943-c9f3ce258291 tempest-DeleteServersTestJSON-168655437 tempest-DeleteServersTestJSON-168655437-project-member] Update host state with aggregates: [] {{(pid=93557) _locked_update /opt/stack/nova/nova/scheduler/host_manager.py:171}}
Jul 28 10:59:51.224050 np0000005987 nova-scheduler[93557]: DEBUG nova.scheduler.host_manager [None req-23bd36b2-2d28-4557-8943-c9f3ce258291 tempest-DeleteServersTestJSON-168655437 tempest-DeleteServersTestJSON-168655437-project-member] Update host state with service dict: {'id': 3, 'uuid': 'ad6b019c-8257-480d-b041-bb790e26ec4c', 'host': 'np0000005987', 'binary': 'nova-compute', 'topic': 'compute', 'report_count': 2, 'disabled': False, 'disabled_reason': None, 'last_seen_up': datetime.datetime(2026, 7, 28, 10, 59, 41, tzinfo=datetime.timezone.utc), 'forced_down': False, 'version': 72, 'created_at': datetime.datetime(2026, 7, 28, 10, 57, 34, tzinfo=datetime.timezone.utc), 'updated_at': datetime.datetime(2026, 7, 28, 10, 59, 41, tzinfo=datetime.timezone.utc), 'deleted_at': None, 'deleted': False} {{(pid=93557) _locked_update /opt/stack/nova/nova/scheduler/host_manager.py:174}}
Jul 28 10:59:51.224209 np0000005987 nova-scheduler[93557]: DEBUG nova.scheduler.host_manager [None req-23bd36b2-2d28-4557-8943-c9f3ce258291 tempest-DeleteServersTestJSON-168655437 tempest-DeleteServersTestJSON-168655437-project-member] Update host state with instances: [] {{(pid=93557) _locked_update /opt/stack/nova/nova/scheduler/host_manager.py:177}}
Jul 28 10:59:51.224386 np0000005987 nova-scheduler[93557]: DEBUG oslo_concurrency.lockutils [None req-23bd36b2-2d28-4557-8943-c9f3ce258291 tempest-DeleteServersTestJSON-168655437 tempest-DeleteServersTestJSON-168655437-project-member] Lock "np0000005987-np0000005987" "released" by "nova.scheduler.host_manager.HostState.update.._locked_update" :: held 0.003s {{(pid=93557) inner /opt/stack/data/venv/lib/python3.12/site-packages/oslo_concurrency/lockutils.py:544}}
Jul 28 10:59:51.224841 np0000005987 nova-scheduler[93557]: DEBUG nova.filters [None req-23bd36b2-2d28-4557-8943-c9f3ce258291 tempest-DeleteServersTestJSON-168655437 tempest-DeleteServersTestJSON-168655437-project-member] Starting with 1 host(s) {{(pid=93557) get_filtered_objects /opt/stack/nova/nova/filters.py:70}}
Jul 28 10:59:51.225121 np0000005987 nova-scheduler[93557]: DEBUG nova.filters [None req-23bd36b2-2d28-4557-8943-c9f3ce258291 tempest-DeleteServersTestJSON-168655437 tempest-DeleteServersTestJSON-168655437-project-member] Filter ComputeFilter returned 1 host(s) {{(pid=93557) get_filtered_objects /opt/stack/nova/nova/filters.py:102}}
Jul 28 10:59:51.225171 np0000005987 nova-scheduler[93557]: DEBUG nova.filters [None req-23bd36b2-2d28-4557-8943-c9f3ce258291 tempest-DeleteServersTestJSON-168655437 tempest-DeleteServersTestJSON-168655437-project-member] Filter ComputeCapabilitiesFilter returned 1 host(s) {{(pid=93557) get_filtered_objects /opt/stack/nova/nova/filters.py:102}}
Jul 28 10:59:51.225463 np0000005987 nova-scheduler[93557]: DEBUG nova.filters [None req-23bd36b2-2d28-4557-8943-c9f3ce258291 tempest-DeleteServersTestJSON-168655437 tempest-DeleteServersTestJSON-168655437-project-member] Filter ImagePropertiesFilter returned 1 host(s) {{(pid=93557) get_filtered_objects /opt/stack/nova/nova/filters.py:102}}
Jul 28 10:59:51.225587 np0000005987 nova-scheduler[93557]: DEBUG nova.filters [None req-23bd36b2-2d28-4557-8943-c9f3ce258291 tempest-DeleteServersTestJSON-168655437 tempest-DeleteServersTestJSON-168655437-project-member] Filter ServerGroupAntiAffinityFilter returned 1 host(s) {{(pid=93557) get_filtered_objects /opt/stack/nova/nova/filters.py:102}}
Jul 28 10:59:51.225743 np0000005987 nova-scheduler[93557]: DEBUG nova.filters [None req-23bd36b2-2d28-4557-8943-c9f3ce258291 tempest-DeleteServersTestJSON-168655437 tempest-DeleteServersTestJSON-168655437-project-member] Filter ServerGroupAffinityFilter returned 1 host(s) {{(pid=93557) get_filtered_objects /opt/stack/nova/nova/filters.py:102}}
Jul 28 10:59:51.226327 np0000005987 nova-scheduler[93557]: DEBUG nova.filters [None req-23bd36b2-2d28-4557-8943-c9f3ce258291 tempest-DeleteServersTestJSON-168655437 tempest-DeleteServersTestJSON-168655437-project-member] Filter SameHostFilter returned 1 host(s) {{(pid=93557) get_filtered_objects /opt/stack/nova/nova/filters.py:102}}
Jul 28 10:59:51.226327 np0000005987 nova-scheduler[93557]: DEBUG nova.filters [None req-23bd36b2-2d28-4557-8943-c9f3ce258291 tempest-DeleteServersTestJSON-168655437 tempest-DeleteServersTestJSON-168655437-project-member] Filter DifferentHostFilter returned 1 host(s) {{(pid=93557) get_filtered_objects /opt/stack/nova/nova/filters.py:102}}
Jul 28 10:59:51.226327 np0000005987 nova-scheduler[93557]: DEBUG nova.scheduler.manager [None req-23bd36b2-2d28-4557-8943-c9f3ce258291 tempest-DeleteServersTestJSON-168655437 tempest-DeleteServersTestJSON-168655437-project-member] Filtered [(np0000005987, np0000005987) ram: 62765MB disk: 74752MB io_ops: 0 instances: 0, allocation_candidates: 1] {{(pid=93557) _get_sorted_hosts /opt/stack/nova/nova/scheduler/manager.py:742}}
Jul 28 10:59:51.226487 np0000005987 nova-scheduler[93557]: DEBUG nova.scheduler.manager [None req-23bd36b2-2d28-4557-8943-c9f3ce258291 tempest-DeleteServersTestJSON-168655437 tempest-DeleteServersTestJSON-168655437-project-member] Weighed [WeighedHost [host: (np0000005987, np0000005987) ram: 62765MB disk: 74752MB io_ops: 0 instances: 0, allocation_candidates: 1, weight: 0.0]] {{(pid=93557) _get_sorted_hosts /opt/stack/nova/nova/scheduler/manager.py:764}}
Jul 28 10:59:51.226878 np0000005987 nova-scheduler[93557]: DEBUG nova.scheduler.utils [None req-23bd36b2-2d28-4557-8943-c9f3ce258291 tempest-DeleteServersTestJSON-168655437 tempest-DeleteServersTestJSON-168655437-project-member] Attempting to claim resources in the placement API for instance 84803007-56e6-416a-becf-546c21ca4637 {{(pid=93557) claim_resources /opt/stack/nova/nova/scheduler/utils.py:1345}}
Jul 28 10:59:51.359954 np0000005987 nova-scheduler[93557]: DEBUG nova.scheduler.manager [None req-23bd36b2-2d28-4557-8943-c9f3ce258291 tempest-DeleteServersTestJSON-168655437 tempest-DeleteServersTestJSON-168655437-project-member] [instance: 84803007-56e6-416a-becf-546c21ca4637] Selected host: (np0000005987, np0000005987) ram: 62765MB disk: 74752MB io_ops: 0 instances: 0, allocation_candidates: 1 {{(pid=93557) _consume_selected_host /opt/stack/nova/nova/scheduler/manager.py:624}}
Jul 28 10:59:51.360266 np0000005987 nova-scheduler[93557]: DEBUG oslo_concurrency.lockutils [None req-23bd36b2-2d28-4557-8943-c9f3ce258291 tempest-DeleteServersTestJSON-168655437 tempest-DeleteServersTestJSON-168655437-project-member] Acquiring lock "np0000005987-np0000005987" by "nova.scheduler.host_manager.HostState.consume_from_request.._locked" {{(pid=93557) inner /opt/stack/data/venv/lib/python3.12/site-packages/oslo_concurrency/lockutils.py:512}}
Jul 28 10:59:51.360469 np0000005987 nova-scheduler[93557]: DEBUG oslo_concurrency.lockutils [None req-23bd36b2-2d28-4557-8943-c9f3ce258291 tempest-DeleteServersTestJSON-168655437 tempest-DeleteServersTestJSON-168655437-project-member] Lock "np0000005987-np0000005987" acquired by "nova.scheduler.host_manager.HostState.consume_from_request.._locked" :: waited 0.000s {{(pid=93557) inner /opt/stack/data/venv/lib/python3.12/site-packages/oslo_concurrency/lockutils.py:525}}
Jul 28 10:59:51.360669 np0000005987 nova-scheduler[93557]: DEBUG oslo_concurrency.lockutils [None req-23bd36b2-2d28-4557-8943-c9f3ce258291 tempest-DeleteServersTestJSON-168655437 tempest-DeleteServersTestJSON-168655437-project-member] Lock "np0000005987-np0000005987" "released" by "nova.scheduler.host_manager.HostState.consume_from_request.._locked" :: held 0.000s {{(pid=93557) inner /opt/stack/data/venv/lib/python3.12/site-packages/oslo_concurrency/lockutils.py:544}}
Jul 28 10:59:51.737518 np0000005987 nova-scheduler[93525]: DEBUG nova.scheduler.manager [None req-570bb551-83c7-4a44-b580-9f77539a576e tempest-ServerStableDeviceRescueTest-114942155 tempest-ServerStableDeviceRescueTest-114942155-project-member] Starting to schedule for instances: ['32a1973e-00af-4f89-ac8b-7b7e3c62e73e'] {{(pid=93525) select_destinations /opt/stack/nova/nova/scheduler/manager.py:209}}
Jul 28 10:59:51.737954 np0000005987 nova-scheduler[93525]: DEBUG nova.scheduler.request_filter [None req-570bb551-83c7-4a44-b580-9f77539a576e tempest-ServerStableDeviceRescueTest-114942155 tempest-ServerStableDeviceRescueTest-114942155-project-member] compute_status_filter request filter added forbidden trait COMPUTE_STATUS_DISABLED {{(pid=93525) compute_status_filter /opt/stack/nova/nova/scheduler/request_filter.py:253}}
Jul 28 10:59:51.738307 np0000005987 nova-scheduler[93525]: DEBUG nova.scheduler.request_filter [None req-570bb551-83c7-4a44-b580-9f77539a576e tempest-ServerStableDeviceRescueTest-114942155 tempest-ServerStableDeviceRescueTest-114942155-project-member] Request filter 'compute_status_filter' took 0.0 seconds {{(pid=93525) wrapper /opt/stack/nova/nova/scheduler/request_filter.py:46}}
Jul 28 10:59:51.738511 np0000005987 nova-scheduler[93525]: DEBUG nova.scheduler.request_filter [None req-570bb551-83c7-4a44-b580-9f77539a576e tempest-ServerStableDeviceRescueTest-114942155 tempest-ServerStableDeviceRescueTest-114942155-project-member] Request filter 'accelerators_filter' took 0.0 seconds {{(pid=93525) wrapper /opt/stack/nova/nova/scheduler/request_filter.py:46}}
Jul 28 10:59:51.738682 np0000005987 nova-scheduler[93525]: DEBUG nova.scheduler.request_filter [None req-570bb551-83c7-4a44-b580-9f77539a576e tempest-ServerStableDeviceRescueTest-114942155 tempest-ServerStableDeviceRescueTest-114942155-project-member] Request filter 'packed_virtqueue_filter' took 0.0 seconds {{(pid=93525) wrapper /opt/stack/nova/nova/scheduler/request_filter.py:46}}
Jul 28 10:59:51.738948 np0000005987 nova-scheduler[93525]: DEBUG nova.scheduler.request_filter [None req-570bb551-83c7-4a44-b580-9f77539a576e tempest-ServerStableDeviceRescueTest-114942155 tempest-ServerStableDeviceRescueTest-114942155-project-member] Request filter 'remote_managed_ports_filter' took 0.0 seconds {{(pid=93525) wrapper /opt/stack/nova/nova/scheduler/request_filter.py:46}}
Jul 28 10:59:51.739086 np0000005987 nova-scheduler[93525]: DEBUG nova.scheduler.request_filter [None req-570bb551-83c7-4a44-b580-9f77539a576e tempest-ServerStableDeviceRescueTest-114942155 tempest-ServerStableDeviceRescueTest-114942155-project-member] ephemeral_encryption_filter skipped {{(pid=93525) ephemeral_encryption_filter /opt/stack/nova/nova/scheduler/request_filter.py:426}}
