Jul 28 10:57:18.861947 np0000005987 nova-conductor[95947]: DEBUG cotyledon.oslo_config_glue [-] oslo_messaging_rabbit.rabbit_quorum_delivery_limit = 0 {{(pid=95947) log_opt_values /opt/stack/data/venv/lib/python3.12/site-packages/oslo_config/cfg.py:3253}}
Jul 28 10:57:18.861947 np0000005987 nova-conductor[95947]: DEBUG cotyledon.oslo_config_glue [-] oslo_messaging_rabbit.rabbit_quorum_max_memory_bytes = 0 {{(pid=95947) log_opt_values /opt/stack/data/venv/lib/python3.12/site-packages/oslo_config/cfg.py:3253}}
Jul 28 10:57:18.861947 np0000005987 nova-conductor[95947]: DEBUG cotyledon.oslo_config_glue [-] oslo_messaging_rabbit.rabbit_quorum_max_memory_length = 0 {{(pid=95947) log_opt_values /opt/stack/data/venv/lib/python3.12/site-packages/oslo_config/cfg.py:3253}}
Jul 28 10:57:18.861947 np0000005987 nova-conductor[95947]: DEBUG cotyledon.oslo_config_glue [-] oslo_messaging_rabbit.rabbit_quorum_queue = False {{(pid=95947) log_opt_values /opt/stack/data/venv/lib/python3.12/site-packages/oslo_config/cfg.py:3253}}
Jul 28 10:57:18.862148 np0000005987 nova-conductor[95947]: DEBUG cotyledon.oslo_config_glue [-] oslo_messaging_rabbit.rabbit_retry_backoff = 2 {{(pid=95947) log_opt_values /opt/stack/data/venv/lib/python3.12/site-packages/oslo_config/cfg.py:3253}}
Jul 28 10:57:18.862148 np0000005987 nova-conductor[95947]: DEBUG cotyledon.oslo_config_glue [-] oslo_messaging_rabbit.rabbit_retry_interval = 1 {{(pid=95947) log_opt_values /opt/stack/data/venv/lib/python3.12/site-packages/oslo_config/cfg.py:3253}}
Jul 28 10:57:18.862148 np0000005987 nova-conductor[95947]: DEBUG cotyledon.oslo_config_glue [-] oslo_messaging_rabbit.rabbit_stream_fanout = False {{(pid=95947) log_opt_values /opt/stack/data/venv/lib/python3.12/site-packages/oslo_config/cfg.py:3253}}
Jul 28 10:57:18.862148 np0000005987 nova-conductor[95947]: DEBUG cotyledon.oslo_config_glue [-] oslo_messaging_rabbit.rabbit_transient_queues_ttl = 1800 {{(pid=95947) log_opt_values /opt/stack/data/venv/lib/python3.12/site-packages/oslo_config/cfg.py:3253}}
Jul 28 10:57:18.862148 np0000005987 nova-conductor[95947]: DEBUG cotyledon.oslo_config_glue [-] oslo_messaging_rabbit.rabbit_transient_quorum_queue = False {{(pid=95947) log_opt_values /opt/stack/data/venv/lib/python3.12/site-packages/oslo_config/cfg.py:3253}}
Jul 28 10:57:18.862148 np0000005987 nova-conductor[95947]: DEBUG cotyledon.oslo_config_glue [-] oslo_messaging_rabbit.rpc_conn_pool_size = 30 {{(pid=95947) log_opt_values /opt/stack/data/venv/lib/python3.12/site-packages/oslo_config/cfg.py:3253}}
Jul 28 10:57:18.862148 np0000005987 nova-conductor[95947]: DEBUG cotyledon.oslo_config_glue [-] oslo_messaging_rabbit.ssl = False {{(pid=95947) log_opt_values /opt/stack/data/venv/lib/python3.12/site-packages/oslo_config/cfg.py:3253}}
Jul 28 10:57:18.862148 np0000005987 nova-conductor[95947]: DEBUG cotyledon.oslo_config_glue [-] oslo_messaging_rabbit.ssl_ca_file = {{(pid=95947) log_opt_values /opt/stack/data/venv/lib/python3.12/site-packages/oslo_config/cfg.py:3253}}
Jul 28 10:57:18.862148 np0000005987 nova-conductor[95947]: DEBUG cotyledon.oslo_config_glue [-] oslo_messaging_rabbit.ssl_cert_file = {{(pid=95947) log_opt_values /opt/stack/data/venv/lib/python3.12/site-packages/oslo_config/cfg.py:3253}}
Jul 28 10:57:18.862375 np0000005987 nova-conductor[95947]: DEBUG cotyledon.oslo_config_glue [-] oslo_messaging_rabbit.ssl_enforce_fips_mode = False {{(pid=95947) log_opt_values /opt/stack/data/venv/lib/python3.12/site-packages/oslo_config/cfg.py:3253}}
Jul 28 10:57:18.862375 np0000005987 nova-conductor[95947]: DEBUG cotyledon.oslo_config_glue [-] oslo_messaging_rabbit.ssl_enforce_hostname_verification = True {{(pid=95947) log_opt_values /opt/stack/data/venv/lib/python3.12/site-packages/oslo_config/cfg.py:3253}}
Jul 28 10:57:18.862375 np0000005987 nova-conductor[95947]: DEBUG cotyledon.oslo_config_glue [-] oslo_messaging_rabbit.ssl_key_file = {{(pid=95947) log_opt_values /opt/stack/data/venv/lib/python3.12/site-packages/oslo_config/cfg.py:3253}}
Jul 28 10:57:18.862375 np0000005987 nova-conductor[95947]: DEBUG cotyledon.oslo_config_glue [-] oslo_messaging_rabbit.ssl_version = {{(pid=95947) log_opt_values /opt/stack/data/venv/lib/python3.12/site-packages/oslo_config/cfg.py:3253}}
Jul 28 10:57:18.862375 np0000005987 nova-conductor[95947]: DEBUG cotyledon.oslo_config_glue [-] oslo_messaging_rabbit.use_queue_manager = False {{(pid=95947) log_opt_values /opt/stack/data/venv/lib/python3.12/site-packages/oslo_config/cfg.py:3253}}
Jul 28 10:57:18.862375 np0000005987 nova-conductor[95947]: DEBUG cotyledon.oslo_config_glue [-] oslo_messaging_notifications.driver = ['messagingv2'] {{(pid=95947) log_opt_values /opt/stack/data/venv/lib/python3.12/site-packages/oslo_config/cfg.py:3253}}
Jul 28 10:57:18.862375 np0000005987 nova-conductor[95947]: DEBUG cotyledon.oslo_config_glue [-] oslo_messaging_notifications.retry = -1 {{(pid=95947) log_opt_values /opt/stack/data/venv/lib/python3.12/site-packages/oslo_config/cfg.py:3253}}
Jul 28 10:57:18.862375 np0000005987 nova-conductor[95947]: DEBUG cotyledon.oslo_config_glue [-] oslo_messaging_notifications.topics = ['notifications'] {{(pid=95947) log_opt_values /opt/stack/data/venv/lib/python3.12/site-packages/oslo_config/cfg.py:3253}}
Jul 28 10:57:18.862375 np0000005987 nova-conductor[95947]: DEBUG cotyledon.oslo_config_glue [-] oslo_messaging_notifications.transport_url = **** {{(pid=95947) log_opt_values /opt/stack/data/venv/lib/python3.12/site-packages/oslo_config/cfg.py:3253}}
Jul 28 10:57:18.862586 np0000005987 nova-conductor[95947]: DEBUG cotyledon.oslo_config_glue [-] oslo_limit.auth_section = None {{(pid=95947) log_opt_values /opt/stack/data/venv/lib/python3.12/site-packages/oslo_config/cfg.py:3253}}
Jul 28 10:57:18.862586 np0000005987 nova-conductor[95947]: DEBUG cotyledon.oslo_config_glue [-] oslo_limit.auth_type = None {{(pid=95947) log_opt_values /opt/stack/data/venv/lib/python3.12/site-packages/oslo_config/cfg.py:3253}}
Jul 28 10:57:18.862586 np0000005987 nova-conductor[95947]: DEBUG cotyledon.oslo_config_glue [-] oslo_limit.cafile = None {{(pid=95947) log_opt_values /opt/stack/data/venv/lib/python3.12/site-packages/oslo_config/cfg.py:3253}}
Jul 28 10:57:18.862586 np0000005987 nova-conductor[95947]: DEBUG cotyledon.oslo_config_glue [-] oslo_limit.certfile = None {{(pid=95947) log_opt_values /opt/stack/data/venv/lib/python3.12/site-packages/oslo_config/cfg.py:3253}}
Jul 28 10:57:18.862586 np0000005987 nova-conductor[95947]: DEBUG cotyledon.oslo_config_glue [-] oslo_limit.collect_timing = False {{(pid=95947) log_opt_values /opt/stack/data/venv/lib/python3.12/site-packages/oslo_config/cfg.py:3253}}
Jul 28 10:57:18.862586 np0000005987 nova-conductor[95947]: DEBUG cotyledon.oslo_config_glue [-] oslo_limit.connect_retries = None {{(pid=95947) log_opt_values /opt/stack/data/venv/lib/python3.12/site-packages/oslo_config/cfg.py:3253}}
Jul 28 10:57:18.862586 np0000005987 nova-conductor[95947]: DEBUG cotyledon.oslo_config_glue [-] oslo_limit.connect_retry_delay = None {{(pid=95947) log_opt_values /opt/stack/data/venv/lib/python3.12/site-packages/oslo_config/cfg.py:3253}}
Jul 28 10:57:18.862586 np0000005987 nova-conductor[95947]: DEBUG cotyledon.oslo_config_glue [-] oslo_limit.endpoint_id = None {{(pid=95947) log_opt_values /opt/stack/data/venv/lib/python3.12/site-packages/oslo_config/cfg.py:3253}}
Jul 28 10:57:18.862586 np0000005987 nova-conductor[95947]: DEBUG cotyledon.oslo_config_glue [-] oslo_limit.endpoint_interface = public {{(pid=95947) log_opt_values /opt/stack/data/venv/lib/python3.12/site-packages/oslo_config/cfg.py:3253}}
Jul 28 10:57:18.862781 np0000005987 nova-conductor[95947]: DEBUG cotyledon.oslo_config_glue [-] oslo_limit.endpoint_override = None {{(pid=95947) log_opt_values /opt/stack/data/venv/lib/python3.12/site-packages/oslo_config/cfg.py:3253}}
Jul 28 10:57:18.862781 np0000005987 nova-conductor[95947]: DEBUG cotyledon.oslo_config_glue [-] oslo_limit.endpoint_region_name = None {{(pid=95947) log_opt_values /opt/stack/data/venv/lib/python3.12/site-packages/oslo_config/cfg.py:3253}}
Jul 28 10:57:18.862781 np0000005987 nova-conductor[95947]: DEBUG cotyledon.oslo_config_glue [-] oslo_limit.endpoint_service_name = None {{(pid=95947) log_opt_values /opt/stack/data/venv/lib/python3.12/site-packages/oslo_config/cfg.py:3253}}
Jul 28 10:57:18.862781 np0000005987 nova-conductor[95947]: DEBUG cotyledon.oslo_config_glue [-] oslo_limit.endpoint_service_type = None {{(pid=95947) log_opt_values /opt/stack/data/venv/lib/python3.12/site-packages/oslo_config/cfg.py:3253}}
Jul 28 10:57:18.862781 np0000005987 nova-conductor[95947]: DEBUG cotyledon.oslo_config_glue [-] oslo_limit.insecure = False {{(pid=95947) log_opt_values /opt/stack/data/venv/lib/python3.12/site-packages/oslo_config/cfg.py:3253}}
Jul 28 10:57:18.862781 np0000005987 nova-conductor[95947]: DEBUG cotyledon.oslo_config_glue [-] oslo_limit.keyfile = None {{(pid=95947) log_opt_values /opt/stack/data/venv/lib/python3.12/site-packages/oslo_config/cfg.py:3253}}
Jul 28 10:57:18.862781 np0000005987 nova-conductor[95947]: DEBUG cotyledon.oslo_config_glue [-] oslo_limit.max_version = None {{(pid=95947) log_opt_values /opt/stack/data/venv/lib/python3.12/site-packages/oslo_config/cfg.py:3253}}
Jul 28 10:57:18.862781 np0000005987 nova-conductor[95947]: DEBUG cotyledon.oslo_config_glue [-] oslo_limit.min_version = None {{(pid=95947) log_opt_values /opt/stack/data/venv/lib/python3.12/site-packages/oslo_config/cfg.py:3253}}
Jul 28 10:57:18.862781 np0000005987 nova-conductor[95947]: DEBUG cotyledon.oslo_config_glue [-] oslo_limit.region_name = None {{(pid=95947) log_opt_values /opt/stack/data/venv/lib/python3.12/site-packages/oslo_config/cfg.py:3253}}
Jul 28 10:57:18.862954 np0000005987 nova-conductor[95947]: DEBUG cotyledon.oslo_config_glue [-] oslo_limit.retriable_status_codes = None {{(pid=95947) log_opt_values /opt/stack/data/venv/lib/python3.12/site-packages/oslo_config/cfg.py:3253}}
Jul 28 10:57:18.862954 np0000005987 nova-conductor[95947]: DEBUG cotyledon.oslo_config_glue [-] oslo_limit.service_name = None {{(pid=95947) log_opt_values /opt/stack/data/venv/lib/python3.12/site-packages/oslo_config/cfg.py:3253}}
Jul 28 10:57:18.862954 np0000005987 nova-conductor[95947]: DEBUG cotyledon.oslo_config_glue [-] oslo_limit.service_type = None {{(pid=95947) log_opt_values /opt/stack/data/venv/lib/python3.12/site-packages/oslo_config/cfg.py:3253}}
Jul 28 10:57:18.862954 np0000005987 nova-conductor[95947]: DEBUG cotyledon.oslo_config_glue [-] oslo_limit.split_loggers = False {{(pid=95947) log_opt_values /opt/stack/data/venv/lib/python3.12/site-packages/oslo_config/cfg.py:3253}}
Jul 28 10:57:18.862954 np0000005987 nova-conductor[95947]: DEBUG cotyledon.oslo_config_glue [-] oslo_limit.status_code_retries = None {{(pid=95947) log_opt_values /opt/stack/data/venv/lib/python3.12/site-packages/oslo_config/cfg.py:3253}}
Jul 28 10:57:18.862954 np0000005987 nova-conductor[95947]: DEBUG cotyledon.oslo_config_glue [-] oslo_limit.status_code_retry_delay = None {{(pid=95947) log_opt_values /opt/stack/data/venv/lib/python3.12/site-packages/oslo_config/cfg.py:3253}}
Jul 28 10:57:18.862954 np0000005987 nova-conductor[95947]: DEBUG cotyledon.oslo_config_glue [-] oslo_limit.timeout = None {{(pid=95947) log_opt_values /opt/stack/data/venv/lib/python3.12/site-packages/oslo_config/cfg.py:3253}}
Jul 28 10:57:18.862954 np0000005987 nova-conductor[95947]: DEBUG cotyledon.oslo_config_glue [-] oslo_limit.valid_interfaces = None {{(pid=95947) log_opt_values /opt/stack/data/venv/lib/python3.12/site-packages/oslo_config/cfg.py:3253}}
Jul 28 10:57:18.862954 np0000005987 nova-conductor[95947]: DEBUG cotyledon.oslo_config_glue [-] oslo_limit.version = None {{(pid=95947) log_opt_values /opt/stack/data/venv/lib/python3.12/site-packages/oslo_config/cfg.py:3253}}
Jul 28 10:57:18.863163 np0000005987 nova-conductor[95947]: DEBUG cotyledon.oslo_config_glue [-] oslo_reports.file_event_handler = None {{(pid=95947) log_opt_values /opt/stack/data/venv/lib/python3.12/site-packages/oslo_config/cfg.py:3253}}
Jul 28 10:57:18.863163 np0000005987 nova-conductor[95947]: DEBUG cotyledon.oslo_config_glue [-] oslo_reports.file_event_handler_interval = 1 {{(pid=95947) log_opt_values /opt/stack/data/venv/lib/python3.12/site-packages/oslo_config/cfg.py:3253}}
Jul 28 10:57:18.863163 np0000005987 nova-conductor[95947]: DEBUG cotyledon.oslo_config_glue [-] oslo_reports.log_dir = None {{(pid=95947) log_opt_values /opt/stack/data/venv/lib/python3.12/site-packages/oslo_config/cfg.py:3253}}
Jul 28 10:57:18.863163 np0000005987 nova-conductor[95947]: DEBUG cotyledon.oslo_config_glue [-] ******************************************************************************** {{(pid=95947) log_opt_values /opt/stack/data/venv/lib/python3.12/site-packages/oslo_config/cfg.py:3260}}
Jul 28 10:57:18.863163 np0000005987 nova-conductor[95947]: DEBUG cotyledon._service_worker [-] Run service ServiceWrapper(2) [95947] {{(pid=95947) wait_forever /opt/stack/data/venv/lib/python3.12/site-packages/cotyledon/_service_worker.py:218}}
Jul 28 10:57:18.863163 np0000005987 nova-conductor[95947]: INFO nova.service [-] Starting conductor node (version 33.1.0)
Jul 28 10:57:18.867929 np0000005987 nova-conductor[95947]: INFO dbcounter [None req-7e01742f-3ca0-4c37-98f6-da36abfd73ae None None] Registered counter for database nova_cell0
Jul 28 10:57:18.869412 np0000005987 nova-conductor[95919]: DEBUG oslo_db.sqlalchemy.engines [None req-100df6a9-bb95-47b9-a5d4-0569fb4b9829 None None] MySQL server mode set to STRICT_TRANS_TABLES,STRICT_ALL_TABLES,NO_ZERO_IN_DATE,NO_ZERO_DATE,ERROR_FOR_DIVISION_BY_ZERO,TRADITIONAL,NO_ENGINE_SUBSTITUTION {{(pid=95919) _check_effective_sql_mode /opt/stack/data/venv/lib/python3.12/site-packages/oslo_db/sqlalchemy/engines.py:325}}
Jul 28 10:57:18.883286 np0000005987 nova-conductor[95919]: DEBUG dbcounter [-] [95919] Writer thread running {{(pid=95919) stat_writer /opt/stack/data/venv/lib/python3.12/site-packages/dbcounter.py:102}}
Jul 28 10:57:18.887591 np0000005987 nova-conductor[95921]: DEBUG oslo_db.sqlalchemy.engines [None req-e1cf3233-af03-4701-b25d-786e22ce6ef9 None None] MySQL server mode set to STRICT_TRANS_TABLES,STRICT_ALL_TABLES,NO_ZERO_IN_DATE,NO_ZERO_DATE,ERROR_FOR_DIVISION_BY_ZERO,TRADITIONAL,NO_ENGINE_SUBSTITUTION {{(pid=95921) _check_effective_sql_mode /opt/stack/data/venv/lib/python3.12/site-packages/oslo_db/sqlalchemy/engines.py:325}}
Jul 28 10:57:18.898156 np0000005987 nova-conductor[95921]: DEBUG dbcounter [-] [95921] Writer thread running {{(pid=95921) stat_writer /opt/stack/data/venv/lib/python3.12/site-packages/dbcounter.py:102}}
Jul 28 10:57:18.902583 np0000005987 nova-conductor[95919]: DEBUG nova.service [None req-100df6a9-bb95-47b9-a5d4-0569fb4b9829 None None] Creating RPC server for service: nova-conductor on topic: conductor {{(pid=95919) start /opt/stack/nova/nova/service.py:196}}
Jul 28 10:57:18.905977 np0000005987 nova-conductor[95947]: DEBUG oslo_db.sqlalchemy.engines [None req-7e01742f-3ca0-4c37-98f6-da36abfd73ae None None] MySQL server mode set to STRICT_TRANS_TABLES,STRICT_ALL_TABLES,NO_ZERO_IN_DATE,NO_ZERO_DATE,ERROR_FOR_DIVISION_BY_ZERO,TRADITIONAL,NO_ENGINE_SUBSTITUTION {{(pid=95947) _check_effective_sql_mode /opt/stack/data/venv/lib/python3.12/site-packages/oslo_db/sqlalchemy/engines.py:325}}
Jul 28 10:57:18.912792 np0000005987 nova-conductor[95921]: DEBUG nova.service [None req-e1cf3233-af03-4701-b25d-786e22ce6ef9 None None] Creating RPC server for service: nova-conductor on topic: conductor {{(pid=95921) start /opt/stack/nova/nova/service.py:196}}
Jul 28 10:57:18.917179 np0000005987 nova-conductor[95947]: DEBUG dbcounter [-] [95947] Writer thread running {{(pid=95947) stat_writer /opt/stack/data/venv/lib/python3.12/site-packages/dbcounter.py:102}}
Jul 28 10:57:18.921250 np0000005987 nova-conductor[95947]: DEBUG nova.service [None req-7e01742f-3ca0-4c37-98f6-da36abfd73ae None None] Creating RPC server for service: nova-conductor on topic: conductor {{(pid=95947) start /opt/stack/nova/nova/service.py:196}}
Jul 28 10:57:18.927974 np0000005987 nova-conductor[95919]: DEBUG nova.service [None req-100df6a9-bb95-47b9-a5d4-0569fb4b9829 None None] Join ServiceGroup membership for this service conductor {{(pid=95919) start /opt/stack/nova/nova/service.py:222}}
Jul 28 10:57:18.928154 np0000005987 nova-conductor[95919]: DEBUG nova.servicegroup.drivers.db [None req-100df6a9-bb95-47b9-a5d4-0569fb4b9829 None None] DB_Driver: join new ServiceGroup member np0000005987 to the conductor group, service = {{(pid=95919) join /opt/stack/nova/nova/servicegroup/drivers/db.py:44}}
Jul 28 10:57:18.935415 np0000005987 nova-conductor[95921]: DEBUG nova.service [None req-e1cf3233-af03-4701-b25d-786e22ce6ef9 None None] Join ServiceGroup membership for this service conductor {{(pid=95921) start /opt/stack/nova/nova/service.py:222}}
Jul 28 10:57:18.935415 np0000005987 nova-conductor[95921]: DEBUG nova.servicegroup.drivers.db [None req-e1cf3233-af03-4701-b25d-786e22ce6ef9 None None] DB_Driver: join new ServiceGroup member np0000005987 to the conductor group, service = {{(pid=95921) join /opt/stack/nova/nova/servicegroup/drivers/db.py:44}}
Jul 28 10:57:18.939746 np0000005987 nova-conductor[95947]: DEBUG nova.service [None req-7e01742f-3ca0-4c37-98f6-da36abfd73ae None None] Join ServiceGroup membership for this service conductor {{(pid=95947) start /opt/stack/nova/nova/service.py:222}}
Jul 28 10:57:18.940001 np0000005987 nova-conductor[95947]: DEBUG nova.servicegroup.drivers.db [None req-7e01742f-3ca0-4c37-98f6-da36abfd73ae None None] DB_Driver: join new ServiceGroup member np0000005987 to the conductor group, service = {{(pid=95947) join /opt/stack/nova/nova/servicegroup/drivers/db.py:44}}
Jul 28 10:57:23.952461 np0000005987 nova-conductor[95919]: DEBUG oslo.service.backend._threading.loopingcall [-] Fixed interval looping call 'nova.servicegroup.drivers.db.DbDriver._report_state' sleeping for 119.98 seconds {{(pid=95919) _run_loop /opt/stack/data/venv/lib/python3.12/site-packages/oslo_service/backend/_threading/loopingcall.py:125}}
Jul 28 10:57:23.952942 np0000005987 nova-conductor[95921]: DEBUG oslo.service.backend._threading.loopingcall [-] Fixed interval looping call 'nova.servicegroup.drivers.db.DbDriver._report_state' sleeping for 119.98 seconds {{(pid=95921) _run_loop /opt/stack/data/venv/lib/python3.12/site-packages/oslo_service/backend/_threading/loopingcall.py:125}}
Jul 28 10:57:23.955501 np0000005987 nova-conductor[95947]: DEBUG oslo.service.backend._threading.loopingcall [-] Fixed interval looping call 'nova.servicegroup.drivers.db.DbDriver._report_state' sleeping for 119.99 seconds {{(pid=95947) _run_loop /opt/stack/data/venv/lib/python3.12/site-packages/oslo_service/backend/_threading/loopingcall.py:125}}
Jul 28 10:57:27.522317 np0000005987 nova-conductor[94407]: DEBUG dbcounter [-] [94407] Writing DB stats nova_api:SELECT=1 {{(pid=94407) stat_writer /opt/stack/data/venv/lib/python3.12/site-packages/dbcounter.py:115}}
Jul 28 10:57:27.651393 np0000005987 nova-conductor[94407]: DEBUG dbcounter [-] [94407] Writing DB stats nova_cell1:SELECT=1 {{(pid=94407) stat_writer /opt/stack/data/venv/lib/python3.12/site-packages/dbcounter.py:115}}
Jul 28 10:57:27.655560 np0000005987 nova-conductor[94407]: DEBUG dbcounter [-] [94407] Writing DB stats nova_cell0:SELECT=1 {{(pid=94407) stat_writer /opt/stack/data/venv/lib/python3.12/site-packages/dbcounter.py:115}}
Jul 28 10:57:33.938611 np0000005987 nova-conductor[95919]: DEBUG dbcounter [-] [95919] Writing DB stats nova_cell0:SELECT=4,nova_cell0:INSERT=1,nova_cell0:UPDATE=1 {{(pid=95919) stat_writer /opt/stack/data/venv/lib/python3.12/site-packages/dbcounter.py:115}}
Jul 28 10:57:33.949193 np0000005987 nova-conductor[95921]: DEBUG dbcounter [-] [95921] Writing DB stats nova_cell0:SELECT=4,nova_cell0:INSERT=1,nova_cell0:UPDATE=1 {{(pid=95921) stat_writer /opt/stack/data/venv/lib/python3.12/site-packages/dbcounter.py:115}}
Jul 28 10:57:33.953655 np0000005987 nova-conductor[95947]: DEBUG dbcounter [-] [95947] Writing DB stats nova_cell0:SELECT=3,nova_cell0:UPDATE=1 {{(pid=95947) stat_writer /opt/stack/data/venv/lib/python3.12/site-packages/dbcounter.py:115}}
Jul 28 10:57:49.941820 np0000005987 nova-conductor[95947]: DEBUG oslo.service.backend._threading.loopingcall [None req-18c3de6b-67fa-4888-82f4-88a52ebd89fd None None] Dynamic interval looping call 'nova.service.Service.periodic_tasks' sleeping for 60.00 seconds {{(pid=95947) _run_loop /opt/stack/data/venv/lib/python3.12/site-packages/oslo_service/backend/_threading/loopingcall.py:125}}
Jul 28 10:57:54.937768 np0000005987 nova-conductor[95921]: DEBUG oslo.service.backend._threading.loopingcall [None req-9519df27-1c5c-439a-bac4-2e837de5dd3a None None] Dynamic interval looping call 'nova.service.Service.periodic_tasks' sleeping for 60.00 seconds {{(pid=95921) _run_loop /opt/stack/data/venv/lib/python3.12/site-packages/oslo_service/backend/_threading/loopingcall.py:125}}
Jul 28 10:58:15.929931 np0000005987 nova-conductor[95919]: DEBUG oslo.service.backend._threading.loopingcall [None req-ac99ea4d-ea39-4b6d-92a6-20d870d834d9 None None] Dynamic interval looping call 'nova.service.Service.periodic_tasks' sleeping for 60.00 seconds {{(pid=95919) _run_loop /opt/stack/data/venv/lib/python3.12/site-packages/oslo_service/backend/_threading/loopingcall.py:125}}
Jul 28 10:58:49.942264 np0000005987 nova-conductor[95947]: DEBUG oslo.service.backend._threading.loopingcall [None req-18c3de6b-67fa-4888-82f4-88a52ebd89fd None None] Dynamic interval looping call 'nova.service.Service.periodic_tasks' sleeping for 60.00 seconds {{(pid=95947) _run_loop /opt/stack/data/venv/lib/python3.12/site-packages/oslo_service/backend/_threading/loopingcall.py:125}}
Jul 28 10:58:54.938313 np0000005987 nova-conductor[95921]: DEBUG oslo.service.backend._threading.loopingcall [None req-9519df27-1c5c-439a-bac4-2e837de5dd3a None None] Dynamic interval looping call 'nova.service.Service.periodic_tasks' sleeping for 60.00 seconds {{(pid=95921) _run_loop /opt/stack/data/venv/lib/python3.12/site-packages/oslo_service/backend/_threading/loopingcall.py:125}}
Jul 28 10:59:15.930424 np0000005987 nova-conductor[95919]: DEBUG oslo.service.backend._threading.loopingcall [None req-ac99ea4d-ea39-4b6d-92a6-20d870d834d9 None None] Dynamic interval looping call 'nova.service.Service.periodic_tasks' sleeping for 60.00 seconds {{(pid=95919) _run_loop /opt/stack/data/venv/lib/python3.12/site-packages/oslo_service/backend/_threading/loopingcall.py:125}}
Jul 28 10:59:23.940906 np0000005987 nova-conductor[95919]: DEBUG oslo.service.backend._threading.loopingcall [-] Fixed interval looping call 'nova.servicegroup.drivers.db.DbDriver._report_state' sleeping for 119.99 seconds {{(pid=95919) _run_loop /opt/stack/data/venv/lib/python3.12/site-packages/oslo_service/backend/_threading/loopingcall.py:125}}
Jul 28 10:59:23.941519 np0000005987 nova-conductor[95921]: DEBUG oslo.service.backend._threading.loopingcall [-] Fixed interval looping call 'nova.servicegroup.drivers.db.DbDriver._report_state' sleeping for 119.99 seconds {{(pid=95921) _run_loop /opt/stack/data/venv/lib/python3.12/site-packages/oslo_service/backend/_threading/loopingcall.py:125}}
Jul 28 10:59:23.949220 np0000005987 nova-conductor[95947]: DEBUG oslo.service.backend._threading.loopingcall [-] Fixed interval looping call 'nova.servicegroup.drivers.db.DbDriver._report_state' sleeping for 120.00 seconds {{(pid=95947) _run_loop /opt/stack/data/venv/lib/python3.12/site-packages/oslo_service/backend/_threading/loopingcall.py:125}}
Jul 28 10:59:33.936117 np0000005987 nova-conductor[95919]: DEBUG dbcounter [-] [95919] Writing DB stats nova_cell0:SELECT=1,nova_cell0:UPDATE=1 {{(pid=95919) stat_writer /opt/stack/data/venv/lib/python3.12/site-packages/dbcounter.py:115}}
Jul 28 10:59:33.936842 np0000005987 nova-conductor[95921]: DEBUG dbcounter [-] [95921] Writing DB stats nova_cell0:SELECT=1,nova_cell0:UPDATE=1 {{(pid=95921) stat_writer /opt/stack/data/venv/lib/python3.12/site-packages/dbcounter.py:115}}
Jul 28 10:59:33.947709 np0000005987 nova-conductor[95947]: DEBUG dbcounter [-] [95947] Writing DB stats nova_cell0:SELECT=1 {{(pid=95947) stat_writer /opt/stack/data/venv/lib/python3.12/site-packages/dbcounter.py:115}}
Jul 28 10:59:49.943403 np0000005987 nova-conductor[95947]: DEBUG oslo.service.backend._threading.loopingcall [None req-18c3de6b-67fa-4888-82f4-88a52ebd89fd None None] Dynamic interval looping call 'nova.service.Service.periodic_tasks' sleeping for 60.00 seconds {{(pid=95947) _run_loop /opt/stack/data/venv/lib/python3.12/site-packages/oslo_service/backend/_threading/loopingcall.py:125}}
Jul 28 10:59:50.438252 np0000005987 nova-conductor[95919]: DEBUG oslo_db.sqlalchemy.engines [None req-23bd36b2-2d28-4557-8943-c9f3ce258291 tempest-DeleteServersTestJSON-168655437 tempest-DeleteServersTestJSON-168655437-project-member] Parent process 94407 forked (95919) with an open database connection, which is being discarded and recreated. {{(pid=95919) checkout /opt/stack/data/venv/lib/python3.12/site-packages/oslo_db/sqlalchemy/engines.py:402}}
Jul 28 10:59:50.496458 np0000005987 nova-conductor[95919]: DEBUG dbcounter [-] [95919] Writer thread running {{(pid=95919) stat_writer /opt/stack/data/venv/lib/python3.12/site-packages/dbcounter.py:102}}
Jul 28 10:59:51.372395 np0000005987 nova-conductor[95919]: DEBUG nova.conductor.manager [None req-23bd36b2-2d28-4557-8943-c9f3ce258291 tempest-DeleteServersTestJSON-168655437 tempest-DeleteServersTestJSON-168655437-project-member] Took 0.87 seconds to select destinations for 1 instance(s). {{(pid=95919) _schedule_instances /opt/stack/nova/nova/conductor/manager.py:968}}
Jul 28 10:59:51.403088 np0000005987 nova-conductor[95919]: DEBUG oslo_concurrency.lockutils [None req-23bd36b2-2d28-4557-8943-c9f3ce258291 tempest-DeleteServersTestJSON-168655437 tempest-DeleteServersTestJSON-168655437-project-member] Acquiring lock "230db30e-470c-4319-a48d-955f033b3358" by "nova.context.set_target_cell..get_or_set_cached_cell_and_set_connections" {{(pid=95919) inner /opt/stack/data/venv/lib/python3.12/site-packages/oslo_concurrency/lockutils.py:512}}
Jul 28 10:59:51.403330 np0000005987 nova-conductor[95919]: DEBUG oslo_concurrency.lockutils [None req-23bd36b2-2d28-4557-8943-c9f3ce258291 tempest-DeleteServersTestJSON-168655437 tempest-DeleteServersTestJSON-168655437-project-member] Lock "230db30e-470c-4319-a48d-955f033b3358" acquired by "nova.context.set_target_cell..get_or_set_cached_cell_and_set_connections" :: waited 0.000s {{(pid=95919) inner /opt/stack/data/venv/lib/python3.12/site-packages/oslo_concurrency/lockutils.py:525}}
Jul 28 10:59:51.404861 np0000005987 nova-conductor[95919]: DEBUG oslo_concurrency.lockutils [None req-23bd36b2-2d28-4557-8943-c9f3ce258291 tempest-DeleteServersTestJSON-168655437 tempest-DeleteServersTestJSON-168655437-project-member] Lock "230db30e-470c-4319-a48d-955f033b3358" "released" by "nova.context.set_target_cell..get_or_set_cached_cell_and_set_connections" :: held 0.001s {{(pid=95919) inner /opt/stack/data/venv/lib/python3.12/site-packages/oslo_concurrency/lockutils.py:544}}
Jul 28 10:59:51.406495 np0000005987 nova-conductor[95919]: INFO dbcounter [None req-23bd36b2-2d28-4557-8943-c9f3ce258291 tempest-DeleteServersTestJSON-168655437 tempest-DeleteServersTestJSON-168655437-project-member] Registered counter for database nova_cell1
Jul 28 10:59:51.442745 np0000005987 nova-conductor[95919]: DEBUG oslo_db.sqlalchemy.engines [None req-23bd36b2-2d28-4557-8943-c9f3ce258291 tempest-DeleteServersTestJSON-168655437 tempest-DeleteServersTestJSON-168655437-project-member] MySQL server mode set to STRICT_TRANS_TABLES,STRICT_ALL_TABLES,NO_ZERO_IN_DATE,NO_ZERO_DATE,ERROR_FOR_DIVISION_BY_ZERO,TRADITIONAL,NO_ENGINE_SUBSTITUTION {{(pid=95919) _check_effective_sql_mode /opt/stack/data/venv/lib/python3.12/site-packages/oslo_db/sqlalchemy/engines.py:325}}
Jul 28 10:59:51.449399 np0000005987 nova-conductor[95919]: DEBUG dbcounter [-] [95919] Writer thread running {{(pid=95919) stat_writer /opt/stack/data/venv/lib/python3.12/site-packages/dbcounter.py:102}}
Jul 28 10:59:51.515378 np0000005987 nova-conductor[95919]: INFO nova.utils [None req-23bd36b2-2d28-4557-8943-c9f3ce258291 tempest-DeleteServersTestJSON-168655437 tempest-DeleteServersTestJSON-168655437-project-member] The cell worker thread pool ForkProcess-1.cell_worker is initialized
Jul 28 10:59:51.515702 np0000005987 nova-conductor[95919]: DEBUG oslo_concurrency.lockutils [None req-23bd36b2-2d28-4557-8943-c9f3ce258291 tempest-DeleteServersTestJSON-168655437 tempest-DeleteServersTestJSON-168655437-project-member] Acquiring lock "00000000-0000-0000-0000-000000000000" by "nova.context.set_target_cell..get_or_set_cached_cell_and_set_connections" {{(pid=95919) inner /opt/stack/data/venv/lib/python3.12/site-packages/oslo_concurrency/lockutils.py:512}}
Jul 28 10:59:51.515888 np0000005987 nova-conductor[95919]: DEBUG oslo_concurrency.lockutils [None req-23bd36b2-2d28-4557-8943-c9f3ce258291 tempest-DeleteServersTestJSON-168655437 tempest-DeleteServersTestJSON-168655437-project-member] Lock "00000000-0000-0000-0000-000000000000" acquired by "nova.context.set_target_cell..get_or_set_cached_cell_and_set_connections" :: waited 0.000s {{(pid=95919) inner /opt/stack/data/venv/lib/python3.12/site-packages/oslo_concurrency/lockutils.py:525}}
Jul 28 10:59:51.516259 np0000005987 nova-conductor[95919]: DEBUG oslo_concurrency.lockutils [None req-23bd36b2-2d28-4557-8943-c9f3ce258291 tempest-DeleteServersTestJSON-168655437 tempest-DeleteServersTestJSON-168655437-project-member] Lock "00000000-0000-0000-0000-000000000000" "released" by "nova.context.set_target_cell..get_or_set_cached_cell_and_set_connections" :: held 0.000s {{(pid=95919) inner /opt/stack/data/venv/lib/python3.12/site-packages/oslo_concurrency/lockutils.py:544}}
Jul 28 10:59:51.517543 np0000005987 nova-conductor[95919]: DEBUG oslo_concurrency.lockutils [None req-23bd36b2-2d28-4557-8943-c9f3ce258291 tempest-DeleteServersTestJSON-168655437 tempest-DeleteServersTestJSON-168655437-project-member] Acquiring lock "230db30e-470c-4319-a48d-955f033b3358" by "nova.context.set_target_cell..get_or_set_cached_cell_and_set_connections" {{(pid=95919) inner /opt/stack/data/venv/lib/python3.12/site-packages/oslo_concurrency/lockutils.py:512}}
Jul 28 10:59:51.517583 np0000005987 nova-conductor[95919]: DEBUG oslo_concurrency.lockutils [None req-23bd36b2-2d28-4557-8943-c9f3ce258291 tempest-DeleteServersTestJSON-168655437 tempest-DeleteServersTestJSON-168655437-project-member] Lock "230db30e-470c-4319-a48d-955f033b3358" acquired by "nova.context.set_target_cell..get_or_set_cached_cell_and_set_connections" :: waited 0.000s {{(pid=95919) inner /opt/stack/data/venv/lib/python3.12/site-packages/oslo_concurrency/lockutils.py:525}}
Jul 28 10:59:51.517775 np0000005987 nova-conductor[95919]: DEBUG oslo_concurrency.lockutils [None req-23bd36b2-2d28-4557-8943-c9f3ce258291 tempest-DeleteServersTestJSON-168655437 tempest-DeleteServersTestJSON-168655437-project-member] Lock "230db30e-470c-4319-a48d-955f033b3358" "released" by "nova.context.set_target_cell..get_or_set_cached_cell_and_set_connections" :: held 0.000s {{(pid=95919) inner /opt/stack/data/venv/lib/python3.12/site-packages/oslo_concurrency/lockutils.py:544}}
Jul 28 10:59:51.519545 np0000005987 nova-conductor[95919]: INFO dbcounter [None req-23bd36b2-2d28-4557-8943-c9f3ce258291 tempest-DeleteServersTestJSON-168655437 tempest-DeleteServersTestJSON-168655437-project-member] Registered counter for database nova_cell0
Jul 28 10:59:51.570771 np0000005987 nova-conductor[95919]: DEBUG oslo_db.sqlalchemy.engines [None req-23bd36b2-2d28-4557-8943-c9f3ce258291 tempest-DeleteServersTestJSON-168655437 tempest-DeleteServersTestJSON-168655437-project-member] MySQL server mode set to STRICT_TRANS_TABLES,STRICT_ALL_TABLES,NO_ZERO_IN_DATE,NO_ZERO_DATE,ERROR_FOR_DIVISION_BY_ZERO,TRADITIONAL,NO_ENGINE_SUBSTITUTION {{(pid=95919) _check_effective_sql_mode /opt/stack/data/venv/lib/python3.12/site-packages/oslo_db/sqlalchemy/engines.py:325}}
Jul 28 10:59:51.577182 np0000005987 nova-conductor[95919]: DEBUG dbcounter [-] [95919] Writer thread running {{(pid=95919) stat_writer /opt/stack/data/venv/lib/python3.12/site-packages/dbcounter.py:102}}
Jul 28 10:59:51.587045 np0000005987 nova-conductor[95919]: DEBUG nova.quota [None req-23bd36b2-2d28-4557-8943-c9f3ce258291 tempest-DeleteServersTestJSON-168655437 tempest-DeleteServersTestJSON-168655437-project-member] Getting quotas for project 1f9f73f5819d428599bbd80e8e7cab69. Resources: {'instances', 'cores', 'ram'} {{(pid=95919) _get_quotas /opt/stack/nova/nova/quota.py:389}}
Jul 28 10:59:51.590380 np0000005987 nova-conductor[95919]: DEBUG nova.quota [None req-23bd36b2-2d28-4557-8943-c9f3ce258291 tempest-DeleteServersTestJSON-168655437 tempest-DeleteServersTestJSON-168655437-project-member] Getting quotas for user 8968b8801efc40feb449d169a1b045be and project 1f9f73f5819d428599bbd80e8e7cab69. Resources: {'instances', 'cores', 'ram'} {{(pid=95919) _get_quotas /opt/stack/nova/nova/quota.py:379}}
Jul 28 10:59:51.597760 np0000005987 nova-conductor[95919]: DEBUG nova.conductor.manager [None req-23bd36b2-2d28-4557-8943-c9f3ce258291 tempest-DeleteServersTestJSON-168655437 tempest-DeleteServersTestJSON-168655437-project-member] [instance: 84803007-56e6-416a-becf-546c21ca4637] Selected host: np0000005987; Selected node: np0000005987; Alternates: [] {{(pid=95919) schedule_and_build_instances /opt/stack/nova/nova/conductor/manager.py:1784}}
Jul 28 10:59:51.598144 np0000005987 nova-conductor[95919]: DEBUG oslo_concurrency.lockutils [None req-23bd36b2-2d28-4557-8943-c9f3ce258291 tempest-DeleteServersTestJSON-168655437 tempest-DeleteServersTestJSON-168655437-project-member] Acquiring lock "230db30e-470c-4319-a48d-955f033b3358" by "nova.context.set_target_cell..get_or_set_cached_cell_and_set_connections" {{(pid=95919) inner /opt/stack/data/venv/lib/python3.12/site-packages/oslo_concurrency/lockutils.py:512}}
Jul 28 10:59:51.598304 np0000005987 nova-conductor[95919]: DEBUG oslo_concurrency.lockutils [None req-23bd36b2-2d28-4557-8943-c9f3ce258291 tempest-DeleteServersTestJSON-168655437 tempest-DeleteServersTestJSON-168655437-project-member] Lock "230db30e-470c-4319-a48d-955f033b3358" acquired by "nova.context.set_target_cell..get_or_set_cached_cell_and_set_connections" :: waited 0.000s {{(pid=95919) inner /opt/stack/data/venv/lib/python3.12/site-packages/oslo_concurrency/lockutils.py:525}}
Jul 28 10:59:51.598429 np0000005987 nova-conductor[95919]: DEBUG oslo_concurrency.lockutils [None req-23bd36b2-2d28-4557-8943-c9f3ce258291 tempest-DeleteServersTestJSON-168655437 tempest-DeleteServersTestJSON-168655437-project-member] Lock "230db30e-470c-4319-a48d-955f033b3358" "released" by "nova.context.set_target_cell..get_or_set_cached_cell_and_set_connections" :: held 0.000s {{(pid=95919) inner /opt/stack/data/venv/lib/python3.12/site-packages/oslo_concurrency/lockutils.py:544}}
Jul 28 10:59:51.607226 np0000005987 nova-conductor[95919]: DEBUG nova.conductor.manager [None req-23bd36b2-2d28-4557-8943-c9f3ce258291 tempest-DeleteServersTestJSON-168655437 tempest-DeleteServersTestJSON-168655437-project-member] [instance: 84803007-56e6-416a-becf-546c21ca4637] block_device_mapping [BlockDeviceMapping(attachment_id=,boot_index=0,connection_info=None,created_at=,delete_on_termination=True,deleted=,deleted_at=,destination_type='local',device_name=None,device_type='disk',disk_bus=None,encrypted=False,encryption_format=None,encryption_options=None,encryption_secret_uuid=None,guest_format=None,id=,image_id='85509f79-dc95-470d-b20d-7654b7c0c716',instance=,instance_uuid=,no_device=False,snapshot_id=None,source_type='image',tag=None,updated_at=,uuid=,volume_id=None,volume_size=None,volume_type=None)] {{(pid=95919) _create_block_device_mapping /opt/stack/nova/nova/conductor/manager.py:1529}}
Jul 28 10:59:51.608487 np0000005987 nova-conductor[95919]: DEBUG oslo_concurrency.lockutils [None req-23bd36b2-2d28-4557-8943-c9f3ce258291 tempest-DeleteServersTestJSON-168655437 tempest-DeleteServersTestJSON-168655437-project-member] Acquiring lock "230db30e-470c-4319-a48d-955f033b3358" by "nova.context.set_target_cell..get_or_set_cached_cell_and_set_connections" {{(pid=95919) inner /opt/stack/data/venv/lib/python3.12/site-packages/oslo_concurrency/lockutils.py:512}}
Jul 28 10:59:51.608651 np0000005987 nova-conductor[95919]: DEBUG oslo_concurrency.lockutils [None req-23bd36b2-2d28-4557-8943-c9f3ce258291 tempest-DeleteServersTestJSON-168655437 tempest-DeleteServersTestJSON-168655437-project-member] Lock "230db30e-470c-4319-a48d-955f033b3358" acquired by "nova.context.set_target_cell..get_or_set_cached_cell_and_set_connections" :: waited 0.000s {{(pid=95919) inner /opt/stack/data/venv/lib/python3.12/site-packages/oslo_concurrency/lockutils.py:525}}
Jul 28 10:59:51.608786 np0000005987 nova-conductor[95919]: DEBUG oslo_concurrency.lockutils [None req-23bd36b2-2d28-4557-8943-c9f3ce258291 tempest-DeleteServersTestJSON-168655437 tempest-DeleteServersTestJSON-168655437-project-member] Lock "230db30e-470c-4319-a48d-955f033b3358" "released" by "nova.context.set_target_cell..get_or_set_cached_cell_and_set_connections" :: held 0.000s {{(pid=95919) inner /opt/stack/data/venv/lib/python3.12/site-packages/oslo_concurrency/lockutils.py:544}}
Jul 28 10:59:51.638543 np0000005987 nova-conductor[95919]: DEBUG oslo_concurrency.lockutils [None req-23bd36b2-2d28-4557-8943-c9f3ce258291 tempest-DeleteServersTestJSON-168655437 tempest-DeleteServersTestJSON-168655437-project-member] Acquiring lock "230db30e-470c-4319-a48d-955f033b3358" by "nova.context.set_target_cell..get_or_set_cached_cell_and_set_connections" {{(pid=95919) inner /opt/stack/data/venv/lib/python3.12/site-packages/oslo_concurrency/lockutils.py:512}}
Jul 28 10:59:51.638629 np0000005987 nova-conductor[95919]: DEBUG oslo_concurrency.lockutils [None req-23bd36b2-2d28-4557-8943-c9f3ce258291 tempest-DeleteServersTestJSON-168655437 tempest-DeleteServersTestJSON-168655437-project-member] Lock "230db30e-470c-4319-a48d-955f033b3358" acquired by "nova.context.set_target_cell..get_or_set_cached_cell_and_set_connections" :: waited 0.000s {{(pid=95919) inner /opt/stack/data/venv/lib/python3.12/site-packages/oslo_concurrency/lockutils.py:525}}
Jul 28 10:59:51.638715 np0000005987 nova-conductor[95919]: DEBUG oslo_concurrency.lockutils [None req-23bd36b2-2d28-4557-8943-c9f3ce258291 tempest-DeleteServersTestJSON-168655437 tempest-DeleteServersTestJSON-168655437-project-member] Lock "230db30e-470c-4319-a48d-955f033b3358" "released" by "nova.context.set_target_cell..get_or_set_cached_cell_and_set_connections" :: held 0.000s {{(pid=95919) inner /opt/stack/data/venv/lib/python3.12/site-packages/oslo_concurrency/lockutils.py:544}}
Jul 28 10:59:51.638909 np0000005987 nova-conductor[95919]: DEBUG oslo_concurrency.lockutils [None req-23bd36b2-2d28-4557-8943-c9f3ce258291 tempest-DeleteServersTestJSON-168655437 tempest-DeleteServersTestJSON-168655437-project-member] Acquiring lock "compute-rpcapi-router" {{(pid=95919) lock /opt/stack/data/venv/lib/python3.12/site-packages/oslo_concurrency/lockutils.py:396}}
Jul 28 10:59:51.638975 np0000005987 nova-conductor[95919]: DEBUG oslo_concurrency.lockutils [None req-23bd36b2-2d28-4557-8943-c9f3ce258291 tempest-DeleteServersTestJSON-168655437 tempest-DeleteServersTestJSON-168655437-project-member] Acquired lock "compute-rpcapi-router" {{(pid=95919) lock /opt/stack/data/venv/lib/python3.12/site-packages/oslo_concurrency/lockutils.py:399}}
Jul 28 10:59:51.639626 np0000005987 nova-conductor[95919]: DEBUG oslo_concurrency.lockutils [None req-8c4121f5-bfc9-431d-9d73-3538d32ed2d4 None None] Acquiring lock "00000000-0000-0000-0000-000000000000" by "nova.context.set_target_cell..get_or_set_cached_cell_and_set_connections" {{(pid=95919) inner /opt/stack/data/venv/lib/python3.12/site-packages/oslo_concurrency/lockutils.py:512}}
Jul 28 10:59:51.639945 np0000005987 nova-conductor[95919]: DEBUG oslo_concurrency.lockutils [None req-8c4121f5-bfc9-431d-9d73-3538d32ed2d4 None None] Lock "00000000-0000-0000-0000-000000000000" acquired by "nova.context.set_target_cell..get_or_set_cached_cell_and_set_connections" :: waited 0.000s {{(pid=95919) inner /opt/stack/data/venv/lib/python3.12/site-packages/oslo_concurrency/lockutils.py:525}}
Jul 28 10:59:51.639945 np0000005987 nova-conductor[95919]: DEBUG oslo_concurrency.lockutils [None req-8c4121f5-bfc9-431d-9d73-3538d32ed2d4 None None] Lock "00000000-0000-0000-0000-000000000000" "released" by "nova.context.set_target_cell..get_or_set_cached_cell_and_set_connections" :: held 0.000s {{(pid=95919) inner /opt/stack/data/venv/lib/python3.12/site-packages/oslo_concurrency/lockutils.py:544}}
Jul 28 10:59:51.640463 np0000005987 nova-conductor[95919]: DEBUG oslo_concurrency.lockutils [None req-8c4121f5-bfc9-431d-9d73-3538d32ed2d4 None None] Acquiring lock "230db30e-470c-4319-a48d-955f033b3358" by "nova.context.set_target_cell..get_or_set_cached_cell_and_set_connections" {{(pid=95919) inner /opt/stack/data/venv/lib/python3.12/site-packages/oslo_concurrency/lockutils.py:512}}
Jul 28 10:59:51.640578 np0000005987 nova-conductor[95919]: DEBUG oslo_concurrency.lockutils [None req-8c4121f5-bfc9-431d-9d73-3538d32ed2d4 None None] Lock "230db30e-470c-4319-a48d-955f033b3358" acquired by "nova.context.set_target_cell..get_or_set_cached_cell_and_set_connections" :: waited 0.000s {{(pid=95919) inner /opt/stack/data/venv/lib/python3.12/site-packages/oslo_concurrency/lockutils.py:525}}
Jul 28 10:59:51.640674 np0000005987 nova-conductor[95919]: DEBUG oslo_concurrency.lockutils [None req-8c4121f5-bfc9-431d-9d73-3538d32ed2d4 None None] Lock "230db30e-470c-4319-a48d-955f033b3358" "released" by "nova.context.set_target_cell..get_or_set_cached_cell_and_set_connections" :: held 0.000s {{(pid=95919) inner /opt/stack/data/venv/lib/python3.12/site-packages/oslo_concurrency/lockutils.py:544}}
Jul 28 10:59:51.648499 np0000005987 nova-conductor[95919]: INFO nova.compute.rpcapi [None req-8c4121f5-bfc9-431d-9d73-3538d32ed2d4 None None] Automatically selected compute RPC version 6.5 from minimum service version 72
Jul 28 10:59:51.648833 np0000005987 nova-conductor[95919]: DEBUG oslo_concurrency.lockutils [None req-8c4121f5-bfc9-431d-9d73-3538d32ed2d4 None None] Releasing lock "compute-rpcapi-router" {{(pid=95919) lock /opt/stack/data/venv/lib/python3.12/site-packages/oslo_concurrency/lockutils.py:419}}
Jul 28 10:59:51.704954 np0000005987 nova-conductor[95921]: DEBUG dbcounter [-] [95921] Writer thread running {{(pid=95921) stat_writer /opt/stack/data/venv/lib/python3.12/site-packages/dbcounter.py:102}}
Jul 28 10:59:52.172881 np0000005987 nova-conductor[95921]: DEBUG nova.conductor.manager [None req-570bb551-83c7-4a44-b580-9f77539a576e tempest-ServerStableDeviceRescueTest-114942155 tempest-ServerStableDeviceRescueTest-114942155-project-member] Took 0.47 seconds to select destinations for 1 instance(s). {{(pid=95921) _schedule_instances /opt/stack/nova/nova/conductor/manager.py:968}}
Jul 28 10:59:52.203847 np0000005987 nova-conductor[95921]: DEBUG oslo_concurrency.lockutils [None req-570bb551-83c7-4a44-b580-9f77539a576e tempest-ServerStableDeviceRescueTest-114942155 tempest-ServerStableDeviceRescueTest-114942155-project-member] Acquiring lock "230db30e-470c-4319-a48d-955f033b3358" by "nova.context.set_target_cell..get_or_set_cached_cell_and_set_connections" {{(pid=95921) inner /opt/stack/data/venv/lib/python3.12/site-packages/oslo_concurrency/lockutils.py:512}}
Jul 28 10:59:52.204252 np0000005987 nova-conductor[95921]: DEBUG oslo_concurrency.lockutils [None req-570bb551-83c7-4a44-b580-9f77539a576e tempest-ServerStableDeviceRescueTest-114942155 tempest-ServerStableDeviceRescueTest-114942155-project-member] Lock "230db30e-470c-4319-a48d-955f033b3358" acquired by "nova.context.set_target_cell..get_or_set_cached_cell_and_set_connections" :: waited 0.000s {{(pid=95921) inner /opt/stack/data/venv/lib/python3.12/site-packages/oslo_concurrency/lockutils.py:525}}
Jul 28 10:59:52.207405 np0000005987 nova-conductor[95921]: DEBUG oslo_concurrency.lockutils [None req-570bb551-83c7-4a44-b580-9f77539a576e tempest-ServerStableDeviceRescueTest-114942155 tempest-ServerStableDeviceRescueTest-114942155-project-member] Lock "230db30e-470c-4319-a48d-955f033b3358" "released" by "nova.context.set_target_cell..get_or_set_cached_cell_and_set_connections" :: held 0.001s {{(pid=95921) inner /opt/stack/data/venv/lib/python3.12/site-packages/oslo_concurrency/lockutils.py:544}}
Jul 28 10:59:52.208115 np0000005987 nova-conductor[95921]: INFO dbcounter [None req-570bb551-83c7-4a44-b580-9f77539a576e tempest-ServerStableDeviceRescueTest-114942155 tempest-ServerStableDeviceRescueTest-114942155-project-member] Registered counter for database nova_cell1
Jul 28 10:59:52.254642 np0000005987 nova-conductor[95921]: DEBUG oslo_db.sqlalchemy.engines [None req-570bb551-83c7-4a44-b580-9f77539a576e tempest-ServerStableDeviceRescueTest-114942155 tempest-ServerStableDeviceRescueTest-114942155-project-member] MySQL server mode set to STRICT_TRANS_TABLES,STRICT_ALL_TABLES,NO_ZERO_IN_DATE,NO_ZERO_DATE,ERROR_FOR_DIVISION_BY_ZERO,TRADITIONAL,NO_ENGINE_SUBSTITUTION {{(pid=95921) _check_effective_sql_mode /opt/stack/data/venv/lib/python3.12/site-packages/oslo_db/sqlalchemy/engines.py:325}}
Jul 28 10:59:52.261690 np0000005987 nova-conductor[95921]: DEBUG dbcounter [-] [95921] Writer thread running {{(pid=95921) stat_writer /opt/stack/data/venv/lib/python3.12/site-packages/dbcounter.py:102}}
Jul 28 10:59:52.319266 np0000005987 nova-conductor[95921]: INFO nova.utils [None req-570bb551-83c7-4a44-b580-9f77539a576e tempest-ServerStableDeviceRescueTest-114942155 tempest-ServerStableDeviceRescueTest-114942155-project-member] The cell worker thread pool ForkProcess-2.cell_worker is initialized
Jul 28 10:59:52.320147 np0000005987 nova-conductor[95921]: DEBUG oslo_concurrency.lockutils [None req-570bb551-83c7-4a44-b580-9f77539a576e tempest-ServerStableDeviceRescueTest-114942155 tempest-ServerStableDeviceRescueTest-114942155-project-member] Acquiring lock "00000000-0000-0000-0000-000000000000" by "nova.context.set_target_cell..get_or_set_cached_cell_and_set_connections" {{(pid=95921) inner /opt/stack/data/venv/lib/python3.12/site-packages/oslo_concurrency/lockutils.py:512}}
Jul 28 10:59:52.320147 np0000005987 nova-conductor[95921]: DEBUG oslo_concurrency.lockutils [None req-570bb551-83c7-4a44-b580-9f77539a576e tempest-ServerStableDeviceRescueTest-114942155 tempest-ServerStableDeviceRescueTest-114942155-project-member] Lock "00000000-0000-0000-0000-000000000000" acquired by "nova.context.set_target_cell..get_or_set_cached_cell_and_set_connections" :: waited 0.000s {{(pid=95921) inner /opt/stack/data/venv/lib/python3.12/site-packages/oslo_concurrency/lockutils.py:525}}
Jul 28 10:59:52.320400 np0000005987 nova-conductor[95921]: DEBUG oslo_concurrency.lockutils [None req-570bb551-83c7-4a44-b580-9f77539a576e tempest-ServerStableDeviceRescueTest-114942155 tempest-ServerStableDeviceRescueTest-114942155-project-member] Lock "00000000-0000-0000-0000-000000000000" "released" by "nova.context.set_target_cell..get_or_set_cached_cell_and_set_connections" :: held 0.000s {{(pid=95921) inner /opt/stack/data/venv/lib/python3.12/site-packages/oslo_concurrency/lockutils.py:544}}
Jul 28 10:59:52.320987 np0000005987 nova-conductor[95921]: DEBUG oslo_concurrency.lockutils [None req-570bb551-83c7-4a44-b580-9f77539a576e tempest-ServerStableDeviceRescueTest-114942155 tempest-ServerStableDeviceRescueTest-114942155-project-member] Acquiring lock "230db30e-470c-4319-a48d-955f033b3358" by "nova.context.set_target_cell..get_or_set_cached_cell_and_set_connections" {{(pid=95921) inner /opt/stack/data/venv/lib/python3.12/site-packages/oslo_concurrency/lockutils.py:512}}
Jul 28 10:59:52.321380 np0000005987 nova-conductor[95921]: DEBUG oslo_concurrency.lockutils [None req-570bb551-83c7-4a44-b580-9f77539a576e tempest-ServerStableDeviceRescueTest-114942155 tempest-ServerStableDeviceRescueTest-114942155-project-member] Lock "230db30e-470c-4319-a48d-955f033b3358" acquired by "nova.context.set_target_cell..get_or_set_cached_cell_and_set_connections" :: waited 0.000s {{(pid=95921) inner /opt/stack/data/venv/lib/python3.12/site-packages/oslo_concurrency/lockutils.py:525}}
Jul 28 10:59:52.322470 np0000005987 nova-conductor[95921]: INFO dbcounter [None req-570bb551-83c7-4a44-b580-9f77539a576e tempest-ServerStableDeviceRescueTest-114942155 tempest-ServerStableDeviceRescueTest-114942155-project-member] Registered counter for database nova_cell0
Jul 28 10:59:52.326029 np0000005987 nova-conductor[95921]: DEBUG oslo_concurrency.lockutils [None req-570bb551-83c7-4a44-b580-9f77539a576e tempest-ServerStableDeviceRescueTest-114942155 tempest-ServerStableDeviceRescueTest-114942155-project-member] Lock "230db30e-470c-4319-a48d-955f033b3358" "released" by "nova.context.set_target_cell..get_or_set_cached_cell_and_set_connections" :: held 0.001s {{(pid=95921) inner /opt/stack/data/venv/lib/python3.12/site-packages/oslo_concurrency/lockutils.py:544}}
Jul 28 10:59:52.364121 np0000005987 nova-conductor[95921]: DEBUG oslo_db.sqlalchemy.engines [None req-570bb551-83c7-4a44-b580-9f77539a576e tempest-ServerStableDeviceRescueTest-114942155 tempest-ServerStableDeviceRescueTest-114942155-project-member] MySQL server mode set to STRICT_TRANS_TABLES,STRICT_ALL_TABLES,NO_ZERO_IN_DATE,NO_ZERO_DATE,ERROR_FOR_DIVISION_BY_ZERO,TRADITIONAL,NO_ENGINE_SUBSTITUTION {{(pid=95921) _check_effective_sql_mode /opt/stack/data/venv/lib/python3.12/site-packages/oslo_db/sqlalchemy/engines.py:325}}
Jul 28 10:59:52.369472 np0000005987 nova-conductor[95921]: DEBUG dbcounter [-] [95921] Writer thread running {{(pid=95921) stat_writer /opt/stack/data/venv/lib/python3.12/site-packages/dbcounter.py:102}}
