Jul 07 06:24:21.244965 np0000004706 devstack@g-api.service[99486]: DEBUG glance_store.driver [-] Late loading location class glance_store._drivers.swift.store.StoreLocation {{(pid=99486) get_store_location_class /opt/stack/data/venv/lib/python3.12/site-packages/glance_store/driver.py:134}}
Jul 07 06:24:21.245047 np0000004706 devstack@g-api.service[99487]: DEBUG glance_store.location [-] Registering scheme swift+config with {'store': , 'location_class': , 'store_entry': 'swift'} {{(pid=99487) register_scheme_map /opt/stack/data/venv/lib/python3.12/site-packages/glance_store/location.py:146}}
Jul 07 06:24:21.245111 np0000004706 devstack@g-api.service[99488]: DEBUG glance_store.location [-] Registering scheme swift+https with {'store': , 'location_class': , 'store_entry': 'swift'} {{(pid=99488) register_scheme_map /opt/stack/data/venv/lib/python3.12/site-packages/glance_store/location.py:146}}
Jul 07 06:24:21.245171 np0000004706 devstack@g-api.service[99486]: DEBUG glance_store.location [-] Registering scheme swift+https with {'store': , 'location_class': , 'store_entry': 'swift'} {{(pid=99486) register_scheme_map /opt/stack/data/venv/lib/python3.12/site-packages/glance_store/location.py:146}}
Jul 07 06:24:21.245171 np0000004706 devstack@g-api.service[99486]: DEBUG glance_store.location [-] Registering scheme swift+https with {'store': , 'location_class': , 'store_entry': 'swift'} {{(pid=99486) register_scheme_map /opt/stack/data/venv/lib/python3.12/site-packages/glance_store/location.py:146}}
Jul 07 06:24:21.245290 np0000004706 devstack@g-api.service[99488]: DEBUG glance_store.location [-] Registering scheme swift+https with {'store': , 'location_class': , 'store_entry': 'swift'} {{(pid=99488) register_scheme_map /opt/stack/data/venv/lib/python3.12/site-packages/glance_store/location.py:146}}
Jul 07 06:24:21.245324 np0000004706 devstack@g-api.service[99486]: DEBUG glance_store.location [-] Registering scheme swift with {'store': , 'location_class': , 'store_entry': 'swift'} {{(pid=99486) register_scheme_map /opt/stack/data/venv/lib/python3.12/site-packages/glance_store/location.py:146}}
Jul 07 06:24:21.245352 np0000004706 devstack@g-api.service[99488]: DEBUG glance_store.location [-] Registering scheme swift with {'store': , 'location_class': , 'store_entry': 'swift'} {{(pid=99488) register_scheme_map /opt/stack/data/venv/lib/python3.12/site-packages/glance_store/location.py:146}}
Jul 07 06:24:21.245380 np0000004706 devstack@g-api.service[99486]: DEBUG glance_store.location [-] Registering scheme swift+https with {'store': , 'location_class': , 'store_entry': 'swift'} {{(pid=99486) register_scheme_map /opt/stack/data/venv/lib/python3.12/site-packages/glance_store/location.py:146}}
Jul 07 06:24:21.245407 np0000004706 devstack@g-api.service[99488]: DEBUG glance_store.location [-] Registering scheme swift+https with {'store': , 'location_class': , 'store_entry': 'swift'} {{(pid=99488) register_scheme_map /opt/stack/data/venv/lib/python3.12/site-packages/glance_store/location.py:146}}
Jul 07 06:24:21.245434 np0000004706 devstack@g-api.service[99486]: DEBUG glance_store.location [-] Registering scheme swift with {'store': , 'location_class': , 'store_entry': 'swift'} {{(pid=99486) register_scheme_map /opt/stack/data/venv/lib/python3.12/site-packages/glance_store/location.py:146}}
Jul 07 06:24:21.245469 np0000004706 devstack@g-api.service[99488]: DEBUG glance_store.location [-] Registering scheme swift with {'store': , 'location_class': , 'store_entry': 'swift'} {{(pid=99488) register_scheme_map /opt/stack/data/venv/lib/python3.12/site-packages/glance_store/location.py:146}}
Jul 07 06:24:21.245497 np0000004706 devstack@g-api.service[99487]: DEBUG glance.sqlite_migration [-] SQLite caching database not located, skipping migration {{(pid=99487) get_db_path /opt/stack/glance/glance/sqlite_migration.py:68}}
Jul 07 06:24:21.245529 np0000004706 devstack@g-api.service[99486]: DEBUG glance_store.location [-] Registering scheme swift+http with {'store': , 'location_class': , 'store_entry': 'swift'} {{(pid=99486) register_scheme_map /opt/stack/data/venv/lib/python3.12/site-packages/glance_store/location.py:146}}
Jul 07 06:24:21.245561 np0000004706 devstack@g-api.service[99488]: DEBUG glance_store.location [-] Registering scheme swift+http with {'store': , 'location_class': , 'store_entry': 'swift'} {{(pid=99488) register_scheme_map /opt/stack/data/venv/lib/python3.12/site-packages/glance_store/location.py:146}}
Jul 07 06:24:21.245589 np0000004706 devstack@g-api.service[99486]: DEBUG glance_store.location [-] Registering scheme swift+https with {'store': , 'location_class': , 'store_entry': 'swift'} {{(pid=99486) register_scheme_map /opt/stack/data/venv/lib/python3.12/site-packages/glance_store/location.py:146}}
Jul 07 06:24:21.245672 np0000004706 devstack@g-api.service[99488]: DEBUG glance_store.location [-] Registering scheme swift+https with {'store': , 'location_class': , 'store_entry': 'swift'} {{(pid=99488) register_scheme_map /opt/stack/data/venv/lib/python3.12/site-packages/glance_store/location.py:146}}
Jul 07 06:24:21.245672 np0000004706 devstack@g-api.service[99488]: DEBUG glance_store.location [-] Registering scheme swift with {'store': , 'location_class': , 'store_entry': 'swift'} {{(pid=99488) register_scheme_map /opt/stack/data/venv/lib/python3.12/site-packages/glance_store/location.py:146}}
Jul 07 06:24:21.245734 np0000004706 devstack@g-api.service[99486]: DEBUG glance_store.location [-] Registering scheme swift with {'store': , 'location_class': , 'store_entry': 'swift'} {{(pid=99486) register_scheme_map /opt/stack/data/venv/lib/python3.12/site-packages/glance_store/location.py:146}}
Jul 07 06:24:21.245762 np0000004706 devstack@g-api.service[99488]: DEBUG glance_store.location [-] Registering scheme swift+http with {'store': , 'location_class': , 'store_entry': 'swift'} {{(pid=99488) register_scheme_map /opt/stack/data/venv/lib/python3.12/site-packages/glance_store/location.py:146}}
Jul 07 06:24:21.245762 np0000004706 devstack@g-api.service[99488]: DEBUG glance_store.location [-] Registering scheme swift+config with {'store': , 'location_class': , 'store_entry': 'swift'} {{(pid=99488) register_scheme_map /opt/stack/data/venv/lib/python3.12/site-packages/glance_store/location.py:146}}
Jul 07 06:24:21.245817 np0000004706 devstack@g-api.service[99487]: WARNING glance.common.wsgi_app [-] Import methods are enabled but staging directory /tmp/staging/ does not exist; Imports will fail!
Jul 07 06:24:21.245845 np0000004706 devstack@g-api.service[99486]: DEBUG glance_store.location [-] Registering scheme swift+http with {'store': , 'location_class': , 'store_entry': 'swift'} {{(pid=99486) register_scheme_map /opt/stack/data/venv/lib/python3.12/site-packages/glance_store/location.py:146}}
Jul 07 06:24:21.245845 np0000004706 devstack@g-api.service[99486]: DEBUG glance_store.location [-] Registering scheme swift+config with {'store': , 'location_class': , 'store_entry': 'swift'} {{(pid=99486) register_scheme_map /opt/stack/data/venv/lib/python3.12/site-packages/glance_store/location.py:146}}
Jul 07 06:24:21.245898 np0000004706 devstack@g-api.service[99488]: DEBUG glance.sqlite_migration [-] SQLite caching database not located, skipping migration {{(pid=99488) get_db_path /opt/stack/glance/glance/sqlite_migration.py:68}}
Jul 07 06:24:21.245930 np0000004706 devstack@g-api.service[99486]: DEBUG glance.sqlite_migration [-] SQLite caching database not located, skipping migration {{(pid=99486) get_db_path /opt/stack/glance/glance/sqlite_migration.py:68}}
Jul 07 06:24:21.245957 np0000004706 devstack@g-api.service[99488]: WARNING glance.common.wsgi_app [-] Import methods are enabled but staging directory /tmp/staging/ does not exist; Imports will fail!
Jul 07 06:24:21.246002 np0000004706 devstack@g-api.service[99486]: WARNING glance.common.wsgi_app [-] Import methods are enabled but staging directory /tmp/staging/ does not exist; Imports will fail!
Jul 07 06:24:21.381403 np0000004706 devstack@g-api.service[99487]: DEBUG glance.common.config [None req-8cd22131-b684-4549-9247-fca08e277aed None None] Loading glance-api-keystone+cachemanagement from /etc/glance/glance-api-paste.ini {{(pid=99487) load_paste_app /opt/stack/glance/glance/common/config.py:765}}
Jul 07 06:24:21.382442 np0000004706 devstack@g-api.service[99486]: DEBUG glance.common.config [None req-ab50d544-7594-406f-a78d-c14e454a319c None None] Loading glance-api-keystone+cachemanagement from /etc/glance/glance-api-paste.ini {{(pid=99486) load_paste_app /opt/stack/glance/glance/common/config.py:765}}
Jul 07 06:24:21.402352 np0000004706 devstack@g-api.service[99488]: DEBUG glance.common.config [None req-0cffba1e-ba24-4fb0-b294-b974d45616ce None None] Loading glance-api-keystone+cachemanagement from /etc/glance/glance-api-paste.ini {{(pid=99488) load_paste_app /opt/stack/glance/glance/common/config.py:765}}
Jul 07 06:24:22.057186 np0000004706 devstack@g-api.service[99487]: INFO glance.image_cache [None req-8cd22131-b684-4549-9247-fca08e277aed None None] Image cache loaded driver 'centralized_db'.
Jul 07 06:24:22.058085 np0000004706 devstack@g-api.service[99486]: INFO glance.image_cache [None req-ab50d544-7594-406f-a78d-c14e454a319c None None] Image cache loaded driver 'centralized_db'.
Jul 07 06:24:22.083868 np0000004706 devstack@g-api.service[99488]: INFO glance.image_cache [None req-0cffba1e-ba24-4fb0-b294-b974d45616ce None None] Image cache loaded driver 'centralized_db'.
Jul 07 06:24:22.107094 np0000004706 devstack@g-api.service[99487]: INFO dbcounter [None req-8cd22131-b684-4549-9247-fca08e277aed None None] Registered counter for database glance
Jul 07 06:24:22.115120 np0000004706 devstack@g-api.service[99486]: INFO dbcounter [None req-ab50d544-7594-406f-a78d-c14e454a319c None None] Registered counter for database glance
Jul 07 06:24:22.132474 np0000004706 devstack@g-api.service[99488]: INFO dbcounter [None req-0cffba1e-ba24-4fb0-b294-b974d45616ce None None] Registered counter for database glance
Jul 07 06:24:22.151915 np0000004706 devstack@g-api.service[99487]: DEBUG oslo_db.sqlalchemy.engines [None req-8cd22131-b684-4549-9247-fca08e277aed None None] MySQL server mode set to STRICT_TRANS_TABLES,STRICT_ALL_TABLES,NO_ZERO_IN_DATE,NO_ZERO_DATE,ERROR_FOR_DIVISION_BY_ZERO,TRADITIONAL,NO_ENGINE_SUBSTITUTION {{(pid=99487) _check_effective_sql_mode /opt/stack/data/venv/lib/python3.12/site-packages/oslo_db/sqlalchemy/engines.py:325}}
Jul 07 06:24:22.155243 np0000004706 devstack@g-api.service[99486]: DEBUG oslo_db.sqlalchemy.engines [None req-ab50d544-7594-406f-a78d-c14e454a319c None None] MySQL server mode set to STRICT_TRANS_TABLES,STRICT_ALL_TABLES,NO_ZERO_IN_DATE,NO_ZERO_DATE,ERROR_FOR_DIVISION_BY_ZERO,TRADITIONAL,NO_ENGINE_SUBSTITUTION {{(pid=99486) _check_effective_sql_mode /opt/stack/data/venv/lib/python3.12/site-packages/oslo_db/sqlalchemy/engines.py:325}}
Jul 07 06:24:22.176282 np0000004706 devstack@g-api.service[99487]: DEBUG dbcounter [-] [99487] Writer thread running {{(pid=99487) stat_writer /opt/stack/data/venv/lib/python3.12/site-packages/dbcounter.py:102}}
Jul 07 06:24:22.177519 np0000004706 devstack@g-api.service[99488]: DEBUG oslo_db.sqlalchemy.engines [None req-0cffba1e-ba24-4fb0-b294-b974d45616ce None None] MySQL server mode set to STRICT_TRANS_TABLES,STRICT_ALL_TABLES,NO_ZERO_IN_DATE,NO_ZERO_DATE,ERROR_FOR_DIVISION_BY_ZERO,TRADITIONAL,NO_ENGINE_SUBSTITUTION {{(pid=99488) _check_effective_sql_mode /opt/stack/data/venv/lib/python3.12/site-packages/oslo_db/sqlalchemy/engines.py:325}}
Jul 07 06:24:22.179529 np0000004706 devstack@g-api.service[99486]: DEBUG dbcounter [-] [99486] Writer thread running {{(pid=99486) stat_writer /opt/stack/data/venv/lib/python3.12/site-packages/dbcounter.py:102}}
Jul 07 06:24:22.188154 np0000004706 devstack@g-api.service[99486]: DEBUG glance.image_cache.drivers.centralized_db [None req-ab50d544-7594-406f-a78d-c14e454a319c None None] Node reference is already recorded, ignoring it {{(pid=99486) configure /opt/stack/glance/glance/image_cache/drivers/centralized_db.py:71}}
Jul 07 06:24:22.193336 np0000004706 devstack@g-api.service[99487]: INFO glance.image_cache [None req-8cd22131-b684-4549-9247-fca08e277aed None None] Image cache loaded driver 'centralized_db'.
Jul 07 06:24:22.199668 np0000004706 devstack@g-api.service[99488]: DEBUG dbcounter [-] [99488] Writer thread running {{(pid=99488) stat_writer /opt/stack/data/venv/lib/python3.12/site-packages/dbcounter.py:102}}
Jul 07 06:24:22.204616 np0000004706 devstack@g-api.service[99488]: DEBUG glance.image_cache.drivers.centralized_db [None req-0cffba1e-ba24-4fb0-b294-b974d45616ce None None] Node reference is already recorded, ignoring it {{(pid=99488) configure /opt/stack/glance/glance/image_cache/drivers/centralized_db.py:71}}
Jul 07 06:24:22.212149 np0000004706 devstack@g-api.service[99488]: INFO glance.image_cache [None req-0cffba1e-ba24-4fb0-b294-b974d45616ce None None] Image cache loaded driver 'centralized_db'.
Jul 07 06:24:22.283718 np0000004706 devstack@g-api.service[99486]: INFO glance.image_cache [None req-ab50d544-7594-406f-a78d-c14e454a319c None None] Image cache loaded driver 'centralized_db'.
Jul 07 06:24:22.298239 np0000004706 devstack@g-api.service[99486]: DEBUG glance.image_cache.drivers.centralized_db [None req-ab50d544-7594-406f-a78d-c14e454a319c None None] Node reference is already recorded, ignoring it {{(pid=99486) configure /opt/stack/glance/glance/image_cache/drivers/centralized_db.py:71}}
Jul 07 06:24:22.301723 np0000004706 devstack@g-api.service[99487]: DEBUG glance.image_cache.drivers.centralized_db [None req-8cd22131-b684-4549-9247-fca08e277aed None None] Node reference is already recorded, ignoring it {{(pid=99487) configure /opt/stack/glance/glance/image_cache/drivers/centralized_db.py:71}}
Jul 07 06:24:22.302938 np0000004706 devstack@g-api.service[99486]: DEBUG glance.api.v2.cached_images [None req-ab50d544-7594-406f-a78d-c14e454a319c None None] Started cache worker thread {{(pid=99486) __init__ /opt/stack/glance/glance/api/v2/cached_images.py:71}}
Jul 07 06:24:22.303757 np0000004706 devstack@g-api.service[99486]: INFO glance.image_cache [None req-ab50d544-7594-406f-a78d-c14e454a319c None None] Image cache loaded driver 'centralized_db'.
Jul 07 06:24:22.307020 np0000004706 devstack@g-api.service[99487]: DEBUG glance.api.v2.cached_images [None req-8cd22131-b684-4549-9247-fca08e277aed None None] Started cache worker thread {{(pid=99487) __init__ /opt/stack/glance/glance/api/v2/cached_images.py:71}}
Jul 07 06:24:22.307754 np0000004706 devstack@g-api.service[99487]: INFO glance.image_cache [None req-8cd22131-b684-4549-9247-fca08e277aed None None] Image cache loaded driver 'centralized_db'.
Jul 07 06:24:22.315624 np0000004706 devstack@g-api.service[99486]: DEBUG glance.image_cache.drivers.centralized_db [None req-ab50d544-7594-406f-a78d-c14e454a319c None None] Node reference is already recorded, ignoring it {{(pid=99486) configure /opt/stack/glance/glance/image_cache/drivers/centralized_db.py:71}}
Jul 07 06:24:22.320305 np0000004706 devstack@g-api.service[99486]: INFO glance.api.middleware.cache_manage [None req-ab50d544-7594-406f-a78d-c14e454a319c None None] Initialized image cache management middleware
Jul 07 06:24:22.320425 np0000004706 devstack@g-api.service[99486]: INFO glance.image_cache [None req-ab50d544-7594-406f-a78d-c14e454a319c None None] Image cache loaded driver 'centralized_db'.
Jul 07 06:24:22.326157 np0000004706 devstack@g-api.service[99487]: DEBUG glance.image_cache.drivers.centralized_db [None req-8cd22131-b684-4549-9247-fca08e277aed None None] Node reference is already recorded, ignoring it {{(pid=99487) configure /opt/stack/glance/glance/image_cache/drivers/centralized_db.py:71}}
Jul 07 06:24:22.329760 np0000004706 devstack@g-api.service[99486]: DEBUG glance.image_cache.drivers.centralized_db [None req-ab50d544-7594-406f-a78d-c14e454a319c None None] Node reference is already recorded, ignoring it {{(pid=99486) configure /opt/stack/glance/glance/image_cache/drivers/centralized_db.py:71}}
Jul 07 06:24:22.330036 np0000004706 devstack@g-api.service[99488]: DEBUG glance.image_cache.drivers.centralized_db [None req-0cffba1e-ba24-4fb0-b294-b974d45616ce None None] Node reference is already recorded, ignoring it {{(pid=99488) configure /opt/stack/glance/glance/image_cache/drivers/centralized_db.py:71}}
Jul 07 06:24:22.331704 np0000004706 devstack@g-api.service[99487]: INFO glance.api.middleware.cache_manage [None req-8cd22131-b684-4549-9247-fca08e277aed None None] Initialized image cache management middleware
Jul 07 06:24:22.331887 np0000004706 devstack@g-api.service[99487]: INFO glance.image_cache [None req-8cd22131-b684-4549-9247-fca08e277aed None None] Image cache loaded driver 'centralized_db'.
Jul 07 06:24:22.335228 np0000004706 devstack@g-api.service[99488]: DEBUG glance.api.v2.cached_images [None req-0cffba1e-ba24-4fb0-b294-b974d45616ce None None] Started cache worker thread {{(pid=99488) __init__ /opt/stack/glance/glance/api/v2/cached_images.py:71}}
Jul 07 06:24:22.336024 np0000004706 devstack@g-api.service[99488]: INFO glance.image_cache [None req-0cffba1e-ba24-4fb0-b294-b974d45616ce None None] Image cache loaded driver 'centralized_db'.
Jul 07 06:24:22.336690 np0000004706 devstack@g-api.service[99486]: INFO glance.api.middleware.cache [None req-ab50d544-7594-406f-a78d-c14e454a319c None None] Initialized image cache middleware
Jul 07 06:24:22.347337 np0000004706 devstack@g-api.service[99486]: DEBUG glance.common.config [None req-ab50d544-7594-406f-a78d-c14e454a319c None None] ******************************************************************************** {{(pid=99486) log_opt_values /opt/stack/data/venv/lib/python3.12/site-packages/oslo_config/cfg.py:3226}}
Jul 07 06:24:22.347437 np0000004706 devstack@g-api.service[99486]: DEBUG glance.common.config [None req-ab50d544-7594-406f-a78d-c14e454a319c None None] Configuration options gathered from: {{(pid=99486) log_opt_values /opt/stack/data/venv/lib/python3.12/site-packages/oslo_config/cfg.py:3227}}
Jul 07 06:24:22.347660 np0000004706 devstack@g-api.service[99486]: DEBUG glance.common.config [None req-ab50d544-7594-406f-a78d-c14e454a319c None None] command line args: [] {{(pid=99486) log_opt_values /opt/stack/data/venv/lib/python3.12/site-packages/oslo_config/cfg.py:3228}}
Jul 07 06:24:22.347786 np0000004706 devstack@g-api.service[99486]: DEBUG glance.common.config [None req-ab50d544-7594-406f-a78d-c14e454a319c None None] config files: ['/etc/glance/glance-image-import.conf', '/etc/glance/glance-api.conf'] {{(pid=99486) log_opt_values /opt/stack/data/venv/lib/python3.12/site-packages/oslo_config/cfg.py:3229}}
Jul 07 06:24:22.347853 np0000004706 devstack@g-api.service[99486]: DEBUG glance.common.config [None req-ab50d544-7594-406f-a78d-c14e454a319c None None] ================================================================================ {{(pid=99486) log_opt_values /opt/stack/data/venv/lib/python3.12/site-packages/oslo_config/cfg.py:3234}}
Jul 07 06:24:22.347973 np0000004706 devstack@g-api.service[99486]: DEBUG glance.common.config [None req-ab50d544-7594-406f-a78d-c14e454a319c None None] allow_anonymous_access = False {{(pid=99486) log_opt_values /opt/stack/data/venv/lib/python3.12/site-packages/oslo_config/cfg.py:3242}}
Jul 07 06:24:22.348083 np0000004706 devstack@g-api.service[99486]: DEBUG glance.common.config [None req-ab50d544-7594-406f-a78d-c14e454a319c None None] api_limit_max = 1000 {{(pid=99486) log_opt_values /opt/stack/data/venv/lib/python3.12/site-packages/oslo_config/cfg.py:3242}}
Jul 07 06:24:22.348178 np0000004706 devstack@g-api.service[99486]: DEBUG glance.common.config [None req-ab50d544-7594-406f-a78d-c14e454a319c None None] config_dir = [] {{(pid=99486) log_opt_values /opt/stack/data/venv/lib/python3.12/site-packages/oslo_config/cfg.py:3242}}
Jul 07 06:24:22.348243 np0000004706 devstack@g-api.service[99486]: DEBUG glance.common.config [None req-ab50d544-7594-406f-a78d-c14e454a319c None None] config_file = ['/etc/glance/glance-image-import.conf', '/etc/glance/glance-api.conf'] {{(pid=99486) log_opt_values /opt/stack/data/venv/lib/python3.12/site-packages/oslo_config/cfg.py:3242}}
Jul 07 06:24:22.348336 np0000004706 devstack@g-api.service[99486]: DEBUG glance.common.config [None req-ab50d544-7594-406f-a78d-c14e454a319c None None] config_source = [] {{(pid=99486) log_opt_values /opt/stack/data/venv/lib/python3.12/site-packages/oslo_config/cfg.py:3242}}
Jul 07 06:24:22.348427 np0000004706 devstack@g-api.service[99486]: DEBUG glance.common.config [None req-ab50d544-7594-406f-a78d-c14e454a319c None None] control_exchange = glance {{(pid=99486) log_opt_values /opt/stack/data/venv/lib/python3.12/site-packages/oslo_config/cfg.py:3242}}
Jul 07 06:24:22.348491 np0000004706 devstack@g-api.service[99486]: DEBUG glance.common.config [None req-ab50d544-7594-406f-a78d-c14e454a319c None None] debug = True {{(pid=99486) log_opt_values /opt/stack/data/venv/lib/python3.12/site-packages/oslo_config/cfg.py:3242}}
Jul 07 06:24:22.348647 np0000004706 devstack@g-api.service[99486]: DEBUG glance.common.config [None req-ab50d544-7594-406f-a78d-c14e454a319c None None] default_log_levels = ['amqp=WARN', 'boto=WARN', 'sqlalchemy=WARN', 'suds=INFO', 'oslo.messaging=INFO', 'oslo_messaging=INFO', 'iso8601=WARN', 'requests.packages.urllib3.connectionpool=WARN', 'urllib3.connectionpool=WARN', 'websocket=WARN', 'requests.packages.urllib3.util.retry=WARN', 'urllib3.util.retry=WARN', 'keystonemiddleware=WARN', 'routes.middleware=WARN', 'stevedore=WARN', 'taskflow=WARN', 'keystoneauth=WARN', 'oslo.cache=INFO', 'oslo_policy=INFO', 'dogpile.core.dogpile=INFO'] {{(pid=99486) log_opt_values /opt/stack/data/venv/lib/python3.12/site-packages/oslo_config/cfg.py:3242}}
Jul 07 06:24:22.348744 np0000004706 devstack@g-api.service[99486]: DEBUG glance.common.config [None req-ab50d544-7594-406f-a78d-c14e454a319c None None] default_publisher_id = image.localhost {{(pid=99486) log_opt_values /opt/stack/data/venv/lib/python3.12/site-packages/oslo_config/cfg.py:3242}}
Jul 07 06:24:22.348828 np0000004706 devstack@g-api.service[99486]: DEBUG glance.common.config [None req-ab50d544-7594-406f-a78d-c14e454a319c None None] delayed_delete = False {{(pid=99486) log_opt_values /opt/stack/data/venv/lib/python3.12/site-packages/oslo_config/cfg.py:3242}}
Jul 07 06:24:22.348918 np0000004706 devstack@g-api.service[99486]: DEBUG glance.common.config [None req-ab50d544-7594-406f-a78d-c14e454a319c None None] digest_algorithm = sha256 {{(pid=99486) log_opt_values /opt/stack/data/venv/lib/python3.12/site-packages/oslo_config/cfg.py:3242}}
Jul 07 06:24:22.349034 np0000004706 devstack@g-api.service[99486]: DEBUG glance.common.config [None req-ab50d544-7594-406f-a78d-c14e454a319c None None] disabled_notifications = [] {{(pid=99486) log_opt_values /opt/stack/data/venv/lib/python3.12/site-packages/oslo_config/cfg.py:3242}}
Jul 07 06:24:22.349130 np0000004706 devstack@g-api.service[99486]: DEBUG glance.common.config [None req-ab50d544-7594-406f-a78d-c14e454a319c None None] do_secure_hash = True {{(pid=99486) log_opt_values /opt/stack/data/venv/lib/python3.12/site-packages/oslo_config/cfg.py:3242}}
Jul 07 06:24:22.349219 np0000004706 devstack@g-api.service[99486]: DEBUG glance.common.config [None req-ab50d544-7594-406f-a78d-c14e454a319c None None] enabled_backends = None {{(pid=99486) log_opt_values /opt/stack/data/venv/lib/python3.12/site-packages/oslo_config/cfg.py:3242}}
Jul 07 06:24:22.349325 np0000004706 devstack@g-api.service[99486]: DEBUG glance.common.config [None req-ab50d544-7594-406f-a78d-c14e454a319c None None] enabled_import_methods = ['glance-direct', 'web-download', 'copy-image'] {{(pid=99486) log_opt_values /opt/stack/data/venv/lib/python3.12/site-packages/oslo_config/cfg.py:3242}}
Jul 07 06:24:22.349412 np0000004706 devstack@g-api.service[99486]: DEBUG glance.common.config [None req-ab50d544-7594-406f-a78d-c14e454a319c None None] fatal_deprecations = False {{(pid=99486) log_opt_values /opt/stack/data/venv/lib/python3.12/site-packages/oslo_config/cfg.py:3242}}
Jul 07 06:24:22.349501 np0000004706 devstack@g-api.service[99486]: DEBUG glance.common.config [None req-ab50d544-7594-406f-a78d-c14e454a319c None None] hashing_algorithm = sha512 {{(pid=99486) log_opt_values /opt/stack/data/venv/lib/python3.12/site-packages/oslo_config/cfg.py:3242}}
Jul 07 06:24:22.349586 np0000004706 devstack@g-api.service[99486]: DEBUG glance.common.config [None req-ab50d544-7594-406f-a78d-c14e454a319c None None] http_retries = 3 {{(pid=99486) log_opt_values /opt/stack/data/venv/lib/python3.12/site-packages/oslo_config/cfg.py:3242}}
Jul 07 06:24:22.349675 np0000004706 devstack@g-api.service[99486]: DEBUG glance.common.config [None req-ab50d544-7594-406f-a78d-c14e454a319c None None] image_cache_dir = /opt/stack/data/glance/cache/ {{(pid=99486) log_opt_values /opt/stack/data/venv/lib/python3.12/site-packages/oslo_config/cfg.py:3242}}
Jul 07 06:24:22.349776 np0000004706 devstack@g-api.service[99486]: DEBUG glance.common.config [None req-ab50d544-7594-406f-a78d-c14e454a319c None None] image_cache_driver = centralized_db {{(pid=99486) log_opt_values /opt/stack/data/venv/lib/python3.12/site-packages/oslo_config/cfg.py:3242}}
Jul 07 06:24:22.349865 np0000004706 devstack@g-api.service[99486]: DEBUG glance.common.config [None req-ab50d544-7594-406f-a78d-c14e454a319c None None] image_cache_max_size = 10737418240 {{(pid=99486) log_opt_values /opt/stack/data/venv/lib/python3.12/site-packages/oslo_config/cfg.py:3242}}
Jul 07 06:24:22.349955 np0000004706 devstack@g-api.service[99486]: DEBUG glance.common.config [None req-ab50d544-7594-406f-a78d-c14e454a319c None None] image_cache_sqlite_db = cache.db {{(pid=99486) log_opt_values /opt/stack/data/venv/lib/python3.12/site-packages/oslo_config/cfg.py:3242}}
Jul 07 06:24:22.350062 np0000004706 devstack@g-api.service[99486]: DEBUG glance.common.config [None req-ab50d544-7594-406f-a78d-c14e454a319c None None] image_cache_stall_time = 86400 {{(pid=99486) log_opt_values /opt/stack/data/venv/lib/python3.12/site-packages/oslo_config/cfg.py:3242}}
Jul 07 06:24:22.350149 np0000004706 devstack@g-api.service[99486]: DEBUG glance.common.config [None req-ab50d544-7594-406f-a78d-c14e454a319c None None] image_location_quota = 10 {{(pid=99486) log_opt_values /opt/stack/data/venv/lib/python3.12/site-packages/oslo_config/cfg.py:3242}}
Jul 07 06:24:22.350230 np0000004706 devstack@g-api.service[99486]: DEBUG glance.common.config [None req-ab50d544-7594-406f-a78d-c14e454a319c None None] image_member_quota = 128 {{(pid=99486) log_opt_values /opt/stack/data/venv/lib/python3.12/site-packages/oslo_config/cfg.py:3242}}
Jul 07 06:24:22.350316 np0000004706 devstack@g-api.service[99486]: DEBUG glance.common.config [None req-ab50d544-7594-406f-a78d-c14e454a319c None None] image_property_quota = 128 {{(pid=99486) log_opt_values /opt/stack/data/venv/lib/python3.12/site-packages/oslo_config/cfg.py:3242}}
Jul 07 06:24:22.350399 np0000004706 devstack@g-api.service[99486]: DEBUG glance.common.config [None req-ab50d544-7594-406f-a78d-c14e454a319c None None] image_size_cap = 1099511627776 {{(pid=99486) log_opt_values /opt/stack/data/venv/lib/python3.12/site-packages/oslo_config/cfg.py:3242}}
Jul 07 06:24:22.350482 np0000004706 devstack@g-api.service[99486]: DEBUG glance.common.config [None req-ab50d544-7594-406f-a78d-c14e454a319c None None] image_tag_quota = 128 {{(pid=99486) log_opt_values /opt/stack/data/venv/lib/python3.12/site-packages/oslo_config/cfg.py:3242}}
Jul 07 06:24:22.350570 np0000004706 devstack@g-api.service[99486]: DEBUG glance.common.config [None req-ab50d544-7594-406f-a78d-c14e454a319c None None] instance_format = [instance: %(uuid)s] {{(pid=99486) log_opt_values /opt/stack/data/venv/lib/python3.12/site-packages/oslo_config/cfg.py:3242}}
Jul 07 06:24:22.350660 np0000004706 devstack@g-api.service[99486]: DEBUG glance.common.config [None req-ab50d544-7594-406f-a78d-c14e454a319c None None] instance_uuid_format = [instance: %(uuid)s] {{(pid=99486) log_opt_values /opt/stack/data/venv/lib/python3.12/site-packages/oslo_config/cfg.py:3242}}
Jul 07 06:24:22.350754 np0000004706 devstack@g-api.service[99486]: DEBUG glance.common.config [None req-ab50d544-7594-406f-a78d-c14e454a319c None None] limit_param_default = 25 {{(pid=99486) log_opt_values /opt/stack/data/venv/lib/python3.12/site-packages/oslo_config/cfg.py:3242}}
Jul 07 06:24:22.350842 np0000004706 devstack@g-api.service[99486]: DEBUG glance.common.config [None req-ab50d544-7594-406f-a78d-c14e454a319c None None] log_color = False {{(pid=99486) log_opt_values /opt/stack/data/venv/lib/python3.12/site-packages/oslo_config/cfg.py:3242}}
Jul 07 06:24:22.350931 np0000004706 devstack@g-api.service[99486]: DEBUG glance.common.config [None req-ab50d544-7594-406f-a78d-c14e454a319c None None] log_config_append = None {{(pid=99486) log_opt_values /opt/stack/data/venv/lib/python3.12/site-packages/oslo_config/cfg.py:3242}}
Jul 07 06:24:22.351053 np0000004706 devstack@g-api.service[99486]: DEBUG glance.common.config [None req-ab50d544-7594-406f-a78d-c14e454a319c None None] log_date_format = %Y-%m-%d %H:%M:%S {{(pid=99486) log_opt_values /opt/stack/data/venv/lib/python3.12/site-packages/oslo_config/cfg.py:3242}}
Jul 07 06:24:22.351145 np0000004706 devstack@g-api.service[99486]: DEBUG glance.common.config [None req-ab50d544-7594-406f-a78d-c14e454a319c None None] log_dir = None {{(pid=99486) log_opt_values /opt/stack/data/venv/lib/python3.12/site-packages/oslo_config/cfg.py:3242}}
Jul 07 06:24:22.351232 np0000004706 devstack@g-api.service[99486]: DEBUG glance.common.config [None req-ab50d544-7594-406f-a78d-c14e454a319c None None] log_file = None {{(pid=99486) log_opt_values /opt/stack/data/venv/lib/python3.12/site-packages/oslo_config/cfg.py:3242}}
Jul 07 06:24:22.351318 np0000004706 devstack@g-api.service[99486]: DEBUG glance.common.config [None req-ab50d544-7594-406f-a78d-c14e454a319c None None] log_rotate_interval = 1 {{(pid=99486) log_opt_values /opt/stack/data/venv/lib/python3.12/site-packages/oslo_config/cfg.py:3242}}
Jul 07 06:24:22.351410 np0000004706 devstack@g-api.service[99486]: DEBUG glance.common.config [None req-ab50d544-7594-406f-a78d-c14e454a319c None None] log_rotate_interval_type = days {{(pid=99486) log_opt_values /opt/stack/data/venv/lib/python3.12/site-packages/oslo_config/cfg.py:3242}}
Jul 07 06:24:22.351503 np0000004706 devstack@g-api.service[99486]: DEBUG glance.common.config [None req-ab50d544-7594-406f-a78d-c14e454a319c None None] log_rotation_type = none {{(pid=99486) log_opt_values /opt/stack/data/venv/lib/python3.12/site-packages/oslo_config/cfg.py:3242}}
Jul 07 06:24:22.351567 np0000004706 devstack@g-api.service[99486]: DEBUG glance.common.config [None req-ab50d544-7594-406f-a78d-c14e454a319c None None] logging_context_format_string = %(color)s%(levelname)s %(name)s [%(global_request_id)s %(request_id)s %(project_name)s %(user_name)s%(color)s] %(instance)s%(color)s%(message)s {{(pid=99486) log_opt_values /opt/stack/data/venv/lib/python3.12/site-packages/oslo_config/cfg.py:3242}}
Jul 07 06:24:22.351629 np0000004706 devstack@g-api.service[99486]: DEBUG glance.common.config [None req-ab50d544-7594-406f-a78d-c14e454a319c None None] logging_debug_format_suffix = {{(pid=%(process)d) %(funcName)s %(pathname)s:%(lineno)d}} {{(pid=99486) log_opt_values /opt/stack/data/venv/lib/python3.12/site-packages/oslo_config/cfg.py:3242}}
Jul 07 06:24:22.351733 np0000004706 devstack@g-api.service[99486]: DEBUG glance.common.config [None req-ab50d544-7594-406f-a78d-c14e454a319c None None] logging_default_format_string = %(color)s%(levelname)s %(name)s [-%(color)s] %(instance)s%(color)s%(message)s {{(pid=99486) log_opt_values /opt/stack/data/venv/lib/python3.12/site-packages/oslo_config/cfg.py:3242}}
Jul 07 06:24:22.351822 np0000004706 devstack@g-api.service[99486]: DEBUG glance.common.config [None req-ab50d544-7594-406f-a78d-c14e454a319c None None] logging_exception_prefix = ERROR %(name)s %(instance)s {{(pid=99486) log_opt_values /opt/stack/data/venv/lib/python3.12/site-packages/oslo_config/cfg.py:3242}}
Jul 07 06:24:22.351889 np0000004706 devstack@g-api.service[99486]: DEBUG glance.common.config [None req-ab50d544-7594-406f-a78d-c14e454a319c None None] logging_user_identity_format = %(user)s %(project)s %(domain)s %(system_scope)s %(user_domain)s %(project_domain)s {{(pid=99486) log_opt_values /opt/stack/data/venv/lib/python3.12/site-packages/oslo_config/cfg.py:3242}}
Jul 07 06:24:22.351975 np0000004706 devstack@g-api.service[99486]: DEBUG glance.common.config [None req-ab50d544-7594-406f-a78d-c14e454a319c None None] max_logfile_count = 30 {{(pid=99486) log_opt_values /opt/stack/data/venv/lib/python3.12/site-packages/oslo_config/cfg.py:3242}}
Jul 07 06:24:22.352079 np0000004706 devstack@g-api.service[99486]: DEBUG glance.common.config [None req-ab50d544-7594-406f-a78d-c14e454a319c None None] max_logfile_size_mb = 200 {{(pid=99486) log_opt_values /opt/stack/data/venv/lib/python3.12/site-packages/oslo_config/cfg.py:3242}}
Jul 07 06:24:22.352162 np0000004706 devstack@g-api.service[99486]: DEBUG glance.common.config [None req-ab50d544-7594-406f-a78d-c14e454a319c None None] max_request_id_length = 64 {{(pid=99486) log_opt_values /opt/stack/data/venv/lib/python3.12/site-packages/oslo_config/cfg.py:3242}}
Jul 07 06:24:22.352243 np0000004706 devstack@g-api.service[99486]: DEBUG glance.common.config [None req-ab50d544-7594-406f-a78d-c14e454a319c None None] metadata_encryption_key = **** {{(pid=99486) log_opt_values /opt/stack/data/venv/lib/python3.12/site-packages/oslo_config/cfg.py:3242}}
Jul 07 06:24:22.352331 np0000004706 devstack@g-api.service[99486]: DEBUG glance.common.config [None req-ab50d544-7594-406f-a78d-c14e454a319c None None] node_staging_uri = file:///tmp/staging/ {{(pid=99486) log_opt_values /opt/stack/data/venv/lib/python3.12/site-packages/oslo_config/cfg.py:3242}}
Jul 07 06:24:22.352413 np0000004706 devstack@g-api.service[99486]: DEBUG glance.common.config [None req-ab50d544-7594-406f-a78d-c14e454a319c None None] property_protection_file = None {{(pid=99486) log_opt_values /opt/stack/data/venv/lib/python3.12/site-packages/oslo_config/cfg.py:3242}}
Jul 07 06:24:22.352502 np0000004706 devstack@g-api.service[99486]: DEBUG glance.common.config [None req-ab50d544-7594-406f-a78d-c14e454a319c None None] property_protection_rule_format = roles {{(pid=99486) log_opt_values /opt/stack/data/venv/lib/python3.12/site-packages/oslo_config/cfg.py:3242}}
Jul 07 06:24:22.352591 np0000004706 devstack@g-api.service[99486]: DEBUG glance.common.config [None req-ab50d544-7594-406f-a78d-c14e454a319c None None] public_endpoint = https://10.4.3.231/image {{(pid=99486) log_opt_values /opt/stack/data/venv/lib/python3.12/site-packages/oslo_config/cfg.py:3242}}
Jul 07 06:24:22.352674 np0000004706 devstack@g-api.service[99486]: DEBUG glance.common.config [None req-ab50d544-7594-406f-a78d-c14e454a319c None None] publish_errors = False {{(pid=99486) log_opt_values /opt/stack/data/venv/lib/python3.12/site-packages/oslo_config/cfg.py:3242}}
Jul 07 06:24:22.352770 np0000004706 devstack@g-api.service[99486]: DEBUG glance.common.config [None req-ab50d544-7594-406f-a78d-c14e454a319c None None] pydev_worker_debug_host = None {{(pid=99486) log_opt_values /opt/stack/data/venv/lib/python3.12/site-packages/oslo_config/cfg.py:3242}}
Jul 07 06:24:22.352858 np0000004706 devstack@g-api.service[99486]: DEBUG glance.common.config [None req-ab50d544-7594-406f-a78d-c14e454a319c None None] pydev_worker_debug_port = 5678 {{(pid=99486) log_opt_values /opt/stack/data/venv/lib/python3.12/site-packages/oslo_config/cfg.py:3242}}
Jul 07 06:24:22.352942 np0000004706 devstack@g-api.service[99486]: DEBUG glance.common.config [None req-ab50d544-7594-406f-a78d-c14e454a319c None None] rate_limit_burst = 0 {{(pid=99486) log_opt_values /opt/stack/data/venv/lib/python3.12/site-packages/oslo_config/cfg.py:3242}}
Jul 07 06:24:22.353061 np0000004706 devstack@g-api.service[99486]: DEBUG glance.common.config [None req-ab50d544-7594-406f-a78d-c14e454a319c None None] rate_limit_except_level = CRITICAL {{(pid=99486) log_opt_values /opt/stack/data/venv/lib/python3.12/site-packages/oslo_config/cfg.py:3242}}
Jul 07 06:24:22.353151 np0000004706 devstack@g-api.service[99486]: DEBUG glance.common.config [None req-ab50d544-7594-406f-a78d-c14e454a319c None None] rate_limit_interval = 0 {{(pid=99486) log_opt_values /opt/stack/data/venv/lib/python3.12/site-packages/oslo_config/cfg.py:3242}}
Jul 07 06:24:22.353234 np0000004706 devstack@g-api.service[99486]: DEBUG glance.common.config [None req-ab50d544-7594-406f-a78d-c14e454a319c None None] scrub_pool_size = 1 {{(pid=99486) log_opt_values /opt/stack/data/venv/lib/python3.12/site-packages/oslo_config/cfg.py:3242}}
Jul 07 06:24:22.353320 np0000004706 devstack@g-api.service[99486]: DEBUG glance.common.config [None req-ab50d544-7594-406f-a78d-c14e454a319c None None] scrub_time = 0 {{(pid=99486) log_opt_values /opt/stack/data/venv/lib/python3.12/site-packages/oslo_config/cfg.py:3242}}
Jul 07 06:24:22.353415 np0000004706 devstack@g-api.service[99486]: DEBUG glance.common.config [None req-ab50d544-7594-406f-a78d-c14e454a319c None None] shell_completion = None {{(pid=99486) log_opt_values /opt/stack/data/venv/lib/python3.12/site-packages/oslo_config/cfg.py:3242}}
Jul 07 06:24:22.353529 np0000004706 devstack@g-api.service[99486]: DEBUG glance.common.config [None req-ab50d544-7594-406f-a78d-c14e454a319c None None] show_image_direct_url = False {{(pid=99486) log_opt_values /opt/stack/data/venv/lib/python3.12/site-packages/oslo_config/cfg.py:3242}}
Jul 07 06:24:22.353817 np0000004706 devstack@g-api.service[99486]: WARNING oslo_config.cfg [None req-ab50d544-7594-406f-a78d-c14e454a319c None None] Deprecated: Option "show_multiple_locations" from group "DEFAULT" is deprecated for removal (Use of this option, deprecated since Newton, is a security risk and will be removed once we figure out a way to satisfy those use cases that currently require it. An earlier announcement that the same functionality can be achieved with greater granularity by using policies is incorrect. You cannot work around this option via policy configuration at the present time, though that is the direction we believe the fix will take. Please keep an eye on the Glance release notes to stay up to date on progress in addressing this issue.). Its value may be silently ignored in the future.
Jul 07 06:24:22.353989 np0000004706 devstack@g-api.service[99486]: DEBUG glance.common.config [None req-ab50d544-7594-406f-a78d-c14e454a319c None None] show_multiple_locations = False {{(pid=99486) log_opt_values /opt/stack/data/venv/lib/python3.12/site-packages/oslo_config/cfg.py:3242}}
Jul 07 06:24:22.359447 np0000004706 devstack@g-api.service[99486]: DEBUG glance.common.config [None req-ab50d544-7594-406f-a78d-c14e454a319c None None] syslog_log_facility = LOG_USER {{(pid=99486) log_opt_values /opt/stack/data/venv/lib/python3.12/site-packages/oslo_config/cfg.py:3242}}
Jul 07 06:24:22.359447 np0000004706 devstack@g-api.service[99486]: DEBUG glance.common.config [None req-ab50d544-7594-406f-a78d-c14e454a319c None None] transport_url = **** {{(pid=99486) log_opt_values /opt/stack/data/venv/lib/python3.12/site-packages/oslo_config/cfg.py:3242}}
Jul 07 06:24:22.359447 np0000004706 devstack@g-api.service[99486]: DEBUG glance.common.config [None req-ab50d544-7594-406f-a78d-c14e454a319c None None] use_journal = False {{(pid=99486) log_opt_values /opt/stack/data/venv/lib/python3.12/site-packages/oslo_config/cfg.py:3242}}
Jul 07 06:24:22.359561 np0000004706 devstack@g-api.service[99487]: DEBUG glance.image_cache.drivers.centralized_db [None req-8cd22131-b684-4549-9247-fca08e277aed None None] Node reference is already recorded, ignoring it {{(pid=99487) configure /opt/stack/glance/glance/image_cache/drivers/centralized_db.py:71}}
Jul 07 06:24:22.359598 np0000004706 devstack@g-api.service[99486]: DEBUG glance.common.config [None req-ab50d544-7594-406f-a78d-c14e454a319c None None] use_json = False {{(pid=99486) log_opt_values /opt/stack/data/venv/lib/python3.12/site-packages/oslo_config/cfg.py:3242}}
Jul 07 06:24:22.359598 np0000004706 devstack@g-api.service[99486]: DEBUG glance.common.config [None req-ab50d544-7594-406f-a78d-c14e454a319c None None] use_keystone_limits = True {{(pid=99486) log_opt_values /opt/stack/data/venv/lib/python3.12/site-packages/oslo_config/cfg.py:3242}}
Jul 07 06:24:22.359598 np0000004706 devstack@g-api.service[99486]: DEBUG glance.common.config [None req-ab50d544-7594-406f-a78d-c14e454a319c None None] use_stderr = False {{(pid=99486) log_opt_values /opt/stack/data/venv/lib/python3.12/site-packages/oslo_config/cfg.py:3242}}
Jul 07 06:24:22.359598 np0000004706 devstack@g-api.service[99486]: DEBUG glance.common.config [None req-ab50d544-7594-406f-a78d-c14e454a319c None None] use_syslog = False {{(pid=99486) log_opt_values /opt/stack/data/venv/lib/python3.12/site-packages/oslo_config/cfg.py:3242}}
Jul 07 06:24:22.359598 np0000004706 devstack@g-api.service[99486]: DEBUG glance.common.config [None req-ab50d544-7594-406f-a78d-c14e454a319c None None] user_storage_quota = 0 {{(pid=99486) log_opt_values /opt/stack/data/venv/lib/python3.12/site-packages/oslo_config/cfg.py:3242}}
Jul 07 06:24:22.359598 np0000004706 devstack@g-api.service[99486]: DEBUG glance.common.config [None req-ab50d544-7594-406f-a78d-c14e454a319c None None] worker_self_reference_url = http://127.0.0.1:60999 {{(pid=99486) log_opt_values /opt/stack/data/venv/lib/python3.12/site-packages/oslo_config/cfg.py:3242}}
Jul 07 06:24:22.359598 np0000004706 devstack@g-api.service[99486]: DEBUG glance.common.config [None req-ab50d544-7594-406f-a78d-c14e454a319c None None] oslo_concurrency.disable_process_locking = False {{(pid=99486) log_opt_values /opt/stack/data/venv/lib/python3.12/site-packages/oslo_config/cfg.py:3253}}
Jul 07 06:24:22.359819 np0000004706 devstack@g-api.service[99486]: DEBUG glance.common.config [None req-ab50d544-7594-406f-a78d-c14e454a319c None None] oslo_concurrency.lock_path = /opt/stack/data/glance/locks {{(pid=99486) log_opt_values /opt/stack/data/venv/lib/python3.12/site-packages/oslo_config/cfg.py:3253}}
Jul 07 06:24:22.359819 np0000004706 devstack@g-api.service[99486]: DEBUG glance.common.config [None req-ab50d544-7594-406f-a78d-c14e454a319c None None] oslo_middleware.enable_proxy_headers_parsing = False {{(pid=99486) log_opt_values /opt/stack/data/venv/lib/python3.12/site-packages/oslo_config/cfg.py:3253}}
Jul 07 06:24:22.359819 np0000004706 devstack@g-api.service[99486]: DEBUG glance.common.config [None req-ab50d544-7594-406f-a78d-c14e454a319c None None] oslo_middleware.http_basic_auth_user_file = /etc/htpasswd {{(pid=99486) log_opt_values /opt/stack/data/venv/lib/python3.12/site-packages/oslo_config/cfg.py:3253}}
Jul 07 06:24:22.359819 np0000004706 devstack@g-api.service[99486]: DEBUG glance.common.config [None req-ab50d544-7594-406f-a78d-c14e454a319c None None] paste_deploy.config_file = None {{(pid=99486) log_opt_values /opt/stack/data/venv/lib/python3.12/site-packages/oslo_config/cfg.py:3253}}
Jul 07 06:24:22.359819 np0000004706 devstack@g-api.service[99486]: DEBUG glance.common.config [None req-ab50d544-7594-406f-a78d-c14e454a319c None None] paste_deploy.flavor = keystone+cachemanagement {{(pid=99486) log_opt_values /opt/stack/data/venv/lib/python3.12/site-packages/oslo_config/cfg.py:3253}}
Jul 07 06:24:22.359819 np0000004706 devstack@g-api.service[99486]: DEBUG glance.common.config [None req-ab50d544-7594-406f-a78d-c14e454a319c None None] image_format.container_formats = ['ami', 'ari', 'aki', 'bare', 'ovf', 'ova', 'docker', 'compressed'] {{(pid=99486) log_opt_values /opt/stack/data/venv/lib/python3.12/site-packages/oslo_config/cfg.py:3253}}
Jul 07 06:24:22.360053 np0000004706 devstack@g-api.service[99486]: DEBUG glance.common.config [None req-ab50d544-7594-406f-a78d-c14e454a319c None None] image_format.disk_formats = ['ami', 'ari', 'aki', 'vhd', 'vhdx', 'vmdk', 'raw', 'qcow2', 'vdi', 'iso', 'ploop'] {{(pid=99486) log_opt_values /opt/stack/data/venv/lib/python3.12/site-packages/oslo_config/cfg.py:3253}}
Jul 07 06:24:22.360053 np0000004706 devstack@g-api.service[99486]: DEBUG glance.common.config [None req-ab50d544-7594-406f-a78d-c14e454a319c None None] image_format.gpt_safety_checks_nonfatal = [] {{(pid=99486) log_opt_values /opt/stack/data/venv/lib/python3.12/site-packages/oslo_config/cfg.py:3253}}
Jul 07 06:24:22.360053 np0000004706 devstack@g-api.service[99486]: DEBUG glance.common.config [None req-ab50d544-7594-406f-a78d-c14e454a319c None None] image_format.require_image_format_match = True {{(pid=99486) log_opt_values /opt/stack/data/venv/lib/python3.12/site-packages/oslo_config/cfg.py:3253}}
Jul 07 06:24:22.360053 np0000004706 devstack@g-api.service[99486]: DEBUG glance.common.config [None req-ab50d544-7594-406f-a78d-c14e454a319c None None] image_format.vmdk_allowed_types = ['streamOptimized', 'monolithicSparse'] {{(pid=99486) log_opt_values /opt/stack/data/venv/lib/python3.12/site-packages/oslo_config/cfg.py:3253}}
Jul 07 06:24:22.360053 np0000004706 devstack@g-api.service[99486]: DEBUG glance.common.config [None req-ab50d544-7594-406f-a78d-c14e454a319c None None] task.task_executor = taskflow {{(pid=99486) log_opt_values /opt/stack/data/venv/lib/python3.12/site-packages/oslo_config/cfg.py:3253}}
Jul 07 06:24:22.360053 np0000004706 devstack@g-api.service[99486]: DEBUG glance.common.config [None req-ab50d544-7594-406f-a78d-c14e454a319c None None] task.task_time_to_live = 48 {{(pid=99486) log_opt_values /opt/stack/data/venv/lib/python3.12/site-packages/oslo_config/cfg.py:3253}}
Jul 07 06:24:22.360053 np0000004706 devstack@g-api.service[99486]: DEBUG glance.common.config [None req-ab50d544-7594-406f-a78d-c14e454a319c None None] task.work_dir = None {{(pid=99486) log_opt_values /opt/stack/data/venv/lib/python3.12/site-packages/oslo_config/cfg.py:3253}}
Jul 07 06:24:22.360202 np0000004706 devstack@g-api.service[99486]: DEBUG glance.common.config [None req-ab50d544-7594-406f-a78d-c14e454a319c None None] wsgi.python_interpreter = /opt/stack/data/venv/bin/python3 {{(pid=99486) log_opt_values /opt/stack/data/venv/lib/python3.12/site-packages/oslo_config/cfg.py:3253}}
Jul 07 06:24:22.360202 np0000004706 devstack@g-api.service[99486]: DEBUG glance.common.config [None req-ab50d544-7594-406f-a78d-c14e454a319c None None] wsgi.task_pool_threads = 16 {{(pid=99486) log_opt_values /opt/stack/data/venv/lib/python3.12/site-packages/oslo_config/cfg.py:3253}}
Jul 07 06:24:22.360202 np0000004706 devstack@g-api.service[99486]: DEBUG glance.common.config [None req-ab50d544-7594-406f-a78d-c14e454a319c None None] import_filtering_opts.allowed_hosts = [] {{(pid=99486) log_opt_values /opt/stack/data/venv/lib/python3.12/site-packages/oslo_config/cfg.py:3253}}
Jul 07 06:24:22.360202 np0000004706 devstack@g-api.service[99486]: DEBUG glance.common.config [None req-ab50d544-7594-406f-a78d-c14e454a319c None None] import_filtering_opts.allowed_ports = [80, 443] {{(pid=99486) log_opt_values /opt/stack/data/venv/lib/python3.12/site-packages/oslo_config/cfg.py:3253}}
Jul 07 06:24:22.360202 np0000004706 devstack@g-api.service[99486]: DEBUG glance.common.config [None req-ab50d544-7594-406f-a78d-c14e454a319c None None] import_filtering_opts.allowed_schemes = ['http', 'https'] {{(pid=99486) log_opt_values /opt/stack/data/venv/lib/python3.12/site-packages/oslo_config/cfg.py:3253}}
Jul 07 06:24:22.360202 np0000004706 devstack@g-api.service[99486]: DEBUG glance.common.config [None req-ab50d544-7594-406f-a78d-c14e454a319c None None] import_filtering_opts.disallowed_hosts = [] {{(pid=99486) log_opt_values /opt/stack/data/venv/lib/python3.12/site-packages/oslo_config/cfg.py:3253}}
Jul 07 06:24:22.360202 np0000004706 devstack@g-api.service[99486]: DEBUG glance.common.config [None req-ab50d544-7594-406f-a78d-c14e454a319c None None] import_filtering_opts.disallowed_ports = [] {{(pid=99486) log_opt_values /opt/stack/data/venv/lib/python3.12/site-packages/oslo_config/cfg.py:3253}}
Jul 07 06:24:22.360353 np0000004706 devstack@g-api.service[99486]: DEBUG glance.common.config [None req-ab50d544-7594-406f-a78d-c14e454a319c None None] import_filtering_opts.disallowed_schemes = [] {{(pid=99486) log_opt_values /opt/stack/data/venv/lib/python3.12/site-packages/oslo_config/cfg.py:3253}}
Jul 07 06:24:22.360353 np0000004706 devstack@g-api.service[99486]: DEBUG glance.common.config [None req-ab50d544-7594-406f-a78d-c14e454a319c None None] oslo_messaging_metrics.metrics_buffer_size = 1000 {{(pid=99486) log_opt_values /opt/stack/data/venv/lib/python3.12/site-packages/oslo_config/cfg.py:3253}}
Jul 07 06:24:22.360353 np0000004706 devstack@g-api.service[99486]: DEBUG glance.common.config [None req-ab50d544-7594-406f-a78d-c14e454a319c None None] oslo_messaging_metrics.metrics_enabled = False {{(pid=99486) log_opt_values /opt/stack/data/venv/lib/python3.12/site-packages/oslo_config/cfg.py:3253}}
Jul 07 06:24:22.360353 np0000004706 devstack@g-api.service[99486]: DEBUG glance.common.config [None req-ab50d544-7594-406f-a78d-c14e454a319c None None] oslo_messaging_metrics.metrics_process_name = {{(pid=99486) log_opt_values /opt/stack/data/venv/lib/python3.12/site-packages/oslo_config/cfg.py:3253}}
Jul 07 06:24:22.360353 np0000004706 devstack@g-api.service[99486]: DEBUG glance.common.config [None req-ab50d544-7594-406f-a78d-c14e454a319c None None] oslo_messaging_metrics.metrics_socket_file = /var/tmp/metrics_collector.sock {{(pid=99486) log_opt_values /opt/stack/data/venv/lib/python3.12/site-packages/oslo_config/cfg.py:3253}}
Jul 07 06:24:22.360353 np0000004706 devstack@g-api.service[99486]: DEBUG glance.common.config [None req-ab50d544-7594-406f-a78d-c14e454a319c None None] oslo_messaging_metrics.metrics_thread_stop_timeout = 10 {{(pid=99486) log_opt_values /opt/stack/data/venv/lib/python3.12/site-packages/oslo_config/cfg.py:3253}}
