Jul 07 06:23:36.459314 np0000004706 devstack@placement-api.service[89768]: DEBUG oslo_concurrency.lockutils [-] Acquiring lock "resource_classes_sync" {{(pid=89768) lock /opt/stack/data/venv/lib/python3.12/site-packages/oslo_concurrency/lockutils.py:395}}
Jul 07 06:23:36.459314 np0000004706 devstack@placement-api.service[89768]: DEBUG oslo_concurrency.lockutils [-] Acquired lock "resource_classes_sync" {{(pid=89768) lock /opt/stack/data/venv/lib/python3.12/site-packages/oslo_concurrency/lockutils.py:398}}
Jul 07 06:23:36.460269 np0000004706 devstack@placement-api.service[89767]: DEBUG placement.objects.resource_class [-] Found existing resource classes in db: ['DISK_GB', 'FPGA', 'IPV4_ADDRESS', 'MEMORY_MB', 'MEM_ENCRYPTION_CONTEXT', 'NET_BW_EGR_KILOBIT_PER_SEC', 'NET_BW_IGR_KILOBIT_PER_SEC', 'NET_PACKET_RATE_EGR_KILOPACKET_PER_SEC', 'NET_PACKET_RATE_IGR_KILOPACKET_PER_SEC', 'NET_PACKET_RATE_KILOPACKET_PER_SEC', 'NUMA_CORE', 'NUMA_MEMORY_MB', 'NUMA_SOCKET', 'NUMA_THREAD', 'PCI_DEVICE', 'PCPU', 'PGPU', 'SRIOV_NET_VF', 'VCPU', 'VGPU', 'VGPU_DISPLAY_HEAD'] {{(pid=89767) _resource_classes_sync /opt/stack/placement/placement/objects/resource_class.py:233}}
Jul 07 06:23:36.460805 np0000004706 devstack@placement-api.service[89767]: DEBUG oslo_concurrency.lockutils [-] Releasing lock "resource_classes_sync" {{(pid=89767) lock /opt/stack/data/venv/lib/python3.12/site-packages/oslo_concurrency/lockutils.py:418}}
Jul 07 06:23:36.460902 np0000004706 devstack@placement-api.service[89767]: WSGI app 0 (mountpoint='') ready in 2 seconds on interpreter 0x76b2bf6a4668 pid: 89767 (default app)
Jul 07 06:23:36.461225 np0000004706 devstack@placement-api.service[89768]: DEBUG placement.objects.resource_class [-] Found existing resource classes in db: ['DISK_GB', 'FPGA', 'IPV4_ADDRESS', 'MEMORY_MB', 'MEM_ENCRYPTION_CONTEXT', 'NET_BW_EGR_KILOBIT_PER_SEC', 'NET_BW_IGR_KILOBIT_PER_SEC', 'NET_PACKET_RATE_EGR_KILOPACKET_PER_SEC', 'NET_PACKET_RATE_IGR_KILOPACKET_PER_SEC', 'NET_PACKET_RATE_KILOPACKET_PER_SEC', 'NUMA_CORE', 'NUMA_MEMORY_MB', 'NUMA_SOCKET', 'NUMA_THREAD', 'PCI_DEVICE', 'PCPU', 'PGPU', 'SRIOV_NET_VF', 'VCPU', 'VGPU', 'VGPU_DISPLAY_HEAD'] {{(pid=89768) _resource_classes_sync /opt/stack/placement/placement/objects/resource_class.py:233}}
Jul 07 06:23:36.461839 np0000004706 devstack@placement-api.service[89768]: DEBUG oslo_concurrency.lockutils [-] Releasing lock "resource_classes_sync" {{(pid=89768) lock /opt/stack/data/venv/lib/python3.12/site-packages/oslo_concurrency/lockutils.py:418}}
Jul 07 06:23:36.461940 np0000004706 devstack@placement-api.service[89768]: WSGI app 0 (mountpoint='') ready in 2 seconds on interpreter 0x76b2bf6a4668 pid: 89768 (default app)
Jul 07 06:23:45.460329 np0000004706 devstack@placement-api.service[89769]: DEBUG dbcounter [-] [89769] Writing DB stats placement:SELECT=2,placement:INSERT=2,placement:SET=1 {{(pid=89769) stat_writer /opt/stack/data/venv/lib/python3.12/site-packages/dbcounter.py:115}}
Jul 07 06:23:46.460129 np0000004706 devstack@placement-api.service[89767]: DEBUG dbcounter [-] [89767] Writing DB stats placement:SELECT=3,placement:INSERT=1 {{(pid=89767) stat_writer /opt/stack/data/venv/lib/python3.12/site-packages/dbcounter.py:115}}
Jul 07 06:23:46.461077 np0000004706 devstack@placement-api.service[89768]: DEBUG dbcounter [-] [89768] Writing DB stats placement:SELECT=3,placement:INSERT=1 {{(pid=89768) stat_writer /opt/stack/data/venv/lib/python3.12/site-packages/dbcounter.py:115}}
Jul 07 06:23:57.908452 np0000004706 devstack@placement-api.service[89769]: DEBUG placement.requestlog [None req-1c80e1c8-cd6c-4d6b-8d0e-cecb519bf945 None None] Starting request: 10.4.3.231 "GET /placement/" {{(pid=89769) __call__ /opt/stack/placement/placement/requestlog.py:55}}
Jul 07 06:23:57.909726 np0000004706 devstack@placement-api.service[89769]: INFO placement.requestlog [None req-1c80e1c8-cd6c-4d6b-8d0e-cecb519bf945 None None] 10.4.3.231 "GET /placement/" status: 200 len: 136 microversion: 1.0
Jul 07 06:23:57.909726 np0000004706 devstack@placement-api.service[89769]: [pid: 89769|app: 0|req: 2/2] 10.4.3.231 () {62 vars in 1037 bytes} [Tue Jul 7 06:23:57 2026] GET /placement => generated 136 bytes in 1 msecs (HTTP/1.1 200) 6 headers in 224 bytes (1 switches on core 0)
Jul 07 06:24:02.994416 np0000004706 devstack@placement-api.service[89767]: DEBUG placement.requestlog [None req-c0c41a06-0b3d-469d-8c46-75d92f8572fb None None] Starting request: 10.4.3.231 "GET /placement/" {{(pid=89767) __call__ /opt/stack/placement/placement/requestlog.py:55}}
Jul 07 06:24:02.999705 np0000004706 devstack@placement-api.service[89767]: INFO placement.requestlog [None req-c0c41a06-0b3d-469d-8c46-75d92f8572fb None None] 10.4.3.231 "GET /placement/" status: 200 len: 136 microversion: 1.0
Jul 07 06:24:02.999914 np0000004706 devstack@placement-api.service[89767]: [pid: 89767|app: 0|req: 1/3] 10.4.3.231 () {62 vars in 1037 bytes} [Tue Jul 7 06:24:02 2026] GET /placement => generated 136 bytes in 6 msecs (HTTP/1.1 200) 6 headers in 224 bytes (1 switches on core 0)
Jul 07 06:24:04.329840 np0000004706 devstack@placement-api.service[89768]: DEBUG placement.requestlog [None req-bca484b9-de5f-4de2-a156-45755427a2fa None None] Starting request: 10.4.3.231 "GET /placement/" {{(pid=89768) __call__ /opt/stack/placement/placement/requestlog.py:55}}
Jul 07 06:24:04.338298 np0000004706 devstack@placement-api.service[89768]: INFO placement.requestlog [None req-bca484b9-de5f-4de2-a156-45755427a2fa None None] 10.4.3.231 "GET /placement/" status: 200 len: 136 microversion: 1.0
Jul 07 06:24:04.338590 np0000004706 devstack@placement-api.service[89768]: [pid: 89768|app: 0|req: 1/4] 10.4.3.231 () {62 vars in 1037 bytes} [Tue Jul 7 06:24:04 2026] GET /placement => generated 136 bytes in 9 msecs (HTTP/1.1 200) 6 headers in 224 bytes (1 switches on core 0)
Jul 07 06:24:07.579599 np0000004706 devstack@placement-api.service[89769]: DEBUG placement.requestlog [None req-d7e2d584-e0ab-4aa8-93b4-0b2397b1fa72 None None] Starting request: 10.4.3.231 "GET /placement/" {{(pid=89769) __call__ /opt/stack/placement/placement/requestlog.py:55}}
Jul 07 06:24:07.580237 np0000004706 devstack@placement-api.service[89769]: INFO placement.requestlog [None req-d7e2d584-e0ab-4aa8-93b4-0b2397b1fa72 None None] 10.4.3.231 "GET /placement/" status: 200 len: 136 microversion: 1.0
Jul 07 06:24:07.580358 np0000004706 devstack@placement-api.service[89769]: [pid: 89769|app: 0|req: 3/5] 10.4.3.231 () {62 vars in 1035 bytes} [Tue Jul 7 06:24:07 2026] GET /placement => generated 136 bytes in 1 msecs (HTTP/1.1 200) 6 headers in 224 bytes (1 switches on core 0)
Jul 07 06:24:27.352354 np0000004706 devstack@placement-api.service[89767]: DEBUG placement.requestlog [req-6c16c056-9fe4-4eee-b9b0-1db4c90902fe req-48d7ca6e-7df7-471d-a2d1-9c8f67f2a98d None None] Starting request: 10.4.3.231 "GET /placement/resource_providers?in_tree=a91e4fdf-2bc6-4999-8e2b-b28fede807e1" {{(pid=89767) __call__ /opt/stack/placement/placement/requestlog.py:55}}
Jul 07 06:24:27.735087 np0000004706 devstack@placement-api.service[89767]: INFO placement.requestlog [req-6c16c056-9fe4-4eee-b9b0-1db4c90902fe req-48d7ca6e-7df7-471d-a2d1-9c8f67f2a98d service nova] 10.4.3.231 "GET /placement/resource_providers?in_tree=a91e4fdf-2bc6-4999-8e2b-b28fede807e1" status: 200 len: 26 microversion: 1.14
Jul 07 06:24:27.735451 np0000004706 devstack@placement-api.service[89767]: [pid: 89767|app: 0|req: 2/6] 10.4.3.231 () {68 vars in 1498 bytes} [Tue Jul 7 06:24:27 2026] GET /placement/resource_providers?in_tree=a91e4fdf-2bc6-4999-8e2b-b28fede807e1 => generated 26 bytes in 383 msecs (HTTP/1.1 200) 6 headers in 224 bytes (1 switches on core 0)
Jul 07 06:24:27.761823 np0000004706 devstack@placement-api.service[89768]: DEBUG placement.requestlog [req-6c16c056-9fe4-4eee-b9b0-1db4c90902fe req-9cae200c-14e2-4f05-bcef-9d2182342838 None None] Starting request: 10.4.3.231 "POST /placement/resource_providers" {{(pid=89768) __call__ /opt/stack/placement/placement/requestlog.py:55}}
Jul 07 06:24:27.799100 np0000004706 devstack@placement-api.service[89768]: INFO placement.requestlog [req-6c16c056-9fe4-4eee-b9b0-1db4c90902fe req-9cae200c-14e2-4f05-bcef-9d2182342838 service nova] 10.4.3.231 "POST /placement/resource_providers" status: 200 len: 835 microversion: 1.20
Jul 07 06:24:27.799339 np0000004706 devstack@placement-api.service[89768]: [pid: 89768|app: 0|req: 2/7] 10.4.3.231 () {72 vars in 1462 bytes} [Tue Jul 7 06:24:27 2026] POST /placement/resource_providers => generated 835 bytes in 38 msecs (HTTP/1.1 200) 9 headers in 392 bytes (1 switches on core 0)
Jul 07 06:24:27.842738 np0000004706 devstack@placement-api.service[89769]: DEBUG placement.requestlog [req-6c16c056-9fe4-4eee-b9b0-1db4c90902fe req-0c1790c8-d6da-4993-8049-3d05fd773dff None None] Starting request: 10.4.3.231 "GET /placement/resource_providers/a91e4fdf-2bc6-4999-8e2b-b28fede807e1/allocations" {{(pid=89769) __call__ /opt/stack/placement/placement/requestlog.py:55}}
Jul 07 06:24:27.859076 np0000004706 devstack@placement-api.service[89769]: INFO placement.requestlog [req-6c16c056-9fe4-4eee-b9b0-1db4c90902fe req-0c1790c8-d6da-4993-8049-3d05fd773dff service nova] 10.4.3.231 "GET /placement/resource_providers/a91e4fdf-2bc6-4999-8e2b-b28fede807e1/allocations" status: 200 len: 54 microversion: 1.0
Jul 07 06:24:27.859281 np0000004706 devstack@placement-api.service[89769]: [pid: 89769|app: 0|req: 4/8] 10.4.3.231 () {66 vars in 1512 bytes} [Tue Jul 7 06:24:27 2026] GET /placement/resource_providers/a91e4fdf-2bc6-4999-8e2b-b28fede807e1/allocations => generated 54 bytes in 16 msecs (HTTP/1.1 200) 6 headers in 223 bytes (1 switches on core 0)
Jul 07 06:24:28.409353 np0000004706 devstack@placement-api.service[89767]: DEBUG placement.requestlog [req-6c16c056-9fe4-4eee-b9b0-1db4c90902fe req-6c297308-d6b6-433a-8c1e-801a1c79aa53 None None] Starting request: 10.4.3.231 "PUT /placement/resource_providers/a91e4fdf-2bc6-4999-8e2b-b28fede807e1/inventories" {{(pid=89767) __call__ /opt/stack/placement/placement/requestlog.py:55}}
Jul 07 06:24:28.436012 np0000004706 devstack@placement-api.service[89767]: INFO placement.requestlog [req-6c16c056-9fe4-4eee-b9b0-1db4c90902fe req-6c297308-d6b6-433a-8c1e-801a1c79aa53 service nova] 10.4.3.231 "PUT /placement/resource_providers/a91e4fdf-2bc6-4999-8e2b-b28fede807e1/inventories" status: 200 len: 398 microversion: 1.26
Jul 07 06:24:28.436263 np0000004706 devstack@placement-api.service[89767]: [pid: 89767|app: 0|req: 3/9] 10.4.3.231 () {72 vars in 1609 bytes} [Tue Jul 7 06:24:28 2026] PUT /placement/resource_providers/a91e4fdf-2bc6-4999-8e2b-b28fede807e1/inventories => generated 398 bytes in 27 msecs (HTTP/1.1 200) 8 headers in 296 bytes (1 switches on core 0)
Jul 07 06:24:28.477515 np0000004706 devstack@placement-api.service[89768]: DEBUG placement.requestlog [req-6c16c056-9fe4-4eee-b9b0-1db4c90902fe req-ac165834-656d-4b72-981a-2bb0df64c566 None None] Starting request: 10.4.3.231 "GET /placement/traits?name=in:COMPUTE_SECURITY_UEFI_SECURE_BOOT,COMPUTE_NET_VIF_MODEL_PCNET,COMPUTE_SOUND_MODEL_ES1370,COMPUTE_IMAGE_TYPE_ISO,HW_CPU_X86_SSE42,COMPUTE_STORAGE_BUS_FDC,COMPUTE_STORAGE_BUS_USB,HW_CPU_X86_MMX,COMPUTE_STORAGE_BUS_SATA,COMPUTE_NET_VIF_MODEL_LAN9118,COMPUTE_STORAGE_VIRTIO_FS,COMPUTE_STORAGE_BUS_IDE,COMPUTE_NET_VIF_MODEL_IGB,COMPUTE_ARCH_PPC64LE,COMPUTE_GRAPHICS_MODEL_VMVGA,COMPUTE_GRAPHICS_MODEL_VGA,COMPUTE_VOLUME_EXTEND,COMPUTE_NET_VIF_MODEL_NE2K_PCI,COMPUTE_IMAGE_TYPE_AMI,COMPUTE_GRAPHICS_MODEL_VIRTIO,COMPUTE_IMAGE_TYPE_RAW,COMPUTE_NET_ATTACH_INTERFACE,COMPUTE_IMAGE_TYPE_AKI,COMPUTE_VIOMMU_MODEL_AUTO,HW_ARCH_X86_64,COMPUTE_SOUND_MODEL_USB,COMPUTE_TRUSTED_CERTS,COMPUTE_GRAPHICS_MODEL_BOCHS,COMPUTE_NET_VIF_MODEL_E1000,COMPUTE_SOUND_MODEL_PCSPK,HW_CPU_X86_SSE2,COMPUTE_ARCH_MIPSEL,COMPUTE_NET_VIF_MODEL_VIRTIO,COMPUTE_NET_VIRTIO_PACKED,COMPUTE_ACCELERATORS,HW_CPU_X86_SSE,COMPUTE_IMAGE_TYPE_QCOW2,COMPUTE_SOUND_MODEL_SB16,COMPUTE_NET_VIF_MODEL_SPAPR_VLAN,COMPUTE_ARCH_X86_64,COMPUTE_STORAGE_BUS_SCSI,COMPUTE_VIOMMU_MODEL_INTEL,COMPUTE_NET_VIF_MODEL_E1000E,HW_CPU_X86_SSE41,COMPUTE_NET_VIF_MODEL_VMXNET3,COMPUTE_ADDRESS_SPACE_EMULATED,COMPUTE_SOUND_MODEL_AC97,COMPUTE_NET_VIF_MODEL_RTL8139,COMPUTE_NET_ATTACH_INTERFACE_WITH_TAG,COMPUTE_VOLUME_MULTI_ATTACH,COMPUTE_VOLUME_ATTACH_WITH_TAG,COMPUTE_GRAPHICS_MODEL_QXL,COMPUTE_SOUND_MODEL_ICH9,COMPUTE_IMAGE_TYPE_ARI,COMPUTE_GRAPHICS_MODEL_CIRRUS,COMPUTE_ARCH_AARCH64,COMPUTE_ARCH_S390X,COMPUTE_VIOMMU_MODEL_VIRTIO,COMPUTE_VIOMMU_MODEL_SMMUV3,COMPUTE_GRAPHICS_MODEL_NONE,COMPUTE_ADDRESS_SPACE_PASSTHROUGH,COMPUTE_ARCH_RISCV64,COMPUTE_NODE,COMPUTE_STORAGE_BUS_VIRTIO,HW_CPU_X86_SSSE3,COMPUTE_SOCKET_PCI_NUMA_AFFINITY,COMPUTE_RESCUE_BFV,COMPUTE_SECURITY_STATELESS_FIRMWARE,COMPUTE_SOUND_MODEL_ICH6,COMPUTE_DEVICE_TAGGING" {{(pid=89768) __call__ /opt/stack/placement/placement/requestlog.py:55}}
Jul 07 06:24:28.487791 np0000004706 devstack@placement-api.service[89768]: INFO placement.requestlog [req-6c16c056-9fe4-4eee-b9b0-1db4c90902fe req-ac165834-656d-4b72-981a-2bb0df64c566 service nova] 10.4.3.231 "GET /placement/traits?name=in:COMPUTE_SECURITY_UEFI_SECURE_BOOT,COMPUTE_NET_VIF_MODEL_PCNET,COMPUTE_SOUND_MODEL_ES1370,COMPUTE_IMAGE_TYPE_ISO,HW_CPU_X86_SSE42,COMPUTE_STORAGE_BUS_FDC,COMPUTE_STORAGE_BUS_USB,HW_CPU_X86_MMX,COMPUTE_STORAGE_BUS_SATA,COMPUTE_NET_VIF_MODEL_LAN9118,COMPUTE_STORAGE_VIRTIO_FS,COMPUTE_STORAGE_BUS_IDE,COMPUTE_NET_VIF_MODEL_IGB,COMPUTE_ARCH_PPC64LE,COMPUTE_GRAPHICS_MODEL_VMVGA,COMPUTE_GRAPHICS_MODEL_VGA,COMPUTE_VOLUME_EXTEND,COMPUTE_NET_VIF_MODEL_NE2K_PCI,COMPUTE_IMAGE_TYPE_AMI,COMPUTE_GRAPHICS_MODEL_VIRTIO,COMPUTE_IMAGE_TYPE_RAW,COMPUTE_NET_ATTACH_INTERFACE,COMPUTE_IMAGE_TYPE_AKI,COMPUTE_VIOMMU_MODEL_AUTO,HW_ARCH_X86_64,COMPUTE_SOUND_MODEL_USB,COMPUTE_TRUSTED_CERTS,COMPUTE_GRAPHICS_MODEL_BOCHS,COMPUTE_NET_VIF_MODEL_E1000,COMPUTE_SOUND_MODEL_PCSPK,HW_CPU_X86_SSE2,COMPUTE_ARCH_MIPSEL,COMPUTE_NET_VIF_MODEL_VIRTIO,COMPUTE_NET_VIRTIO_PACKED,COMPUTE_ACCELERATORS,HW_CPU_X86_SSE,COMPUTE_IMAGE_TYPE_QCOW2,COMPUTE_SOUND_MODEL_SB16,COMPUTE_NET_VIF_MODEL_SPAPR_VLAN,COMPUTE_ARCH_X86_64,COMPUTE_STORAGE_BUS_SCSI,COMPUTE_VIOMMU_MODEL_INTEL,COMPUTE_NET_VIF_MODEL_E1000E,HW_CPU_X86_SSE41,COMPUTE_NET_VIF_MODEL_VMXNET3,COMPUTE_ADDRESS_SPACE_EMULATED,COMPUTE_SOUND_MODEL_AC97,COMPUTE_NET_VIF_MODEL_RTL8139,COMPUTE_NET_ATTACH_INTERFACE_WITH_TAG,COMPUTE_VOLUME_MULTI_ATTACH,COMPUTE_VOLUME_ATTACH_WITH_TAG,COMPUTE_GRAPHICS_MODEL_QXL,COMPUTE_SOUND_MODEL_ICH9,COMPUTE_IMAGE_TYPE_ARI,COMPUTE_GRAPHICS_MODEL_CIRRUS,COMPUTE_ARCH_AARCH64,COMPUTE_ARCH_S390X,COMPUTE_VIOMMU_MODEL_VIRTIO,COMPUTE_VIOMMU_MODEL_SMMUV3,COMPUTE_GRAPHICS_MODEL_NONE,COMPUTE_ADDRESS_SPACE_PASSTHROUGH,COMPUTE_ARCH_RISCV64,COMPUTE_NODE,COMPUTE_STORAGE_BUS_VIRTIO,HW_CPU_X86_SSSE3,COMPUTE_SOCKET_PCI_NUMA_AFFINITY,COMPUTE_RESCUE_BFV,COMPUTE_SECURITY_STATELESS_FIRMWARE,COMPUTE_SOUND_MODEL_ICH6,COMPUTE_DEVICE_TAGGING" status: 200 len: 1991 microversion: 1.6
Jul 07 06:24:28.488016 np0000004706 devstack@placement-api.service[89768]: [pid: 89768|app: 0|req: 3/10] 10.4.3.231 () {68 vars in 4925 bytes} [Tue Jul 7 06:24:28 2026] GET /placement/traits?name=in:COMPUTE_SECURITY_UEFI_SECURE_BOOT,COMPUTE_NET_VIF_MODEL_PCNET,COMPUTE_SOUND_MODEL_ES1370,COMPUTE_IMAGE_TYPE_ISO,HW_CPU_X86_SSE42,COMPUTE_STORAGE_BUS_FDC,COMPUTE_STORAGE_BUS_USB,HW_CPU_X86_MMX,COMPUTE_STORAGE_BUS_SATA,COMPUTE_NET_VIF_MODEL_LAN9118,COMPUTE_STORAGE_VIRTIO_FS,COMPUTE_STORAGE_BUS_IDE,COMPUTE_NET_VIF_MODEL_IGB,COMPUTE_ARCH_PPC64LE,COMPUTE_GRAPHICS_MODEL_VMVGA,COMPUTE_GRAPHICS_MODEL_VGA,COMPUTE_VOLUME_EXTEND,COMPUTE_NET_VIF_MODEL_NE2K_PCI,COMPUTE_IMAGE_TYPE_AMI,COMPUTE_GRAPHICS_MODEL_VIRTIO,COMPUTE_IMAGE_TYPE_RAW,COMPUTE_NET_ATTACH_INTERFACE,COMPUTE_IMAGE_TYPE_AKI,COMPUTE_VIOMMU_MODEL_AUTO,HW_ARCH_X86_64,COMPUTE_SOUND_MODEL_USB,COMPUTE_TRUSTED_CERTS,COMPUTE_GRAPHICS_MODEL_BOCHS,COMPUTE_NET_VIF_MODEL_E1000,COMPUTE_SOUND_MODEL_PCSPK,HW_CPU_X86_SSE2,COMPUTE_ARCH_MIPSEL,COMPUTE_NET_VIF_MODEL_VIRTIO,COMPUTE_NET_VIRTIO_PACKED,COMPUTE_ACCELERATORS,HW_CPU_X86_SSE,COMPUTE_IMAGE_TYPE_QCOW2,COMPUTE_SOUND_MODEL_SB16,COMPUTE_NET_VIF_MODEL_SPAPR_VLAN,COMPUTE_ARCH_X86_64,COMPUTE_STORAGE_BUS_SCSI,COMPUTE_VIOMMU_MODEL_INTEL,COMPUTE_NET_VIF_MODEL_E1000E,HW_CPU_X86_SSE41,COMPUTE_NET_VIF_MODEL_VMXNET3,COMPUTE_ADDRESS_SPACE_EMULATED,COMPUTE_SOUND_MODEL_AC97,COMPUTE_NET_VIF_MODEL_RTL8139,COMPUTE_NET_ATTACH_INTERFACE_WITH_TAG,COMPUTE_VOLUME_MULTI_ATTACH,COMPUTE_VOLUME_ATTACH_WITH_TAG,COMPUTE_GRAPHICS_MODEL_QXL,COMPUTE_SOUND_MODEL_ICH9,COMPUTE_IMAGE_TYPE_ARI,COMPUTE_GRAPHICS_MODEL_CIRRUS,COMPUTE_ARCH_AARCH64,COMPUTE_ARCH_S390X,COMPUTE_VIOMMU_MODEL_VIRTIO,COMPUTE_VIOMMU_MODEL_SMMUV3,COMPUTE_GRAPHICS_MODEL_NONE,COMPUTE_ADDRESS_SPACE_PASSTHROUGH,COMPUTE_ARCH_RISCV64,COMPUTE_NODE,COMPUTE_STORAGE_BUS_VIRTIO,HW_CPU_X86_SSSE3,COMPUTE_SOCKET_PCI_NUMA_AFFINITY,COMPUTE_RESCUE_BFV,COMPUTE_SECURITY_STATELESS_FIRMWARE,COMPUTE_SOUND_MODEL_ICH6,COMPUTE_DEVICE_TAGGING => generated 1991 bytes in 11 msecs (HTTP/1.1 200) 6 headers in 225 bytes (1 switches on core 0)
Jul 07 06:24:28.526845 np0000004706 devstack@placement-api.service[89769]: DEBUG placement.requestlog [req-6c16c056-9fe4-4eee-b9b0-1db4c90902fe req-6d1473cd-a706-4901-badb-531ad092339a None None] Starting request: 10.4.3.231 "PUT /placement/resource_providers/a91e4fdf-2bc6-4999-8e2b-b28fede807e1/traits" {{(pid=89769) __call__ /opt/stack/placement/placement/requestlog.py:55}}
Jul 07 06:24:28.596524 np0000004706 devstack@placement-api.service[89769]: INFO placement.requestlog [req-6c16c056-9fe4-4eee-b9b0-1db4c90902fe req-6d1473cd-a706-4901-badb-531ad092339a service nova] 10.4.3.231 "PUT /placement/resource_providers/a91e4fdf-2bc6-4999-8e2b-b28fede807e1/traits" status: 200 len: 2026 microversion: 1.6
Jul 07 06:24:28.596802 np0000004706 devstack@placement-api.service[89769]: [pid: 89769|app: 0|req: 5/11] 10.4.3.231 () {72 vars in 1594 bytes} [Tue Jul 7 06:24:28 2026] PUT /placement/resource_providers/a91e4fdf-2bc6-4999-8e2b-b28fede807e1/traits => generated 2026 bytes in 70 msecs (HTTP/1.1 200) 6 headers in 225 bytes (1 switches on core 0)
Jul 07 06:24:38.429323 np0000004706 devstack@placement-api.service[89767]: DEBUG dbcounter [-] [89767] Writing DB stats placement:SELECT=4,placement:INSERT=3,placement:UPDATE=1 {{(pid=89767) stat_writer /opt/stack/data/venv/lib/python3.12/site-packages/dbcounter.py:115}}
Jul 07 06:24:38.484231 np0000004706 devstack@placement-api.service[89768]: DEBUG dbcounter [-] [89768] Writing DB stats placement:INSERT=1,placement:UPDATE=1,placement:SELECT=1 {{(pid=89768) stat_writer /opt/stack/data/venv/lib/python3.12/site-packages/dbcounter.py:115}}
Jul 07 06:24:38.587572 np0000004706 devstack@placement-api.service[89769]: DEBUG dbcounter [-] [89769] Writing DB stats placement:SELECT=5,placement:INSERT=70,placement:UPDATE=1 {{(pid=89769) stat_writer /opt/stack/data/venv/lib/python3.12/site-packages/dbcounter.py:115}}
Jul 07 06:24:44.531548 np0000004706 devstack@placement-api.service[89767]: DEBUG placement.requestlog [None req-65eaba45-31ea-4f49-86d2-b89bb65dd3c4 None None] Starting request: 10.4.3.231 "GET /placement//" {{(pid=89767) __call__ /opt/stack/placement/placement/requestlog.py:55}}
Jul 07 06:24:44.532061 np0000004706 devstack@placement-api.service[89767]: INFO placement.requestlog [None req-65eaba45-31ea-4f49-86d2-b89bb65dd3c4 None None] 10.4.3.231 "GET /placement//" status: 200 len: 136 microversion: 1.0
Jul 07 06:24:44.532257 np0000004706 devstack@placement-api.service[89767]: [pid: 89767|app: 0|req: 4/12] 10.4.3.231 () {64 vars in 1227 bytes} [Tue Jul 7 06:24:44 2026] GET /placement/ => generated 136 bytes in 1 msecs (HTTP/1.1 200) 6 headers in 224 bytes (1 switches on core 0)
Jul 07 06:25:08.398382 np0000004706 devstack@placement-api.service[89768]: DEBUG placement.requestlog [req-1c894fbf-b01c-4898-bb37-eb07da65a7d4 req-ae3c098f-7668-4021-b5d6-fa4fa6b4e759 None None] Starting request: 10.4.3.231 "GET /placement/resource_providers/a91e4fdf-2bc6-4999-8e2b-b28fede807e1/allocations" {{(pid=89768) __call__ /opt/stack/placement/placement/requestlog.py:55}}
Jul 07 06:25:08.410286 np0000004706 devstack@placement-api.service[89768]: INFO placement.requestlog [req-1c894fbf-b01c-4898-bb37-eb07da65a7d4 req-ae3c098f-7668-4021-b5d6-fa4fa6b4e759 service nova] 10.4.3.231 "GET /placement/resource_providers/a91e4fdf-2bc6-4999-8e2b-b28fede807e1/allocations" status: 200 len: 54 microversion: 1.0
Jul 07 06:25:08.410705 np0000004706 devstack@placement-api.service[89768]: [pid: 89768|app: 0|req: 4/13] 10.4.3.231 () {66 vars in 1512 bytes} [Tue Jul 7 06:25:08 2026] GET /placement/resource_providers/a91e4fdf-2bc6-4999-8e2b-b28fede807e1/allocations => generated 54 bytes in 12 msecs (HTTP/1.1 200) 6 headers in 223 bytes (1 switches on core 0)
Jul 07 06:25:08.436830 np0000004706 devstack@placement-api.service[89769]: DEBUG placement.requestlog [req-1c894fbf-b01c-4898-bb37-eb07da65a7d4 req-9a50ee3e-f658-44de-9ea3-47f5111d48b2 None None] Starting request: 10.4.3.231 "GET /placement/resource_providers/a91e4fdf-2bc6-4999-8e2b-b28fede807e1/allocations" {{(pid=89769) __call__ /opt/stack/placement/placement/requestlog.py:55}}
Jul 07 06:25:08.444652 np0000004706 devstack@placement-api.service[89769]: INFO placement.requestlog [req-1c894fbf-b01c-4898-bb37-eb07da65a7d4 req-9a50ee3e-f658-44de-9ea3-47f5111d48b2 service nova] 10.4.3.231 "GET /placement/resource_providers/a91e4fdf-2bc6-4999-8e2b-b28fede807e1/allocations" status: 200 len: 54 microversion: 1.0
Jul 07 06:25:08.444843 np0000004706 devstack@placement-api.service[89769]: [pid: 89769|app: 0|req: 6/14] 10.4.3.231 () {66 vars in 1512 bytes} [Tue Jul 7 06:25:08 2026] GET /placement/resource_providers/a91e4fdf-2bc6-4999-8e2b-b28fede807e1/allocations => generated 54 bytes in 8 msecs (HTTP/1.1 200) 6 headers in 223 bytes (1 switches on core 0)
Jul 07 06:25:18.408926 np0000004706 devstack@placement-api.service[89768]: DEBUG dbcounter [-] [89768] Writing DB stats placement:SELECT=2 {{(pid=89768) stat_writer /opt/stack/data/venv/lib/python3.12/site-packages/dbcounter.py:115}}
Jul 07 06:25:18.443869 np0000004706 devstack@placement-api.service[89769]: DEBUG dbcounter [-] [89769] Writing DB stats placement:SELECT=2 {{(pid=89769) stat_writer /opt/stack/data/venv/lib/python3.12/site-packages/dbcounter.py:115}}
Jul 07 06:26:11.042597 np0000004706 devstack@placement-api.service[89767]: DEBUG placement.requestlog [req-e3e3873f-c505-49d7-83c6-fe1a1b58e78b req-b55ba4fd-85a8-486d-9965-fbb8f4f91c5f None None] Starting request: 10.4.3.231 "GET /placement/resource_providers/a91e4fdf-2bc6-4999-8e2b-b28fede807e1/allocations" {{(pid=89767) __call__ /opt/stack/placement/placement/requestlog.py:55}}
Jul 07 06:26:11.054221 np0000004706 devstack@placement-api.service[89767]: INFO placement.requestlog [req-e3e3873f-c505-49d7-83c6-fe1a1b58e78b req-b55ba4fd-85a8-486d-9965-fbb8f4f91c5f service nova] 10.4.3.231 "GET /placement/resource_providers/a91e4fdf-2bc6-4999-8e2b-b28fede807e1/allocations" status: 200 len: 54 microversion: 1.0
Jul 07 06:26:11.054520 np0000004706 devstack@placement-api.service[89767]: [pid: 89767|app: 0|req: 5/15] 10.4.3.231 () {66 vars in 1512 bytes} [Tue Jul 7 06:26:11 2026] GET /placement/resource_providers/a91e4fdf-2bc6-4999-8e2b-b28fede807e1/allocations => generated 54 bytes in 12 msecs (HTTP/1.1 200) 6 headers in 223 bytes (1 switches on core 0)
Jul 07 06:26:11.084375 np0000004706 devstack@placement-api.service[89768]: DEBUG placement.requestlog [req-e3e3873f-c505-49d7-83c6-fe1a1b58e78b req-77c6e78d-944c-469e-9fac-dee9f8aea621 None None] Starting request: 10.4.3.231 "GET /placement/resource_providers/a91e4fdf-2bc6-4999-8e2b-b28fede807e1/allocations" {{(pid=89768) __call__ /opt/stack/placement/placement/requestlog.py:55}}
Jul 07 06:26:11.094106 np0000004706 devstack@placement-api.service[89768]: INFO placement.requestlog [req-e3e3873f-c505-49d7-83c6-fe1a1b58e78b req-77c6e78d-944c-469e-9fac-dee9f8aea621 service nova] 10.4.3.231 "GET /placement/resource_providers/a91e4fdf-2bc6-4999-8e2b-b28fede807e1/allocations" status: 200 len: 54 microversion: 1.0
Jul 07 06:26:11.094335 np0000004706 devstack@placement-api.service[89768]: [pid: 89768|app: 0|req: 5/16] 10.4.3.231 () {66 vars in 1512 bytes} [Tue Jul 7 06:26:11 2026] GET /placement/resource_providers/a91e4fdf-2bc6-4999-8e2b-b28fede807e1/allocations => generated 54 bytes in 10 msecs (HTTP/1.1 200) 6 headers in 223 bytes (1 switches on core 0)
Jul 07 06:26:21.053375 np0000004706 devstack@placement-api.service[89767]: DEBUG dbcounter [-] [89767] Writing DB stats placement:SELECT=2 {{(pid=89767) stat_writer /opt/stack/data/venv/lib/python3.12/site-packages/dbcounter.py:115}}
Jul 07 06:26:21.093007 np0000004706 devstack@placement-api.service[89768]: DEBUG dbcounter [-] [89768] Writing DB stats placement:SELECT=2 {{(pid=89768) stat_writer /opt/stack/data/venv/lib/python3.12/site-packages/dbcounter.py:115}}
Jul 07 06:26:35.160884 np0000004706 devstack@placement-api.service[89769]: DEBUG placement.requestlog [req-0594beaf-4490-4403-ba27-f3a7ccecb3fd req-11c2c589-e8e5-4d48-9995-eb8668f9c369 None None] Starting request: 10.4.3.231 "GET /placement/allocation_candidates?limit=1000&resources=DISK_GB%3A1%2CMEMORY_MB%3A192%2CVCPU%3A1&root_required=%21COMPUTE_STATUS_DISABLED" {{(pid=89769) __call__ /opt/stack/placement/placement/requestlog.py:55}}
Jul 07 06:26:35.231595 np0000004706 devstack@placement-api.service[89767]: DEBUG placement.requestlog [req-1d402a15-ac28-47fe-a7ca-cf9fe22c13ea req-791f481a-2405-4125-881f-110f4faad3a0 None None] Starting request: 10.4.3.231 "GET /placement/allocation_candidates?limit=1000&resources=DISK_GB%3A1%2CMEMORY_MB%3A192%2CVCPU%3A1&root_required=%21COMPUTE_STATUS_DISABLED" {{(pid=89767) __call__ /opt/stack/placement/placement/requestlog.py:55}}
Jul 07 06:26:35.662236 np0000004706 devstack@placement-api.service[89767]: DEBUG placement.objects.research_context [req-1d402a15-ac28-47fe-a7ca-cf9fe22c13ea req-791f481a-2405-4125-881f-110f4faad3a0 service nova] getting providers with 1 DISK_GB {{(pid=89767) __init__ /opt/stack/placement/placement/objects/research_context.py:137}}
Jul 07 06:26:35.676500 np0000004706 devstack@placement-api.service[89767]: DEBUG placement.objects.research_context [req-1d402a15-ac28-47fe-a7ca-cf9fe22c13ea req-791f481a-2405-4125-881f-110f4faad3a0 service nova] getting providers with 192 MEMORY_MB {{(pid=89767) __init__ /opt/stack/placement/placement/objects/research_context.py:137}}
Jul 07 06:26:35.682318 np0000004706 devstack@placement-api.service[89767]: DEBUG placement.objects.research_context [req-1d402a15-ac28-47fe-a7ca-cf9fe22c13ea req-791f481a-2405-4125-881f-110f4faad3a0 service nova] getting providers with 1 VCPU {{(pid=89767) __init__ /opt/stack/placement/placement/objects/research_context.py:137}}
Jul 07 06:26:35.688188 np0000004706 devstack@placement-api.service[89767]: DEBUG placement.objects.research_context [req-1d402a15-ac28-47fe-a7ca-cf9fe22c13ea req-791f481a-2405-4125-881f-110f4faad3a0 service nova] found 1 providers with available 1 DISK_GB {{(pid=89767) get_provider_ids_matching /opt/stack/placement/placement/objects/research_context.py:563}}
Jul 07 06:26:35.688320 np0000004706 devstack@placement-api.service[89767]: DEBUG placement.objects.research_context [req-1d402a15-ac28-47fe-a7ca-cf9fe22c13ea req-791f481a-2405-4125-881f-110f4faad3a0 service nova] found 1 providers with available 192 MEMORY_MB {{(pid=89767) get_provider_ids_matching /opt/stack/placement/placement/objects/research_context.py:563}}
Jul 07 06:26:35.689178 np0000004706 devstack@placement-api.service[89767]: DEBUG placement.objects.research_context [req-1d402a15-ac28-47fe-a7ca-cf9fe22c13ea req-791f481a-2405-4125-881f-110f4faad3a0 service nova] found 1 providers after filtering by previous result {{(pid=89767) get_provider_ids_matching /opt/stack/placement/placement/objects/research_context.py:594}}
Jul 07 06:26:35.689272 np0000004706 devstack@placement-api.service[89767]: DEBUG placement.objects.research_context [req-1d402a15-ac28-47fe-a7ca-cf9fe22c13ea req-791f481a-2405-4125-881f-110f4faad3a0 service nova] found 1 providers with available 1 VCPU {{(pid=89767) get_provider_ids_matching /opt/stack/placement/placement/objects/research_context.py:563}}
Jul 07 06:26:35.689943 np0000004706 devstack@placement-api.service[89767]: DEBUG placement.objects.research_context [req-1d402a15-ac28-47fe-a7ca-cf9fe22c13ea req-791f481a-2405-4125-881f-110f4faad3a0 service nova] found 1 providers after filtering by previous result {{(pid=89767) get_provider_ids_matching /opt/stack/placement/placement/objects/research_context.py:594}}
Jul 07 06:26:35.703456 np0000004706 devstack@placement-api.service[89767]: DEBUG placement.objects.allocation_candidate [req-1d402a15-ac28-47fe-a7ca-cf9fe22c13ea req-791f481a-2405-4125-881f-110f4faad3a0 service nova] RequestGroup(use_same_provider=False, resources={DISK_GB:1, MEMORY_MB:192, VCPU:1}, traits=(), aggregates=[]) (suffix '') returned 1 matches {{(pid=89767) _get_by_requests /opt/stack/placement/placement/objects/allocation_candidate.py:158}}
Jul 07 06:26:35.704260 np0000004706 devstack@placement-api.service[89767]: DEBUG placement.objects.allocation_candidate [req-1d402a15-ac28-47fe-a7ca-cf9fe22c13ea req-791f481a-2405-4125-881f-110f4faad3a0 service nova] Merging candidates yields 1 allocation requests and 1 provider summaries {{(pid=89767) _merge_candidates /opt/stack/placement/placement/objects/allocation_candidate.py:908}}
Jul 07 06:26:35.706055 np0000004706 devstack@placement-api.service[89767]: INFO placement.requestlog [req-1d402a15-ac28-47fe-a7ca-cf9fe22c13ea req-791f481a-2405-4125-881f-110f4faad3a0 service nova] 10.4.3.231 "GET /placement/allocation_candidates?limit=1000&resources=DISK_GB%3A1%2CMEMORY_MB%3A192%2CVCPU%3A1&root_required=%21COMPUTE_STATUS_DISABLED" status: 200 len: 2490 microversion: 1.36
Jul 07 06:26:35.706339 np0000004706 devstack@placement-api.service[89767]: [pid: 89767|app: 0|req: 6/17] 10.4.3.231 () {68 vars in 1625 bytes} [Tue Jul 7 06:26:35 2026] GET /placement/allocation_candidates?limit=1000&resources=DISK_GB%3A1%2CMEMORY_MB%3A192%2CVCPU%3A1&root_required=%21COMPUTE_STATUS_DISABLED => generated 2490 bytes in 475 msecs (HTTP/1.1 200) 8 headers in 297 bytes (1 switches on core 0)
Jul 07 06:26:35.942675 np0000004706 devstack@placement-api.service[89768]: DEBUG placement.requestlog [req-1d402a15-ac28-47fe-a7ca-cf9fe22c13ea req-d831e3e0-a9b1-4025-a872-7c568a71426f None None] Starting request: 10.4.3.231 "GET /placement/allocations/8298b729-f57f-4a59-b740-7513ae9fa5a4" {{(pid=89768) __call__ /opt/stack/placement/placement/requestlog.py:55}}
Jul 07 06:26:35.961156 np0000004706 devstack@placement-api.service[89768]: INFO placement.requestlog [req-1d402a15-ac28-47fe-a7ca-cf9fe22c13ea req-d831e3e0-a9b1-4025-a872-7c568a71426f service nova] 10.4.3.231 "GET /placement/allocations/8298b729-f57f-4a59-b740-7513ae9fa5a4" status: 200 len: 19 microversion: 1.28
Jul 07 06:26:35.961525 np0000004706 devstack@placement-api.service[89768]: [pid: 89768|app: 0|req: 6/18] 10.4.3.231 () {68 vars in 1501 bytes} [Tue Jul 7 06:26:35 2026] GET /placement/allocations/8298b729-f57f-4a59-b740-7513ae9fa5a4 => generated 19 bytes in 19 msecs (HTTP/1.1 200) 8 headers in 295 bytes (1 switches on core 0)
Jul 07 06:26:36.002272 np0000004706 devstack@placement-api.service[89767]: DEBUG placement.requestlog [req-1d402a15-ac28-47fe-a7ca-cf9fe22c13ea req-d880d3c0-aa85-41ef-8532-52030806549c None None] Starting request: 10.4.3.231 "PUT /placement/allocations/8298b729-f57f-4a59-b740-7513ae9fa5a4" {{(pid=89767) __call__ /opt/stack/placement/placement/requestlog.py:55}}
Jul 07 06:26:36.048141 np0000004706 devstack@placement-api.service[89769]: DEBUG placement.objects.research_context [req-0594beaf-4490-4403-ba27-f3a7ccecb3fd req-11c2c589-e8e5-4d48-9995-eb8668f9c369 service nova] getting providers with 1 DISK_GB {{(pid=89769) __init__ /opt/stack/placement/placement/objects/research_context.py:137}}
Jul 07 06:26:36.059627 np0000004706 devstack@placement-api.service[89769]: DEBUG placement.objects.research_context [req-0594beaf-4490-4403-ba27-f3a7ccecb3fd req-11c2c589-e8e5-4d48-9995-eb8668f9c369 service nova] getting providers with 192 MEMORY_MB {{(pid=89769) __init__ /opt/stack/placement/placement/objects/research_context.py:137}}
Jul 07 06:26:36.064795 np0000004706 devstack@placement-api.service[89769]: DEBUG placement.objects.research_context [req-0594beaf-4490-4403-ba27-f3a7ccecb3fd req-11c2c589-e8e5-4d48-9995-eb8668f9c369 service nova] getting providers with 1 VCPU {{(pid=89769) __init__ /opt/stack/placement/placement/objects/research_context.py:137}}
Jul 07 06:26:36.069779 np0000004706 devstack@placement-api.service[89769]: DEBUG placement.objects.research_context [req-0594beaf-4490-4403-ba27-f3a7ccecb3fd req-11c2c589-e8e5-4d48-9995-eb8668f9c369 service nova] found 1 providers with available 1 DISK_GB {{(pid=89769) get_provider_ids_matching /opt/stack/placement/placement/objects/research_context.py:563}}
Jul 07 06:26:36.070445 np0000004706 devstack@placement-api.service[89769]: DEBUG placement.objects.research_context [req-0594beaf-4490-4403-ba27-f3a7ccecb3fd req-11c2c589-e8e5-4d48-9995-eb8668f9c369 service nova] found 1 providers with available 192 MEMORY_MB {{(pid=89769) get_provider_ids_matching /opt/stack/placement/placement/objects/research_context.py:563}}
Jul 07 06:26:36.070445 np0000004706 devstack@placement-api.service[89769]: DEBUG placement.objects.research_context [req-0594beaf-4490-4403-ba27-f3a7ccecb3fd req-11c2c589-e8e5-4d48-9995-eb8668f9c369 service nova] found 1 providers after filtering by previous result {{(pid=89769) get_provider_ids_matching /opt/stack/placement/placement/objects/research_context.py:594}}
Jul 07 06:26:36.070445 np0000004706 devstack@placement-api.service[89769]: DEBUG placement.objects.research_context [req-0594beaf-4490-4403-ba27-f3a7ccecb3fd req-11c2c589-e8e5-4d48-9995-eb8668f9c369 service nova] found 1 providers with available 1 VCPU {{(pid=89769) get_provider_ids_matching /opt/stack/placement/placement/objects/research_context.py:563}}
Jul 07 06:26:36.070445 np0000004706 devstack@placement-api.service[89769]: DEBUG placement.objects.research_context [req-0594beaf-4490-4403-ba27-f3a7ccecb3fd req-11c2c589-e8e5-4d48-9995-eb8668f9c369 service nova] found 1 providers after filtering by previous result {{(pid=89769) get_provider_ids_matching /opt/stack/placement/placement/objects/research_context.py:594}}
Jul 07 06:26:36.080791 np0000004706 devstack@placement-api.service[89769]: DEBUG placement.objects.allocation_candidate [req-0594beaf-4490-4403-ba27-f3a7ccecb3fd req-11c2c589-e8e5-4d48-9995-eb8668f9c369 service nova] RequestGroup(use_same_provider=False, resources={DISK_GB:1, MEMORY_MB:192, VCPU:1}, traits=(), aggregates=[]) (suffix '') returned 1 matches {{(pid=89769) _get_by_requests /opt/stack/placement/placement/objects/allocation_candidate.py:158}}
Jul 07 06:26:36.081062 np0000004706 devstack@placement-api.service[89769]: DEBUG placement.objects.allocation_candidate [req-0594beaf-4490-4403-ba27-f3a7ccecb3fd req-11c2c589-e8e5-4d48-9995-eb8668f9c369 service nova] Merging candidates yields 1 allocation requests and 1 provider summaries {{(pid=89769) _merge_candidates /opt/stack/placement/placement/objects/allocation_candidate.py:908}}
Jul 07 06:26:36.082695 np0000004706 devstack@placement-api.service[89769]: INFO placement.requestlog [req-0594beaf-4490-4403-ba27-f3a7ccecb3fd req-11c2c589-e8e5-4d48-9995-eb8668f9c369 service nova] 10.4.3.231 "GET /placement/allocation_candidates?limit=1000&resources=DISK_GB%3A1%2CMEMORY_MB%3A192%2CVCPU%3A1&root_required=%21COMPUTE_STATUS_DISABLED" status: 200 len: 2490 microversion: 1.36
Jul 07 06:26:36.083020 np0000004706 devstack@placement-api.service[89769]: [pid: 89769|app: 0|req: 7/19] 10.4.3.231 () {68 vars in 1625 bytes} [Tue Jul 7 06:26:35 2026] GET /placement/allocation_candidates?limit=1000&resources=DISK_GB%3A1%2CMEMORY_MB%3A192%2CVCPU%3A1&root_required=%21COMPUTE_STATUS_DISABLED => generated 2490 bytes in 923 msecs (HTTP/1.1 200) 8 headers in 297 bytes (1 switches on core 0)
Jul 07 06:26:36.138883 np0000004706 devstack@placement-api.service[89767]: DEBUG placement.handlers.allocation [req-1d402a15-ac28-47fe-a7ca-cf9fe22c13ea req-d880d3c0-aa85-41ef-8532-52030806549c service nova] Successfully wrote allocations [, , ] {{(pid=89767) _update_consumers_and_create_allocations /opt/stack/placement/placement/handlers/allocation.py:462}}
Jul 07 06:26:36.142337 np0000004706 devstack@placement-api.service[89767]: INFO placement.requestlog [req-1d402a15-ac28-47fe-a7ca-cf9fe22c13ea req-d880d3c0-aa85-41ef-8532-52030806549c service nova] 10.4.3.231 "PUT /placement/allocations/8298b729-f57f-4a59-b740-7513ae9fa5a4" status: 204 len: 0 microversion: 1.36
Jul 07 06:26:36.142549 np0000004706 devstack@placement-api.service[89767]: [pid: 89767|app: 0|req: 7/20] 10.4.3.231 () {72 vars in 1554 bytes} [Tue Jul 7 06:26:36 2026] PUT /placement/allocations/8298b729-f57f-4a59-b740-7513ae9fa5a4 => generated 0 bytes in 141 msecs (HTTP/1.1 204) 5 headers in 199 bytes (1 switches on core 0)
Jul 07 06:26:36.309202 np0000004706 devstack@placement-api.service[89768]: DEBUG placement.requestlog [req-0594beaf-4490-4403-ba27-f3a7ccecb3fd req-7d3b0e97-d15c-428f-b07d-b79042c828ea None None] Starting request: 10.4.3.231 "GET /placement/allocations/6646dece-9ae5-4ceb-b5fa-43e1c39ba621" {{(pid=89768) __call__ /opt/stack/placement/placement/requestlog.py:55}}
Jul 07 06:26:36.334114 np0000004706 devstack@placement-api.service[89768]: INFO placement.requestlog [req-0594beaf-4490-4403-ba27-f3a7ccecb3fd req-7d3b0e97-d15c-428f-b07d-b79042c828ea service nova] 10.4.3.231 "GET /placement/allocations/6646dece-9ae5-4ceb-b5fa-43e1c39ba621" status: 200 len: 19 microversion: 1.28
Jul 07 06:26:36.334786 np0000004706 devstack@placement-api.service[89768]: [pid: 89768|app: 0|req: 7/21] 10.4.3.231 () {68 vars in 1501 bytes} [Tue Jul 7 06:26:36 2026] GET /placement/allocations/6646dece-9ae5-4ceb-b5fa-43e1c39ba621 => generated 19 bytes in 25 msecs (HTTP/1.1 200) 8 headers in 295 bytes (1 switches on core 0)
Jul 07 06:26:36.394835 np0000004706 devstack@placement-api.service[89769]: DEBUG placement.requestlog [req-0594beaf-4490-4403-ba27-f3a7ccecb3fd req-338f851f-11a0-48a3-9e5a-3e291b700c59 None None] Starting request: 10.4.3.231 "PUT /placement/allocations/6646dece-9ae5-4ceb-b5fa-43e1c39ba621" {{(pid=89769) __call__ /opt/stack/placement/placement/requestlog.py:55}}
Jul 07 06:26:36.520038 np0000004706 devstack@placement-api.service[89769]: DEBUG placement.handlers.allocation [req-0594beaf-4490-4403-ba27-f3a7ccecb3fd req-338f851f-11a0-48a3-9e5a-3e291b700c59 service nova] Successfully wrote allocations [, , ] {{(pid=89769) _update_consumers_and_create_allocations /opt/stack/placement/placement/handlers/allocation.py:462}}
Jul 07 06:26:36.528120 np0000004706 devstack@placement-api.service[89769]: INFO placement.requestlog [req-0594beaf-4490-4403-ba27-f3a7ccecb3fd req-338f851f-11a0-48a3-9e5a-3e291b700c59 service nova] 10.4.3.231 "PUT /placement/allocations/6646dece-9ae5-4ceb-b5fa-43e1c39ba621" status: 204 len: 0 microversion: 1.36
Jul 07 06:26:36.528677 np0000004706 devstack@placement-api.service[89769]: [pid: 89769|app: 0|req: 8/22] 10.4.3.231 () {72 vars in 1554 bytes} [Tue Jul 7 06:26:36 2026] PUT /placement/allocations/6646dece-9ae5-4ceb-b5fa-43e1c39ba621 => generated 0 bytes in 134 msecs (HTTP/1.1 204) 5 headers in 199 bytes (1 switches on core 0)
Jul 07 06:26:37.668799 np0000004706 devstack@placement-api.service[89767]: DEBUG placement.requestlog [req-1d402a15-ac28-47fe-a7ca-cf9fe22c13ea req-e73dde96-3a9a-458b-a129-e0b70c70217b None None] Starting request: 10.4.3.231 "GET /placement/allocations/8298b729-f57f-4a59-b740-7513ae9fa5a4" {{(pid=89767) __call__ /opt/stack/placement/placement/requestlog.py:55}}
Jul 07 06:26:37.682085 np0000004706 devstack@placement-api.service[89767]: INFO placement.requestlog [req-1d402a15-ac28-47fe-a7ca-cf9fe22c13ea req-e73dde96-3a9a-458b-a129-e0b70c70217b service nova] 10.4.3.231 "GET /placement/allocations/8298b729-f57f-4a59-b740-7513ae9fa5a4" status: 200 len: 257 microversion: 1.28
Jul 07 06:26:37.682772 np0000004706 devstack@placement-api.service[89767]: [pid: 89767|app: 0|req: 8/23] 10.4.3.231 () {68 vars in 1499 bytes} [Tue Jul 7 06:26:37 2026] GET /placement/allocations/8298b729-f57f-4a59-b740-7513ae9fa5a4 => generated 257 bytes in 15 msecs (HTTP/1.1 200) 8 headers in 296 bytes (1 switches on core 0)
Jul 07 06:26:38.087430 np0000004706 devstack@placement-api.service[89768]: DEBUG placement.requestlog [req-0594beaf-4490-4403-ba27-f3a7ccecb3fd req-8c0a557f-f14a-4ff7-9b1b-2d79c2e5042e None None] Starting request: 10.4.3.231 "GET /placement/allocations/6646dece-9ae5-4ceb-b5fa-43e1c39ba621" {{(pid=89768) __call__ /opt/stack/placement/placement/requestlog.py:55}}
Jul 07 06:26:38.105907 np0000004706 devstack@placement-api.service[89768]: INFO placement.requestlog [req-0594beaf-4490-4403-ba27-f3a7ccecb3fd req-8c0a557f-f14a-4ff7-9b1b-2d79c2e5042e service nova] 10.4.3.231 "GET /placement/allocations/6646dece-9ae5-4ceb-b5fa-43e1c39ba621" status: 200 len: 257 microversion: 1.28
Jul 07 06:26:38.107919 np0000004706 devstack@placement-api.service[89768]: [pid: 89768|app: 0|req: 8/24] 10.4.3.231 () {68 vars in 1499 bytes} [Tue Jul 7 06:26:38 2026] GET /placement/allocations/6646dece-9ae5-4ceb-b5fa-43e1c39ba621 => generated 257 bytes in 20 msecs (HTTP/1.1 200) 8 headers in 296 bytes (1 switches on core 0)
Jul 07 06:26:38.731655 np0000004706 devstack@placement-api.service[89769]: DEBUG placement.requestlog [req-1d402a15-ac28-47fe-a7ca-cf9fe22c13ea req-c65d64fa-600f-4aa6-adbf-3a4f59647e4c None None] Starting request: 10.4.3.231 "GET /placement/resource_providers/a91e4fdf-2bc6-4999-8e2b-b28fede807e1/allocations" {{(pid=89769) __call__ /opt/stack/placement/placement/requestlog.py:55}}
Jul 07 06:26:38.752730 np0000004706 devstack@placement-api.service[89769]: INFO placement.requestlog [req-1d402a15-ac28-47fe-a7ca-cf9fe22c13ea req-c65d64fa-600f-4aa6-adbf-3a4f59647e4c service nova] 10.4.3.231 "GET /placement/resource_providers/a91e4fdf-2bc6-4999-8e2b-b28fede807e1/allocations" status: 200 len: 252 microversion: 1.0
Jul 07 06:26:38.753510 np0000004706 devstack@placement-api.service[89769]: [pid: 89769|app: 0|req: 9/25] 10.4.3.231 () {66 vars in 1512 bytes} [Tue Jul 7 06:26:38 2026] GET /placement/resource_providers/a91e4fdf-2bc6-4999-8e2b-b28fede807e1/allocations => generated 252 bytes in 22 msecs (HTTP/1.1 200) 6 headers in 224 bytes (1 switches on core 0)
Jul 07 06:26:38.785969 np0000004706 devstack@placement-api.service[89767]: DEBUG placement.requestlog [req-1d402a15-ac28-47fe-a7ca-cf9fe22c13ea req-038611fa-b4f4-4578-b4ab-5dba23dac591 None None] Starting request: 10.4.3.231 "GET /placement/allocations/8298b729-f57f-4a59-b740-7513ae9fa5a4" {{(pid=89767) __call__ /opt/stack/placement/placement/requestlog.py:55}}
Jul 07 06:26:38.798372 np0000004706 devstack@placement-api.service[89767]: INFO placement.requestlog [req-1d402a15-ac28-47fe-a7ca-cf9fe22c13ea req-038611fa-b4f4-4578-b4ab-5dba23dac591 service nova] 10.4.3.231 "GET /placement/allocations/8298b729-f57f-4a59-b740-7513ae9fa5a4" status: 200 len: 257 microversion: 1.28
Jul 07 06:26:38.798747 np0000004706 devstack@placement-api.service[89767]: [pid: 89767|app: 0|req: 9/26] 10.4.3.231 () {68 vars in 1499 bytes} [Tue Jul 7 06:26:38 2026] GET /placement/allocations/8298b729-f57f-4a59-b740-7513ae9fa5a4 => generated 257 bytes in 13 msecs (HTTP/1.1 200) 8 headers in 296 bytes (1 switches on core 0)
Jul 07 06:26:38.836344 np0000004706 devstack@placement-api.service[89768]: DEBUG placement.requestlog [req-1d402a15-ac28-47fe-a7ca-cf9fe22c13ea req-3ba56495-b278-4e69-83c7-4881bc2ed052 None None] Starting request: 10.4.3.231 "GET /placement/allocations/6646dece-9ae5-4ceb-b5fa-43e1c39ba621" {{(pid=89768) __call__ /opt/stack/placement/placement/requestlog.py:55}}
Jul 07 06:26:38.853920 np0000004706 devstack@placement-api.service[89768]: INFO placement.requestlog [req-1d402a15-ac28-47fe-a7ca-cf9fe22c13ea req-3ba56495-b278-4e69-83c7-4881bc2ed052 service nova] 10.4.3.231 "GET /placement/allocations/6646dece-9ae5-4ceb-b5fa-43e1c39ba621" status: 200 len: 257 microversion: 1.28
Jul 07 06:26:38.854127 np0000004706 devstack@placement-api.service[89768]: [pid: 89768|app: 0|req: 9/27] 10.4.3.231 () {68 vars in 1499 bytes} [Tue Jul 7 06:26:38 2026] GET /placement/allocations/6646dece-9ae5-4ceb-b5fa-43e1c39ba621 => generated 257 bytes in 18 msecs (HTTP/1.1 200) 8 headers in 296 bytes (1 switches on core 0)
Jul 07 06:26:40.949664 np0000004706 devstack@placement-api.service[89769]: DEBUG placement.requestlog [req-0594beaf-4490-4403-ba27-f3a7ccecb3fd req-27aee66b-689a-479d-ab5a-8785a2980b47 None None] Starting request: 10.4.3.231 "GET /placement/resource_providers/a91e4fdf-2bc6-4999-8e2b-b28fede807e1/allocations" {{(pid=89769) __call__ /opt/stack/placement/placement/requestlog.py:55}}
Jul 07 06:26:40.972435 np0000004706 devstack@placement-api.service[89769]: INFO placement.requestlog [req-0594beaf-4490-4403-ba27-f3a7ccecb3fd req-27aee66b-689a-479d-ab5a-8785a2980b47 service nova] 10.4.3.231 "GET /placement/resource_providers/a91e4fdf-2bc6-4999-8e2b-b28fede807e1/allocations" status: 200 len: 252 microversion: 1.0
Jul 07 06:26:40.972435 np0000004706 devstack@placement-api.service[89769]: [pid: 89769|app: 0|req: 10/28] 10.4.3.231 () {66 vars in 1512 bytes} [Tue Jul 7 06:26:40 2026] GET /placement/resource_providers/a91e4fdf-2bc6-4999-8e2b-b28fede807e1/allocations => generated 252 bytes in 23 msecs (HTTP/1.1 200) 6 headers in 224 bytes (1 switches on core 0)
Jul 07 06:26:41.011273 np0000004706 devstack@placement-api.service[89767]: DEBUG placement.requestlog [req-0594beaf-4490-4403-ba27-f3a7ccecb3fd req-df4c4a2a-82f4-4090-8a0c-88ca100c11cc None None] Starting request: 10.4.3.231 "GET /placement/allocations/8298b729-f57f-4a59-b740-7513ae9fa5a4" {{(pid=89767) __call__ /opt/stack/placement/placement/requestlog.py:55}}
Jul 07 06:26:41.021641 np0000004706 devstack@placement-api.service[89767]: INFO placement.requestlog [req-0594beaf-4490-4403-ba27-f3a7ccecb3fd req-df4c4a2a-82f4-4090-8a0c-88ca100c11cc service nova] 10.4.3.231 "GET /placement/allocations/8298b729-f57f-4a59-b740-7513ae9fa5a4" status: 200 len: 257 microversion: 1.28
Jul 07 06:26:41.022043 np0000004706 devstack@placement-api.service[89767]: [pid: 89767|app: 0|req: 10/29] 10.4.3.231 () {68 vars in 1499 bytes} [Tue Jul 7 06:26:41 2026] GET /placement/allocations/8298b729-f57f-4a59-b740-7513ae9fa5a4 => generated 257 bytes in 11 msecs (HTTP/1.1 200) 8 headers in 296 bytes (1 switches on core 0)
Jul 07 06:26:41.061757 np0000004706 devstack@placement-api.service[89768]: DEBUG placement.requestlog [req-0594beaf-4490-4403-ba27-f3a7ccecb3fd req-6a54c896-713b-4ab8-b17c-d4cc72ac61e8 None None] Starting request: 10.4.3.231 "GET /placement/allocations/6646dece-9ae5-4ceb-b5fa-43e1c39ba621" {{(pid=89768) __call__ /opt/stack/placement/placement/requestlog.py:55}}
Jul 07 06:26:41.070345 np0000004706 devstack@placement-api.service[89768]: INFO placement.requestlog [req-0594beaf-4490-4403-ba27-f3a7ccecb3fd req-6a54c896-713b-4ab8-b17c-d4cc72ac61e8 service nova] 10.4.3.231 "GET /placement/allocations/6646dece-9ae5-4ceb-b5fa-43e1c39ba621" status: 200 len: 257 microversion: 1.28
Jul 07 06:26:41.070607 np0000004706 devstack@placement-api.service[89768]: [pid: 89768|app: 0|req: 10/30] 10.4.3.231 () {68 vars in 1499 bytes} [Tue Jul 7 06:26:41 2026] GET /placement/allocations/6646dece-9ae5-4ceb-b5fa-43e1c39ba621 => generated 257 bytes in 10 msecs (HTTP/1.1 200) 8 headers in 296 bytes (1 switches on core 0)
Jul 07 06:26:46.696594 np0000004706 devstack@placement-api.service[89769]: DEBUG placement.requestlog [req-eae3fce4-de59-4911-b20b-2e9fc3586a98 req-0859e49c-3342-4ed9-91ef-a644d8a0a361 None None] Starting request: 10.4.3.231 "GET /placement/allocation_candidates?limit=1000&resources=DISK_GB%3A1%2CMEMORY_MB%3A192%2CVCPU%3A1&root_required=%21COMPUTE_STATUS_DISABLED" {{(pid=89769) __call__ /opt/stack/placement/placement/requestlog.py:55}}
Jul 07 06:26:46.719388 np0000004706 devstack@placement-api.service[89769]: DEBUG placement.objects.research_context [req-eae3fce4-de59-4911-b20b-2e9fc3586a98 req-0859e49c-3342-4ed9-91ef-a644d8a0a361 service nova] getting providers with 1 DISK_GB {{(pid=89769) __init__ /opt/stack/placement/placement/objects/research_context.py:137}}
Jul 07 06:26:46.723567 np0000004706 devstack@placement-api.service[89769]: DEBUG placement.objects.research_context [req-eae3fce4-de59-4911-b20b-2e9fc3586a98 req-0859e49c-3342-4ed9-91ef-a644d8a0a361 service nova] getting providers with 192 MEMORY_MB {{(pid=89769) __init__ /opt/stack/placement/placement/objects/research_context.py:137}}
Jul 07 06:26:46.726792 np0000004706 devstack@placement-api.service[89769]: DEBUG placement.objects.research_context [req-eae3fce4-de59-4911-b20b-2e9fc3586a98 req-0859e49c-3342-4ed9-91ef-a644d8a0a361 service nova] getting providers with 1 VCPU {{(pid=89769) __init__ /opt/stack/placement/placement/objects/research_context.py:137}}
Jul 07 06:26:46.733958 np0000004706 devstack@placement-api.service[89769]: DEBUG placement.objects.research_context [req-eae3fce4-de59-4911-b20b-2e9fc3586a98 req-0859e49c-3342-4ed9-91ef-a644d8a0a361 service nova] found 1 providers with available 1 DISK_GB {{(pid=89769) get_provider_ids_matching /opt/stack/placement/placement/objects/research_context.py:563}}
Jul 07 06:26:46.736512 np0000004706 devstack@placement-api.service[89769]: DEBUG placement.objects.research_context [req-eae3fce4-de59-4911-b20b-2e9fc3586a98 req-0859e49c-3342-4ed9-91ef-a644d8a0a361 service nova] found 1 providers with available 192 MEMORY_MB {{(pid=89769) get_provider_ids_matching /opt/stack/placement/placement/objects/research_context.py:563}}
