Jun 25 23:18:03.129361 np0000003662 devstack@g-api.service[99646]: DEBUG glance_store.backend [None req-d268c606-771b-468c-9cbf-8daf99614824 tempest-ImageDependencyTests-644183005 tempest-ImageDependencyTests-644183005-project-member] Skipping store.set_acls... not implemented. {{(pid=99646) set_acls /opt/stack/data/venv/lib/python3.12/site-packages/glance_store/backend.py:507}}
Jun 25 23:18:03.131369 np0000003662 devstack@g-api.service[99646]: [pid: 99646|app: 0|req: 129/385] 127.0.0.1 () {46 vars in 1144 bytes} [Thu Jun 25 23:18:01 2026] PUT /v2/images/6b14ee1f-62d8-43e4-9c9f-def5f8b2e787/file => generated 0 bytes in 1282 msecs (HTTP/1.1 204) 4 headers in 171 bytes (1 switches on core 0)
Jun 25 23:18:03.162560 np0000003662 devstack@g-api.service[99648]: DEBUG glance.api.middleware.version_negotiation [None req-72ccac44-6de9-4676-a6b5-1ff71d4a5233 tempest-VolumesNegativeTest-1960918892 tempest-VolumesNegativeTest-1960918892-project-member] Determining version of request: GET /v2/images/4295b199-e639-49b9-9b06-d0d168941804 Accept: application/json {{(pid=99648) process_request /opt/stack/glance/glance/api/middleware/version_negotiation.py:44}}
Jun 25 23:18:03.163022 np0000003662 devstack@g-api.service[99648]: DEBUG glance.api.middleware.version_negotiation [None req-72ccac44-6de9-4676-a6b5-1ff71d4a5233 tempest-VolumesNegativeTest-1960918892 tempest-VolumesNegativeTest-1960918892-project-member] Using url versioning {{(pid=99648) process_request /opt/stack/glance/glance/api/middleware/version_negotiation.py:57}}
Jun 25 23:18:03.163022 np0000003662 devstack@g-api.service[99648]: DEBUG glance.api.middleware.version_negotiation [None req-72ccac44-6de9-4676-a6b5-1ff71d4a5233 tempest-VolumesNegativeTest-1960918892 tempest-VolumesNegativeTest-1960918892-project-member] Matched version: v2 {{(pid=99648) process_request /opt/stack/glance/glance/api/middleware/version_negotiation.py:69}}
Jun 25 23:18:03.163022 np0000003662 devstack@g-api.service[99648]: DEBUG glance.api.middleware.version_negotiation [None req-72ccac44-6de9-4676-a6b5-1ff71d4a5233 tempest-VolumesNegativeTest-1960918892 tempest-VolumesNegativeTest-1960918892-project-member] new path /v2/images/4295b199-e639-49b9-9b06-d0d168941804 {{(pid=99648) process_request /opt/stack/glance/glance/api/middleware/version_negotiation.py:70}}
Jun 25 23:18:03.178478 np0000003662 devstack@g-api.service[99648]: [pid: 99648|app: 0|req: 128/386] 127.0.0.1 () {40 vars in 838 bytes} [Thu Jun 25 23:18:03 2026] GET /v2/images/4295b199-e639-49b9-9b06-d0d168941804 => generated 1044 bytes in 16 msecs (HTTP/1.1 200) 4 headers in 158 bytes (1 switches on core 0)
Jun 25 23:18:03.187734 np0000003662 devstack@g-api.service[99646]: DEBUG glance.api.middleware.version_negotiation [None req-d268c606-771b-468c-9cbf-8daf99614824 tempest-ImageDependencyTests-644183005 tempest-ImageDependencyTests-644183005-project-member] Determining version of request: GET /v2/images/6b14ee1f-62d8-43e4-9c9f-def5f8b2e787 Accept: */* {{(pid=99646) process_request /opt/stack/glance/glance/api/middleware/version_negotiation.py:44}}
Jun 25 23:18:03.187930 np0000003662 devstack@g-api.service[99646]: DEBUG glance.api.middleware.version_negotiation [None req-d268c606-771b-468c-9cbf-8daf99614824 tempest-ImageDependencyTests-644183005 tempest-ImageDependencyTests-644183005-project-member] Using url versioning {{(pid=99646) process_request /opt/stack/glance/glance/api/middleware/version_negotiation.py:57}}
Jun 25 23:18:03.188217 np0000003662 devstack@g-api.service[99646]: DEBUG glance.api.middleware.version_negotiation [None req-d268c606-771b-468c-9cbf-8daf99614824 tempest-ImageDependencyTests-644183005 tempest-ImageDependencyTests-644183005-project-member] Matched version: v2 {{(pid=99646) process_request /opt/stack/glance/glance/api/middleware/version_negotiation.py:69}}
Jun 25 23:18:03.188275 np0000003662 devstack@g-api.service[99646]: DEBUG glance.api.middleware.version_negotiation [None req-d268c606-771b-468c-9cbf-8daf99614824 tempest-ImageDependencyTests-644183005 tempest-ImageDependencyTests-644183005-project-member] new path /v2/images/6b14ee1f-62d8-43e4-9c9f-def5f8b2e787 {{(pid=99646) process_request /opt/stack/glance/glance/api/middleware/version_negotiation.py:70}}
Jun 25 23:18:03.189371 np0000003662 devstack@g-api.service[99648]: DEBUG glance.api.middleware.version_negotiation [None req-3867457c-23d7-4e3a-9137-36a9079130c5 tempest-VolumesGetTest-468601273 tempest-VolumesGetTest-468601273-project-member] Determining version of request: GET /v2/images/4295b199-e639-49b9-9b06-d0d168941804 Accept: application/json {{(pid=99648) process_request /opt/stack/glance/glance/api/middleware/version_negotiation.py:44}}
Jun 25 23:18:03.190111 np0000003662 devstack@g-api.service[99648]: DEBUG glance.api.middleware.version_negotiation [None req-3867457c-23d7-4e3a-9137-36a9079130c5 tempest-VolumesGetTest-468601273 tempest-VolumesGetTest-468601273-project-member] Using url versioning {{(pid=99648) process_request /opt/stack/glance/glance/api/middleware/version_negotiation.py:57}}
Jun 25 23:18:03.190111 np0000003662 devstack@g-api.service[99648]: DEBUG glance.api.middleware.version_negotiation [None req-3867457c-23d7-4e3a-9137-36a9079130c5 tempest-VolumesGetTest-468601273 tempest-VolumesGetTest-468601273-project-member] Matched version: v2 {{(pid=99648) process_request /opt/stack/glance/glance/api/middleware/version_negotiation.py:69}}
Jun 25 23:18:03.190111 np0000003662 devstack@g-api.service[99648]: DEBUG glance.api.middleware.version_negotiation [None req-3867457c-23d7-4e3a-9137-36a9079130c5 tempest-VolumesGetTest-468601273 tempest-VolumesGetTest-468601273-project-member] new path /v2/images/4295b199-e639-49b9-9b06-d0d168941804 {{(pid=99648) process_request /opt/stack/glance/glance/api/middleware/version_negotiation.py:70}}
Jun 25 23:18:03.201361 np0000003662 devstack@g-api.service[99646]: [pid: 99646|app: 0|req: 130/387] 127.0.0.1 () {44 vars in 1115 bytes} [Thu Jun 25 23:18:03 2026] GET /v2/images/6b14ee1f-62d8-43e4-9c9f-def5f8b2e787 => generated 1759 bytes in 14 msecs (HTTP/1.1 200) 4 headers in 158 bytes (1 switches on core 0)
Jun 25 23:18:03.206089 np0000003662 devstack@g-api.service[99648]: [pid: 99648|app: 0|req: 129/388] 127.0.0.1 () {40 vars in 838 bytes} [Thu Jun 25 23:18:03 2026] GET /v2/images/4295b199-e639-49b9-9b06-d0d168941804 => generated 1044 bytes in 16 msecs (HTTP/1.1 200) 4 headers in 158 bytes (1 switches on core 0)
Jun 25 23:18:03.239760 np0000003662 devstack@g-api.service[99646]: DEBUG glance.api.middleware.version_negotiation [None req-d268c606-771b-468c-9cbf-8daf99614824 tempest-ImageDependencyTests-644183005 tempest-ImageDependencyTests-644183005-project-member] Determining version of request: GET /v2/images/4295b199-e639-49b9-9b06-d0d168941804 Accept: */* {{(pid=99646) process_request /opt/stack/glance/glance/api/middleware/version_negotiation.py:44}}
Jun 25 23:18:03.240226 np0000003662 devstack@g-api.service[99646]: DEBUG glance.api.middleware.version_negotiation [None req-d268c606-771b-468c-9cbf-8daf99614824 tempest-ImageDependencyTests-644183005 tempest-ImageDependencyTests-644183005-project-member] Using url versioning {{(pid=99646) process_request /opt/stack/glance/glance/api/middleware/version_negotiation.py:57}}
Jun 25 23:18:03.240264 np0000003662 devstack@g-api.service[99648]: DEBUG glance.api.middleware.version_negotiation [None req-6275866d-1e93-430d-90d7-f7e8b1575a5e tempest-VolumesGetTest-468601273 tempest-VolumesGetTest-468601273-project-member] Determining version of request: GET /v2/schemas/image Accept: */* {{(pid=99648) process_request /opt/stack/glance/glance/api/middleware/version_negotiation.py:44}}
Jun 25 23:18:03.240308 np0000003662 devstack@g-api.service[99646]: DEBUG glance.api.middleware.version_negotiation [None req-d268c606-771b-468c-9cbf-8daf99614824 tempest-ImageDependencyTests-644183005 tempest-ImageDependencyTests-644183005-project-member] Matched version: v2 {{(pid=99646) process_request /opt/stack/glance/glance/api/middleware/version_negotiation.py:69}}
Jun 25 23:18:03.240308 np0000003662 devstack@g-api.service[99646]: DEBUG glance.api.middleware.version_negotiation [None req-d268c606-771b-468c-9cbf-8daf99614824 tempest-ImageDependencyTests-644183005 tempest-ImageDependencyTests-644183005-project-member] new path /v2/images/4295b199-e639-49b9-9b06-d0d168941804 {{(pid=99646) process_request /opt/stack/glance/glance/api/middleware/version_negotiation.py:70}}
Jun 25 23:18:03.240361 np0000003662 devstack@g-api.service[99648]: DEBUG glance.api.middleware.version_negotiation [None req-6275866d-1e93-430d-90d7-f7e8b1575a5e tempest-VolumesGetTest-468601273 tempest-VolumesGetTest-468601273-project-member] Using url versioning {{(pid=99648) process_request /opt/stack/glance/glance/api/middleware/version_negotiation.py:57}}
Jun 25 23:18:03.240498 np0000003662 devstack@g-api.service[99648]: DEBUG glance.api.middleware.version_negotiation [None req-6275866d-1e93-430d-90d7-f7e8b1575a5e tempest-VolumesGetTest-468601273 tempest-VolumesGetTest-468601273-project-member] Matched version: v2 {{(pid=99648) process_request /opt/stack/glance/glance/api/middleware/version_negotiation.py:69}}
Jun 25 23:18:03.240627 np0000003662 devstack@g-api.service[99648]: DEBUG glance.api.middleware.version_negotiation [None req-6275866d-1e93-430d-90d7-f7e8b1575a5e tempest-VolumesGetTest-468601273 tempest-VolumesGetTest-468601273-project-member] new path /v2/schemas/image {{(pid=99648) process_request /opt/stack/glance/glance/api/middleware/version_negotiation.py:70}}
Jun 25 23:18:03.246157 np0000003662 devstack@g-api.service[99647]: DEBUG swiftclient [None req-0bab4473-89de-4bf3-8919-d35fbdf90d4c tempest-VolumesNegativeTest-1960918892 tempest-VolumesNegativeTest-1960918892-project-member] REQ: curl -i https://10.4.3.175:8080/v1/AUTH_fcc178028d254baf9d6bb395882c1cea/glance -I -H "X-Auth-Token: gAAAAABqPbcrS5iM..." {{(pid=99647) http_log /opt/stack/data/venv/lib/python3.12/site-packages/swiftclient/client.py:160}}
Jun 25 23:18:03.246245 np0000003662 devstack@g-api.service[99647]: DEBUG swiftclient [None req-0bab4473-89de-4bf3-8919-d35fbdf90d4c tempest-VolumesNegativeTest-1960918892 tempest-VolumesNegativeTest-1960918892-project-member] RESP STATUS: 204 No Content {{(pid=99647) http_log /opt/stack/data/venv/lib/python3.12/site-packages/swiftclient/client.py:161}}
Jun 25 23:18:03.246886 np0000003662 devstack@g-api.service[99647]: DEBUG swiftclient [None req-0bab4473-89de-4bf3-8919-d35fbdf90d4c tempest-VolumesNegativeTest-1960918892 tempest-VolumesNegativeTest-1960918892-project-member] RESP HEADERS: {'Date': 'Thu, 25 Jun 2026 23:18:03 GMT', 'Server': 'Apache/2.4.58 (Ubuntu)', 'Content-Type': 'text/plain; charset=utf-8', 'X-Container-Object-Count': '5', 'X-Container-Bytes-Used': '64357376', 'X-Timestamp': '1782429013.35005', 'Last-Modified': 'Thu, 25 Jun 2026 23:10:14 GMT', 'Accept-Ranges': 'bytes', 'X-Storage-Policy': 'Policy-0', 'X-Container-Sharding': 'False', 'Vary': 'Accept', 'X-Trans-Id': 'txd6acd2357b6f482ea3608-006a3db72b', 'X-Openstack-Request-Id': 'txd6acd2357b6f482ea3608-006a3db72b', 'Connection': 'close'} {{(pid=99647) http_log /opt/stack/data/venv/lib/python3.12/site-packages/swiftclient/client.py:162}}
Jun 25 23:18:03.246886 np0000003662 devstack@g-api.service[99647]: DEBUG glance_store._drivers.swift.store [None req-0bab4473-89de-4bf3-8919-d35fbdf90d4c tempest-VolumesNegativeTest-1960918892 tempest-VolumesNegativeTest-1960918892-project-member] Adding image object 'b6ba25b4-b1ed-409e-99a7-f97cd9cd69b1' to Swift {{(pid=99647) add /opt/stack/data/venv/lib/python3.12/site-packages/glance_store/_drivers/swift/store.py:970}}
Jun 25 23:18:03.247057 np0000003662 devstack@g-api.service[99648]: [pid: 99648|app: 0|req: 130/389] 127.0.0.1 () {44 vars in 1055 bytes} [Thu Jun 25 23:18:03 2026] GET /v2/schemas/image => generated 6083 bytes in 7 msecs (HTTP/1.1 200) 4 headers in 158 bytes (1 switches on core 0)
Jun 25 23:18:03.253050 np0000003662 devstack@g-api.service[99647]: DEBUG oslo_utils.imageutils.format_inspector [None req-0bab4473-89de-4bf3-8919-d35fbdf90d4c tempest-VolumesNegativeTest-1960918892 tempest-VolumesNegativeTest-1960918892-project-member] Format inspector for vmdk does not match, excluding from consideration (Signature KDMV not found: b"\xf7\x02'\xdb") {{(pid=99647) _process_chunk /opt/stack/data/venv/lib/python3.12/site-packages/oslo_utils/imageutils/format_inspector.py:1758}}
Jun 25 23:18:03.260367 np0000003662 devstack@g-api.service[99646]: [pid: 99646|app: 0|req: 131/390] 127.0.0.1 () {44 vars in 1115 bytes} [Thu Jun 25 23:18:03 2026] GET /v2/images/4295b199-e639-49b9-9b06-d0d168941804 => generated 1044 bytes in 21 msecs (HTTP/1.1 200) 4 headers in 158 bytes (1 switches on core 0)
Jun 25 23:18:03.271228 np0000003662 devstack@g-api.service[99646]: DEBUG glance.api.middleware.version_negotiation [None req-1e2d8ab4-6b35-4947-99f9-51fed2803a25 tempest-VolumesGetTest-468601273 tempest-VolumesGetTest-468601273-project-member] Determining version of request: GET /v2/schemas/image Accept: */* {{(pid=99646) process_request /opt/stack/glance/glance/api/middleware/version_negotiation.py:44}}
Jun 25 23:18:03.272076 np0000003662 devstack@g-api.service[99648]: DEBUG glance.api.middleware.version_negotiation [None req-d268c606-771b-468c-9cbf-8daf99614824 tempest-ImageDependencyTests-644183005 tempest-ImageDependencyTests-644183005-project-member] Determining version of request: GET /v2/images/6b14ee1f-62d8-43e4-9c9f-def5f8b2e787 Accept: application/json {{(pid=99648) process_request /opt/stack/glance/glance/api/middleware/version_negotiation.py:44}}
Jun 25 23:18:03.272403 np0000003662 devstack@g-api.service[99648]: DEBUG glance.api.middleware.version_negotiation [None req-d268c606-771b-468c-9cbf-8daf99614824 tempest-ImageDependencyTests-644183005 tempest-ImageDependencyTests-644183005-project-member] Using url versioning {{(pid=99648) process_request /opt/stack/glance/glance/api/middleware/version_negotiation.py:57}}
Jun 25 23:18:03.272567 np0000003662 devstack@g-api.service[99648]: DEBUG glance.api.middleware.version_negotiation [None req-d268c606-771b-468c-9cbf-8daf99614824 tempest-ImageDependencyTests-644183005 tempest-ImageDependencyTests-644183005-project-member] Matched version: v2 {{(pid=99648) process_request /opt/stack/glance/glance/api/middleware/version_negotiation.py:69}}
Jun 25 23:18:03.272847 np0000003662 devstack@g-api.service[99646]: DEBUG glance.api.middleware.version_negotiation [None req-1e2d8ab4-6b35-4947-99f9-51fed2803a25 tempest-VolumesGetTest-468601273 tempest-VolumesGetTest-468601273-project-member] Using url versioning {{(pid=99646) process_request /opt/stack/glance/glance/api/middleware/version_negotiation.py:57}}
Jun 25 23:18:03.273056 np0000003662 devstack@g-api.service[99646]: DEBUG glance.api.middleware.version_negotiation [None req-1e2d8ab4-6b35-4947-99f9-51fed2803a25 tempest-VolumesGetTest-468601273 tempest-VolumesGetTest-468601273-project-member] Matched version: v2 {{(pid=99646) process_request /opt/stack/glance/glance/api/middleware/version_negotiation.py:69}}
Jun 25 23:18:03.273400 np0000003662 devstack@g-api.service[99646]: DEBUG glance.api.middleware.version_negotiation [None req-1e2d8ab4-6b35-4947-99f9-51fed2803a25 tempest-VolumesGetTest-468601273 tempest-VolumesGetTest-468601273-project-member] new path /v2/schemas/image {{(pid=99646) process_request /opt/stack/glance/glance/api/middleware/version_negotiation.py:70}}
Jun 25 23:18:03.273890 np0000003662 devstack@g-api.service[99648]: DEBUG glance.api.middleware.version_negotiation [None req-d268c606-771b-468c-9cbf-8daf99614824 tempest-ImageDependencyTests-644183005 tempest-ImageDependencyTests-644183005-project-member] new path /v2/images/6b14ee1f-62d8-43e4-9c9f-def5f8b2e787 {{(pid=99648) process_request /opt/stack/glance/glance/api/middleware/version_negotiation.py:70}}
Jun 25 23:18:03.280579 np0000003662 devstack@g-api.service[99646]: [pid: 99646|app: 0|req: 132/391] 127.0.0.1 () {44 vars in 1055 bytes} [Thu Jun 25 23:18:03 2026] GET /v2/schemas/image => generated 6083 bytes in 9 msecs (HTTP/1.1 200) 4 headers in 158 bytes (1 switches on core 0)
Jun 25 23:18:03.285765 np0000003662 devstack@g-api.service[99647]: DEBUG swiftclient [None req-0bab4473-89de-4bf3-8919-d35fbdf90d4c tempest-VolumesNegativeTest-1960918892 tempest-VolumesNegativeTest-1960918892-project-member] REQ: curl -i https://10.4.3.175:8080/v1/AUTH_fcc178028d254baf9d6bb395882c1cea/glance/b6ba25b4-b1ed-409e-99a7-f97cd9cd69b1 -X PUT -H "X-Auth-Token: gAAAAABqPbcrS5iM..." -H "Content-Length: 1024" {{(pid=99647) http_log /opt/stack/data/venv/lib/python3.12/site-packages/swiftclient/client.py:160}}
Jun 25 23:18:03.288785 np0000003662 devstack@g-api.service[99647]: DEBUG swiftclient [None req-0bab4473-89de-4bf3-8919-d35fbdf90d4c tempest-VolumesNegativeTest-1960918892 tempest-VolumesNegativeTest-1960918892-project-member] RESP STATUS: 201 Created {{(pid=99647) http_log /opt/stack/data/venv/lib/python3.12/site-packages/swiftclient/client.py:161}}
Jun 25 23:18:03.288785 np0000003662 devstack@g-api.service[99647]: DEBUG swiftclient [None req-0bab4473-89de-4bf3-8919-d35fbdf90d4c tempest-VolumesNegativeTest-1960918892 tempest-VolumesNegativeTest-1960918892-project-member] RESP HEADERS: {'Date': 'Thu, 25 Jun 2026 23:18:03 GMT', 'Server': 'Apache/2.4.58 (Ubuntu)', 'Content-Type': 'text/html; charset=UTF-8', 'Content-Length': '0', 'Etag': '180bf2f2dc61debb4bfedf14ed05ae44', 'Last-Modified': 'Thu, 25 Jun 2026 23:18:04 GMT', 'X-Trans-Id': 'txcb9314a643d54245a661a-006a3db72b', 'X-Openstack-Request-Id': 'txcb9314a643d54245a661a-006a3db72b', 'Connection': 'close'} {{(pid=99647) http_log /opt/stack/data/venv/lib/python3.12/site-packages/swiftclient/client.py:162}}
Jun 25 23:18:03.288785 np0000003662 devstack@g-api.service[99647]: INFO glance.location [None req-0bab4473-89de-4bf3-8919-d35fbdf90d4c tempest-VolumesNegativeTest-1960918892 tempest-VolumesNegativeTest-1960918892-project-member] Image format matched and virtual size computed: 1024
Jun 25 23:18:03.293250 np0000003662 devstack@g-api.service[99646]: DEBUG glance.api.middleware.version_negotiation [None req-1e2d8ab4-6b35-4947-99f9-51fed2803a25 tempest-VolumesGetTest-468601273 tempest-VolumesGetTest-468601273-project-member] Determining version of request: GET /v2/schemas/image Accept: */* {{(pid=99646) process_request /opt/stack/glance/glance/api/middleware/version_negotiation.py:44}}
Jun 25 23:18:03.293467 np0000003662 devstack@g-api.service[99646]: DEBUG glance.api.middleware.version_negotiation [None req-1e2d8ab4-6b35-4947-99f9-51fed2803a25 tempest-VolumesGetTest-468601273 tempest-VolumesGetTest-468601273-project-member] Using url versioning {{(pid=99646) process_request /opt/stack/glance/glance/api/middleware/version_negotiation.py:57}}
Jun 25 23:18:03.293636 np0000003662 devstack@g-api.service[99646]: DEBUG glance.api.middleware.version_negotiation [None req-1e2d8ab4-6b35-4947-99f9-51fed2803a25 tempest-VolumesGetTest-468601273 tempest-VolumesGetTest-468601273-project-member] Matched version: v2 {{(pid=99646) process_request /opt/stack/glance/glance/api/middleware/version_negotiation.py:69}}
Jun 25 23:18:03.294019 np0000003662 devstack@g-api.service[99646]: DEBUG glance.api.middleware.version_negotiation [None req-1e2d8ab4-6b35-4947-99f9-51fed2803a25 tempest-VolumesGetTest-468601273 tempest-VolumesGetTest-468601273-project-member] new path /v2/schemas/image {{(pid=99646) process_request /opt/stack/glance/glance/api/middleware/version_negotiation.py:70}}
Jun 25 23:18:03.295284 np0000003662 devstack@g-api.service[99648]: [pid: 99648|app: 0|req: 131/392] 127.0.0.1 () {40 vars in 838 bytes} [Thu Jun 25 23:18:03 2026] GET /v2/images/6b14ee1f-62d8-43e4-9c9f-def5f8b2e787 => generated 1759 bytes in 24 msecs (HTTP/1.1 200) 4 headers in 158 bytes (1 switches on core 0)
Jun 25 23:18:03.300497 np0000003662 devstack@g-api.service[99646]: [pid: 99646|app: 0|req: 133/393] 127.0.0.1 () {44 vars in 1055 bytes} [Thu Jun 25 23:18:03 2026] GET /v2/schemas/image => generated 6083 bytes in 10 msecs (HTTP/1.1 200) 4 headers in 158 bytes (1 switches on core 0)
Jun 25 23:18:03.303521 np0000003662 devstack@g-api.service[99648]: DEBUG glance.api.middleware.version_negotiation [None req-fced9fb4-87ea-4097-aeaf-6df101dea8be tempest-ImageDependencyTests-644183005 tempest-ImageDependencyTests-644183005-project-member] Determining version of request: GET /v2/images/6b14ee1f-62d8-43e4-9c9f-def5f8b2e787 Accept: application/json {{(pid=99648) process_request /opt/stack/glance/glance/api/middleware/version_negotiation.py:44}}
Jun 25 23:18:03.303768 np0000003662 devstack@g-api.service[99648]: DEBUG glance.api.middleware.version_negotiation [None req-fced9fb4-87ea-4097-aeaf-6df101dea8be tempest-ImageDependencyTests-644183005 tempest-ImageDependencyTests-644183005-project-member] Using url versioning {{(pid=99648) process_request /opt/stack/glance/glance/api/middleware/version_negotiation.py:57}}
Jun 25 23:18:03.303979 np0000003662 devstack@g-api.service[99648]: DEBUG glance.api.middleware.version_negotiation [None req-fced9fb4-87ea-4097-aeaf-6df101dea8be tempest-ImageDependencyTests-644183005 tempest-ImageDependencyTests-644183005-project-member] Matched version: v2 {{(pid=99648) process_request /opt/stack/glance/glance/api/middleware/version_negotiation.py:69}}
Jun 25 23:18:03.304185 np0000003662 devstack@g-api.service[99648]: DEBUG glance.api.middleware.version_negotiation [None req-fced9fb4-87ea-4097-aeaf-6df101dea8be tempest-ImageDependencyTests-644183005 tempest-ImageDependencyTests-644183005-project-member] new path /v2/images/6b14ee1f-62d8-43e4-9c9f-def5f8b2e787 {{(pid=99648) process_request /opt/stack/glance/glance/api/middleware/version_negotiation.py:70}}
Jun 25 23:18:03.312388 np0000003662 devstack@g-api.service[99646]: DEBUG glance.api.middleware.version_negotiation [None req-1e2d8ab4-6b35-4947-99f9-51fed2803a25 tempest-VolumesGetTest-468601273 tempest-VolumesGetTest-468601273-project-member] Determining version of request: GET /v2/images/4295b199-e639-49b9-9b06-d0d168941804 Accept: */* {{(pid=99646) process_request /opt/stack/glance/glance/api/middleware/version_negotiation.py:44}}
Jun 25 23:18:03.312585 np0000003662 devstack@g-api.service[99646]: DEBUG glance.api.middleware.version_negotiation [None req-1e2d8ab4-6b35-4947-99f9-51fed2803a25 tempest-VolumesGetTest-468601273 tempest-VolumesGetTest-468601273-project-member] Using url versioning {{(pid=99646) process_request /opt/stack/glance/glance/api/middleware/version_negotiation.py:57}}
Jun 25 23:18:03.312761 np0000003662 devstack@g-api.service[99646]: DEBUG glance.api.middleware.version_negotiation [None req-1e2d8ab4-6b35-4947-99f9-51fed2803a25 tempest-VolumesGetTest-468601273 tempest-VolumesGetTest-468601273-project-member] Matched version: v2 {{(pid=99646) process_request /opt/stack/glance/glance/api/middleware/version_negotiation.py:69}}
Jun 25 23:18:03.312912 np0000003662 devstack@g-api.service[99646]: DEBUG glance.api.middleware.version_negotiation [None req-1e2d8ab4-6b35-4947-99f9-51fed2803a25 tempest-VolumesGetTest-468601273 tempest-VolumesGetTest-468601273-project-member] new path /v2/images/4295b199-e639-49b9-9b06-d0d168941804 {{(pid=99646) process_request /opt/stack/glance/glance/api/middleware/version_negotiation.py:70}}
Jun 25 23:18:03.315480 np0000003662 devstack@g-api.service[99647]: DEBUG glance_store.backend [None req-0bab4473-89de-4bf3-8919-d35fbdf90d4c tempest-VolumesNegativeTest-1960918892 tempest-VolumesNegativeTest-1960918892-project-member] Attempting to import store swift {{(pid=99647) _load_store /opt/stack/data/venv/lib/python3.12/site-packages/glance_store/backend.py:215}}
Jun 25 23:18:03.316669 np0000003662 devstack@g-api.service[99647]: DEBUG glance_store.capabilities [None req-0bab4473-89de-4bf3-8919-d35fbdf90d4c tempest-VolumesNegativeTest-1960918892 tempest-VolumesNegativeTest-1960918892-project-member] Store glance_store._drivers.swift.store.SingleTenantStore doesn't support updating dynamic storage capabilities. Please overwrite 'update_capabilities' method of the store to implement updating logics if needed. {{(pid=99647) update_capabilities /opt/stack/data/venv/lib/python3.12/site-packages/glance_store/capabilities.py:91}}
Jun 25 23:18:03.316890 np0000003662 devstack@g-api.service[99647]: DEBUG glance_store.driver [None req-0bab4473-89de-4bf3-8919-d35fbdf90d4c tempest-VolumesNegativeTest-1960918892 tempest-VolumesNegativeTest-1960918892-project-member] Late loading location class glance_store._drivers.swift.store.StoreLocation {{(pid=99647) get_store_location_class /opt/stack/data/venv/lib/python3.12/site-packages/glance_store/driver.py:134}}
Jun 25 23:18:03.316931 np0000003662 devstack@g-api.service[99647]: DEBUG glance_store.location [None req-0bab4473-89de-4bf3-8919-d35fbdf90d4c tempest-VolumesNegativeTest-1960918892 tempest-VolumesNegativeTest-1960918892-project-member] Registering scheme swift+https with {'store': , 'location_class': , 'store_entry': 'swift'} {{(pid=99647) register_scheme_map /opt/stack/data/venv/lib/python3.12/site-packages/glance_store/location.py:146}}
Jun 25 23:18:03.317002 np0000003662 devstack@g-api.service[99647]: DEBUG glance_store.location [None req-0bab4473-89de-4bf3-8919-d35fbdf90d4c tempest-VolumesNegativeTest-1960918892 tempest-VolumesNegativeTest-1960918892-project-member] Registering scheme swift+https with {'store': , 'location_class': , 'store_entry': 'swift'} {{(pid=99647) register_scheme_map /opt/stack/data/venv/lib/python3.12/site-packages/glance_store/location.py:146}}
Jun 25 23:18:03.317057 np0000003662 devstack@g-api.service[99647]: DEBUG glance_store.location [None req-0bab4473-89de-4bf3-8919-d35fbdf90d4c tempest-VolumesNegativeTest-1960918892 tempest-VolumesNegativeTest-1960918892-project-member] Registering scheme swift with {'store': , 'location_class': , 'store_entry': 'swift'} {{(pid=99647) register_scheme_map /opt/stack/data/venv/lib/python3.12/site-packages/glance_store/location.py:146}}
Jun 25 23:18:03.317114 np0000003662 devstack@g-api.service[99647]: DEBUG glance_store.location [None req-0bab4473-89de-4bf3-8919-d35fbdf90d4c tempest-VolumesNegativeTest-1960918892 tempest-VolumesNegativeTest-1960918892-project-member] Registering scheme swift+https with {'store': , 'location_class': , 'store_entry': 'swift'} {{(pid=99647) register_scheme_map /opt/stack/data/venv/lib/python3.12/site-packages/glance_store/location.py:146}}
Jun 25 23:18:03.317189 np0000003662 devstack@g-api.service[99647]: DEBUG glance_store.location [None req-0bab4473-89de-4bf3-8919-d35fbdf90d4c tempest-VolumesNegativeTest-1960918892 tempest-VolumesNegativeTest-1960918892-project-member] Registering scheme swift with {'store': , 'location_class': , 'store_entry': 'swift'} {{(pid=99647) register_scheme_map /opt/stack/data/venv/lib/python3.12/site-packages/glance_store/location.py:146}}
Jun 25 23:18:03.317308 np0000003662 devstack@g-api.service[99647]: DEBUG glance_store.location [None req-0bab4473-89de-4bf3-8919-d35fbdf90d4c tempest-VolumesNegativeTest-1960918892 tempest-VolumesNegativeTest-1960918892-project-member] Registering scheme swift+http with {'store': , 'location_class': , 'store_entry': 'swift'} {{(pid=99647) register_scheme_map /opt/stack/data/venv/lib/python3.12/site-packages/glance_store/location.py:146}}
Jun 25 23:18:03.317308 np0000003662 devstack@g-api.service[99647]: DEBUG glance_store.location [None req-0bab4473-89de-4bf3-8919-d35fbdf90d4c tempest-VolumesNegativeTest-1960918892 tempest-VolumesNegativeTest-1960918892-project-member] Registering scheme swift+https with {'store': , 'location_class': , 'store_entry': 'swift'} {{(pid=99647) register_scheme_map /opt/stack/data/venv/lib/python3.12/site-packages/glance_store/location.py:146}}
Jun 25 23:18:03.317430 np0000003662 devstack@g-api.service[99647]: DEBUG glance_store.location [None req-0bab4473-89de-4bf3-8919-d35fbdf90d4c tempest-VolumesNegativeTest-1960918892 tempest-VolumesNegativeTest-1960918892-project-member] Registering scheme swift with {'store': , 'location_class': , 'store_entry': 'swift'} {{(pid=99647) register_scheme_map /opt/stack/data/venv/lib/python3.12/site-packages/glance_store/location.py:146}}
Jun 25 23:18:03.317430 np0000003662 devstack@g-api.service[99647]: DEBUG glance_store.location [None req-0bab4473-89de-4bf3-8919-d35fbdf90d4c tempest-VolumesNegativeTest-1960918892 tempest-VolumesNegativeTest-1960918892-project-member] Registering scheme swift+http with {'store': , 'location_class': , 'store_entry': 'swift'} {{(pid=99647) register_scheme_map /opt/stack/data/venv/lib/python3.12/site-packages/glance_store/location.py:146}}
Jun 25 23:18:03.317518 np0000003662 devstack@g-api.service[99647]: DEBUG glance_store.location [None req-0bab4473-89de-4bf3-8919-d35fbdf90d4c tempest-VolumesNegativeTest-1960918892 tempest-VolumesNegativeTest-1960918892-project-member] Registering scheme swift+config with {'store': , 'location_class': , 'store_entry': 'swift'} {{(pid=99647) register_scheme_map /opt/stack/data/venv/lib/python3.12/site-packages/glance_store/location.py:146}}
Jun 25 23:18:03.317578 np0000003662 devstack@g-api.service[99647]: DEBUG glance_store.backend [None req-0bab4473-89de-4bf3-8919-d35fbdf90d4c tempest-VolumesNegativeTest-1960918892 tempest-VolumesNegativeTest-1960918892-project-member] Skipping store.set_acls... not implemented. {{(pid=99647) set_acls /opt/stack/data/venv/lib/python3.12/site-packages/glance_store/backend.py:507}}
Jun 25 23:18:03.318300 np0000003662 devstack@g-api.service[99648]: [pid: 99648|app: 0|req: 132/394] 127.0.0.1 () {40 vars in 838 bytes} [Thu Jun 25 23:18:03 2026] GET /v2/images/6b14ee1f-62d8-43e4-9c9f-def5f8b2e787 => generated 1759 bytes in 15 msecs (HTTP/1.1 200) 4 headers in 158 bytes (1 switches on core 0)
Jun 25 23:18:03.324371 np0000003662 devstack@g-api.service[99647]: [pid: 99647|app: 0|req: 130/395] 127.0.0.1 () {40 vars in 847 bytes} [Thu Jun 25 23:18:02 2026] PUT /v2/images/b6ba25b4-b1ed-409e-99a7-f97cd9cd69b1/file => generated 0 bytes in 1068 msecs (HTTP/1.1 204) 4 headers in 171 bytes (1 switches on core 0)
Jun 25 23:18:03.342940 np0000003662 devstack@g-api.service[99648]: DEBUG glance.api.middleware.version_negotiation [None req-c8a619b1-1778-4f4d-a767-909feb1640be tempest-ImageDependencyTests-644183005 tempest-ImageDependencyTests-644183005-project-member] Determining version of request: GET /v2/images/b6ba25b4-b1ed-409e-99a7-f97cd9cd69b1 Accept: application/json {{(pid=99648) process_request /opt/stack/glance/glance/api/middleware/version_negotiation.py:44}}
Jun 25 23:18:03.342940 np0000003662 devstack@g-api.service[99648]: DEBUG glance.api.middleware.version_negotiation [None req-c8a619b1-1778-4f4d-a767-909feb1640be tempest-ImageDependencyTests-644183005 tempest-ImageDependencyTests-644183005-project-member] Using url versioning {{(pid=99648) process_request /opt/stack/glance/glance/api/middleware/version_negotiation.py:57}}
Jun 25 23:18:03.342940 np0000003662 devstack@g-api.service[99648]: DEBUG glance.api.middleware.version_negotiation [None req-c8a619b1-1778-4f4d-a767-909feb1640be tempest-ImageDependencyTests-644183005 tempest-ImageDependencyTests-644183005-project-member] Matched version: v2 {{(pid=99648) process_request /opt/stack/glance/glance/api/middleware/version_negotiation.py:69}}
Jun 25 23:18:03.342940 np0000003662 devstack@g-api.service[99648]: DEBUG glance.api.middleware.version_negotiation [None req-c8a619b1-1778-4f4d-a767-909feb1640be tempest-ImageDependencyTests-644183005 tempest-ImageDependencyTests-644183005-project-member] new path /v2/images/b6ba25b4-b1ed-409e-99a7-f97cd9cd69b1 {{(pid=99648) process_request /opt/stack/glance/glance/api/middleware/version_negotiation.py:70}}
Jun 25 23:18:03.352594 np0000003662 devstack@g-api.service[99648]: [pid: 99648|app: 0|req: 133/396] 127.0.0.1 () {40 vars in 838 bytes} [Thu Jun 25 23:18:03 2026] GET /v2/images/b6ba25b4-b1ed-409e-99a7-f97cd9cd69b1 => generated 811 bytes in 10 msecs (HTTP/1.1 200) 4 headers in 157 bytes (1 switches on core 0)
Jun 25 23:18:03.355091 np0000003662 devstack@g-api.service[99646]: [pid: 99646|app: 0|req: 134/397] 127.0.0.1 () {44 vars in 1115 bytes} [Thu Jun 25 23:18:03 2026] GET /v2/images/4295b199-e639-49b9-9b06-d0d168941804 => generated 1044 bytes in 43 msecs (HTTP/1.1 200) 4 headers in 158 bytes (1 switches on core 0)
Jun 25 23:18:03.361415 np0000003662 devstack@g-api.service[99647]: DEBUG glance.api.middleware.version_negotiation [None req-0bab4473-89de-4bf3-8919-d35fbdf90d4c tempest-VolumesNegativeTest-1960918892 tempest-VolumesNegativeTest-1960918892-project-member] Determining version of request: DELETE /v2/images/04a53b3c-ad43-491e-9cfb-1bdf07a43c6a Accept: application/json {{(pid=99647) process_request /opt/stack/glance/glance/api/middleware/version_negotiation.py:44}}
Jun 25 23:18:03.361571 np0000003662 devstack@g-api.service[99647]: DEBUG glance.api.middleware.version_negotiation [None req-0bab4473-89de-4bf3-8919-d35fbdf90d4c tempest-VolumesNegativeTest-1960918892 tempest-VolumesNegativeTest-1960918892-project-member] Using url versioning {{(pid=99647) process_request /opt/stack/glance/glance/api/middleware/version_negotiation.py:57}}
Jun 25 23:18:03.361700 np0000003662 devstack@g-api.service[99647]: DEBUG glance.api.middleware.version_negotiation [None req-0bab4473-89de-4bf3-8919-d35fbdf90d4c tempest-VolumesNegativeTest-1960918892 tempest-VolumesNegativeTest-1960918892-project-member] Matched version: v2 {{(pid=99647) process_request /opt/stack/glance/glance/api/middleware/version_negotiation.py:69}}
Jun 25 23:18:03.361807 np0000003662 devstack@g-api.service[99647]: DEBUG glance.api.middleware.version_negotiation [None req-0bab4473-89de-4bf3-8919-d35fbdf90d4c tempest-VolumesNegativeTest-1960918892 tempest-VolumesNegativeTest-1960918892-project-member] new path /v2/images/04a53b3c-ad43-491e-9cfb-1bdf07a43c6a {{(pid=99647) process_request /opt/stack/glance/glance/api/middleware/version_negotiation.py:70}}
Jun 25 23:18:03.362088 np0000003662 devstack@g-api.service[99648]: DEBUG glance.api.middleware.version_negotiation [None req-1da47e9f-c9ac-4822-b386-f36e4692ea92 tempest-VolumesNegativeTest-1960918892 tempest-VolumesNegativeTest-1960918892-project-member] Determining version of request: GET /v2/schemas/image Accept: */* {{(pid=99648) process_request /opt/stack/glance/glance/api/middleware/version_negotiation.py:44}}
Jun 25 23:18:03.362241 np0000003662 devstack@g-api.service[99648]: DEBUG glance.api.middleware.version_negotiation [None req-1da47e9f-c9ac-4822-b386-f36e4692ea92 tempest-VolumesNegativeTest-1960918892 tempest-VolumesNegativeTest-1960918892-project-member] Using url versioning {{(pid=99648) process_request /opt/stack/glance/glance/api/middleware/version_negotiation.py:57}}
Jun 25 23:18:03.362361 np0000003662 devstack@g-api.service[99648]: DEBUG glance.api.middleware.version_negotiation [None req-1da47e9f-c9ac-4822-b386-f36e4692ea92 tempest-VolumesNegativeTest-1960918892 tempest-VolumesNegativeTest-1960918892-project-member] Matched version: v2 {{(pid=99648) process_request /opt/stack/glance/glance/api/middleware/version_negotiation.py:69}}
Jun 25 23:18:03.362494 np0000003662 devstack@g-api.service[99648]: DEBUG glance.api.middleware.version_negotiation [None req-1da47e9f-c9ac-4822-b386-f36e4692ea92 tempest-VolumesNegativeTest-1960918892 tempest-VolumesNegativeTest-1960918892-project-member] new path /v2/schemas/image {{(pid=99648) process_request /opt/stack/glance/glance/api/middleware/version_negotiation.py:70}}
Jun 25 23:18:03.365492 np0000003662 devstack@g-api.service[99648]: [pid: 99648|app: 0|req: 134/398] 127.0.0.1 () {44 vars in 1055 bytes} [Thu Jun 25 23:18:03 2026] GET /v2/schemas/image => generated 6083 bytes in 3 msecs (HTTP/1.1 200) 4 headers in 158 bytes (1 switches on core 0)
Jun 25 23:18:03.366610 np0000003662 devstack@g-api.service[99646]: DEBUG glance.api.middleware.version_negotiation [None req-1e2d8ab4-6b35-4947-99f9-51fed2803a25 tempest-VolumesGetTest-468601273 tempest-VolumesGetTest-468601273-project-member] Determining version of request: POST /v2/images/b6ba25b4-b1ed-409e-99a7-f97cd9cd69b1/actions/deactivate Accept: application/json {{(pid=99646) process_request /opt/stack/glance/glance/api/middleware/version_negotiation.py:44}}
Jun 25 23:18:03.366968 np0000003662 devstack@g-api.service[99646]: DEBUG glance.api.middleware.version_negotiation [None req-1e2d8ab4-6b35-4947-99f9-51fed2803a25 tempest-VolumesGetTest-468601273 tempest-VolumesGetTest-468601273-project-member] Using url versioning {{(pid=99646) process_request /opt/stack/glance/glance/api/middleware/version_negotiation.py:57}}
Jun 25 23:18:03.367036 np0000003662 devstack@g-api.service[99646]: DEBUG glance.api.middleware.version_negotiation [None req-1e2d8ab4-6b35-4947-99f9-51fed2803a25 tempest-VolumesGetTest-468601273 tempest-VolumesGetTest-468601273-project-member] Matched version: v2 {{(pid=99646) process_request /opt/stack/glance/glance/api/middleware/version_negotiation.py:69}}
Jun 25 23:18:03.367149 np0000003662 devstack@g-api.service[99646]: DEBUG glance.api.middleware.version_negotiation [None req-1e2d8ab4-6b35-4947-99f9-51fed2803a25 tempest-VolumesGetTest-468601273 tempest-VolumesGetTest-468601273-project-member] new path /v2/images/b6ba25b4-b1ed-409e-99a7-f97cd9cd69b1/actions/deactivate {{(pid=99646) process_request /opt/stack/glance/glance/api/middleware/version_negotiation.py:70}}
Jun 25 23:18:03.370846 np0000003662 devstack@g-api.service[99647]: WARNING glance.api.v2.images [None req-7568c554-74b8-4b8a-aa82-40b57dad45e8 tempest-ImageDependencyTests-644183005 tempest-ImageDependencyTests-644183005-project-member] After upload to backend, deletion of staged image data has failed because it cannot be found at /tmp/staging//04a53b3c-ad43-491e-9cfb-1bdf07a43c6a
Jun 25 23:18:03.371341 np0000003662 devstack@g-api.service[99647]: DEBUG glance_store.backend [None req-7568c554-74b8-4b8a-aa82-40b57dad45e8 tempest-ImageDependencyTests-644183005 tempest-ImageDependencyTests-644183005-project-member] Attempting to import store swift {{(pid=99647) _load_store /opt/stack/data/venv/lib/python3.12/site-packages/glance_store/backend.py:215}}
Jun 25 23:18:03.372553 np0000003662 devstack@g-api.service[99647]: DEBUG glance_store.capabilities [None req-7568c554-74b8-4b8a-aa82-40b57dad45e8 tempest-ImageDependencyTests-644183005 tempest-ImageDependencyTests-644183005-project-member] Store glance_store._drivers.swift.store.SingleTenantStore doesn't support updating dynamic storage capabilities. Please overwrite 'update_capabilities' method of the store to implement updating logics if needed. {{(pid=99647) update_capabilities /opt/stack/data/venv/lib/python3.12/site-packages/glance_store/capabilities.py:91}}
Jun 25 23:18:03.372678 np0000003662 devstack@g-api.service[99647]: DEBUG glance_store.driver [None req-7568c554-74b8-4b8a-aa82-40b57dad45e8 tempest-ImageDependencyTests-644183005 tempest-ImageDependencyTests-644183005-project-member] Late loading location class glance_store._drivers.swift.store.StoreLocation {{(pid=99647) get_store_location_class /opt/stack/data/venv/lib/python3.12/site-packages/glance_store/driver.py:134}}
Jun 25 23:18:03.372811 np0000003662 devstack@g-api.service[99647]: DEBUG glance_store.location [None req-7568c554-74b8-4b8a-aa82-40b57dad45e8 tempest-ImageDependencyTests-644183005 tempest-ImageDependencyTests-644183005-project-member] Registering scheme swift+https with {'store': , 'location_class': , 'store_entry': 'swift'} {{(pid=99647) register_scheme_map /opt/stack/data/venv/lib/python3.12/site-packages/glance_store/location.py:146}}
Jun 25 23:18:03.372811 np0000003662 devstack@g-api.service[99647]: DEBUG glance_store.location [None req-7568c554-74b8-4b8a-aa82-40b57dad45e8 tempest-ImageDependencyTests-644183005 tempest-ImageDependencyTests-644183005-project-member] Registering scheme swift+https with {'store': , 'location_class': , 'store_entry': 'swift'} {{(pid=99647) register_scheme_map /opt/stack/data/venv/lib/python3.12/site-packages/glance_store/location.py:146}}
Jun 25 23:18:03.376812 np0000003662 devstack@g-api.service[99647]: DEBUG glance_store.location [None req-7568c554-74b8-4b8a-aa82-40b57dad45e8 tempest-ImageDependencyTests-644183005 tempest-ImageDependencyTests-644183005-project-member] Registering scheme swift with {'store': , 'location_class': , 'store_entry': 'swift'} {{(pid=99647) register_scheme_map /opt/stack/data/venv/lib/python3.12/site-packages/glance_store/location.py:146}}
Jun 25 23:18:03.376812 np0000003662 devstack@g-api.service[99647]: DEBUG glance_store.location [None req-7568c554-74b8-4b8a-aa82-40b57dad45e8 tempest-ImageDependencyTests-644183005 tempest-ImageDependencyTests-644183005-project-member] Registering scheme swift+https with {'store': , 'location_class': , 'store_entry': 'swift'} {{(pid=99647) register_scheme_map /opt/stack/data/venv/lib/python3.12/site-packages/glance_store/location.py:146}}
Jun 25 23:18:03.376812 np0000003662 devstack@g-api.service[99647]: DEBUG glance_store.location [None req-7568c554-74b8-4b8a-aa82-40b57dad45e8 tempest-ImageDependencyTests-644183005 tempest-ImageDependencyTests-644183005-project-member] Registering scheme swift with {'store': , 'location_class': , 'store_entry': 'swift'} {{(pid=99647) register_scheme_map /opt/stack/data/venv/lib/python3.12/site-packages/glance_store/location.py:146}}
Jun 25 23:18:03.376812 np0000003662 devstack@g-api.service[99647]: DEBUG glance_store.location [None req-7568c554-74b8-4b8a-aa82-40b57dad45e8 tempest-ImageDependencyTests-644183005 tempest-ImageDependencyTests-644183005-project-member] Registering scheme swift+http with {'store': , 'location_class': , 'store_entry': 'swift'} {{(pid=99647) register_scheme_map /opt/stack/data/venv/lib/python3.12/site-packages/glance_store/location.py:146}}
Jun 25 23:18:03.376812 np0000003662 devstack@g-api.service[99647]: DEBUG glance_store.location [None req-7568c554-74b8-4b8a-aa82-40b57dad45e8 tempest-ImageDependencyTests-644183005 tempest-ImageDependencyTests-644183005-project-member] Registering scheme swift+https with {'store': , 'location_class': , 'store_entry': 'swift'} {{(pid=99647) register_scheme_map /opt/stack/data/venv/lib/python3.12/site-packages/glance_store/location.py:146}}
Jun 25 23:18:03.376812 np0000003662 devstack@g-api.service[99647]: DEBUG glance_store.location [None req-7568c554-74b8-4b8a-aa82-40b57dad45e8 tempest-ImageDependencyTests-644183005 tempest-ImageDependencyTests-644183005-project-member] Registering scheme swift with {'store': , 'location_class': , 'store_entry': 'swift'} {{(pid=99647) register_scheme_map /opt/stack/data/venv/lib/python3.12/site-packages/glance_store/location.py:146}}
Jun 25 23:18:03.376812 np0000003662 devstack@g-api.service[99647]: DEBUG glance_store.location [None req-7568c554-74b8-4b8a-aa82-40b57dad45e8 tempest-ImageDependencyTests-644183005 tempest-ImageDependencyTests-644183005-project-member] Registering scheme swift+http with {'store': , 'location_class': , 'store_entry': 'swift'} {{(pid=99647) register_scheme_map /opt/stack/data/venv/lib/python3.12/site-packages/glance_store/location.py:146}}
Jun 25 23:18:03.376812 np0000003662 devstack@g-api.service[99647]: DEBUG glance_store.location [None req-7568c554-74b8-4b8a-aa82-40b57dad45e8 tempest-ImageDependencyTests-644183005 tempest-ImageDependencyTests-644183005-project-member] Registering scheme swift+config with {'store': , 'location_class': , 'store_entry': 'swift'} {{(pid=99647) register_scheme_map /opt/stack/data/venv/lib/python3.12/site-packages/glance_store/location.py:146}}
Jun 25 23:18:03.376812 np0000003662 devstack@g-api.service[99647]: DEBUG keystoneclient.auth.identity.v3.base [None req-7568c554-74b8-4b8a-aa82-40b57dad45e8 tempest-ImageDependencyTests-644183005 tempest-ImageDependencyTests-644183005-project-member] Making authentication request to https://10.4.3.175/identity/v3/auth/tokens {{(pid=99647) get_auth_ref /opt/stack/data/venv/lib/python3.12/site-packages/keystoneclient/auth/identity/v3/base.py:185}}
Jun 25 23:18:03.377338 np0000003662 devstack@g-api.service[99648]: DEBUG glance.api.middleware.version_negotiation [None req-1e2d8ab4-6b35-4947-99f9-51fed2803a25 tempest-VolumesGetTest-468601273 tempest-VolumesGetTest-468601273-project-member] Determining version of request: GET /v2/schemas/image Accept: */* {{(pid=99648) process_request /opt/stack/glance/glance/api/middleware/version_negotiation.py:44}}
Jun 25 23:18:03.377338 np0000003662 devstack@g-api.service[99648]: DEBUG glance.api.middleware.version_negotiation [None req-1e2d8ab4-6b35-4947-99f9-51fed2803a25 tempest-VolumesGetTest-468601273 tempest-VolumesGetTest-468601273-project-member] Using url versioning {{(pid=99648) process_request /opt/stack/glance/glance/api/middleware/version_negotiation.py:57}}
Jun 25 23:18:03.377338 np0000003662 devstack@g-api.service[99648]: DEBUG glance.api.middleware.version_negotiation [None req-1e2d8ab4-6b35-4947-99f9-51fed2803a25 tempest-VolumesGetTest-468601273 tempest-VolumesGetTest-468601273-project-member] Matched version: v2 {{(pid=99648) process_request /opt/stack/glance/glance/api/middleware/version_negotiation.py:69}}
Jun 25 23:18:03.377338 np0000003662 devstack@g-api.service[99648]: DEBUG glance.api.middleware.version_negotiation [None req-1e2d8ab4-6b35-4947-99f9-51fed2803a25 tempest-VolumesGetTest-468601273 tempest-VolumesGetTest-468601273-project-member] new path /v2/schemas/image {{(pid=99648) process_request /opt/stack/glance/glance/api/middleware/version_negotiation.py:70}}
Jun 25 23:18:03.380308 np0000003662 devstack@g-api.service[99648]: [pid: 99648|app: 0|req: 135/399] 127.0.0.1 () {44 vars in 1055 bytes} [Thu Jun 25 23:18:03 2026] GET /v2/schemas/image => generated 6083 bytes in 4 msecs (HTTP/1.1 200) 4 headers in 158 bytes (1 switches on core 0)
Jun 25 23:18:03.409500 np0000003662 devstack@g-api.service[99648]: DEBUG glance.api.middleware.version_negotiation [None req-1e2d8ab4-6b35-4947-99f9-51fed2803a25 tempest-VolumesGetTest-468601273 tempest-VolumesGetTest-468601273-project-member] Determining version of request: GET /v2/images/4295b199-e639-49b9-9b06-d0d168941804 Accept: */* {{(pid=99648) process_request /opt/stack/glance/glance/api/middleware/version_negotiation.py:44}}
Jun 25 23:18:03.409698 np0000003662 devstack@g-api.service[99648]: DEBUG glance.api.middleware.version_negotiation [None req-1e2d8ab4-6b35-4947-99f9-51fed2803a25 tempest-VolumesGetTest-468601273 tempest-VolumesGetTest-468601273-project-member] Using url versioning {{(pid=99648) process_request /opt/stack/glance/glance/api/middleware/version_negotiation.py:57}}
Jun 25 23:18:03.409916 np0000003662 devstack@g-api.service[99648]: DEBUG glance.api.middleware.version_negotiation [None req-1e2d8ab4-6b35-4947-99f9-51fed2803a25 tempest-VolumesGetTest-468601273 tempest-VolumesGetTest-468601273-project-member] Matched version: v2 {{(pid=99648) process_request /opt/stack/glance/glance/api/middleware/version_negotiation.py:69}}
Jun 25 23:18:03.410234 np0000003662 devstack@g-api.service[99648]: DEBUG glance.api.middleware.version_negotiation [None req-1e2d8ab4-6b35-4947-99f9-51fed2803a25 tempest-VolumesGetTest-468601273 tempest-VolumesGetTest-468601273-project-member] new path /v2/images/4295b199-e639-49b9-9b06-d0d168941804 {{(pid=99648) process_request /opt/stack/glance/glance/api/middleware/version_negotiation.py:70}}
Jun 25 23:18:03.422018 np0000003662 devstack@g-api.service[99646]: DEBUG glance_store.backend [None req-1299c635-5cee-490d-802c-9e0f27b0ab5e tempest-VolumesNegativeTest-1960918892 tempest-VolumesNegativeTest-1960918892-project-member] Attempting to import store swift {{(pid=99646) _load_store /opt/stack/data/venv/lib/python3.12/site-packages/glance_store/backend.py:215}}
