Jun 25 23:10:05.426297 np0000003662 devstack@g-api.service[99646]: DEBUG glance_store.capabilities [-] Store glance_store._drivers.http.Store doesn't support updating dynamic storage capabilities. Please overwrite 'update_capabilities' method of the store to implement updating logics if needed. {{(pid=99646) update_capabilities /opt/stack/data/venv/lib/python3.12/site-packages/glance_store/capabilities.py:91}}
Jun 25 23:10:05.426349 np0000003662 devstack@g-api.service[99646]: DEBUG glance_store.backend [-] Registering store http with schemes ('http', 'https') {{(pid=99646) create_stores /opt/stack/data/venv/lib/python3.12/site-packages/glance_store/backend.py:261}}
Jun 25 23:10:05.426392 np0000003662 devstack@g-api.service[99646]: DEBUG glance_store.driver [-] Late loading location class glance_store._drivers.http.StoreLocation {{(pid=99646) get_store_location_class /opt/stack/data/venv/lib/python3.12/site-packages/glance_store/driver.py:134}}
Jun 25 23:10:05.426459 np0000003662 devstack@g-api.service[99646]: DEBUG glance_store.location [-] Registering scheme http with {'store': , 'location_class': , 'store_entry': 'http'} {{(pid=99646) register_scheme_map /opt/stack/data/venv/lib/python3.12/site-packages/glance_store/location.py:146}}
Jun 25 23:10:05.426507 np0000003662 devstack@g-api.service[99646]: DEBUG glance_store.location [-] Registering scheme https with {'store': , 'location_class': , 'store_entry': 'http'} {{(pid=99646) register_scheme_map /opt/stack/data/venv/lib/python3.12/site-packages/glance_store/location.py:146}}
Jun 25 23:10:05.426581 np0000003662 devstack@g-api.service[99646]: DEBUG glance_store.backend [-] Attempting to import store file {{(pid=99646) _load_store /opt/stack/data/venv/lib/python3.12/site-packages/glance_store/backend.py:215}}
Jun 25 23:10:05.427264 np0000003662 devstack@g-api.service[99646]: DEBUG glance_store.capabilities [-] Store glance_store._drivers.filesystem.Store doesn't support updating dynamic storage capabilities. Please overwrite 'update_capabilities' method of the store to implement updating logics if needed. {{(pid=99646) update_capabilities /opt/stack/data/venv/lib/python3.12/site-packages/glance_store/capabilities.py:91}}
Jun 25 23:10:05.427351 np0000003662 devstack@g-api.service[99646]: DEBUG glance_store.backend [-] Registering store file with schemes ('file', 'filesystem') {{(pid=99646) create_stores /opt/stack/data/venv/lib/python3.12/site-packages/glance_store/backend.py:261}}
Jun 25 23:10:05.427411 np0000003662 devstack@g-api.service[99646]: DEBUG glance_store.driver [-] Late loading location class glance_store._drivers.filesystem.StoreLocation {{(pid=99646) get_store_location_class /opt/stack/data/venv/lib/python3.12/site-packages/glance_store/driver.py:134}}
Jun 25 23:10:05.427524 np0000003662 devstack@g-api.service[99646]: DEBUG glance_store.location [-] Registering scheme file with {'store': , 'location_class': , 'store_entry': 'file'} {{(pid=99646) register_scheme_map /opt/stack/data/venv/lib/python3.12/site-packages/glance_store/location.py:146}}
Jun 25 23:10:05.427598 np0000003662 devstack@g-api.service[99646]: DEBUG glance_store.location [-] Registering scheme filesystem with {'store': , 'location_class': , 'store_entry': 'file'} {{(pid=99646) register_scheme_map /opt/stack/data/venv/lib/python3.12/site-packages/glance_store/location.py:146}}
Jun 25 23:10:05.427740 np0000003662 devstack@g-api.service[99646]: DEBUG glance_store.backend [-] Attempting to import store swift {{(pid=99646) _load_store /opt/stack/data/venv/lib/python3.12/site-packages/glance_store/backend.py:215}}
Jun 25 23:10:05.429294 np0000003662 devstack@g-api.service[99646]: DEBUG glance_store.capabilities [-] Store glance_store._drivers.swift.store.SingleTenantStore doesn't support updating dynamic storage capabilities. Please overwrite 'update_capabilities' method of the store to implement updating logics if needed. {{(pid=99646) update_capabilities /opt/stack/data/venv/lib/python3.12/site-packages/glance_store/capabilities.py:91}}
Jun 25 23:10:05.429356 np0000003662 devstack@g-api.service[99646]: DEBUG glance_store.driver [-] Late loading location class glance_store._drivers.swift.store.StoreLocation {{(pid=99646) get_store_location_class /opt/stack/data/venv/lib/python3.12/site-packages/glance_store/driver.py:134}}
Jun 25 23:10:05.429453 np0000003662 devstack@g-api.service[99646]: DEBUG glance_store.location [-] Registering scheme swift+https with {'store': , 'location_class': , 'store_entry': 'swift'} {{(pid=99646) register_scheme_map /opt/stack/data/venv/lib/python3.12/site-packages/glance_store/location.py:146}}
Jun 25 23:10:05.429509 np0000003662 devstack@g-api.service[99646]: DEBUG glance_store.location [-] Registering scheme swift+https with {'store': , 'location_class': , 'store_entry': 'swift'} {{(pid=99646) register_scheme_map /opt/stack/data/venv/lib/python3.12/site-packages/glance_store/location.py:146}}
Jun 25 23:10:05.429598 np0000003662 devstack@g-api.service[99646]: DEBUG glance_store.location [-] Registering scheme swift with {'store': , 'location_class': , 'store_entry': 'swift'} {{(pid=99646) register_scheme_map /opt/stack/data/venv/lib/python3.12/site-packages/glance_store/location.py:146}}
Jun 25 23:10:05.429665 np0000003662 devstack@g-api.service[99646]: DEBUG glance_store.location [-] Registering scheme swift+https with {'store': , 'location_class': , 'store_entry': 'swift'} {{(pid=99646) register_scheme_map /opt/stack/data/venv/lib/python3.12/site-packages/glance_store/location.py:146}}
Jun 25 23:10:05.429718 np0000003662 devstack@g-api.service[99646]: DEBUG glance_store.location [-] Registering scheme swift with {'store': , 'location_class': , 'store_entry': 'swift'} {{(pid=99646) register_scheme_map /opt/stack/data/venv/lib/python3.12/site-packages/glance_store/location.py:146}}
Jun 25 23:10:05.429789 np0000003662 devstack@g-api.service[99646]: DEBUG glance_store.location [-] Registering scheme swift+http with {'store': , 'location_class': , 'store_entry': 'swift'} {{(pid=99646) register_scheme_map /opt/stack/data/venv/lib/python3.12/site-packages/glance_store/location.py:146}}
Jun 25 23:10:05.429880 np0000003662 devstack@g-api.service[99646]: DEBUG glance_store.location [-] Registering scheme swift+https with {'store': , 'location_class': , 'store_entry': 'swift'} {{(pid=99646) register_scheme_map /opt/stack/data/venv/lib/python3.12/site-packages/glance_store/location.py:146}}
Jun 25 23:10:05.429949 np0000003662 devstack@g-api.service[99646]: DEBUG glance_store.location [-] Registering scheme swift with {'store': , 'location_class': , 'store_entry': 'swift'} {{(pid=99646) register_scheme_map /opt/stack/data/venv/lib/python3.12/site-packages/glance_store/location.py:146}}
Jun 25 23:10:05.430019 np0000003662 devstack@g-api.service[99646]: DEBUG glance_store.location [-] Registering scheme swift+http with {'store': , 'location_class': , 'store_entry': 'swift'} {{(pid=99646) register_scheme_map /opt/stack/data/venv/lib/python3.12/site-packages/glance_store/location.py:146}}
Jun 25 23:10:05.430091 np0000003662 devstack@g-api.service[99646]: DEBUG glance_store.location [-] Registering scheme swift+config with {'store': , 'location_class': , 'store_entry': 'swift'} {{(pid=99646) register_scheme_map /opt/stack/data/venv/lib/python3.12/site-packages/glance_store/location.py:146}}
Jun 25 23:10:05.430457 np0000003662 devstack@g-api.service[99646]: DEBUG glance.sqlite_migration [-] SQLite caching database not located, skipping migration {{(pid=99646) get_db_path /opt/stack/glance/glance/sqlite_migration.py:68}}
Jun 25 23:10:05.430704 np0000003662 devstack@g-api.service[99646]: WARNING glance.common.wsgi_app [-] Import methods are enabled but staging directory /tmp/staging/ does not exist; Imports will fail!
Jun 25 23:10:05.561026 np0000003662 devstack@g-api.service[99647]: DEBUG glance.common.config [None req-9d7f22b2-88c2-42b8-b7b9-a442936e8eef None None] Loading glance-api-keystone+cachemanagement from /etc/glance/glance-api-paste.ini {{(pid=99647) load_paste_app /opt/stack/glance/glance/common/config.py:759}}
Jun 25 23:10:05.570281 np0000003662 devstack@g-api.service[99648]: DEBUG glance.common.config [None req-c91f8fc4-6d40-43e6-b175-f5bf4ed514f0 None None] Loading glance-api-keystone+cachemanagement from /etc/glance/glance-api-paste.ini {{(pid=99648) load_paste_app /opt/stack/glance/glance/common/config.py:759}}
Jun 25 23:10:05.570762 np0000003662 devstack@g-api.service[99646]: DEBUG glance.common.config [None req-bcad71a2-7c20-4ab6-9ab0-677eca02b174 None None] Loading glance-api-keystone+cachemanagement from /etc/glance/glance-api-paste.ini {{(pid=99646) load_paste_app /opt/stack/glance/glance/common/config.py:759}}
Jun 25 23:10:06.198390 np0000003662 devstack@g-api.service[99646]: INFO glance.image_cache [None req-bcad71a2-7c20-4ab6-9ab0-677eca02b174 None None] Image cache loaded driver 'centralized_db'.
Jun 25 23:10:06.199095 np0000003662 devstack@g-api.service[99647]: INFO glance.image_cache [None req-9d7f22b2-88c2-42b8-b7b9-a442936e8eef None None] Image cache loaded driver 'centralized_db'.
Jun 25 23:10:06.199562 np0000003662 devstack@g-api.service[99648]: INFO glance.image_cache [None req-c91f8fc4-6d40-43e6-b175-f5bf4ed514f0 None None] Image cache loaded driver 'centralized_db'.
Jun 25 23:10:06.240390 np0000003662 devstack@g-api.service[99646]: INFO dbcounter [None req-bcad71a2-7c20-4ab6-9ab0-677eca02b174 None None] Registered counter for database glance
Jun 25 23:10:06.242571 np0000003662 devstack@g-api.service[99647]: INFO dbcounter [None req-9d7f22b2-88c2-42b8-b7b9-a442936e8eef None None] Registered counter for database glance
Jun 25 23:10:06.250288 np0000003662 devstack@g-api.service[99648]: INFO dbcounter [None req-c91f8fc4-6d40-43e6-b175-f5bf4ed514f0 None None] Registered counter for database glance
Jun 25 23:10:06.278296 np0000003662 devstack@g-api.service[99646]: DEBUG oslo_db.sqlalchemy.engines [None req-bcad71a2-7c20-4ab6-9ab0-677eca02b174 None None] MySQL server mode set to STRICT_TRANS_TABLES,STRICT_ALL_TABLES,NO_ZERO_IN_DATE,NO_ZERO_DATE,ERROR_FOR_DIVISION_BY_ZERO,TRADITIONAL,NO_ENGINE_SUBSTITUTION {{(pid=99646) _check_effective_sql_mode /opt/stack/data/venv/lib/python3.12/site-packages/oslo_db/sqlalchemy/engines.py:325}}
Jun 25 23:10:06.284902 np0000003662 devstack@g-api.service[99647]: DEBUG oslo_db.sqlalchemy.engines [None req-9d7f22b2-88c2-42b8-b7b9-a442936e8eef None None] MySQL server mode set to STRICT_TRANS_TABLES,STRICT_ALL_TABLES,NO_ZERO_IN_DATE,NO_ZERO_DATE,ERROR_FOR_DIVISION_BY_ZERO,TRADITIONAL,NO_ENGINE_SUBSTITUTION {{(pid=99647) _check_effective_sql_mode /opt/stack/data/venv/lib/python3.12/site-packages/oslo_db/sqlalchemy/engines.py:325}}
Jun 25 23:10:06.298011 np0000003662 devstack@g-api.service[99648]: DEBUG oslo_db.sqlalchemy.engines [None req-c91f8fc4-6d40-43e6-b175-f5bf4ed514f0 None None] MySQL server mode set to STRICT_TRANS_TABLES,STRICT_ALL_TABLES,NO_ZERO_IN_DATE,NO_ZERO_DATE,ERROR_FOR_DIVISION_BY_ZERO,TRADITIONAL,NO_ENGINE_SUBSTITUTION {{(pid=99648) _check_effective_sql_mode /opt/stack/data/venv/lib/python3.12/site-packages/oslo_db/sqlalchemy/engines.py:325}}
Jun 25 23:10:06.299648 np0000003662 devstack@g-api.service[99646]: DEBUG dbcounter [-] [99646] Writer thread running {{(pid=99646) stat_writer /opt/stack/data/venv/lib/python3.12/site-packages/dbcounter.py:102}}
Jun 25 23:10:06.308822 np0000003662 devstack@g-api.service[99647]: DEBUG dbcounter [-] [99647] Writer thread running {{(pid=99647) stat_writer /opt/stack/data/venv/lib/python3.12/site-packages/dbcounter.py:102}}
Jun 25 23:10:06.311472 np0000003662 devstack@g-api.service[99646]: INFO glance.image_cache [None req-bcad71a2-7c20-4ab6-9ab0-677eca02b174 None None] Image cache loaded driver 'centralized_db'.
Jun 25 23:10:06.312138 np0000003662 devstack@g-api.service[99647]: DEBUG glance.image_cache.drivers.centralized_db [None req-9d7f22b2-88c2-42b8-b7b9-a442936e8eef None None] Node reference is already recorded, ignoring it {{(pid=99647) configure /opt/stack/glance/glance/image_cache/drivers/centralized_db.py:71}}
Jun 25 23:10:06.317526 np0000003662 devstack@g-api.service[99647]: INFO glance.image_cache [None req-9d7f22b2-88c2-42b8-b7b9-a442936e8eef None None] Image cache loaded driver 'centralized_db'.
Jun 25 23:10:06.319159 np0000003662 devstack@g-api.service[99648]: DEBUG dbcounter [-] [99648] Writer thread running {{(pid=99648) stat_writer /opt/stack/data/venv/lib/python3.12/site-packages/dbcounter.py:102}}
Jun 25 23:10:06.319338 np0000003662 devstack@g-api.service[99646]: DEBUG glance.image_cache.drivers.centralized_db [None req-bcad71a2-7c20-4ab6-9ab0-677eca02b174 None None] Node reference is already recorded, ignoring it {{(pid=99646) configure /opt/stack/glance/glance/image_cache/drivers/centralized_db.py:71}}
Jun 25 23:10:06.321974 np0000003662 devstack@g-api.service[99648]: DEBUG glance.image_cache.drivers.centralized_db [None req-c91f8fc4-6d40-43e6-b175-f5bf4ed514f0 None None] Node reference is already recorded, ignoring it {{(pid=99648) configure /opt/stack/glance/glance/image_cache/drivers/centralized_db.py:71}}
Jun 25 23:10:06.329820 np0000003662 devstack@g-api.service[99648]: INFO glance.image_cache [None req-c91f8fc4-6d40-43e6-b175-f5bf4ed514f0 None None] Image cache loaded driver 'centralized_db'.
Jun 25 23:10:06.329943 np0000003662 devstack@g-api.service[99647]: DEBUG glance.image_cache.drivers.centralized_db [None req-9d7f22b2-88c2-42b8-b7b9-a442936e8eef None None] Node reference is already recorded, ignoring it {{(pid=99647) configure /opt/stack/glance/glance/image_cache/drivers/centralized_db.py:71}}
Jun 25 23:10:06.335879 np0000003662 devstack@g-api.service[99648]: DEBUG glance.image_cache.drivers.centralized_db [None req-c91f8fc4-6d40-43e6-b175-f5bf4ed514f0 None None] Node reference is already recorded, ignoring it {{(pid=99648) configure /opt/stack/glance/glance/image_cache/drivers/centralized_db.py:71}}
Jun 25 23:10:06.414411 np0000003662 devstack@g-api.service[99646]: DEBUG glance.api.v2.cached_images [None req-bcad71a2-7c20-4ab6-9ab0-677eca02b174 None None] Started cache worker thread {{(pid=99646) __init__ /opt/stack/glance/glance/api/v2/cached_images.py:69}}
Jun 25 23:10:06.415110 np0000003662 devstack@g-api.service[99646]: INFO glance.image_cache [None req-bcad71a2-7c20-4ab6-9ab0-677eca02b174 None None] Image cache loaded driver 'centralized_db'.
Jun 25 23:10:06.421998 np0000003662 devstack@g-api.service[99646]: DEBUG glance.image_cache.drivers.centralized_db [None req-bcad71a2-7c20-4ab6-9ab0-677eca02b174 None None] Node reference is already recorded, ignoring it {{(pid=99646) configure /opt/stack/glance/glance/image_cache/drivers/centralized_db.py:71}}
Jun 25 23:10:06.426581 np0000003662 devstack@g-api.service[99646]: INFO glance.api.middleware.cache_manage [None req-bcad71a2-7c20-4ab6-9ab0-677eca02b174 None None] Initialized image cache management middleware
Jun 25 23:10:06.426765 np0000003662 devstack@g-api.service[99646]: INFO glance.image_cache [None req-bcad71a2-7c20-4ab6-9ab0-677eca02b174 None None] Image cache loaded driver 'centralized_db'.
Jun 25 23:10:06.427094 np0000003662 devstack@g-api.service[99647]: DEBUG glance.api.v2.cached_images [None req-9d7f22b2-88c2-42b8-b7b9-a442936e8eef None None] Started cache worker thread {{(pid=99647) __init__ /opt/stack/glance/glance/api/v2/cached_images.py:69}}
Jun 25 23:10:06.427730 np0000003662 devstack@g-api.service[99647]: INFO glance.image_cache [None req-9d7f22b2-88c2-42b8-b7b9-a442936e8eef None None] Image cache loaded driver 'centralized_db'.
Jun 25 23:10:06.433312 np0000003662 devstack@g-api.service[99646]: DEBUG glance.image_cache.drivers.centralized_db [None req-bcad71a2-7c20-4ab6-9ab0-677eca02b174 None None] Node reference is already recorded, ignoring it {{(pid=99646) configure /opt/stack/glance/glance/image_cache/drivers/centralized_db.py:71}}
Jun 25 23:10:06.434102 np0000003662 devstack@g-api.service[99647]: DEBUG glance.image_cache.drivers.centralized_db [None req-9d7f22b2-88c2-42b8-b7b9-a442936e8eef None None] Node reference is already recorded, ignoring it {{(pid=99647) configure /opt/stack/glance/glance/image_cache/drivers/centralized_db.py:71}}
Jun 25 23:10:06.437143 np0000003662 devstack@g-api.service[99646]: INFO glance.api.middleware.cache [None req-bcad71a2-7c20-4ab6-9ab0-677eca02b174 None None] Initialized image cache middleware
Jun 25 23:10:06.438466 np0000003662 devstack@g-api.service[99647]: INFO glance.api.middleware.cache_manage [None req-9d7f22b2-88c2-42b8-b7b9-a442936e8eef None None] Initialized image cache management middleware
Jun 25 23:10:06.438658 np0000003662 devstack@g-api.service[99647]: INFO glance.image_cache [None req-9d7f22b2-88c2-42b8-b7b9-a442936e8eef None None] Image cache loaded driver 'centralized_db'.
Jun 25 23:10:06.443348 np0000003662 devstack@g-api.service[99648]: DEBUG glance.api.v2.cached_images [None req-c91f8fc4-6d40-43e6-b175-f5bf4ed514f0 None None] Started cache worker thread {{(pid=99648) __init__ /opt/stack/glance/glance/api/v2/cached_images.py:69}}
Jun 25 23:10:06.444136 np0000003662 devstack@g-api.service[99648]: INFO glance.image_cache [None req-c91f8fc4-6d40-43e6-b175-f5bf4ed514f0 None None] Image cache loaded driver 'centralized_db'.
Jun 25 23:10:06.445214 np0000003662 devstack@g-api.service[99647]: DEBUG glance.image_cache.drivers.centralized_db [None req-9d7f22b2-88c2-42b8-b7b9-a442936e8eef None None] Node reference is already recorded, ignoring it {{(pid=99647) configure /opt/stack/glance/glance/image_cache/drivers/centralized_db.py:71}}
Jun 25 23:10:06.448719 np0000003662 devstack@g-api.service[99647]: INFO glance.api.middleware.cache [None req-9d7f22b2-88c2-42b8-b7b9-a442936e8eef None None] Initialized image cache middleware
Jun 25 23:10:06.450990 np0000003662 devstack@g-api.service[99648]: DEBUG glance.image_cache.drivers.centralized_db [None req-c91f8fc4-6d40-43e6-b175-f5bf4ed514f0 None None] Node reference is already recorded, ignoring it {{(pid=99648) configure /opt/stack/glance/glance/image_cache/drivers/centralized_db.py:71}}
Jun 25 23:10:06.451044 np0000003662 devstack@g-api.service[99646]: DEBUG glance.common.config [None req-bcad71a2-7c20-4ab6-9ab0-677eca02b174 None None] ******************************************************************************** {{(pid=99646) log_opt_values /opt/stack/data/venv/lib/python3.12/site-packages/oslo_config/cfg.py:3226}}
Jun 25 23:10:06.451145 np0000003662 devstack@g-api.service[99646]: DEBUG glance.common.config [None req-bcad71a2-7c20-4ab6-9ab0-677eca02b174 None None] Configuration options gathered from: {{(pid=99646) log_opt_values /opt/stack/data/venv/lib/python3.12/site-packages/oslo_config/cfg.py:3227}}
Jun 25 23:10:06.451447 np0000003662 devstack@g-api.service[99646]: DEBUG glance.common.config [None req-bcad71a2-7c20-4ab6-9ab0-677eca02b174 None None] command line args: [] {{(pid=99646) log_opt_values /opt/stack/data/venv/lib/python3.12/site-packages/oslo_config/cfg.py:3228}}
Jun 25 23:10:06.451601 np0000003662 devstack@g-api.service[99646]: DEBUG glance.common.config [None req-bcad71a2-7c20-4ab6-9ab0-677eca02b174 None None] config files: ['/etc/glance/glance-image-import.conf', '/etc/glance/glance-api.conf'] {{(pid=99646) log_opt_values /opt/stack/data/venv/lib/python3.12/site-packages/oslo_config/cfg.py:3229}}
Jun 25 23:10:06.451679 np0000003662 devstack@g-api.service[99646]: DEBUG glance.common.config [None req-bcad71a2-7c20-4ab6-9ab0-677eca02b174 None None] ================================================================================ {{(pid=99646) log_opt_values /opt/stack/data/venv/lib/python3.12/site-packages/oslo_config/cfg.py:3234}}
Jun 25 23:10:06.451807 np0000003662 devstack@g-api.service[99646]: DEBUG glance.common.config [None req-bcad71a2-7c20-4ab6-9ab0-677eca02b174 None None] allow_anonymous_access = False {{(pid=99646) log_opt_values /opt/stack/data/venv/lib/python3.12/site-packages/oslo_config/cfg.py:3242}}
Jun 25 23:10:06.451936 np0000003662 devstack@g-api.service[99646]: DEBUG glance.common.config [None req-bcad71a2-7c20-4ab6-9ab0-677eca02b174 None None] api_limit_max = 1000 {{(pid=99646) log_opt_values /opt/stack/data/venv/lib/python3.12/site-packages/oslo_config/cfg.py:3242}}
Jun 25 23:10:06.452032 np0000003662 devstack@g-api.service[99646]: DEBUG glance.common.config [None req-bcad71a2-7c20-4ab6-9ab0-677eca02b174 None None] backlog = 4096 {{(pid=99646) log_opt_values /opt/stack/data/venv/lib/python3.12/site-packages/oslo_config/cfg.py:3242}}
Jun 25 23:10:06.452181 np0000003662 devstack@g-api.service[99646]: DEBUG glance.common.config [None req-bcad71a2-7c20-4ab6-9ab0-677eca02b174 None None] bind_host = 0.0.0.0 {{(pid=99646) log_opt_values /opt/stack/data/venv/lib/python3.12/site-packages/oslo_config/cfg.py:3242}}
Jun 25 23:10:06.452289 np0000003662 devstack@g-api.service[99646]: DEBUG glance.common.config [None req-bcad71a2-7c20-4ab6-9ab0-677eca02b174 None None] bind_port = 19292 {{(pid=99646) log_opt_values /opt/stack/data/venv/lib/python3.12/site-packages/oslo_config/cfg.py:3242}}
Jun 25 23:10:06.452381 np0000003662 devstack@g-api.service[99646]: DEBUG glance.common.config [None req-bcad71a2-7c20-4ab6-9ab0-677eca02b174 None None] client_socket_timeout = 900 {{(pid=99646) log_opt_values /opt/stack/data/venv/lib/python3.12/site-packages/oslo_config/cfg.py:3242}}
Jun 25 23:10:06.452498 np0000003662 devstack@g-api.service[99646]: DEBUG glance.common.config [None req-bcad71a2-7c20-4ab6-9ab0-677eca02b174 None None] config_dir = [] {{(pid=99646) log_opt_values /opt/stack/data/venv/lib/python3.12/site-packages/oslo_config/cfg.py:3242}}
Jun 25 23:10:06.452578 np0000003662 devstack@g-api.service[99646]: DEBUG glance.common.config [None req-bcad71a2-7c20-4ab6-9ab0-677eca02b174 None None] config_file = ['/etc/glance/glance-image-import.conf', '/etc/glance/glance-api.conf'] {{(pid=99646) log_opt_values /opt/stack/data/venv/lib/python3.12/site-packages/oslo_config/cfg.py:3242}}
Jun 25 23:10:06.452673 np0000003662 devstack@g-api.service[99646]: DEBUG glance.common.config [None req-bcad71a2-7c20-4ab6-9ab0-677eca02b174 None None] config_source = [] {{(pid=99646) log_opt_values /opt/stack/data/venv/lib/python3.12/site-packages/oslo_config/cfg.py:3242}}
Jun 25 23:10:06.452775 np0000003662 devstack@g-api.service[99646]: DEBUG glance.common.config [None req-bcad71a2-7c20-4ab6-9ab0-677eca02b174 None None] control_exchange = glance {{(pid=99646) log_opt_values /opt/stack/data/venv/lib/python3.12/site-packages/oslo_config/cfg.py:3242}}
Jun 25 23:10:06.452896 np0000003662 devstack@g-api.service[99646]: DEBUG glance.common.config [None req-bcad71a2-7c20-4ab6-9ab0-677eca02b174 None None] debug = True {{(pid=99646) log_opt_values /opt/stack/data/venv/lib/python3.12/site-packages/oslo_config/cfg.py:3242}}
Jun 25 23:10:06.453059 np0000003662 devstack@g-api.service[99646]: DEBUG glance.common.config [None req-bcad71a2-7c20-4ab6-9ab0-677eca02b174 None None] default_log_levels = ['amqp=WARN', 'boto=WARN', 'sqlalchemy=WARN', 'suds=INFO', 'oslo.messaging=INFO', 'oslo_messaging=INFO', 'iso8601=WARN', 'requests.packages.urllib3.connectionpool=WARN', 'urllib3.connectionpool=WARN', 'websocket=WARN', 'requests.packages.urllib3.util.retry=WARN', 'urllib3.util.retry=WARN', 'keystonemiddleware=WARN', 'routes.middleware=WARN', 'stevedore=WARN', 'taskflow=WARN', 'keystoneauth=WARN', 'oslo.cache=INFO', 'oslo_policy=INFO', 'dogpile.core.dogpile=INFO'] {{(pid=99646) log_opt_values /opt/stack/data/venv/lib/python3.12/site-packages/oslo_config/cfg.py:3242}}
Jun 25 23:10:06.453166 np0000003662 devstack@g-api.service[99646]: DEBUG glance.common.config [None req-bcad71a2-7c20-4ab6-9ab0-677eca02b174 None None] default_publisher_id = image.localhost {{(pid=99646) log_opt_values /opt/stack/data/venv/lib/python3.12/site-packages/oslo_config/cfg.py:3242}}
Jun 25 23:10:06.453263 np0000003662 devstack@g-api.service[99646]: DEBUG glance.common.config [None req-bcad71a2-7c20-4ab6-9ab0-677eca02b174 None None] delayed_delete = False {{(pid=99646) log_opt_values /opt/stack/data/venv/lib/python3.12/site-packages/oslo_config/cfg.py:3242}}
Jun 25 23:10:06.453406 np0000003662 devstack@g-api.service[99646]: DEBUG glance.common.config [None req-bcad71a2-7c20-4ab6-9ab0-677eca02b174 None None] digest_algorithm = sha256 {{(pid=99646) log_opt_values /opt/stack/data/venv/lib/python3.12/site-packages/oslo_config/cfg.py:3242}}
Jun 25 23:10:06.453533 np0000003662 devstack@g-api.service[99646]: DEBUG glance.common.config [None req-bcad71a2-7c20-4ab6-9ab0-677eca02b174 None None] disabled_notifications = [] {{(pid=99646) log_opt_values /opt/stack/data/venv/lib/python3.12/site-packages/oslo_config/cfg.py:3242}}
Jun 25 23:10:06.453664 np0000003662 devstack@g-api.service[99646]: DEBUG glance.common.config [None req-bcad71a2-7c20-4ab6-9ab0-677eca02b174 None None] do_secure_hash = True {{(pid=99646) log_opt_values /opt/stack/data/venv/lib/python3.12/site-packages/oslo_config/cfg.py:3242}}
Jun 25 23:10:06.453809 np0000003662 devstack@g-api.service[99646]: DEBUG glance.common.config [None req-bcad71a2-7c20-4ab6-9ab0-677eca02b174 None None] enabled_backends = None {{(pid=99646) log_opt_values /opt/stack/data/venv/lib/python3.12/site-packages/oslo_config/cfg.py:3242}}
Jun 25 23:10:06.453952 np0000003662 devstack@g-api.service[99646]: DEBUG glance.common.config [None req-bcad71a2-7c20-4ab6-9ab0-677eca02b174 None None] enabled_import_methods = ['glance-direct', 'web-download', 'copy-image'] {{(pid=99646) log_opt_values /opt/stack/data/venv/lib/python3.12/site-packages/oslo_config/cfg.py:3242}}
Jun 25 23:10:06.454044 np0000003662 devstack@g-api.service[99646]: DEBUG glance.common.config [None req-bcad71a2-7c20-4ab6-9ab0-677eca02b174 None None] fatal_deprecations = False {{(pid=99646) log_opt_values /opt/stack/data/venv/lib/python3.12/site-packages/oslo_config/cfg.py:3242}}
Jun 25 23:10:06.454154 np0000003662 devstack@g-api.service[99646]: DEBUG glance.common.config [None req-bcad71a2-7c20-4ab6-9ab0-677eca02b174 None None] hashing_algorithm = sha512 {{(pid=99646) log_opt_values /opt/stack/data/venv/lib/python3.12/site-packages/oslo_config/cfg.py:3242}}
Jun 25 23:10:06.454240 np0000003662 devstack@g-api.service[99646]: DEBUG glance.common.config [None req-bcad71a2-7c20-4ab6-9ab0-677eca02b174 None None] http_keepalive = True {{(pid=99646) log_opt_values /opt/stack/data/venv/lib/python3.12/site-packages/oslo_config/cfg.py:3242}}
Jun 25 23:10:06.454330 np0000003662 devstack@g-api.service[99646]: DEBUG glance.common.config [None req-bcad71a2-7c20-4ab6-9ab0-677eca02b174 None None] http_retries = 3 {{(pid=99646) log_opt_values /opt/stack/data/venv/lib/python3.12/site-packages/oslo_config/cfg.py:3242}}
Jun 25 23:10:06.454435 np0000003662 devstack@g-api.service[99646]: DEBUG glance.common.config [None req-bcad71a2-7c20-4ab6-9ab0-677eca02b174 None None] image_cache_dir = /opt/stack/data/glance/cache/ {{(pid=99646) log_opt_values /opt/stack/data/venv/lib/python3.12/site-packages/oslo_config/cfg.py:3242}}
Jun 25 23:10:06.454530 np0000003662 devstack@g-api.service[99646]: DEBUG glance.common.config [None req-bcad71a2-7c20-4ab6-9ab0-677eca02b174 None None] image_cache_driver = centralized_db {{(pid=99646) log_opt_values /opt/stack/data/venv/lib/python3.12/site-packages/oslo_config/cfg.py:3242}}
Jun 25 23:10:06.454618 np0000003662 devstack@g-api.service[99646]: DEBUG glance.common.config [None req-bcad71a2-7c20-4ab6-9ab0-677eca02b174 None None] image_cache_max_size = 10737418240 {{(pid=99646) log_opt_values /opt/stack/data/venv/lib/python3.12/site-packages/oslo_config/cfg.py:3242}}
Jun 25 23:10:06.454712 np0000003662 devstack@g-api.service[99646]: DEBUG glance.common.config [None req-bcad71a2-7c20-4ab6-9ab0-677eca02b174 None None] image_cache_sqlite_db = cache.db {{(pid=99646) log_opt_values /opt/stack/data/venv/lib/python3.12/site-packages/oslo_config/cfg.py:3242}}
Jun 25 23:10:06.454828 np0000003662 devstack@g-api.service[99646]: DEBUG glance.common.config [None req-bcad71a2-7c20-4ab6-9ab0-677eca02b174 None None] image_cache_stall_time = 86400 {{(pid=99646) log_opt_values /opt/stack/data/venv/lib/python3.12/site-packages/oslo_config/cfg.py:3242}}
Jun 25 23:10:06.454964 np0000003662 devstack@g-api.service[99646]: DEBUG glance.common.config [None req-bcad71a2-7c20-4ab6-9ab0-677eca02b174 None None] image_location_quota = 10 {{(pid=99646) log_opt_values /opt/stack/data/venv/lib/python3.12/site-packages/oslo_config/cfg.py:3242}}
Jun 25 23:10:06.455060 np0000003662 devstack@g-api.service[99646]: DEBUG glance.common.config [None req-bcad71a2-7c20-4ab6-9ab0-677eca02b174 None None] image_member_quota = 128 {{(pid=99646) log_opt_values /opt/stack/data/venv/lib/python3.12/site-packages/oslo_config/cfg.py:3242}}
Jun 25 23:10:06.455171 np0000003662 devstack@g-api.service[99646]: DEBUG glance.common.config [None req-bcad71a2-7c20-4ab6-9ab0-677eca02b174 None None] image_property_quota = 128 {{(pid=99646) log_opt_values /opt/stack/data/venv/lib/python3.12/site-packages/oslo_config/cfg.py:3242}}
Jun 25 23:10:06.455274 np0000003662 devstack@g-api.service[99646]: DEBUG glance.common.config [None req-bcad71a2-7c20-4ab6-9ab0-677eca02b174 None None] image_size_cap = 1099511627776 {{(pid=99646) log_opt_values /opt/stack/data/venv/lib/python3.12/site-packages/oslo_config/cfg.py:3242}}
Jun 25 23:10:06.455363 np0000003662 devstack@g-api.service[99646]: DEBUG glance.common.config [None req-bcad71a2-7c20-4ab6-9ab0-677eca02b174 None None] image_tag_quota = 128 {{(pid=99646) log_opt_values /opt/stack/data/venv/lib/python3.12/site-packages/oslo_config/cfg.py:3242}}
Jun 25 23:10:06.455463 np0000003662 devstack@g-api.service[99646]: DEBUG glance.common.config [None req-bcad71a2-7c20-4ab6-9ab0-677eca02b174 None None] instance_format = [instance: %(uuid)s] {{(pid=99646) log_opt_values /opt/stack/data/venv/lib/python3.12/site-packages/oslo_config/cfg.py:3242}}
Jun 25 23:10:06.455564 np0000003662 devstack@g-api.service[99646]: DEBUG glance.common.config [None req-bcad71a2-7c20-4ab6-9ab0-677eca02b174 None None] instance_uuid_format = [instance: %(uuid)s] {{(pid=99646) log_opt_values /opt/stack/data/venv/lib/python3.12/site-packages/oslo_config/cfg.py:3242}}
Jun 25 23:10:06.455682 np0000003662 devstack@g-api.service[99646]: DEBUG glance.common.config [None req-bcad71a2-7c20-4ab6-9ab0-677eca02b174 None None] limit_param_default = 25 {{(pid=99646) log_opt_values /opt/stack/data/venv/lib/python3.12/site-packages/oslo_config/cfg.py:3242}}
Jun 25 23:10:06.455786 np0000003662 devstack@g-api.service[99646]: DEBUG glance.common.config [None req-bcad71a2-7c20-4ab6-9ab0-677eca02b174 None None] log_color = False {{(pid=99646) log_opt_values /opt/stack/data/venv/lib/python3.12/site-packages/oslo_config/cfg.py:3242}}
Jun 25 23:10:06.455911 np0000003662 devstack@g-api.service[99646]: DEBUG glance.common.config [None req-bcad71a2-7c20-4ab6-9ab0-677eca02b174 None None] log_config_append = None {{(pid=99646) log_opt_values /opt/stack/data/venv/lib/python3.12/site-packages/oslo_config/cfg.py:3242}}
Jun 25 23:10:06.455953 np0000003662 devstack@g-api.service[99648]: INFO glance.api.middleware.cache_manage [None req-c91f8fc4-6d40-43e6-b175-f5bf4ed514f0 None None] Initialized image cache management middleware
Jun 25 23:10:06.456008 np0000003662 devstack@g-api.service[99646]: DEBUG glance.common.config [None req-bcad71a2-7c20-4ab6-9ab0-677eca02b174 None None] log_date_format = %Y-%m-%d %H:%M:%S {{(pid=99646) log_opt_values /opt/stack/data/venv/lib/python3.12/site-packages/oslo_config/cfg.py:3242}}
Jun 25 23:10:06.456097 np0000003662 devstack@g-api.service[99648]: INFO glance.image_cache [None req-c91f8fc4-6d40-43e6-b175-f5bf4ed514f0 None None] Image cache loaded driver 'centralized_db'.
Jun 25 23:10:06.456130 np0000003662 devstack@g-api.service[99646]: DEBUG glance.common.config [None req-bcad71a2-7c20-4ab6-9ab0-677eca02b174 None None] log_dir = None {{(pid=99646) log_opt_values /opt/stack/data/venv/lib/python3.12/site-packages/oslo_config/cfg.py:3242}}
Jun 25 23:10:06.456205 np0000003662 devstack@g-api.service[99646]: DEBUG glance.common.config [None req-bcad71a2-7c20-4ab6-9ab0-677eca02b174 None None] log_file = None {{(pid=99646) log_opt_values /opt/stack/data/venv/lib/python3.12/site-packages/oslo_config/cfg.py:3242}}
Jun 25 23:10:06.456296 np0000003662 devstack@g-api.service[99646]: DEBUG glance.common.config [None req-bcad71a2-7c20-4ab6-9ab0-677eca02b174 None None] log_rotate_interval = 1 {{(pid=99646) log_opt_values /opt/stack/data/venv/lib/python3.12/site-packages/oslo_config/cfg.py:3242}}
Jun 25 23:10:06.456428 np0000003662 devstack@g-api.service[99646]: DEBUG glance.common.config [None req-bcad71a2-7c20-4ab6-9ab0-677eca02b174 None None] log_rotate_interval_type = days {{(pid=99646) log_opt_values /opt/stack/data/venv/lib/python3.12/site-packages/oslo_config/cfg.py:3242}}
Jun 25 23:10:06.456530 np0000003662 devstack@g-api.service[99646]: DEBUG glance.common.config [None req-bcad71a2-7c20-4ab6-9ab0-677eca02b174 None None] log_rotation_type = none {{(pid=99646) log_opt_values /opt/stack/data/venv/lib/python3.12/site-packages/oslo_config/cfg.py:3242}}
Jun 25 23:10:06.456604 np0000003662 devstack@g-api.service[99646]: DEBUG glance.common.config [None req-bcad71a2-7c20-4ab6-9ab0-677eca02b174 None None] logging_context_format_string = %(color)s%(levelname)s %(name)s [%(global_request_id)s %(request_id)s %(project_name)s %(user_name)s%(color)s] %(instance)s%(color)s%(message)s {{(pid=99646) log_opt_values /opt/stack/data/venv/lib/python3.12/site-packages/oslo_config/cfg.py:3242}}
Jun 25 23:10:06.456699 np0000003662 devstack@g-api.service[99646]: DEBUG glance.common.config [None req-bcad71a2-7c20-4ab6-9ab0-677eca02b174 None None] logging_debug_format_suffix = {{(pid=%(process)d) %(funcName)s %(pathname)s:%(lineno)d}} {{(pid=99646) log_opt_values /opt/stack/data/venv/lib/python3.12/site-packages/oslo_config/cfg.py:3242}}
Jun 25 23:10:06.456809 np0000003662 devstack@g-api.service[99646]: DEBUG glance.common.config [None req-bcad71a2-7c20-4ab6-9ab0-677eca02b174 None None] logging_default_format_string = %(color)s%(levelname)s %(name)s [-%(color)s] %(instance)s%(color)s%(message)s {{(pid=99646) log_opt_values /opt/stack/data/venv/lib/python3.12/site-packages/oslo_config/cfg.py:3242}}
Jun 25 23:10:06.456951 np0000003662 devstack@g-api.service[99646]: DEBUG glance.common.config [None req-bcad71a2-7c20-4ab6-9ab0-677eca02b174 None None] logging_exception_prefix = ERROR %(name)s %(instance)s {{(pid=99646) log_opt_values /opt/stack/data/venv/lib/python3.12/site-packages/oslo_config/cfg.py:3242}}
Jun 25 23:10:06.457019 np0000003662 devstack@g-api.service[99646]: DEBUG glance.common.config [None req-bcad71a2-7c20-4ab6-9ab0-677eca02b174 None None] logging_user_identity_format = %(user)s %(project)s %(domain)s %(system_scope)s %(user_domain)s %(project_domain)s {{(pid=99646) log_opt_values /opt/stack/data/venv/lib/python3.12/site-packages/oslo_config/cfg.py:3242}}
Jun 25 23:10:06.457123 np0000003662 devstack@g-api.service[99646]: DEBUG glance.common.config [None req-bcad71a2-7c20-4ab6-9ab0-677eca02b174 None None] max_header_line = 16384 {{(pid=99646) log_opt_values /opt/stack/data/venv/lib/python3.12/site-packages/oslo_config/cfg.py:3242}}
Jun 25 23:10:06.457212 np0000003662 devstack@g-api.service[99646]: DEBUG glance.common.config [None req-bcad71a2-7c20-4ab6-9ab0-677eca02b174 None None] max_logfile_count = 30 {{(pid=99646) log_opt_values /opt/stack/data/venv/lib/python3.12/site-packages/oslo_config/cfg.py:3242}}
Jun 25 23:10:06.457306 np0000003662 devstack@g-api.service[99646]: DEBUG glance.common.config [None req-bcad71a2-7c20-4ab6-9ab0-677eca02b174 None None] max_logfile_size_mb = 200 {{(pid=99646) log_opt_values /opt/stack/data/venv/lib/python3.12/site-packages/oslo_config/cfg.py:3242}}
Jun 25 23:10:06.457420 np0000003662 devstack@g-api.service[99646]: DEBUG glance.common.config [None req-bcad71a2-7c20-4ab6-9ab0-677eca02b174 None None] max_request_id_length = 64 {{(pid=99646) log_opt_values /opt/stack/data/venv/lib/python3.12/site-packages/oslo_config/cfg.py:3242}}
Jun 25 23:10:06.457514 np0000003662 devstack@g-api.service[99646]: DEBUG glance.common.config [None req-bcad71a2-7c20-4ab6-9ab0-677eca02b174 None None] metadata_encryption_key = **** {{(pid=99646) log_opt_values /opt/stack/data/venv/lib/python3.12/site-packages/oslo_config/cfg.py:3242}}
Jun 25 23:10:06.457629 np0000003662 devstack@g-api.service[99646]: DEBUG glance.common.config [None req-bcad71a2-7c20-4ab6-9ab0-677eca02b174 None None] node_staging_uri = file:///tmp/staging/ {{(pid=99646) log_opt_values /opt/stack/data/venv/lib/python3.12/site-packages/oslo_config/cfg.py:3242}}
Jun 25 23:10:06.457730 np0000003662 devstack@g-api.service[99646]: DEBUG glance.common.config [None req-bcad71a2-7c20-4ab6-9ab0-677eca02b174 None None] property_protection_file = None {{(pid=99646) log_opt_values /opt/stack/data/venv/lib/python3.12/site-packages/oslo_config/cfg.py:3242}}
Jun 25 23:10:06.457889 np0000003662 devstack@g-api.service[99646]: DEBUG glance.common.config [None req-bcad71a2-7c20-4ab6-9ab0-677eca02b174 None None] property_protection_rule_format = roles {{(pid=99646) log_opt_values /opt/stack/data/venv/lib/python3.12/site-packages/oslo_config/cfg.py:3242}}
Jun 25 23:10:06.457992 np0000003662 devstack@g-api.service[99646]: DEBUG glance.common.config [None req-bcad71a2-7c20-4ab6-9ab0-677eca02b174 None None] public_endpoint = https://10.4.3.175/image {{(pid=99646) log_opt_values /opt/stack/data/venv/lib/python3.12/site-packages/oslo_config/cfg.py:3242}}
Jun 25 23:10:06.458124 np0000003662 devstack@g-api.service[99646]: DEBUG glance.common.config [None req-bcad71a2-7c20-4ab6-9ab0-677eca02b174 None None] publish_errors = False {{(pid=99646) log_opt_values /opt/stack/data/venv/lib/python3.12/site-packages/oslo_config/cfg.py:3242}}
Jun 25 23:10:06.458214 np0000003662 devstack@g-api.service[99646]: DEBUG glance.common.config [None req-bcad71a2-7c20-4ab6-9ab0-677eca02b174 None None] pydev_worker_debug_host = None {{(pid=99646) log_opt_values /opt/stack/data/venv/lib/python3.12/site-packages/oslo_config/cfg.py:3242}}
Jun 25 23:10:06.458306 np0000003662 devstack@g-api.service[99646]: DEBUG glance.common.config [None req-bcad71a2-7c20-4ab6-9ab0-677eca02b174 None None] pydev_worker_debug_port = 5678 {{(pid=99646) log_opt_values /opt/stack/data/venv/lib/python3.12/site-packages/oslo_config/cfg.py:3242}}
Jun 25 23:10:06.458389 np0000003662 devstack@g-api.service[99646]: DEBUG glance.common.config [None req-bcad71a2-7c20-4ab6-9ab0-677eca02b174 None None] rate_limit_burst = 0 {{(pid=99646) log_opt_values /opt/stack/data/venv/lib/python3.12/site-packages/oslo_config/cfg.py:3242}}
Jun 25 23:10:06.458512 np0000003662 devstack@g-api.service[99646]: DEBUG glance.common.config [None req-bcad71a2-7c20-4ab6-9ab0-677eca02b174 None None] rate_limit_except_level = CRITICAL {{(pid=99646) log_opt_values /opt/stack/data/venv/lib/python3.12/site-packages/oslo_config/cfg.py:3242}}
Jun 25 23:10:06.458620 np0000003662 devstack@g-api.service[99646]: DEBUG glance.common.config [None req-bcad71a2-7c20-4ab6-9ab0-677eca02b174 None None] rate_limit_interval = 0 {{(pid=99646) log_opt_values /opt/stack/data/venv/lib/python3.12/site-packages/oslo_config/cfg.py:3242}}
Jun 25 23:10:06.458709 np0000003662 devstack@g-api.service[99646]: DEBUG glance.common.config [None req-bcad71a2-7c20-4ab6-9ab0-677eca02b174 None None] scrub_pool_size = 1 {{(pid=99646) log_opt_values /opt/stack/data/venv/lib/python3.12/site-packages/oslo_config/cfg.py:3242}}
Jun 25 23:10:06.458805 np0000003662 devstack@g-api.service[99646]: DEBUG glance.common.config [None req-bcad71a2-7c20-4ab6-9ab0-677eca02b174 None None] scrub_time = 0 {{(pid=99646) log_opt_values /opt/stack/data/venv/lib/python3.12/site-packages/oslo_config/cfg.py:3242}}
Jun 25 23:10:06.458937 np0000003662 devstack@g-api.service[99646]: DEBUG glance.common.config [None req-bcad71a2-7c20-4ab6-9ab0-677eca02b174 None None] shell_completion = None {{(pid=99646) log_opt_values /opt/stack/data/venv/lib/python3.12/site-packages/oslo_config/cfg.py:3242}}
Jun 25 23:10:06.459037 np0000003662 devstack@g-api.service[99646]: DEBUG glance.common.config [None req-bcad71a2-7c20-4ab6-9ab0-677eca02b174 None None] show_image_direct_url = False {{(pid=99646) log_opt_values /opt/stack/data/venv/lib/python3.12/site-packages/oslo_config/cfg.py:3242}}
Jun 25 23:10:06.459281 np0000003662 devstack@g-api.service[99646]: WARNING oslo_config.cfg [None req-bcad71a2-7c20-4ab6-9ab0-677eca02b174 None None] Deprecated: Option "show_multiple_locations" from group "DEFAULT" is deprecated for removal (Use of this option, deprecated since Newton, is a security risk and will be removed once we figure out a way to satisfy those use cases that currently require it. An earlier announcement that the same functionality can be achieved with greater granularity by using policies is incorrect. You cannot work around this option via policy configuration at the present time, though that is the direction we believe the fix will take. Please keep an eye on the Glance release notes to stay up to date on progress in addressing this issue.). Its value may be silently ignored in the future.
Jun 25 23:10:06.459418 np0000003662 devstack@g-api.service[99646]: DEBUG glance.common.config [None req-bcad71a2-7c20-4ab6-9ab0-677eca02b174 None None] show_multiple_locations = False {{(pid=99646) log_opt_values /opt/stack/data/venv/lib/python3.12/site-packages/oslo_config/cfg.py:3242}}
Jun 25 23:10:06.459548 np0000003662 devstack@g-api.service[99646]: DEBUG glance.common.config [None req-bcad71a2-7c20-4ab6-9ab0-677eca02b174 None None] syslog_log_facility = LOG_USER {{(pid=99646) log_opt_values /opt/stack/data/venv/lib/python3.12/site-packages/oslo_config/cfg.py:3242}}
Jun 25 23:10:06.459657 np0000003662 devstack@g-api.service[99646]: DEBUG glance.common.config [None req-bcad71a2-7c20-4ab6-9ab0-677eca02b174 None None] tcp_keepidle = 600 {{(pid=99646) log_opt_values /opt/stack/data/venv/lib/python3.12/site-packages/oslo_config/cfg.py:3242}}
Jun 25 23:10:06.459753 np0000003662 devstack@g-api.service[99646]: DEBUG glance.common.config [None req-bcad71a2-7c20-4ab6-9ab0-677eca02b174 None None] transport_url = **** {{(pid=99646) log_opt_values /opt/stack/data/venv/lib/python3.12/site-packages/oslo_config/cfg.py:3242}}
Jun 25 23:10:06.459877 np0000003662 devstack@g-api.service[99646]: DEBUG glance.common.config [None req-bcad71a2-7c20-4ab6-9ab0-677eca02b174 None None] use_journal = False {{(pid=99646) log_opt_values /opt/stack/data/venv/lib/python3.12/site-packages/oslo_config/cfg.py:3242}}
Jun 25 23:10:06.459994 np0000003662 devstack@g-api.service[99646]: DEBUG glance.common.config [None req-bcad71a2-7c20-4ab6-9ab0-677eca02b174 None None] use_json = False {{(pid=99646) log_opt_values /opt/stack/data/venv/lib/python3.12/site-packages/oslo_config/cfg.py:3242}}
Jun 25 23:10:06.460116 np0000003662 devstack@g-api.service[99646]: DEBUG glance.common.config [None req-bcad71a2-7c20-4ab6-9ab0-677eca02b174 None None] use_keystone_limits = True {{(pid=99646) log_opt_values /opt/stack/data/venv/lib/python3.12/site-packages/oslo_config/cfg.py:3242}}
Jun 25 23:10:06.460206 np0000003662 devstack@g-api.service[99646]: DEBUG glance.common.config [None req-bcad71a2-7c20-4ab6-9ab0-677eca02b174 None None] use_stderr = False {{(pid=99646) log_opt_values /opt/stack/data/venv/lib/python3.12/site-packages/oslo_config/cfg.py:3242}}
Jun 25 23:10:06.460296 np0000003662 devstack@g-api.service[99646]: DEBUG glance.common.config [None req-bcad71a2-7c20-4ab6-9ab0-677eca02b174 None None] use_syslog = False {{(pid=99646) log_opt_values /opt/stack/data/venv/lib/python3.12/site-packages/oslo_config/cfg.py:3242}}
Jun 25 23:10:06.460395 np0000003662 devstack@g-api.service[99646]: DEBUG glance.common.config [None req-bcad71a2-7c20-4ab6-9ab0-677eca02b174 None None] user_storage_quota = 0 {{(pid=99646) log_opt_values /opt/stack/data/venv/lib/python3.12/site-packages/oslo_config/cfg.py:3242}}
Jun 25 23:10:06.460485 np0000003662 devstack@g-api.service[99646]: DEBUG glance.common.config [None req-bcad71a2-7c20-4ab6-9ab0-677eca02b174 None None] worker_self_reference_url = http://127.0.0.1:60999 {{(pid=99646) log_opt_values /opt/stack/data/venv/lib/python3.12/site-packages/oslo_config/cfg.py:3242}}
Jun 25 23:10:06.460572 np0000003662 devstack@g-api.service[99646]: DEBUG glance.common.config [None req-bcad71a2-7c20-4ab6-9ab0-677eca02b174 None None] workers = None {{(pid=99646) log_opt_values /opt/stack/data/venv/lib/python3.12/site-packages/oslo_config/cfg.py:3242}}
Jun 25 23:10:06.460694 np0000003662 devstack@g-api.service[99646]: DEBUG glance.common.config [None req-bcad71a2-7c20-4ab6-9ab0-677eca02b174 None None] oslo_concurrency.disable_process_locking = False {{(pid=99646) log_opt_values /opt/stack/data/venv/lib/python3.12/site-packages/oslo_config/cfg.py:3253}}
Jun 25 23:10:06.460805 np0000003662 devstack@g-api.service[99646]: DEBUG glance.common.config [None req-bcad71a2-7c20-4ab6-9ab0-677eca02b174 None None] oslo_concurrency.lock_path = /opt/stack/data/glance/locks {{(pid=99646) log_opt_values /opt/stack/data/venv/lib/python3.12/site-packages/oslo_config/cfg.py:3253}}
Jun 25 23:10:06.460946 np0000003662 devstack@g-api.service[99646]: DEBUG glance.common.config [None req-bcad71a2-7c20-4ab6-9ab0-677eca02b174 None None] oslo_middleware.enable_proxy_headers_parsing = False {{(pid=99646) log_opt_values /opt/stack/data/venv/lib/python3.12/site-packages/oslo_config/cfg.py:3253}}
Jun 25 23:10:06.461102 np0000003662 devstack@g-api.service[99646]: DEBUG glance.common.config [None req-bcad71a2-7c20-4ab6-9ab0-677eca02b174 None None] oslo_middleware.http_basic_auth_user_file = /etc/htpasswd {{(pid=99646) log_opt_values /opt/stack/data/venv/lib/python3.12/site-packages/oslo_config/cfg.py:3253}}
Jun 25 23:10:06.461205 np0000003662 devstack@g-api.service[99646]: DEBUG glance.common.config [None req-bcad71a2-7c20-4ab6-9ab0-677eca02b174 None None] paste_deploy.config_file = None {{(pid=99646) log_opt_values /opt/stack/data/venv/lib/python3.12/site-packages/oslo_config/cfg.py:3253}}
Jun 25 23:10:06.461304 np0000003662 devstack@g-api.service[99646]: DEBUG glance.common.config [None req-bcad71a2-7c20-4ab6-9ab0-677eca02b174 None None] paste_deploy.flavor = keystone+cachemanagement {{(pid=99646) log_opt_values /opt/stack/data/venv/lib/python3.12/site-packages/oslo_config/cfg.py:3253}}
Jun 25 23:10:06.461447 np0000003662 devstack@g-api.service[99646]: DEBUG glance.common.config [None req-bcad71a2-7c20-4ab6-9ab0-677eca02b174 None None] image_format.container_formats = ['ami', 'ari', 'aki', 'bare', 'ovf', 'ova', 'docker', 'compressed'] {{(pid=99646) log_opt_values /opt/stack/data/venv/lib/python3.12/site-packages/oslo_config/cfg.py:3253}}
Jun 25 23:10:06.461640 np0000003662 devstack@g-api.service[99646]: DEBUG glance.common.config [None req-bcad71a2-7c20-4ab6-9ab0-677eca02b174 None None] image_format.disk_formats = ['ami', 'ari', 'aki', 'vhd', 'vhdx', 'vmdk', 'raw', 'qcow2', 'vdi', 'iso', 'ploop'] {{(pid=99646) log_opt_values /opt/stack/data/venv/lib/python3.12/site-packages/oslo_config/cfg.py:3253}}
Jun 25 23:10:06.461741 np0000003662 devstack@g-api.service[99646]: DEBUG glance.common.config [None req-bcad71a2-7c20-4ab6-9ab0-677eca02b174 None None] image_format.gpt_safety_checks_nonfatal = [] {{(pid=99646) log_opt_values /opt/stack/data/venv/lib/python3.12/site-packages/oslo_config/cfg.py:3253}}
Jun 25 23:10:06.461871 np0000003662 devstack@g-api.service[99646]: DEBUG glance.common.config [None req-bcad71a2-7c20-4ab6-9ab0-677eca02b174 None None] image_format.require_image_format_match = True {{(pid=99646) log_opt_values /opt/stack/data/venv/lib/python3.12/site-packages/oslo_config/cfg.py:3253}}
Jun 25 23:10:06.461978 np0000003662 devstack@g-api.service[99646]: DEBUG glance.common.config [None req-bcad71a2-7c20-4ab6-9ab0-677eca02b174 None None] image_format.vmdk_allowed_types = ['streamOptimized', 'monolithicSparse'] {{(pid=99646) log_opt_values /opt/stack/data/venv/lib/python3.12/site-packages/oslo_config/cfg.py:3253}}
Jun 25 23:10:06.462090 np0000003662 devstack@g-api.service[99646]: DEBUG glance.common.config [None req-bcad71a2-7c20-4ab6-9ab0-677eca02b174 None None] task.task_executor = taskflow {{(pid=99646) log_opt_values /opt/stack/data/venv/lib/python3.12/site-packages/oslo_config/cfg.py:3253}}
Jun 25 23:10:06.462188 np0000003662 devstack@g-api.service[99646]: DEBUG glance.common.config [None req-bcad71a2-7c20-4ab6-9ab0-677eca02b174 None None] task.task_time_to_live = 48 {{(pid=99646) log_opt_values /opt/stack/data/venv/lib/python3.12/site-packages/oslo_config/cfg.py:3253}}
Jun 25 23:10:06.462323 np0000003662 devstack@g-api.service[99646]: DEBUG glance.common.config [None req-bcad71a2-7c20-4ab6-9ab0-677eca02b174 None None] task.work_dir = None {{(pid=99646) log_opt_values /opt/stack/data/venv/lib/python3.12/site-packages/oslo_config/cfg.py:3253}}
Jun 25 23:10:06.462476 np0000003662 devstack@g-api.service[99646]: DEBUG glance.common.config [None req-bcad71a2-7c20-4ab6-9ab0-677eca02b174 None None] wsgi.python_interpreter = /opt/stack/data/venv/bin/python3 {{(pid=99646) log_opt_values /opt/stack/data/venv/lib/python3.12/site-packages/oslo_config/cfg.py:3253}}
Jun 25 23:10:06.462631 np0000003662 devstack@g-api.service[99646]: DEBUG glance.common.config [None req-bcad71a2-7c20-4ab6-9ab0-677eca02b174 None None] wsgi.task_pool_threads = 16 {{(pid=99646) log_opt_values /opt/stack/data/venv/lib/python3.12/site-packages/oslo_config/cfg.py:3253}}
Jun 25 23:10:06.462773 np0000003662 devstack@g-api.service[99646]: DEBUG glance.common.config [None req-bcad71a2-7c20-4ab6-9ab0-677eca02b174 None None] import_filtering_opts.allowed_hosts = [] {{(pid=99646) log_opt_values /opt/stack/data/venv/lib/python3.12/site-packages/oslo_config/cfg.py:3253}}
