May 27 12:51:02.030561 np0000001502 neutron-periodic-workers[88983]: DEBUG cotyledon.oslo_config_glue [-] database.mysql_sql_mode = TRADITIONAL {{(pid=88983) log_opt_values /opt/stack/data/venv/lib/python3.12/site-packages/oslo_config/cfg.py:3256}}
May 27 12:51:02.030601 np0000001502 neutron-periodic-workers[88983]: DEBUG cotyledon.oslo_config_glue [-] database.mysql_wsrep_sync_wait = None {{(pid=88983) log_opt_values /opt/stack/data/venv/lib/python3.12/site-packages/oslo_config/cfg.py:3256}}
May 27 12:51:02.030631 np0000001502 neutron-periodic-workers[88983]: DEBUG cotyledon.oslo_config_glue [-] database.pool_timeout = None {{(pid=88983) log_opt_values /opt/stack/data/venv/lib/python3.12/site-packages/oslo_config/cfg.py:3256}}
May 27 12:51:02.030674 np0000001502 neutron-periodic-workers[88983]: DEBUG cotyledon.oslo_config_glue [-] database.retry_interval = 10 {{(pid=88983) log_opt_values /opt/stack/data/venv/lib/python3.12/site-packages/oslo_config/cfg.py:3256}}
May 27 12:51:02.030760 np0000001502 neutron-periodic-workers[88983]: DEBUG cotyledon.oslo_config_glue [-] database.slave_connection = **** {{(pid=88983) log_opt_values /opt/stack/data/venv/lib/python3.12/site-packages/oslo_config/cfg.py:3256}}
May 27 12:51:02.030862 np0000001502 neutron-periodic-workers[88983]: DEBUG cotyledon.oslo_config_glue [-] database.sqlite_synchronous = True {{(pid=88983) log_opt_values /opt/stack/data/venv/lib/python3.12/site-packages/oslo_config/cfg.py:3256}}
May 27 12:51:02.030862 np0000001502 neutron-periodic-workers[88983]: DEBUG cotyledon.oslo_config_glue [-] database.synchronous_reader = True {{(pid=88983) log_opt_values /opt/stack/data/venv/lib/python3.12/site-packages/oslo_config/cfg.py:3256}}
May 27 12:51:02.030862 np0000001502 neutron-periodic-workers[88983]: DEBUG cotyledon.oslo_config_glue [-] database.use_db_reconnect = False {{(pid=88983) log_opt_values /opt/stack/data/venv/lib/python3.12/site-packages/oslo_config/cfg.py:3256}}
May 27 12:51:02.030953 np0000001502 neutron-periodic-workers[88983]: DEBUG cotyledon.oslo_config_glue [-] ovn.bfd_min_rx = 1000 {{(pid=88983) log_opt_values /opt/stack/data/venv/lib/python3.12/site-packages/oslo_config/cfg.py:3256}}
May 27 12:51:02.031031 np0000001502 neutron-periodic-workers[88983]: DEBUG cotyledon.oslo_config_glue [-] ovn.bfd_min_tx = 100 {{(pid=88983) log_opt_values /opt/stack/data/venv/lib/python3.12/site-packages/oslo_config/cfg.py:3256}}
May 27 12:51:02.031031 np0000001502 neutron-periodic-workers[88983]: DEBUG cotyledon.oslo_config_glue [-] ovn.bfd_mult = 3 {{(pid=88983) log_opt_values /opt/stack/data/venv/lib/python3.12/site-packages/oslo_config/cfg.py:3256}}
May 27 12:51:02.031031 np0000001502 neutron-periodic-workers[88983]: DEBUG cotyledon.oslo_config_glue [-] ovn.broadcast_arps_to_all_routers = True {{(pid=88983) log_opt_values /opt/stack/data/venv/lib/python3.12/site-packages/oslo_config/cfg.py:3256}}
May 27 12:51:02.031160 np0000001502 neutron-periodic-workers[88983]: DEBUG cotyledon.oslo_config_glue [-] ovn.dhcp_default_lease_time = 43200 {{(pid=88983) log_opt_values /opt/stack/data/venv/lib/python3.12/site-packages/oslo_config/cfg.py:3256}}
May 27 12:51:02.031160 np0000001502 neutron-periodic-workers[88983]: DEBUG cotyledon.oslo_config_glue [-] ovn.disable_ovn_dhcp_for_baremetal_ports = False {{(pid=88983) log_opt_values /opt/stack/data/venv/lib/python3.12/site-packages/oslo_config/cfg.py:3256}}
May 27 12:51:02.031160 np0000001502 neutron-periodic-workers[88983]: DEBUG cotyledon.oslo_config_glue [-] ovn.dns_records_ovn_owned = False {{(pid=88983) log_opt_values /opt/stack/data/venv/lib/python3.12/site-packages/oslo_config/cfg.py:3256}}
May 27 12:51:02.031160 np0000001502 neutron-periodic-workers[88983]: DEBUG cotyledon.oslo_config_glue [-] ovn.dns_servers = [] {{(pid=88983) log_opt_values /opt/stack/data/venv/lib/python3.12/site-packages/oslo_config/cfg.py:3256}}
May 27 12:51:02.031299 np0000001502 neutron-periodic-workers[88983]: DEBUG cotyledon.oslo_config_glue [-] ovn.enable_distributed_floating_ip = False {{(pid=88983) log_opt_values /opt/stack/data/venv/lib/python3.12/site-packages/oslo_config/cfg.py:3256}}
May 27 12:51:02.031299 np0000001502 neutron-periodic-workers[88983]: DEBUG cotyledon.oslo_config_glue [-] ovn.fdb_age_threshold = 300 {{(pid=88983) log_opt_values /opt/stack/data/venv/lib/python3.12/site-packages/oslo_config/cfg.py:3256}}
May 27 12:51:02.031299 np0000001502 neutron-periodic-workers[88983]: DEBUG cotyledon.oslo_config_glue [-] ovn.ha_failover_strategy = normal {{(pid=88983) log_opt_values /opt/stack/data/venv/lib/python3.12/site-packages/oslo_config/cfg.py:3256}}
May 27 12:51:02.031299 np0000001502 neutron-periodic-workers[88983]: DEBUG cotyledon.oslo_config_glue [-] ovn.live_migration_activation_strategy = rarp {{(pid=88983) log_opt_values /opt/stack/data/venv/lib/python3.12/site-packages/oslo_config/cfg.py:3256}}
May 27 12:51:02.031436 np0000001502 neutron-periodic-workers[88983]: DEBUG cotyledon.oslo_config_glue [-] ovn.localnet_learn_fdb = False {{(pid=88983) log_opt_values /opt/stack/data/venv/lib/python3.12/site-packages/oslo_config/cfg.py:3256}}
May 27 12:51:02.031436 np0000001502 neutron-periodic-workers[88983]: DEBUG cotyledon.oslo_config_glue [-] ovn.mac_binding_age_threshold = 300 {{(pid=88983) log_opt_values /opt/stack/data/venv/lib/python3.12/site-packages/oslo_config/cfg.py:3256}}
May 27 12:51:02.031436 np0000001502 neutron-periodic-workers[88983]: DEBUG cotyledon.oslo_config_glue [-] ovn.neutron_sync_mode = log {{(pid=88983) log_opt_values /opt/stack/data/venv/lib/python3.12/site-packages/oslo_config/cfg.py:3256}}
May 27 12:51:02.031548 np0000001502 neutron-periodic-workers[88983]: DEBUG cotyledon.oslo_config_glue [-] ovn.ovn_dhcp4_global_options = {} {{(pid=88983) log_opt_values /opt/stack/data/venv/lib/python3.12/site-packages/oslo_config/cfg.py:3256}}
May 27 12:51:02.031548 np0000001502 neutron-periodic-workers[88983]: DEBUG cotyledon.oslo_config_glue [-] ovn.ovn_dhcp6_global_options = {} {{(pid=88983) log_opt_values /opt/stack/data/venv/lib/python3.12/site-packages/oslo_config/cfg.py:3256}}
May 27 12:51:02.031647 np0000001502 neutron-periodic-workers[88983]: DEBUG cotyledon.oslo_config_glue [-] ovn.ovn_l3_scheduler = leastloaded {{(pid=88983) log_opt_values /opt/stack/data/venv/lib/python3.12/site-packages/oslo_config/cfg.py:3256}}
May 27 12:51:02.031647 np0000001502 neutron-periodic-workers[88983]: DEBUG cotyledon.oslo_config_glue [-] ovn.ovn_metadata_enabled = True {{(pid=88983) log_opt_values /opt/stack/data/venv/lib/python3.12/site-packages/oslo_config/cfg.py:3256}}
May 27 12:51:02.031647 np0000001502 neutron-periodic-workers[88983]: DEBUG cotyledon.oslo_config_glue [-] ovn.ovn_nb_ca_cert = /opt/stack/data/CA/int-ca/ca-chain.pem {{(pid=88983) log_opt_values /opt/stack/data/venv/lib/python3.12/site-packages/oslo_config/cfg.py:3256}}
May 27 12:51:02.031774 np0000001502 neutron-periodic-workers[88983]: DEBUG cotyledon.oslo_config_glue [-] ovn.ovn_nb_certificate = /opt/stack/data/CA/int-ca/devstack-cert.crt {{(pid=88983) log_opt_values /opt/stack/data/venv/lib/python3.12/site-packages/oslo_config/cfg.py:3256}}
May 27 12:51:02.031774 np0000001502 neutron-periodic-workers[88983]: DEBUG cotyledon.oslo_config_glue [-] ovn.ovn_nb_connection = ['ssl:10.4.3.230:6641'] {{(pid=88983) log_opt_values /opt/stack/data/venv/lib/python3.12/site-packages/oslo_config/cfg.py:3256}}
May 27 12:51:02.031774 np0000001502 neutron-periodic-workers[88983]: DEBUG cotyledon.oslo_config_glue [-] ovn.ovn_nb_private_key = /opt/stack/data/CA/int-ca/private/devstack-cert.key {{(pid=88983) log_opt_values /opt/stack/data/venv/lib/python3.12/site-packages/oslo_config/cfg.py:3256}}
May 27 12:51:02.031943 np0000001502 neutron-periodic-workers[88983]: DEBUG cotyledon.oslo_config_glue [-] ovn.ovn_router_indirect_snat = False {{(pid=88983) log_opt_values /opt/stack/data/venv/lib/python3.12/site-packages/oslo_config/cfg.py:3256}}
May 27 12:51:02.031943 np0000001502 neutron-periodic-workers[88983]: DEBUG cotyledon.oslo_config_glue [-] ovn.ovn_sb_ca_cert = /opt/stack/data/CA/int-ca/ca-chain.pem {{(pid=88983) log_opt_values /opt/stack/data/venv/lib/python3.12/site-packages/oslo_config/cfg.py:3256}}
May 27 12:51:02.031943 np0000001502 neutron-periodic-workers[88983]: DEBUG cotyledon.oslo_config_glue [-] ovn.ovn_sb_certificate = /opt/stack/data/CA/int-ca/devstack-cert.crt {{(pid=88983) log_opt_values /opt/stack/data/venv/lib/python3.12/site-packages/oslo_config/cfg.py:3256}}
May 27 12:51:02.032136 np0000001502 neutron-periodic-workers[88983]: DEBUG cotyledon.oslo_config_glue [-] ovn.ovn_sb_connection = ['ssl:10.4.3.230:6642'] {{(pid=88983) log_opt_values /opt/stack/data/venv/lib/python3.12/site-packages/oslo_config/cfg.py:3256}}
May 27 12:51:02.032136 np0000001502 neutron-periodic-workers[88983]: DEBUG cotyledon.oslo_config_glue [-] ovn.ovn_sb_private_key = /opt/stack/data/CA/int-ca/private/devstack-cert.key {{(pid=88983) log_opt_values /opt/stack/data/venv/lib/python3.12/site-packages/oslo_config/cfg.py:3256}}
May 27 12:51:02.032296 np0000001502 neutron-periodic-workers[88983]: DEBUG cotyledon.oslo_config_glue [-] ovn.ovs_create_tap = False {{(pid=88983) log_opt_values /opt/stack/data/venv/lib/python3.12/site-packages/oslo_config/cfg.py:3256}}
May 27 12:51:02.032296 np0000001502 neutron-periodic-workers[88983]: DEBUG cotyledon.oslo_config_glue [-] ovn.ovsdb_connection_timeout = 180 {{(pid=88983) log_opt_values /opt/stack/data/venv/lib/python3.12/site-packages/oslo_config/cfg.py:3256}}
May 27 12:51:02.032422 np0000001502 neutron-periodic-workers[88983]: DEBUG cotyledon.oslo_config_glue [-] ovn.ovsdb_log_level = INFO {{(pid=88983) log_opt_values /opt/stack/data/venv/lib/python3.12/site-packages/oslo_config/cfg.py:3256}}
May 27 12:51:02.032422 np0000001502 neutron-periodic-workers[88983]: DEBUG cotyledon.oslo_config_glue [-] ovn.ovsdb_probe_interval = 60000 {{(pid=88983) log_opt_values /opt/stack/data/venv/lib/python3.12/site-packages/oslo_config/cfg.py:3256}}
May 27 12:51:02.032507 np0000001502 neutron-periodic-workers[88983]: DEBUG cotyledon.oslo_config_glue [-] ovn.ovsdb_retry_max_interval = 180 {{(pid=88983) log_opt_values /opt/stack/data/venv/lib/python3.12/site-packages/oslo_config/cfg.py:3256}}
May 27 12:51:02.032507 np0000001502 neutron-periodic-workers[88983]: DEBUG cotyledon.oslo_config_glue [-] ovn.stateless_nat_enabled = False {{(pid=88983) log_opt_values /opt/stack/data/venv/lib/python3.12/site-packages/oslo_config/cfg.py:3256}}
May 27 12:51:02.032589 np0000001502 neutron-periodic-workers[88983]: DEBUG cotyledon.oslo_config_glue [-] ovn.vhost_sock_dir = /var/run/openvswitch {{(pid=88983) log_opt_values /opt/stack/data/venv/lib/python3.12/site-packages/oslo_config/cfg.py:3256}}
May 27 12:51:02.032589 np0000001502 neutron-periodic-workers[88983]: DEBUG cotyledon.oslo_config_glue [-] OVS.bridge_mac_table_size = 50000 {{(pid=88983) log_opt_values /opt/stack/data/venv/lib/python3.12/site-packages/oslo_config/cfg.py:3256}}
May 27 12:51:02.032673 np0000001502 neutron-periodic-workers[88983]: DEBUG cotyledon.oslo_config_glue [-] OVS.igmp_flood = False {{(pid=88983) log_opt_values /opt/stack/data/venv/lib/python3.12/site-packages/oslo_config/cfg.py:3256}}
May 27 12:51:02.032673 np0000001502 neutron-periodic-workers[88983]: DEBUG cotyledon.oslo_config_glue [-] OVS.igmp_flood_reports = True {{(pid=88983) log_opt_values /opt/stack/data/venv/lib/python3.12/site-packages/oslo_config/cfg.py:3256}}
May 27 12:51:02.032778 np0000001502 neutron-periodic-workers[88983]: DEBUG cotyledon.oslo_config_glue [-] OVS.igmp_flood_unregistered = False {{(pid=88983) log_opt_values /opt/stack/data/venv/lib/python3.12/site-packages/oslo_config/cfg.py:3256}}
May 27 12:51:02.032778 np0000001502 neutron-periodic-workers[88983]: DEBUG cotyledon.oslo_config_glue [-] OVS.igmp_snooping_enable = False {{(pid=88983) log_opt_values /opt/stack/data/venv/lib/python3.12/site-packages/oslo_config/cfg.py:3256}}
May 27 12:51:02.032778 np0000001502 neutron-periodic-workers[88983]: DEBUG cotyledon.oslo_config_glue [-] OVS.ovsdb_timeout = 10 {{(pid=88983) log_opt_values /opt/stack/data/venv/lib/python3.12/site-packages/oslo_config/cfg.py:3256}}
May 27 12:51:02.032878 np0000001502 neutron-periodic-workers[88983]: DEBUG cotyledon.oslo_config_glue [-] ovn_nb_global.fdb_removal_limit = 0 {{(pid=88983) log_opt_values /opt/stack/data/venv/lib/python3.12/site-packages/oslo_config/cfg.py:3256}}
May 27 12:51:02.032878 np0000001502 neutron-periodic-workers[88983]: DEBUG cotyledon.oslo_config_glue [-] ovn_nb_global.ignore_lsp_down = False {{(pid=88983) log_opt_values /opt/stack/data/venv/lib/python3.12/site-packages/oslo_config/cfg.py:3256}}
May 27 12:51:02.032986 np0000001502 neutron-periodic-workers[88983]: DEBUG cotyledon.oslo_config_glue [-] ovn_nb_global.mac_binding_removal_limit = 0 {{(pid=88983) log_opt_values /opt/stack/data/venv/lib/python3.12/site-packages/oslo_config/cfg.py:3256}}
May 27 12:51:02.032986 np0000001502 neutron-periodic-workers[88983]: DEBUG cotyledon.oslo_config_glue [-] ******************************************************************************** {{(pid=88983) log_opt_values /opt/stack/data/venv/lib/python3.12/site-packages/oslo_config/cfg.py:3263}}
May 27 12:51:02.033157 np0000001502 neutron-periodic-workers[88983]: DEBUG cotyledon._service_worker [-] Run service ServiceWrapper(0) [88983] {{(pid=88983) wait_forever /opt/stack/data/venv/lib/python3.12/site-packages/cotyledon/_service_worker.py:218}}
May 27 12:51:11.682432 np0000001502 neutron-periodic-workers[88054]: DEBUG dbcounter [-] [88054] Writing DB stats neutron:SELECT=4 {{(pid=88054) stat_writer /opt/stack/data/venv/lib/python3.12/site-packages/dbcounter.py:115}}
May 27 12:52:00.996639 np0000001502 neutron-periodic-workers[88960]: DEBUG oslo_db.sqlalchemy.engines [None req-daa10bd9-bf87-4885-b123-247a5043b41c None None] Parent process 88054 forked (88960) with an open database connection, which is being discarded and recreated. {{(pid=88960) checkout /opt/stack/data/venv/lib/python3.12/site-packages/oslo_db/sqlalchemy/engines.py:402}}
May 27 12:52:01.043971 np0000001502 neutron-periodic-workers[88960]: DEBUG dbcounter [-] [88960] Writer thread running {{(pid=88960) stat_writer /opt/stack/data/venv/lib/python3.12/site-packages/dbcounter.py:102}}
May 27 12:52:01.052980 np0000001502 neutron-periodic-workers[88960]: DEBUG oslo.service.backend._threading.loopingcall [None req-daa10bd9-bf87-4885-b123-247a5043b41c None None] Fixed interval looping call 'neutron.plugins.ml2.plugin.DhcpAgentSchedulerDbMixin.remove_networks_from_down_agents' sleeping for 36.94 seconds {{(pid=88960) _run_loop /opt/stack/data/venv/lib/python3.12/site-packages/oslo_service/backend/_threading/loopingcall.py:125}}
May 27 12:52:11.051675 np0000001502 neutron-periodic-workers[88960]: DEBUG dbcounter [-] [88960] Writing DB stats neutron:SELECT=3 {{(pid=88960) stat_writer /opt/stack/data/venv/lib/python3.12/site-packages/dbcounter.py:115}}
May 27 12:52:15.063243 np0000001502 neutron-periodic-workers[88966]: DEBUG dbcounter [-] [88966] Writer thread running {{(pid=88966) stat_writer /opt/stack/data/venv/lib/python3.12/site-packages/dbcounter.py:102}}
May 27 12:52:15.067370 np0000001502 neutron-periodic-workers[88966]: DEBUG neutron.db.agents_db [None req-ac0350f1-ffca-440b-b05a-1674ee3199af None None] Agent healthcheck: found 0 active agents {{(pid=88966) agent_health_check /opt/stack/neutron/neutron/db/agents_db.py:322}}
May 27 12:52:15.067762 np0000001502 neutron-periodic-workers[88966]: DEBUG oslo.service.backend._threading.loopingcall [None req-ac0350f1-ffca-440b-b05a-1674ee3199af None None] Fixed interval looping call 'neutron.plugins.ml2.plugin.AgentDbMixin.agent_health_check' sleeping for 36.95 seconds {{(pid=88966) _run_loop /opt/stack/data/venv/lib/python3.12/site-packages/oslo_service/backend/_threading/loopingcall.py:125}}
May 27 12:52:35.063715 np0000001502 neutron-periodic-workers[88966]: DEBUG dbcounter [-] [88966] Writing DB stats neutron:SELECT=1 {{(pid=88966) stat_writer /opt/stack/data/venv/lib/python3.12/site-packages/dbcounter.py:115}}
May 27 12:52:38.000263 np0000001502 neutron-periodic-workers[88960]: DEBUG oslo.service.backend._threading.loopingcall [None req-daa10bd9-bf87-4885-b123-247a5043b41c None None] Fixed interval looping call 'neutron.plugins.ml2.plugin.DhcpAgentSchedulerDbMixin.remove_networks_from_down_agents' sleeping for 36.99 seconds {{(pid=88960) _run_loop /opt/stack/data/venv/lib/python3.12/site-packages/oslo_service/backend/_threading/loopingcall.py:125}}
May 27 12:52:47.999338 np0000001502 neutron-periodic-workers[88960]: DEBUG dbcounter [-] [88960] Writing DB stats neutron:SELECT=3 {{(pid=88960) stat_writer /opt/stack/data/venv/lib/python3.12/site-packages/dbcounter.py:115}}
May 27 12:52:52.024573 np0000001502 neutron-periodic-workers[88966]: DEBUG neutron.db.agents_db [None req-ac0350f1-ffca-440b-b05a-1674ee3199af None None] Agent healthcheck: found 0 active agents {{(pid=88966) agent_health_check /opt/stack/neutron/neutron/db/agents_db.py:322}}
May 27 12:52:52.024573 np0000001502 neutron-periodic-workers[88966]: DEBUG oslo.service.backend._threading.loopingcall [None req-ac0350f1-ffca-440b-b05a-1674ee3199af None None] Fixed interval looping call 'neutron.plugins.ml2.plugin.AgentDbMixin.agent_health_check' sleeping for 36.99 seconds {{(pid=88966) _run_loop /opt/stack/data/venv/lib/python3.12/site-packages/oslo_service/backend/_threading/loopingcall.py:125}}
May 27 12:53:01.060741 np0000001502 neutron-periodic-workers[88951]: DEBUG dbcounter [-] [88951] Writer thread running {{(pid=88951) stat_writer /opt/stack/data/venv/lib/python3.12/site-packages/dbcounter.py:102}}
May 27 12:53:01.070127 np0000001502 neutron-periodic-workers[88951]: DEBUG oslo.service.backend._threading.loopingcall [None req-8f7e8c40-8647-4131-9af8-fef877443555 None None] Fixed interval looping call 'neutron.services.ovn_l3.plugin.L3_NAT_dbonly_mixin._clean_garbage' sleeping for 299.92 seconds {{(pid=88951) _run_loop /opt/stack/data/venv/lib/python3.12/site-packages/oslo_service/backend/_threading/loopingcall.py:125}}
May 27 12:53:02.022893 np0000001502 neutron-periodic-workers[88966]: DEBUG dbcounter [-] [88966] Writing DB stats neutron:SELECT=1 {{(pid=88966) stat_writer /opt/stack/data/venv/lib/python3.12/site-packages/dbcounter.py:115}}
May 27 12:53:02.077980 np0000001502 neutron-periodic-workers[88983]: DEBUG dbcounter [-] [88983] Writer thread running {{(pid=88983) stat_writer /opt/stack/data/venv/lib/python3.12/site-packages/dbcounter.py:102}}
May 27 12:53:02.079894 np0000001502 neutron-periodic-workers[88983]: DEBUG oslo.service.backend._threading.loopingcall [None req-87ceb7b6-be8b-464c-84a9-2eaba0f658c4 None None] Fixed interval looping call 'neutron.db.quota.driver_nolock.DbQuotaNoLockDriver._remove_expired_reservations' sleeping for 119.96 seconds {{(pid=88983) _run_loop /opt/stack/data/venv/lib/python3.12/site-packages/oslo_service/backend/_threading/loopingcall.py:125}}
May 27 12:53:11.063947 np0000001502 neutron-periodic-workers[88951]: DEBUG dbcounter [-] [88951] Writing DB stats neutron:SELECT=1 {{(pid=88951) stat_writer /opt/stack/data/venv/lib/python3.12/site-packages/dbcounter.py:115}}
May 27 12:53:12.079310 np0000001502 neutron-periodic-workers[88983]: DEBUG dbcounter [-] [88983] Writing DB stats neutron:DELETE=1 {{(pid=88983) stat_writer /opt/stack/data/venv/lib/python3.12/site-packages/dbcounter.py:115}}
May 27 12:53:14.997080 np0000001502 neutron-periodic-workers[88960]: DEBUG oslo.service.backend._threading.loopingcall [None req-daa10bd9-bf87-4885-b123-247a5043b41c None None] Fixed interval looping call 'neutron.plugins.ml2.plugin.DhcpAgentSchedulerDbMixin.remove_networks_from_down_agents' sleeping for 36.99 seconds {{(pid=88960) _run_loop /opt/stack/data/venv/lib/python3.12/site-packages/oslo_service/backend/_threading/loopingcall.py:125}}
May 27 12:53:24.996124 np0000001502 neutron-periodic-workers[88960]: DEBUG dbcounter [-] [88960] Writing DB stats neutron:SELECT=3 {{(pid=88960) stat_writer /opt/stack/data/venv/lib/python3.12/site-packages/dbcounter.py:115}}
May 27 12:53:29.018632 np0000001502 neutron-periodic-workers[88966]: DEBUG neutron.db.agents_db [None req-ac0350f1-ffca-440b-b05a-1674ee3199af None None] Agent healthcheck: found 0 active agents {{(pid=88966) agent_health_check /opt/stack/neutron/neutron/db/agents_db.py:322}}
May 27 12:53:29.019109 np0000001502 neutron-periodic-workers[88966]: DEBUG oslo.service.backend._threading.loopingcall [None req-ac0350f1-ffca-440b-b05a-1674ee3199af None None] Fixed interval looping call 'neutron.plugins.ml2.plugin.AgentDbMixin.agent_health_check' sleeping for 37.00 seconds {{(pid=88966) _run_loop /opt/stack/data/venv/lib/python3.12/site-packages/oslo_service/backend/_threading/loopingcall.py:125}}
May 27 12:53:39.017355 np0000001502 neutron-periodic-workers[88966]: DEBUG dbcounter [-] [88966] Writing DB stats neutron:SELECT=1 {{(pid=88966) stat_writer /opt/stack/data/venv/lib/python3.12/site-packages/dbcounter.py:115}}
May 27 12:53:51.993991 np0000001502 neutron-periodic-workers[88960]: DEBUG oslo.service.backend._threading.loopingcall [None req-daa10bd9-bf87-4885-b123-247a5043b41c None None] Fixed interval looping call 'neutron.plugins.ml2.plugin.DhcpAgentSchedulerDbMixin.remove_networks_from_down_agents' sleeping for 36.99 seconds {{(pid=88960) _run_loop /opt/stack/data/venv/lib/python3.12/site-packages/oslo_service/backend/_threading/loopingcall.py:125}}
May 27 12:54:01.993976 np0000001502 neutron-periodic-workers[88960]: DEBUG dbcounter [-] [88960] Writing DB stats neutron:SELECT=3 {{(pid=88960) stat_writer /opt/stack/data/venv/lib/python3.12/site-packages/dbcounter.py:115}}
May 27 12:54:06.023396 np0000001502 neutron-periodic-workers[88966]: DEBUG neutron.db.agents_db [None req-ac0350f1-ffca-440b-b05a-1674ee3199af None None] Agent healthcheck: found 0 active agents {{(pid=88966) agent_health_check /opt/stack/neutron/neutron/db/agents_db.py:322}}
May 27 12:54:06.024005 np0000001502 neutron-periodic-workers[88966]: DEBUG oslo.service.backend._threading.loopingcall [None req-ac0350f1-ffca-440b-b05a-1674ee3199af None None] Fixed interval looping call 'neutron.plugins.ml2.plugin.AgentDbMixin.agent_health_check' sleeping for 37.00 seconds {{(pid=88966) _run_loop /opt/stack/data/venv/lib/python3.12/site-packages/oslo_service/backend/_threading/loopingcall.py:125}}
May 27 12:54:16.022660 np0000001502 neutron-periodic-workers[88966]: DEBUG dbcounter [-] [88966] Writing DB stats neutron:SELECT=1 {{(pid=88966) stat_writer /opt/stack/data/venv/lib/python3.12/site-packages/dbcounter.py:115}}
May 27 12:54:28.991494 np0000001502 neutron-periodic-workers[88960]: DEBUG oslo.service.backend._threading.loopingcall [None req-daa10bd9-bf87-4885-b123-247a5043b41c None None] Fixed interval looping call 'neutron.plugins.ml2.plugin.DhcpAgentSchedulerDbMixin.remove_networks_from_down_agents' sleeping for 36.99 seconds {{(pid=88960) _run_loop /opt/stack/data/venv/lib/python3.12/site-packages/oslo_service/backend/_threading/loopingcall.py:125}}
May 27 12:54:38.990140 np0000001502 neutron-periodic-workers[88960]: DEBUG dbcounter [-] [88960] Writing DB stats neutron:SELECT=3 {{(pid=88960) stat_writer /opt/stack/data/venv/lib/python3.12/site-packages/dbcounter.py:115}}
May 27 12:54:43.030504 np0000001502 neutron-periodic-workers[88966]: DEBUG neutron.db.agents_db [None req-ac0350f1-ffca-440b-b05a-1674ee3199af None None] Agent healthcheck: found 0 active agents {{(pid=88966) agent_health_check /opt/stack/neutron/neutron/db/agents_db.py:322}}
May 27 12:54:43.030970 np0000001502 neutron-periodic-workers[88966]: DEBUG oslo.service.backend._threading.loopingcall [None req-ac0350f1-ffca-440b-b05a-1674ee3199af None None] Fixed interval looping call 'neutron.plugins.ml2.plugin.AgentDbMixin.agent_health_check' sleeping for 36.99 seconds {{(pid=88966) _run_loop /opt/stack/data/venv/lib/python3.12/site-packages/oslo_service/backend/_threading/loopingcall.py:125}}
May 27 12:54:53.028024 np0000001502 neutron-periodic-workers[88966]: DEBUG dbcounter [-] [88966] Writing DB stats neutron:SELECT=1 {{(pid=88966) stat_writer /opt/stack/data/venv/lib/python3.12/site-packages/dbcounter.py:115}}
May 27 12:55:02.055375 np0000001502 neutron-periodic-workers[88983]: DEBUG oslo.service.backend._threading.loopingcall [None req-87ceb7b6-be8b-464c-84a9-2eaba0f658c4 None None] Fixed interval looping call 'neutron.db.quota.driver_nolock.DbQuotaNoLockDriver._remove_expired_reservations' sleeping for 119.98 seconds {{(pid=88983) _run_loop /opt/stack/data/venv/lib/python3.12/site-packages/oslo_service/backend/_threading/loopingcall.py:125}}
May 27 12:55:05.991359 np0000001502 neutron-periodic-workers[88960]: DEBUG oslo.service.backend._threading.loopingcall [None req-daa10bd9-bf87-4885-b123-247a5043b41c None None] Fixed interval looping call 'neutron.plugins.ml2.plugin.DhcpAgentSchedulerDbMixin.remove_networks_from_down_agents' sleeping for 36.99 seconds {{(pid=88960) _run_loop /opt/stack/data/venv/lib/python3.12/site-packages/oslo_service/backend/_threading/loopingcall.py:125}}
May 27 12:55:12.050838 np0000001502 neutron-periodic-workers[88983]: DEBUG dbcounter [-] [88983] Writing DB stats neutron:DELETE=1 {{(pid=88983) stat_writer /opt/stack/data/venv/lib/python3.12/site-packages/dbcounter.py:115}}
May 27 12:55:15.989107 np0000001502 neutron-periodic-workers[88960]: DEBUG dbcounter [-] [88960] Writing DB stats neutron:SELECT=3 {{(pid=88960) stat_writer /opt/stack/data/venv/lib/python3.12/site-packages/dbcounter.py:115}}
May 27 12:55:20.024454 np0000001502 neutron-periodic-workers[88966]: DEBUG neutron.db.agents_db [None req-ac0350f1-ffca-440b-b05a-1674ee3199af None None] Agent healthcheck: found 0 active agents {{(pid=88966) agent_health_check /opt/stack/neutron/neutron/db/agents_db.py:322}}
May 27 12:55:20.024969 np0000001502 neutron-periodic-workers[88966]: DEBUG oslo.service.backend._threading.loopingcall [None req-ac0350f1-ffca-440b-b05a-1674ee3199af None None] Fixed interval looping call 'neutron.plugins.ml2.plugin.AgentDbMixin.agent_health_check' sleeping for 37.00 seconds {{(pid=88966) _run_loop /opt/stack/data/venv/lib/python3.12/site-packages/oslo_service/backend/_threading/loopingcall.py:125}}
May 27 12:55:30.025213 np0000001502 neutron-periodic-workers[88966]: DEBUG dbcounter [-] [88966] Writing DB stats neutron:SELECT=1 {{(pid=88966) stat_writer /opt/stack/data/venv/lib/python3.12/site-packages/dbcounter.py:115}}
May 27 12:55:42.988683 np0000001502 neutron-periodic-workers[88960]: DEBUG oslo.service.backend._threading.loopingcall [None req-daa10bd9-bf87-4885-b123-247a5043b41c None None] Fixed interval looping call 'neutron.plugins.ml2.plugin.DhcpAgentSchedulerDbMixin.remove_networks_from_down_agents' sleeping for 36.99 seconds {{(pid=88960) _run_loop /opt/stack/data/venv/lib/python3.12/site-packages/oslo_service/backend/_threading/loopingcall.py:125}}
May 27 12:55:52.987613 np0000001502 neutron-periodic-workers[88960]: DEBUG dbcounter [-] [88960] Writing DB stats neutron:SELECT=3 {{(pid=88960) stat_writer /opt/stack/data/venv/lib/python3.12/site-packages/dbcounter.py:115}}
May 27 12:55:57.032904 np0000001502 neutron-periodic-workers[88966]: DEBUG neutron.db.agents_db [None req-ac0350f1-ffca-440b-b05a-1674ee3199af None None] Agent healthcheck: found 0 active agents {{(pid=88966) agent_health_check /opt/stack/neutron/neutron/db/agents_db.py:322}}
May 27 12:55:57.033391 np0000001502 neutron-periodic-workers[88966]: DEBUG oslo.service.backend._threading.loopingcall [None req-ac0350f1-ffca-440b-b05a-1674ee3199af None None] Fixed interval looping call 'neutron.plugins.ml2.plugin.AgentDbMixin.agent_health_check' sleeping for 36.99 seconds {{(pid=88966) _run_loop /opt/stack/data/venv/lib/python3.12/site-packages/oslo_service/backend/_threading/loopingcall.py:125}}
May 27 12:56:07.028279 np0000001502 neutron-periodic-workers[88966]: DEBUG dbcounter [-] [88966] Writing DB stats neutron:SELECT=1 {{(pid=88966) stat_writer /opt/stack/data/venv/lib/python3.12/site-packages/dbcounter.py:115}}
May 27 12:56:19.989784 np0000001502 neutron-periodic-workers[88960]: DEBUG oslo.service.backend._threading.loopingcall [None req-daa10bd9-bf87-4885-b123-247a5043b41c None None] Fixed interval looping call 'neutron.plugins.ml2.plugin.DhcpAgentSchedulerDbMixin.remove_networks_from_down_agents' sleeping for 36.99 seconds {{(pid=88960) _run_loop /opt/stack/data/venv/lib/python3.12/site-packages/oslo_service/backend/_threading/loopingcall.py:125}}
May 27 12:56:29.988669 np0000001502 neutron-periodic-workers[88960]: DEBUG dbcounter [-] [88960] Writing DB stats neutron:SELECT=3 {{(pid=88960) stat_writer /opt/stack/data/venv/lib/python3.12/site-packages/dbcounter.py:115}}
May 27 12:56:34.030126 np0000001502 neutron-periodic-workers[88966]: DEBUG neutron.db.agents_db [None req-ac0350f1-ffca-440b-b05a-1674ee3199af None None] Agent healthcheck: found 0 active agents {{(pid=88966) agent_health_check /opt/stack/neutron/neutron/db/agents_db.py:322}}
May 27 12:56:34.030724 np0000001502 neutron-periodic-workers[88966]: DEBUG oslo.service.backend._threading.loopingcall [None req-ac0350f1-ffca-440b-b05a-1674ee3199af None None] Fixed interval looping call 'neutron.plugins.ml2.plugin.AgentDbMixin.agent_health_check' sleeping for 36.99 seconds {{(pid=88966) _run_loop /opt/stack/data/venv/lib/python3.12/site-packages/oslo_service/backend/_threading/loopingcall.py:125}}
May 27 12:56:44.030538 np0000001502 neutron-periodic-workers[88966]: DEBUG dbcounter [-] [88966] Writing DB stats neutron:SELECT=1 {{(pid=88966) stat_writer /opt/stack/data/venv/lib/python3.12/site-packages/dbcounter.py:115}}
May 27 12:56:56.991742 np0000001502 neutron-periodic-workers[88960]: DEBUG oslo.service.backend._threading.loopingcall [None req-daa10bd9-bf87-4885-b123-247a5043b41c None None] Fixed interval looping call 'neutron.plugins.ml2.plugin.DhcpAgentSchedulerDbMixin.remove_networks_from_down_agents' sleeping for 36.99 seconds {{(pid=88960) _run_loop /opt/stack/data/venv/lib/python3.12/site-packages/oslo_service/backend/_threading/loopingcall.py:125}}
May 27 12:57:02.039116 np0000001502 neutron-periodic-workers[88983]: DEBUG oslo.service.backend._threading.loopingcall [None req-87ceb7b6-be8b-464c-84a9-2eaba0f658c4 None None] Fixed interval looping call 'neutron.db.quota.driver_nolock.DbQuotaNoLockDriver._remove_expired_reservations' sleeping for 120.00 seconds {{(pid=88983) _run_loop /opt/stack/data/venv/lib/python3.12/site-packages/oslo_service/backend/_threading/loopingcall.py:125}}
May 27 12:57:06.991735 np0000001502 neutron-periodic-workers[88960]: DEBUG dbcounter [-] [88960] Writing DB stats neutron:SELECT=3 {{(pid=88960) stat_writer /opt/stack/data/venv/lib/python3.12/site-packages/dbcounter.py:115}}
May 27 12:57:11.024525 np0000001502 neutron-periodic-workers[88966]: DEBUG neutron.db.agents_db [None req-ac0350f1-ffca-440b-b05a-1674ee3199af None None] Agent healthcheck: found 0 active agents {{(pid=88966) agent_health_check /opt/stack/neutron/neutron/db/agents_db.py:322}}
May 27 12:57:11.024525 np0000001502 neutron-periodic-workers[88966]: DEBUG oslo.service.backend._threading.loopingcall [None req-ac0350f1-ffca-440b-b05a-1674ee3199af None None] Fixed interval looping call 'neutron.plugins.ml2.plugin.AgentDbMixin.agent_health_check' sleeping for 37.00 seconds {{(pid=88966) _run_loop /opt/stack/data/venv/lib/python3.12/site-packages/oslo_service/backend/_threading/loopingcall.py:125}}
May 27 12:57:12.038590 np0000001502 neutron-periodic-workers[88983]: DEBUG dbcounter [-] [88983] Writing DB stats neutron:DELETE=1 {{(pid=88983) stat_writer /opt/stack/data/venv/lib/python3.12/site-packages/dbcounter.py:115}}
May 27 12:57:21.022885 np0000001502 neutron-periodic-workers[88966]: DEBUG dbcounter [-] [88966] Writing DB stats neutron:SELECT=1 {{(pid=88966) stat_writer /opt/stack/data/venv/lib/python3.12/site-packages/dbcounter.py:115}}
May 27 12:57:33.990628 np0000001502 neutron-periodic-workers[88960]: DEBUG oslo.service.backend._threading.loopingcall [None req-daa10bd9-bf87-4885-b123-247a5043b41c None None] Fixed interval looping call 'neutron.plugins.ml2.plugin.DhcpAgentSchedulerDbMixin.remove_networks_from_down_agents' sleeping for 36.99 seconds {{(pid=88960) _run_loop /opt/stack/data/venv/lib/python3.12/site-packages/oslo_service/backend/_threading/loopingcall.py:125}}
May 27 12:57:43.990320 np0000001502 neutron-periodic-workers[88960]: DEBUG dbcounter [-] [88960] Writing DB stats neutron:SELECT=3 {{(pid=88960) stat_writer /opt/stack/data/venv/lib/python3.12/site-packages/dbcounter.py:115}}
May 27 12:57:48.030876 np0000001502 neutron-periodic-workers[88966]: DEBUG neutron.db.agents_db [None req-ac0350f1-ffca-440b-b05a-1674ee3199af None None] Agent healthcheck: found 0 active agents {{(pid=88966) agent_health_check /opt/stack/neutron/neutron/db/agents_db.py:322}}
May 27 12:57:48.031556 np0000001502 neutron-periodic-workers[88966]: DEBUG oslo.service.backend._threading.loopingcall [None req-ac0350f1-ffca-440b-b05a-1674ee3199af None None] Fixed interval looping call 'neutron.plugins.ml2.plugin.AgentDbMixin.agent_health_check' sleeping for 36.99 seconds {{(pid=88966) _run_loop /opt/stack/data/venv/lib/python3.12/site-packages/oslo_service/backend/_threading/loopingcall.py:125}}
May 27 12:57:58.028686 np0000001502 neutron-periodic-workers[88966]: DEBUG dbcounter [-] [88966] Writing DB stats neutron:SELECT=1 {{(pid=88966) stat_writer /opt/stack/data/venv/lib/python3.12/site-packages/dbcounter.py:115}}
May 27 12:58:00.998195 np0000001502 neutron-periodic-workers[88951]: DEBUG oslo.service.backend._threading.loopingcall [None req-8f7e8c40-8647-4131-9af8-fef877443555 None None] Fixed interval looping call 'neutron.services.ovn_l3.plugin.L3_NAT_dbonly_mixin._clean_garbage' sleeping for 299.99 seconds {{(pid=88951) _run_loop /opt/stack/data/venv/lib/python3.12/site-packages/oslo_service/backend/_threading/loopingcall.py:125}}
May 27 12:58:10.989423 np0000001502 neutron-periodic-workers[88960]: DEBUG oslo.service.backend._threading.loopingcall [None req-daa10bd9-bf87-4885-b123-247a5043b41c None None] Fixed interval looping call 'neutron.plugins.ml2.plugin.DhcpAgentSchedulerDbMixin.remove_networks_from_down_agents' sleeping for 36.99 seconds {{(pid=88960) _run_loop /opt/stack/data/venv/lib/python3.12/site-packages/oslo_service/backend/_threading/loopingcall.py:125}}
May 27 12:58:10.993463 np0000001502 neutron-periodic-workers[88951]: DEBUG dbcounter [-] [88951] Writing DB stats neutron:SELECT=1 {{(pid=88951) stat_writer /opt/stack/data/venv/lib/python3.12/site-packages/dbcounter.py:115}}
May 27 12:58:20.988083 np0000001502 neutron-periodic-workers[88960]: DEBUG dbcounter [-] [88960] Writing DB stats neutron:SELECT=3 {{(pid=88960) stat_writer /opt/stack/data/venv/lib/python3.12/site-packages/dbcounter.py:115}}
May 27 12:58:25.027358 np0000001502 neutron-periodic-workers[88966]: DEBUG neutron.db.agents_db [None req-ac0350f1-ffca-440b-b05a-1674ee3199af None None] Agent healthcheck: found 0 active agents {{(pid=88966) agent_health_check /opt/stack/neutron/neutron/db/agents_db.py:322}}
May 27 12:58:25.027813 np0000001502 neutron-periodic-workers[88966]: DEBUG oslo.service.backend._threading.loopingcall [None req-ac0350f1-ffca-440b-b05a-1674ee3199af None None] Fixed interval looping call 'neutron.plugins.ml2.plugin.AgentDbMixin.agent_health_check' sleeping for 36.99 seconds {{(pid=88966) _run_loop /opt/stack/data/venv/lib/python3.12/site-packages/oslo_service/backend/_threading/loopingcall.py:125}}
May 27 12:58:35.023855 np0000001502 neutron-periodic-workers[88966]: DEBUG dbcounter [-] [88966] Writing DB stats neutron:SELECT=1 {{(pid=88966) stat_writer /opt/stack/data/venv/lib/python3.12/site-packages/dbcounter.py:115}}
May 27 12:58:47.986926 np0000001502 neutron-periodic-workers[88960]: DEBUG oslo.service.backend._threading.loopingcall [None req-daa10bd9-bf87-4885-b123-247a5043b41c None None] Fixed interval looping call 'neutron.plugins.ml2.plugin.DhcpAgentSchedulerDbMixin.remove_networks_from_down_agents' sleeping for 36.99 seconds {{(pid=88960) _run_loop /opt/stack/data/venv/lib/python3.12/site-packages/oslo_service/backend/_threading/loopingcall.py:125}}
May 27 12:58:57.986556 np0000001502 neutron-periodic-workers[88960]: DEBUG dbcounter [-] [88960] Writing DB stats neutron:SELECT=3 {{(pid=88960) stat_writer /opt/stack/data/venv/lib/python3.12/site-packages/dbcounter.py:115}}
May 27 12:59:02.026215 np0000001502 neutron-periodic-workers[88966]: DEBUG neutron.db.agents_db [None req-ac0350f1-ffca-440b-b05a-1674ee3199af None None] Agent healthcheck: found 0 active agents {{(pid=88966) agent_health_check /opt/stack/neutron/neutron/db/agents_db.py:322}}
May 27 12:59:02.026669 np0000001502 neutron-periodic-workers[88966]: DEBUG oslo.service.backend._threading.loopingcall [None req-ac0350f1-ffca-440b-b05a-1674ee3199af None None] Fixed interval looping call 'neutron.plugins.ml2.plugin.AgentDbMixin.agent_health_check' sleeping for 36.99 seconds {{(pid=88966) _run_loop /opt/stack/data/venv/lib/python3.12/site-packages/oslo_service/backend/_threading/loopingcall.py:125}}
May 27 12:59:02.046968 np0000001502 neutron-periodic-workers[88983]: DEBUG oslo.service.backend._threading.loopingcall [None req-87ceb7b6-be8b-464c-84a9-2eaba0f658c4 None None] Fixed interval looping call 'neutron.db.quota.driver_nolock.DbQuotaNoLockDriver._remove_expired_reservations' sleeping for 119.99 seconds {{(pid=88983) _run_loop /opt/stack/data/venv/lib/python3.12/site-packages/oslo_service/backend/_threading/loopingcall.py:125}}
May 27 12:59:12.024880 np0000001502 neutron-periodic-workers[88966]: DEBUG dbcounter [-] [88966] Writing DB stats neutron:SELECT=1 {{(pid=88966) stat_writer /opt/stack/data/venv/lib/python3.12/site-packages/dbcounter.py:115}}
May 27 12:59:12.045812 np0000001502 neutron-periodic-workers[88983]: DEBUG dbcounter [-] [88983] Writing DB stats neutron:DELETE=1 {{(pid=88983) stat_writer /opt/stack/data/venv/lib/python3.12/site-packages/dbcounter.py:115}}
May 27 12:59:24.991091 np0000001502 neutron-periodic-workers[88960]: DEBUG oslo.service.backend._threading.loopingcall [None req-daa10bd9-bf87-4885-b123-247a5043b41c None None] Fixed interval looping call 'neutron.plugins.ml2.plugin.DhcpAgentSchedulerDbMixin.remove_networks_from_down_agents' sleeping for 36.99 seconds {{(pid=88960) _run_loop /opt/stack/data/venv/lib/python3.12/site-packages/oslo_service/backend/_threading/loopingcall.py:125}}
May 27 12:59:34.990037 np0000001502 neutron-periodic-workers[88960]: DEBUG dbcounter [-] [88960] Writing DB stats neutron:SELECT=3 {{(pid=88960) stat_writer /opt/stack/data/venv/lib/python3.12/site-packages/dbcounter.py:115}}
May 27 12:59:39.025002 np0000001502 neutron-periodic-workers[88966]: DEBUG neutron.db.agents_db [None req-ac0350f1-ffca-440b-b05a-1674ee3199af None None] Agent healthcheck: found 0 active agents {{(pid=88966) agent_health_check /opt/stack/neutron/neutron/db/agents_db.py:322}}
May 27 12:59:39.025002 np0000001502 neutron-periodic-workers[88966]: DEBUG oslo.service.backend._threading.loopingcall [None req-ac0350f1-ffca-440b-b05a-1674ee3199af None None] Fixed interval looping call 'neutron.plugins.ml2.plugin.AgentDbMixin.agent_health_check' sleeping for 36.99 seconds {{(pid=88966) _run_loop /opt/stack/data/venv/lib/python3.12/site-packages/oslo_service/backend/_threading/loopingcall.py:125}}
May 27 12:59:49.023900 np0000001502 neutron-periodic-workers[88966]: DEBUG dbcounter [-] [88966] Writing DB stats neutron:SELECT=1 {{(pid=88966) stat_writer /opt/stack/data/venv/lib/python3.12/site-packages/dbcounter.py:115}}
May 27 13:00:01.992482 np0000001502 neutron-periodic-workers[88960]: DEBUG oslo.service.backend._threading.loopingcall [None req-daa10bd9-bf87-4885-b123-247a5043b41c None None] Fixed interval looping call 'neutron.plugins.ml2.plugin.DhcpAgentSchedulerDbMixin.remove_networks_from_down_agents' sleeping for 36.99 seconds {{(pid=88960) _run_loop /opt/stack/data/venv/lib/python3.12/site-packages/oslo_service/backend/_threading/loopingcall.py:125}}
May 27 13:00:11.989112 np0000001502 neutron-periodic-workers[88960]: DEBUG dbcounter [-] [88960] Writing DB stats neutron:SELECT=3 {{(pid=88960) stat_writer /opt/stack/data/venv/lib/python3.12/site-packages/dbcounter.py:115}}
May 27 13:00:16.018753 np0000001502 neutron-periodic-workers[88966]: DEBUG neutron.db.agents_db [None req-ac0350f1-ffca-440b-b05a-1674ee3199af None None] Agent healthcheck: found 0 active agents {{(pid=88966) agent_health_check /opt/stack/neutron/neutron/db/agents_db.py:322}}
May 27 13:00:16.020239 np0000001502 neutron-periodic-workers[88966]: DEBUG oslo.service.backend._threading.loopingcall [None req-ac0350f1-ffca-440b-b05a-1674ee3199af None None] Fixed interval looping call 'neutron.plugins.ml2.plugin.AgentDbMixin.agent_health_check' sleeping for 37.00 seconds {{(pid=88966) _run_loop /opt/stack/data/venv/lib/python3.12/site-packages/oslo_service/backend/_threading/loopingcall.py:125}}
May 27 13:00:26.017081 np0000001502 neutron-periodic-workers[88966]: DEBUG dbcounter [-] [88966] Writing DB stats neutron:SELECT=1 {{(pid=88966) stat_writer /opt/stack/data/venv/lib/python3.12/site-packages/dbcounter.py:115}}
May 27 13:00:38.988457 np0000001502 neutron-periodic-workers[88960]: DEBUG oslo.service.backend._threading.loopingcall [None req-daa10bd9-bf87-4885-b123-247a5043b41c None None] Fixed interval looping call 'neutron.plugins.ml2.plugin.DhcpAgentSchedulerDbMixin.remove_networks_from_down_agents' sleeping for 36.99 seconds {{(pid=88960) _run_loop /opt/stack/data/venv/lib/python3.12/site-packages/oslo_service/backend/_threading/loopingcall.py:125}}
May 27 13:00:48.987269 np0000001502 neutron-periodic-workers[88960]: DEBUG dbcounter [-] [88960] Writing DB stats neutron:SELECT=3 {{(pid=88960) stat_writer /opt/stack/data/venv/lib/python3.12/site-packages/dbcounter.py:115}}
May 27 13:00:53.023045 np0000001502 neutron-periodic-workers[88966]: DEBUG neutron.db.agents_db [None req-ac0350f1-ffca-440b-b05a-1674ee3199af None None] Agent healthcheck: found 0 active agents {{(pid=88966) agent_health_check /opt/stack/neutron/neutron/db/agents_db.py:322}}
May 27 13:00:53.023045 np0000001502 neutron-periodic-workers[88966]: DEBUG oslo.service.backend._threading.loopingcall [None req-ac0350f1-ffca-440b-b05a-1674ee3199af None None] Fixed interval looping call 'neutron.plugins.ml2.plugin.AgentDbMixin.agent_health_check' sleeping for 37.00 seconds {{(pid=88966) _run_loop /opt/stack/data/venv/lib/python3.12/site-packages/oslo_service/backend/_threading/loopingcall.py:125}}
May 27 13:01:02.040125 np0000001502 neutron-periodic-workers[88983]: DEBUG oslo.service.backend._threading.loopingcall [None req-87ceb7b6-be8b-464c-84a9-2eaba0f658c4 None None] Fixed interval looping call 'neutron.db.quota.driver_nolock.DbQuotaNoLockDriver._remove_expired_reservations' sleeping for 120.00 seconds {{(pid=88983) _run_loop /opt/stack/data/venv/lib/python3.12/site-packages/oslo_service/backend/_threading/loopingcall.py:125}}
May 27 13:01:03.321850 np0000001502 neutron-periodic-workers[88966]: DEBUG dbcounter [-] [88966] Writing DB stats neutron:SELECT=1 {{(pid=88966) stat_writer /opt/stack/data/venv/lib/python3.12/site-packages/dbcounter.py:115}}
May 27 13:01:12.040193 np0000001502 neutron-periodic-workers[88983]: DEBUG dbcounter [-] [88983] Writing DB stats neutron:DELETE=1 {{(pid=88983) stat_writer /opt/stack/data/venv/lib/python3.12/site-packages/dbcounter.py:115}}
May 27 13:01:15.991895 np0000001502 neutron-periodic-workers[88960]: DEBUG oslo.service.backend._threading.loopingcall [None req-daa10bd9-bf87-4885-b123-247a5043b41c None None] Fixed interval looping call 'neutron.plugins.ml2.plugin.DhcpAgentSchedulerDbMixin.remove_networks_from_down_agents' sleeping for 36.99 seconds {{(pid=88960) _run_loop /opt/stack/data/venv/lib/python3.12/site-packages/oslo_service/backend/_threading/loopingcall.py:125}}
May 27 13:01:25.990101 np0000001502 neutron-periodic-workers[88960]: DEBUG dbcounter [-] [88960] Writing DB stats neutron:SELECT=3 {{(pid=88960) stat_writer /opt/stack/data/venv/lib/python3.12/site-packages/dbcounter.py:115}}
May 27 13:01:30.030789 np0000001502 neutron-periodic-workers[88966]: DEBUG neutron.db.agents_db [None req-ac0350f1-ffca-440b-b05a-1674ee3199af None None] Agent healthcheck: found 0 active agents {{(pid=88966) agent_health_check /opt/stack/neutron/neutron/db/agents_db.py:322}}
May 27 13:01:30.030789 np0000001502 neutron-periodic-workers[88966]: DEBUG oslo.service.backend._threading.loopingcall [None req-ac0350f1-ffca-440b-b05a-1674ee3199af None None] Fixed interval looping call 'neutron.plugins.ml2.plugin.AgentDbMixin.agent_health_check' sleeping for 36.99 seconds {{(pid=88966) _run_loop /opt/stack/data/venv/lib/python3.12/site-packages/oslo_service/backend/_threading/loopingcall.py:125}}
May 27 13:01:40.029260 np0000001502 neutron-periodic-workers[88966]: DEBUG dbcounter [-] [88966] Writing DB stats neutron:SELECT=1 {{(pid=88966) stat_writer /opt/stack/data/venv/lib/python3.12/site-packages/dbcounter.py:115}}
May 27 13:01:52.990471 np0000001502 neutron-periodic-workers[88960]: DEBUG oslo.service.backend._threading.loopingcall [None req-daa10bd9-bf87-4885-b123-247a5043b41c None None] Fixed interval looping call 'neutron.plugins.ml2.plugin.DhcpAgentSchedulerDbMixin.remove_networks_from_down_agents' sleeping for 36.99 seconds {{(pid=88960) _run_loop /opt/stack/data/venv/lib/python3.12/site-packages/oslo_service/backend/_threading/loopingcall.py:125}}
May 27 13:02:02.989736 np0000001502 neutron-periodic-workers[88960]: DEBUG dbcounter [-] [88960] Writing DB stats neutron:SELECT=3 {{(pid=88960) stat_writer /opt/stack/data/venv/lib/python3.12/site-packages/dbcounter.py:115}}
May 27 13:02:07.024948 np0000001502 neutron-periodic-workers[88966]: DEBUG neutron.db.agents_db [None req-ac0350f1-ffca-440b-b05a-1674ee3199af None None] Agent healthcheck: found 0 active agents {{(pid=88966) agent_health_check /opt/stack/neutron/neutron/db/agents_db.py:322}}
May 27 13:02:07.025515 np0000001502 neutron-periodic-workers[88966]: DEBUG oslo.service.backend._threading.loopingcall [None req-ac0350f1-ffca-440b-b05a-1674ee3199af None None] Fixed interval looping call 'neutron.plugins.ml2.plugin.AgentDbMixin.agent_health_check' sleeping for 37.00 seconds {{(pid=88966) _run_loop /opt/stack/data/venv/lib/python3.12/site-packages/oslo_service/backend/_threading/loopingcall.py:125}}
May 27 13:02:17.023587 np0000001502 neutron-periodic-workers[88966]: DEBUG dbcounter [-] [88966] Writing DB stats neutron:SELECT=1 {{(pid=88966) stat_writer /opt/stack/data/venv/lib/python3.12/site-packages/dbcounter.py:115}}
May 27 13:02:29.990707 np0000001502 neutron-periodic-workers[88960]: DEBUG oslo.service.backend._threading.loopingcall [None req-daa10bd9-bf87-4885-b123-247a5043b41c None None] Fixed interval looping call 'neutron.plugins.ml2.plugin.DhcpAgentSchedulerDbMixin.remove_networks_from_down_agents' sleeping for 36.99 seconds {{(pid=88960) _run_loop /opt/stack/data/venv/lib/python3.12/site-packages/oslo_service/backend/_threading/loopingcall.py:125}}
May 27 13:02:39.989513 np0000001502 neutron-periodic-workers[88960]: DEBUG dbcounter [-] [88960] Writing DB stats neutron:SELECT=3 {{(pid=88960) stat_writer /opt/stack/data/venv/lib/python3.12/site-packages/dbcounter.py:115}}
May 27 13:02:44.028628 np0000001502 neutron-periodic-workers[88966]: DEBUG neutron.db.agents_db [None req-ac0350f1-ffca-440b-b05a-1674ee3199af None None] Agent healthcheck: found 0 active agents {{(pid=88966) agent_health_check /opt/stack/neutron/neutron/db/agents_db.py:322}}
May 27 13:02:44.029166 np0000001502 neutron-periodic-workers[88966]: DEBUG oslo.service.backend._threading.loopingcall [None req-ac0350f1-ffca-440b-b05a-1674ee3199af None None] Fixed interval looping call 'neutron.plugins.ml2.plugin.AgentDbMixin.agent_health_check' sleeping for 37.00 seconds {{(pid=88966) _run_loop /opt/stack/data/venv/lib/python3.12/site-packages/oslo_service/backend/_threading/loopingcall.py:125}}
May 27 13:02:54.027781 np0000001502 neutron-periodic-workers[88966]: DEBUG dbcounter [-] [88966] Writing DB stats neutron:SELECT=1 {{(pid=88966) stat_writer /opt/stack/data/venv/lib/python3.12/site-packages/dbcounter.py:115}}
May 27 13:03:01.002033 np0000001502 neutron-periodic-workers[88951]: DEBUG oslo.service.backend._threading.loopingcall [None req-8f7e8c40-8647-4131-9af8-fef877443555 None None] Fixed interval looping call 'neutron.services.ovn_l3.plugin.L3_NAT_dbonly_mixin._clean_garbage' sleeping for 299.99 seconds {{(pid=88951) _run_loop /opt/stack/data/venv/lib/python3.12/site-packages/oslo_service/backend/_threading/loopingcall.py:125}}
May 27 13:03:02.043336 np0000001502 neutron-periodic-workers[88983]: DEBUG oslo.service.backend._threading.loopingcall [None req-87ceb7b6-be8b-464c-84a9-2eaba0f658c4 None None] Fixed interval looping call 'neutron.db.quota.driver_nolock.DbQuotaNoLockDriver._remove_expired_reservations' sleeping for 120.00 seconds {{(pid=88983) _run_loop /opt/stack/data/venv/lib/python3.12/site-packages/oslo_service/backend/_threading/loopingcall.py:125}}
May 27 13:03:06.988880 np0000001502 neutron-periodic-workers[88960]: DEBUG oslo.service.backend._threading.loopingcall [None req-daa10bd9-bf87-4885-b123-247a5043b41c None None] Fixed interval looping call 'neutron.plugins.ml2.plugin.DhcpAgentSchedulerDbMixin.remove_networks_from_down_agents' sleeping for 36.99 seconds {{(pid=88960) _run_loop /opt/stack/data/venv/lib/python3.12/site-packages/oslo_service/backend/_threading/loopingcall.py:125}}
May 27 13:03:10.991895 np0000001502 neutron-periodic-workers[88951]: DEBUG dbcounter [-] [88951] Writing DB stats neutron:SELECT=1 {{(pid=88951) stat_writer /opt/stack/data/venv/lib/python3.12/site-packages/dbcounter.py:115}}
