Jun 03 00:12:59.803055 np0000001994 devstack@g-api.service[102064]: [pid: 102064|app: 0|req: 108/310] 127.0.0.1 () {42 vars in 786 bytes} [Wed Jun 3 00:12:59 2026] POST /v2/images => generated 658 bytes in 661 msecs (HTTP/1.1 201) 6 headers in 315 bytes (1 switches on core 0)
Jun 03 00:12:59.810528 np0000001994 devstack@g-api.service[102063]: DEBUG glance.api.middleware.version_negotiation [None req-888733fa-53e9-4a84-8c80-952c5fe9a319 tempest-AttachVolumeNegativeTest-314398372 tempest-AttachVolumeNegativeTest-314398372-project-member] Determining version of request: PUT /v2/images/8f004f7d-d03b-4e20-95fe-bd1b6ad47a43/file Accept: {{(pid=102063) process_request /opt/stack/glance/glance/api/middleware/version_negotiation.py:44}}
Jun 03 00:12:59.810877 np0000001994 devstack@g-api.service[102063]: DEBUG glance.api.middleware.version_negotiation [None req-888733fa-53e9-4a84-8c80-952c5fe9a319 tempest-AttachVolumeNegativeTest-314398372 tempest-AttachVolumeNegativeTest-314398372-project-member] Using url versioning {{(pid=102063) process_request /opt/stack/glance/glance/api/middleware/version_negotiation.py:57}}
Jun 03 00:12:59.810877 np0000001994 devstack@g-api.service[102063]: DEBUG glance.api.middleware.version_negotiation [None req-888733fa-53e9-4a84-8c80-952c5fe9a319 tempest-AttachVolumeNegativeTest-314398372 tempest-AttachVolumeNegativeTest-314398372-project-member] Matched version: v2 {{(pid=102063) process_request /opt/stack/glance/glance/api/middleware/version_negotiation.py:69}}
Jun 03 00:12:59.810877 np0000001994 devstack@g-api.service[102063]: DEBUG glance.api.middleware.version_negotiation [None req-888733fa-53e9-4a84-8c80-952c5fe9a319 tempest-AttachVolumeNegativeTest-314398372 tempest-AttachVolumeNegativeTest-314398372-project-member] new path /v2/images/8f004f7d-d03b-4e20-95fe-bd1b6ad47a43/file {{(pid=102063) process_request /opt/stack/glance/glance/api/middleware/version_negotiation.py:70}}
Jun 03 00:13:00.286934 np0000001994 devstack@g-api.service[102063]: INFO glance.api.v2.image_data [None req-ae9cd9cd-55ca-4d07-abd7-1ec2071f36e1 tempest-VolumeImageDependencyTests-1220139721 tempest-VolumeImageDependencyTests-1220139721-project-member] Unable to create trust: no such option collect_timing in group [keystone_authtoken] Use the existing user token.
Jun 03 00:13:00.852954 np0000001994 devstack@g-api.service[102063]: DEBUG glance.location [None req-ae9cd9cd-55ca-4d07-abd7-1ec2071f36e1 tempest-VolumeImageDependencyTests-1220139721 tempest-VolumeImageDependencyTests-1220139721-project-member] Enabling in-flight format inspection for raw {{(pid=102063) set_data /opt/stack/glance/glance/location.py:616}}
Jun 03 00:13:00.853414 np0000001994 devstack@g-api.service[102063]: DEBUG glance_store.backend [None req-ae9cd9cd-55ca-4d07-abd7-1ec2071f36e1 tempest-VolumeImageDependencyTests-1220139721 tempest-VolumeImageDependencyTests-1220139721-project-member] Attempting to import store swift {{(pid=102063) _load_store /opt/stack/data/venv/lib/python3.12/site-packages/glance_store/backend.py:215}}
Jun 03 00:13:00.854612 np0000001994 devstack@g-api.service[102063]: DEBUG glance_store.capabilities [None req-ae9cd9cd-55ca-4d07-abd7-1ec2071f36e1 tempest-VolumeImageDependencyTests-1220139721 tempest-VolumeImageDependencyTests-1220139721-project-member] Store glance_store._drivers.swift.store.SingleTenantStore doesn't support updating dynamic storage capabilities. Please overwrite 'update_capabilities' method of the store to implement updating logics if needed. {{(pid=102063) update_capabilities /opt/stack/data/venv/lib/python3.12/site-packages/glance_store/capabilities.py:91}}
Jun 03 00:13:00.854714 np0000001994 devstack@g-api.service[102063]: DEBUG glance_store.driver [None req-ae9cd9cd-55ca-4d07-abd7-1ec2071f36e1 tempest-VolumeImageDependencyTests-1220139721 tempest-VolumeImageDependencyTests-1220139721-project-member] Late loading location class glance_store._drivers.swift.store.StoreLocation {{(pid=102063) get_store_location_class /opt/stack/data/venv/lib/python3.12/site-packages/glance_store/driver.py:134}}
Jun 03 00:13:00.854777 np0000001994 devstack@g-api.service[102063]: DEBUG glance_store.location [None req-ae9cd9cd-55ca-4d07-abd7-1ec2071f36e1 tempest-VolumeImageDependencyTests-1220139721 tempest-VolumeImageDependencyTests-1220139721-project-member] Registering scheme swift+https with {'store': , 'location_class': , 'store_entry': 'swift'} {{(pid=102063) register_scheme_map /opt/stack/data/venv/lib/python3.12/site-packages/glance_store/location.py:146}}
Jun 03 00:13:00.854840 np0000001994 devstack@g-api.service[102063]: DEBUG glance_store.location [None req-ae9cd9cd-55ca-4d07-abd7-1ec2071f36e1 tempest-VolumeImageDependencyTests-1220139721 tempest-VolumeImageDependencyTests-1220139721-project-member] Registering scheme swift+https with {'store': , 'location_class': , 'store_entry': 'swift'} {{(pid=102063) register_scheme_map /opt/stack/data/venv/lib/python3.12/site-packages/glance_store/location.py:146}}
Jun 03 00:13:00.854916 np0000001994 devstack@g-api.service[102063]: DEBUG glance_store.location [None req-ae9cd9cd-55ca-4d07-abd7-1ec2071f36e1 tempest-VolumeImageDependencyTests-1220139721 tempest-VolumeImageDependencyTests-1220139721-project-member] Registering scheme swift with {'store': , 'location_class': , 'store_entry': 'swift'} {{(pid=102063) register_scheme_map /opt/stack/data/venv/lib/python3.12/site-packages/glance_store/location.py:146}}
Jun 03 00:13:00.854984 np0000001994 devstack@g-api.service[102063]: DEBUG glance_store.location [None req-ae9cd9cd-55ca-4d07-abd7-1ec2071f36e1 tempest-VolumeImageDependencyTests-1220139721 tempest-VolumeImageDependencyTests-1220139721-project-member] Registering scheme swift+https with {'store': , 'location_class': , 'store_entry': 'swift'} {{(pid=102063) register_scheme_map /opt/stack/data/venv/lib/python3.12/site-packages/glance_store/location.py:146}}
Jun 03 00:13:00.855036 np0000001994 devstack@g-api.service[102063]: DEBUG glance_store.location [None req-ae9cd9cd-55ca-4d07-abd7-1ec2071f36e1 tempest-VolumeImageDependencyTests-1220139721 tempest-VolumeImageDependencyTests-1220139721-project-member] Registering scheme swift with {'store': , 'location_class': , 'store_entry': 'swift'} {{(pid=102063) register_scheme_map /opt/stack/data/venv/lib/python3.12/site-packages/glance_store/location.py:146}}
Jun 03 00:13:00.855116 np0000001994 devstack@g-api.service[102063]: DEBUG glance_store.location [None req-ae9cd9cd-55ca-4d07-abd7-1ec2071f36e1 tempest-VolumeImageDependencyTests-1220139721 tempest-VolumeImageDependencyTests-1220139721-project-member] Registering scheme swift+http with {'store': , 'location_class': , 'store_entry': 'swift'} {{(pid=102063) register_scheme_map /opt/stack/data/venv/lib/python3.12/site-packages/glance_store/location.py:146}}
Jun 03 00:13:00.855231 np0000001994 devstack@g-api.service[102063]: DEBUG glance_store.location [None req-ae9cd9cd-55ca-4d07-abd7-1ec2071f36e1 tempest-VolumeImageDependencyTests-1220139721 tempest-VolumeImageDependencyTests-1220139721-project-member] Registering scheme swift+https with {'store': , 'location_class': , 'store_entry': 'swift'} {{(pid=102063) register_scheme_map /opt/stack/data/venv/lib/python3.12/site-packages/glance_store/location.py:146}}
Jun 03 00:13:00.855289 np0000001994 devstack@g-api.service[102063]: DEBUG glance_store.location [None req-ae9cd9cd-55ca-4d07-abd7-1ec2071f36e1 tempest-VolumeImageDependencyTests-1220139721 tempest-VolumeImageDependencyTests-1220139721-project-member] Registering scheme swift with {'store': , 'location_class': , 'store_entry': 'swift'} {{(pid=102063) register_scheme_map /opt/stack/data/venv/lib/python3.12/site-packages/glance_store/location.py:146}}
Jun 03 00:13:00.855351 np0000001994 devstack@g-api.service[102063]: DEBUG glance_store.location [None req-ae9cd9cd-55ca-4d07-abd7-1ec2071f36e1 tempest-VolumeImageDependencyTests-1220139721 tempest-VolumeImageDependencyTests-1220139721-project-member] Registering scheme swift+http with {'store': , 'location_class': , 'store_entry': 'swift'} {{(pid=102063) register_scheme_map /opt/stack/data/venv/lib/python3.12/site-packages/glance_store/location.py:146}}
Jun 03 00:13:00.855422 np0000001994 devstack@g-api.service[102063]: DEBUG glance_store.location [None req-ae9cd9cd-55ca-4d07-abd7-1ec2071f36e1 tempest-VolumeImageDependencyTests-1220139721 tempest-VolumeImageDependencyTests-1220139721-project-member] Registering scheme swift+config with {'store': , 'location_class': , 'store_entry': 'swift'} {{(pid=102063) register_scheme_map /opt/stack/data/venv/lib/python3.12/site-packages/glance_store/location.py:146}}
Jun 03 00:13:01.037024 np0000001994 devstack@g-api.service[102065]: DEBUG glance.api.middleware.version_negotiation [None req-d4771971-d2fe-4e7e-b003-2ceb63ddb910 tempest-AttachVolumeShelveTestJSON-1246858074 tempest-AttachVolumeShelveTestJSON-1246858074-project-member] Determining version of request: GET /v2/images/beae7691-be56-4b39-87de-1ad6c60be78c Accept: */* {{(pid=102065) process_request /opt/stack/glance/glance/api/middleware/version_negotiation.py:44}}
Jun 03 00:13:01.037935 np0000001994 devstack@g-api.service[102065]: DEBUG glance.api.middleware.version_negotiation [None req-d4771971-d2fe-4e7e-b003-2ceb63ddb910 tempest-AttachVolumeShelveTestJSON-1246858074 tempest-AttachVolumeShelveTestJSON-1246858074-project-member] Using url versioning {{(pid=102065) process_request /opt/stack/glance/glance/api/middleware/version_negotiation.py:57}}
Jun 03 00:13:01.037935 np0000001994 devstack@g-api.service[102065]: DEBUG glance.api.middleware.version_negotiation [None req-d4771971-d2fe-4e7e-b003-2ceb63ddb910 tempest-AttachVolumeShelveTestJSON-1246858074 tempest-AttachVolumeShelveTestJSON-1246858074-project-member] Matched version: v2 {{(pid=102065) process_request /opt/stack/glance/glance/api/middleware/version_negotiation.py:69}}
Jun 03 00:13:01.037935 np0000001994 devstack@g-api.service[102065]: DEBUG glance.api.middleware.version_negotiation [None req-d4771971-d2fe-4e7e-b003-2ceb63ddb910 tempest-AttachVolumeShelveTestJSON-1246858074 tempest-AttachVolumeShelveTestJSON-1246858074-project-member] new path /v2/images/beae7691-be56-4b39-87de-1ad6c60be78c {{(pid=102065) process_request /opt/stack/glance/glance/api/middleware/version_negotiation.py:70}}
Jun 03 00:13:01.045720 np0000001994 devstack@g-api.service[102063]: DEBUG swiftclient [None req-ae9cd9cd-55ca-4d07-abd7-1ec2071f36e1 tempest-VolumeImageDependencyTests-1220139721 tempest-VolumeImageDependencyTests-1220139721-project-member] REQ: curl -i https://10.4.3.218:8080/v1/AUTH_126c231e90cc4a529a1bbea397959673/glance -I -H "X-Auth-Token: gAAAAABqH3GMJxao..." {{(pid=102063) http_log /opt/stack/data/venv/lib/python3.12/site-packages/swiftclient/client.py:160}}
Jun 03 00:13:01.045951 np0000001994 devstack@g-api.service[102063]: DEBUG swiftclient [None req-ae9cd9cd-55ca-4d07-abd7-1ec2071f36e1 tempest-VolumeImageDependencyTests-1220139721 tempest-VolumeImageDependencyTests-1220139721-project-member] RESP STATUS: 204 No Content {{(pid=102063) http_log /opt/stack/data/venv/lib/python3.12/site-packages/swiftclient/client.py:161}}
Jun 03 00:13:01.046056 np0000001994 devstack@g-api.service[102063]: DEBUG swiftclient [None req-ae9cd9cd-55ca-4d07-abd7-1ec2071f36e1 tempest-VolumeImageDependencyTests-1220139721 tempest-VolumeImageDependencyTests-1220139721-project-member] RESP HEADERS: {'Date': 'Wed, 03 Jun 2026 00:13:01 GMT', 'Server': 'Apache/2.4.58 (Ubuntu)', 'Content-Type': 'text/plain; charset=utf-8', 'X-Container-Object-Count': '3', 'X-Container-Bytes-Used': '64356352', 'X-Timestamp': '1780445110.56003', 'Last-Modified': 'Wed, 03 Jun 2026 00:05:11 GMT', 'Accept-Ranges': 'bytes', 'X-Storage-Policy': 'Policy-0', 'X-Container-Sharding': 'False', 'Vary': 'Accept', 'X-Trans-Id': 'tx10921113a70c41efb1052-006a1f718c', 'X-Openstack-Request-Id': 'tx10921113a70c41efb1052-006a1f718c', 'Connection': 'close'} {{(pid=102063) http_log /opt/stack/data/venv/lib/python3.12/site-packages/swiftclient/client.py:162}}
Jun 03 00:13:01.046324 np0000001994 devstack@g-api.service[102063]: DEBUG glance_store._drivers.swift.store [None req-ae9cd9cd-55ca-4d07-abd7-1ec2071f36e1 tempest-VolumeImageDependencyTests-1220139721 tempest-VolumeImageDependencyTests-1220139721-project-member] Adding image object '8f004f7d-d03b-4e20-95fe-bd1b6ad47a43' to Swift {{(pid=102063) add /opt/stack/data/venv/lib/python3.12/site-packages/glance_store/_drivers/swift/store.py:970}}
Jun 03 00:13:01.052581 np0000001994 devstack@g-api.service[102065]: [pid: 102065|app: 0|req: 99/311] 127.0.0.1 () {44 vars in 1115 bytes} [Wed Jun 3 00:13:01 2026] GET /v2/images/beae7691-be56-4b39-87de-1ad6c60be78c => generated 1044 bytes in 14 msecs (HTTP/1.1 200) 4 headers in 158 bytes (1 switches on core 0)
Jun 03 00:13:01.052949 np0000001994 devstack@g-api.service[102063]: DEBUG oslo_utils.imageutils.format_inspector [None req-ae9cd9cd-55ca-4d07-abd7-1ec2071f36e1 tempest-VolumeImageDependencyTests-1220139721 tempest-VolumeImageDependencyTests-1220139721-project-member] Format inspector for vmdk does not match, excluding from consideration (Signature KDMV not found: b'\x1b\xc7,\x98') {{(pid=102063) _process_chunk /opt/stack/data/venv/lib/python3.12/site-packages/oslo_utils/imageutils/format_inspector.py:1758}}
Jun 03 00:13:01.074488 np0000001994 devstack@g-api.service[102063]: DEBUG swiftclient [None req-ae9cd9cd-55ca-4d07-abd7-1ec2071f36e1 tempest-VolumeImageDependencyTests-1220139721 tempest-VolumeImageDependencyTests-1220139721-project-member] REQ: curl -i https://10.4.3.218:8080/v1/AUTH_126c231e90cc4a529a1bbea397959673/glance/8f004f7d-d03b-4e20-95fe-bd1b6ad47a43 -X PUT -H "X-Auth-Token: gAAAAABqH3GMJxao..." -H "Content-Length: 1024" {{(pid=102063) http_log /opt/stack/data/venv/lib/python3.12/site-packages/swiftclient/client.py:160}}
Jun 03 00:13:01.074623 np0000001994 devstack@g-api.service[102063]: DEBUG swiftclient [None req-ae9cd9cd-55ca-4d07-abd7-1ec2071f36e1 tempest-VolumeImageDependencyTests-1220139721 tempest-VolumeImageDependencyTests-1220139721-project-member] RESP STATUS: 201 Created {{(pid=102063) http_log /opt/stack/data/venv/lib/python3.12/site-packages/swiftclient/client.py:161}}
Jun 03 00:13:01.074814 np0000001994 devstack@g-api.service[102063]: DEBUG swiftclient [None req-ae9cd9cd-55ca-4d07-abd7-1ec2071f36e1 tempest-VolumeImageDependencyTests-1220139721 tempest-VolumeImageDependencyTests-1220139721-project-member] RESP HEADERS: {'Date': 'Wed, 03 Jun 2026 00:13:01 GMT', 'Server': 'Apache/2.4.58 (Ubuntu)', 'Content-Type': 'text/html; charset=UTF-8', 'Content-Length': '0', 'Etag': 'cc1a9d8c7db944b980421c8343d80a85', 'Last-Modified': 'Wed, 03 Jun 2026 00:13:02 GMT', 'X-Trans-Id': 'tx133b3e01263c4c86bd696-006a1f718d', 'X-Openstack-Request-Id': 'tx133b3e01263c4c86bd696-006a1f718d', 'Connection': 'close'} {{(pid=102063) http_log /opt/stack/data/venv/lib/python3.12/site-packages/swiftclient/client.py:162}}
Jun 03 00:13:01.075349 np0000001994 devstack@g-api.service[102063]: INFO glance.location [None req-ae9cd9cd-55ca-4d07-abd7-1ec2071f36e1 tempest-VolumeImageDependencyTests-1220139721 tempest-VolumeImageDependencyTests-1220139721-project-member] Image format matched and virtual size computed: 1024
Jun 03 00:13:01.084434 np0000001994 devstack@g-api.service[102064]: DEBUG glance.api.middleware.version_negotiation [None req-bf0afbad-bc9d-4d8b-9792-1f6818574094 tempest-VolumeImageDependencyTests-1220139721 tempest-VolumeImageDependencyTests-1220139721-project-member] Determining version of request: GET /v2/schemas/image Accept: */* {{(pid=102064) process_request /opt/stack/glance/glance/api/middleware/version_negotiation.py:44}}
Jun 03 00:13:01.084806 np0000001994 devstack@g-api.service[102064]: DEBUG glance.api.middleware.version_negotiation [None req-bf0afbad-bc9d-4d8b-9792-1f6818574094 tempest-VolumeImageDependencyTests-1220139721 tempest-VolumeImageDependencyTests-1220139721-project-member] Using url versioning {{(pid=102064) process_request /opt/stack/glance/glance/api/middleware/version_negotiation.py:57}}
Jun 03 00:13:01.084806 np0000001994 devstack@g-api.service[102064]: DEBUG glance.api.middleware.version_negotiation [None req-bf0afbad-bc9d-4d8b-9792-1f6818574094 tempest-VolumeImageDependencyTests-1220139721 tempest-VolumeImageDependencyTests-1220139721-project-member] Matched version: v2 {{(pid=102064) process_request /opt/stack/glance/glance/api/middleware/version_negotiation.py:69}}
Jun 03 00:13:01.084898 np0000001994 devstack@g-api.service[102064]: DEBUG glance.api.middleware.version_negotiation [None req-bf0afbad-bc9d-4d8b-9792-1f6818574094 tempest-VolumeImageDependencyTests-1220139721 tempest-VolumeImageDependencyTests-1220139721-project-member] new path /v2/schemas/image {{(pid=102064) process_request /opt/stack/glance/glance/api/middleware/version_negotiation.py:70}}
Jun 03 00:13:01.090538 np0000001994 devstack@g-api.service[102064]: [pid: 102064|app: 0|req: 109/312] 127.0.0.1 () {44 vars in 1055 bytes} [Wed Jun 3 00:13:01 2026] GET /v2/schemas/image => generated 6083 bytes in 5 msecs (HTTP/1.1 200) 4 headers in 158 bytes (1 switches on core 0)
Jun 03 00:13:01.108942 np0000001994 devstack@g-api.service[102063]: DEBUG glance_store.backend [None req-ae9cd9cd-55ca-4d07-abd7-1ec2071f36e1 tempest-VolumeImageDependencyTests-1220139721 tempest-VolumeImageDependencyTests-1220139721-project-member] Attempting to import store swift {{(pid=102063) _load_store /opt/stack/data/venv/lib/python3.12/site-packages/glance_store/backend.py:215}}
Jun 03 00:13:01.111181 np0000001994 devstack@g-api.service[102063]: DEBUG glance_store.capabilities [None req-ae9cd9cd-55ca-4d07-abd7-1ec2071f36e1 tempest-VolumeImageDependencyTests-1220139721 tempest-VolumeImageDependencyTests-1220139721-project-member] Store glance_store._drivers.swift.store.SingleTenantStore doesn't support updating dynamic storage capabilities. Please overwrite 'update_capabilities' method of the store to implement updating logics if needed. {{(pid=102063) update_capabilities /opt/stack/data/venv/lib/python3.12/site-packages/glance_store/capabilities.py:91}}
Jun 03 00:13:01.111337 np0000001994 devstack@g-api.service[102063]: DEBUG glance_store.driver [None req-ae9cd9cd-55ca-4d07-abd7-1ec2071f36e1 tempest-VolumeImageDependencyTests-1220139721 tempest-VolumeImageDependencyTests-1220139721-project-member] Late loading location class glance_store._drivers.swift.store.StoreLocation {{(pid=102063) get_store_location_class /opt/stack/data/venv/lib/python3.12/site-packages/glance_store/driver.py:134}}
Jun 03 00:13:01.111473 np0000001994 devstack@g-api.service[102063]: DEBUG glance_store.location [None req-ae9cd9cd-55ca-4d07-abd7-1ec2071f36e1 tempest-VolumeImageDependencyTests-1220139721 tempest-VolumeImageDependencyTests-1220139721-project-member] Registering scheme swift+https with {'store': , 'location_class': , 'store_entry': 'swift'} {{(pid=102063) register_scheme_map /opt/stack/data/venv/lib/python3.12/site-packages/glance_store/location.py:146}}
Jun 03 00:13:01.111618 np0000001994 devstack@g-api.service[102063]: DEBUG glance_store.location [None req-ae9cd9cd-55ca-4d07-abd7-1ec2071f36e1 tempest-VolumeImageDependencyTests-1220139721 tempest-VolumeImageDependencyTests-1220139721-project-member] Registering scheme swift+https with {'store': , 'location_class': , 'store_entry': 'swift'} {{(pid=102063) register_scheme_map /opt/stack/data/venv/lib/python3.12/site-packages/glance_store/location.py:146}}
Jun 03 00:13:01.111737 np0000001994 devstack@g-api.service[102063]: DEBUG glance_store.location [None req-ae9cd9cd-55ca-4d07-abd7-1ec2071f36e1 tempest-VolumeImageDependencyTests-1220139721 tempest-VolumeImageDependencyTests-1220139721-project-member] Registering scheme swift with {'store': , 'location_class': , 'store_entry': 'swift'} {{(pid=102063) register_scheme_map /opt/stack/data/venv/lib/python3.12/site-packages/glance_store/location.py:146}}
Jun 03 00:13:01.111869 np0000001994 devstack@g-api.service[102063]: DEBUG glance_store.location [None req-ae9cd9cd-55ca-4d07-abd7-1ec2071f36e1 tempest-VolumeImageDependencyTests-1220139721 tempest-VolumeImageDependencyTests-1220139721-project-member] Registering scheme swift+https with {'store': , 'location_class': , 'store_entry': 'swift'} {{(pid=102063) register_scheme_map /opt/stack/data/venv/lib/python3.12/site-packages/glance_store/location.py:146}}
Jun 03 00:13:01.111970 np0000001994 devstack@g-api.service[102063]: DEBUG glance_store.location [None req-ae9cd9cd-55ca-4d07-abd7-1ec2071f36e1 tempest-VolumeImageDependencyTests-1220139721 tempest-VolumeImageDependencyTests-1220139721-project-member] Registering scheme swift with {'store': , 'location_class': , 'store_entry': 'swift'} {{(pid=102063) register_scheme_map /opt/stack/data/venv/lib/python3.12/site-packages/glance_store/location.py:146}}
Jun 03 00:13:01.112087 np0000001994 devstack@g-api.service[102063]: DEBUG glance_store.location [None req-ae9cd9cd-55ca-4d07-abd7-1ec2071f36e1 tempest-VolumeImageDependencyTests-1220139721 tempest-VolumeImageDependencyTests-1220139721-project-member] Registering scheme swift+http with {'store': , 'location_class': , 'store_entry': 'swift'} {{(pid=102063) register_scheme_map /opt/stack/data/venv/lib/python3.12/site-packages/glance_store/location.py:146}}
Jun 03 00:13:01.112219 np0000001994 devstack@g-api.service[102063]: DEBUG glance_store.location [None req-ae9cd9cd-55ca-4d07-abd7-1ec2071f36e1 tempest-VolumeImageDependencyTests-1220139721 tempest-VolumeImageDependencyTests-1220139721-project-member] Registering scheme swift+https with {'store': , 'location_class': , 'store_entry': 'swift'} {{(pid=102063) register_scheme_map /opt/stack/data/venv/lib/python3.12/site-packages/glance_store/location.py:146}}
Jun 03 00:13:01.112332 np0000001994 devstack@g-api.service[102063]: DEBUG glance_store.location [None req-ae9cd9cd-55ca-4d07-abd7-1ec2071f36e1 tempest-VolumeImageDependencyTests-1220139721 tempest-VolumeImageDependencyTests-1220139721-project-member] Registering scheme swift with {'store': , 'location_class': , 'store_entry': 'swift'} {{(pid=102063) register_scheme_map /opt/stack/data/venv/lib/python3.12/site-packages/glance_store/location.py:146}}
Jun 03 00:13:01.112445 np0000001994 devstack@g-api.service[102063]: DEBUG glance_store.location [None req-ae9cd9cd-55ca-4d07-abd7-1ec2071f36e1 tempest-VolumeImageDependencyTests-1220139721 tempest-VolumeImageDependencyTests-1220139721-project-member] Registering scheme swift+http with {'store': , 'location_class': , 'store_entry': 'swift'} {{(pid=102063) register_scheme_map /opt/stack/data/venv/lib/python3.12/site-packages/glance_store/location.py:146}}
Jun 03 00:13:01.112566 np0000001994 devstack@g-api.service[102063]: DEBUG glance_store.location [None req-ae9cd9cd-55ca-4d07-abd7-1ec2071f36e1 tempest-VolumeImageDependencyTests-1220139721 tempest-VolumeImageDependencyTests-1220139721-project-member] Registering scheme swift+config with {'store': , 'location_class': , 'store_entry': 'swift'} {{(pid=102063) register_scheme_map /opt/stack/data/venv/lib/python3.12/site-packages/glance_store/location.py:146}}
Jun 03 00:13:01.112715 np0000001994 devstack@g-api.service[102063]: DEBUG glance_store.backend [None req-ae9cd9cd-55ca-4d07-abd7-1ec2071f36e1 tempest-VolumeImageDependencyTests-1220139721 tempest-VolumeImageDependencyTests-1220139721-project-member] Skipping store.set_acls... not implemented. {{(pid=102063) set_acls /opt/stack/data/venv/lib/python3.12/site-packages/glance_store/backend.py:507}}
Jun 03 00:13:01.114967 np0000001994 devstack@g-api.service[102063]: [pid: 102063|app: 0|req: 105/313] 127.0.0.1 () {40 vars in 847 bytes} [Wed Jun 3 00:12:59 2026] PUT /v2/images/8f004f7d-d03b-4e20-95fe-bd1b6ad47a43/file => generated 0 bytes in 1304 msecs (HTTP/1.1 204) 4 headers in 171 bytes (1 switches on core 0)
Jun 03 00:13:01.129124 np0000001994 devstack@g-api.service[102065]: DEBUG glance.api.middleware.version_negotiation [None req-b4db74d6-2212-4baa-b031-1909b11f73b1 tempest-VolumesActionsTest-362395637 tempest-VolumesActionsTest-362395637-project-member] Determining version of request: GET /v2/images/8f004f7d-d03b-4e20-95fe-bd1b6ad47a43 Accept: application/json {{(pid=102065) process_request /opt/stack/glance/glance/api/middleware/version_negotiation.py:44}}
Jun 03 00:13:01.129309 np0000001994 devstack@g-api.service[102065]: DEBUG glance.api.middleware.version_negotiation [None req-b4db74d6-2212-4baa-b031-1909b11f73b1 tempest-VolumesActionsTest-362395637 tempest-VolumesActionsTest-362395637-project-member] Using url versioning {{(pid=102065) process_request /opt/stack/glance/glance/api/middleware/version_negotiation.py:57}}
Jun 03 00:13:01.129428 np0000001994 devstack@g-api.service[102065]: DEBUG glance.api.middleware.version_negotiation [None req-b4db74d6-2212-4baa-b031-1909b11f73b1 tempest-VolumesActionsTest-362395637 tempest-VolumesActionsTest-362395637-project-member] Matched version: v2 {{(pid=102065) process_request /opt/stack/glance/glance/api/middleware/version_negotiation.py:69}}
Jun 03 00:13:01.129519 np0000001994 devstack@g-api.service[102065]: DEBUG glance.api.middleware.version_negotiation [None req-b4db74d6-2212-4baa-b031-1909b11f73b1 tempest-VolumesActionsTest-362395637 tempest-VolumesActionsTest-362395637-project-member] new path /v2/images/8f004f7d-d03b-4e20-95fe-bd1b6ad47a43 {{(pid=102065) process_request /opt/stack/glance/glance/api/middleware/version_negotiation.py:70}}
Jun 03 00:13:01.139235 np0000001994 devstack@g-api.service[102065]: [pid: 102065|app: 0|req: 100/314] 127.0.0.1 () {40 vars in 838 bytes} [Wed Jun 3 00:13:01 2026] GET /v2/images/8f004f7d-d03b-4e20-95fe-bd1b6ad47a43 => generated 818 bytes in 10 msecs (HTTP/1.1 200) 4 headers in 157 bytes (1 switches on core 0)
Jun 03 00:13:01.146153 np0000001994 devstack@g-api.service[102064]: DEBUG glance.api.middleware.version_negotiation [None req-b4db74d6-2212-4baa-b031-1909b11f73b1 tempest-VolumesActionsTest-362395637 tempest-VolumesActionsTest-362395637-project-member] Determining version of request: GET /v2/images/8f004f7d-d03b-4e20-95fe-bd1b6ad47a43 Accept: application/json {{(pid=102064) process_request /opt/stack/glance/glance/api/middleware/version_negotiation.py:44}}
Jun 03 00:13:01.147060 np0000001994 devstack@g-api.service[102064]: DEBUG glance.api.middleware.version_negotiation [None req-b4db74d6-2212-4baa-b031-1909b11f73b1 tempest-VolumesActionsTest-362395637 tempest-VolumesActionsTest-362395637-project-member] Using url versioning {{(pid=102064) process_request /opt/stack/glance/glance/api/middleware/version_negotiation.py:57}}
Jun 03 00:13:01.147060 np0000001994 devstack@g-api.service[102064]: DEBUG glance.api.middleware.version_negotiation [None req-b4db74d6-2212-4baa-b031-1909b11f73b1 tempest-VolumesActionsTest-362395637 tempest-VolumesActionsTest-362395637-project-member] Matched version: v2 {{(pid=102064) process_request /opt/stack/glance/glance/api/middleware/version_negotiation.py:69}}
Jun 03 00:13:01.147060 np0000001994 devstack@g-api.service[102064]: DEBUG glance.api.middleware.version_negotiation [None req-b4db74d6-2212-4baa-b031-1909b11f73b1 tempest-VolumesActionsTest-362395637 tempest-VolumesActionsTest-362395637-project-member] new path /v2/images/8f004f7d-d03b-4e20-95fe-bd1b6ad47a43 {{(pid=102064) process_request /opt/stack/glance/glance/api/middleware/version_negotiation.py:70}}
Jun 03 00:13:01.154254 np0000001994 devstack@g-api.service[102064]: [pid: 102064|app: 0|req: 110/315] 127.0.0.1 () {40 vars in 838 bytes} [Wed Jun 3 00:13:01 2026] GET /v2/images/8f004f7d-d03b-4e20-95fe-bd1b6ad47a43 => generated 818 bytes in 8 msecs (HTTP/1.1 200) 4 headers in 157 bytes (1 switches on core 0)
Jun 03 00:13:01.163767 np0000001994 devstack@g-api.service[102063]: DEBUG glance.api.middleware.version_negotiation [None req-ae9cd9cd-55ca-4d07-abd7-1ec2071f36e1 tempest-VolumeImageDependencyTests-1220139721 tempest-VolumeImageDependencyTests-1220139721-project-member] Determining version of request: GET /v2/images/8f004f7d-d03b-4e20-95fe-bd1b6ad47a43 Accept: application/json {{(pid=102063) process_request /opt/stack/glance/glance/api/middleware/version_negotiation.py:44}}
Jun 03 00:13:01.163767 np0000001994 devstack@g-api.service[102063]: DEBUG glance.api.middleware.version_negotiation [None req-ae9cd9cd-55ca-4d07-abd7-1ec2071f36e1 tempest-VolumeImageDependencyTests-1220139721 tempest-VolumeImageDependencyTests-1220139721-project-member] Using url versioning {{(pid=102063) process_request /opt/stack/glance/glance/api/middleware/version_negotiation.py:57}}
Jun 03 00:13:01.163767 np0000001994 devstack@g-api.service[102063]: DEBUG glance.api.middleware.version_negotiation [None req-ae9cd9cd-55ca-4d07-abd7-1ec2071f36e1 tempest-VolumeImageDependencyTests-1220139721 tempest-VolumeImageDependencyTests-1220139721-project-member] Matched version: v2 {{(pid=102063) process_request /opt/stack/glance/glance/api/middleware/version_negotiation.py:69}}
Jun 03 00:13:01.163767 np0000001994 devstack@g-api.service[102063]: DEBUG glance.api.middleware.version_negotiation [None req-ae9cd9cd-55ca-4d07-abd7-1ec2071f36e1 tempest-VolumeImageDependencyTests-1220139721 tempest-VolumeImageDependencyTests-1220139721-project-member] new path /v2/images/8f004f7d-d03b-4e20-95fe-bd1b6ad47a43 {{(pid=102063) process_request /opt/stack/glance/glance/api/middleware/version_negotiation.py:70}}
Jun 03 00:13:01.171408 np0000001994 devstack@g-api.service[102063]: [pid: 102063|app: 0|req: 106/316] 127.0.0.1 () {40 vars in 838 bytes} [Wed Jun 3 00:13:01 2026] GET /v2/images/8f004f7d-d03b-4e20-95fe-bd1b6ad47a43 => generated 818 bytes in 8 msecs (HTTP/1.1 200) 4 headers in 157 bytes (1 switches on core 0)
Jun 03 00:13:01.188765 np0000001994 devstack@g-api.service[102065]: DEBUG glance.api.middleware.version_negotiation [None req-7a02d75a-860e-450e-8f7b-3d0d33948e8e tempest-VolumeImageDependencyTests-1220139721 tempest-VolumeImageDependencyTests-1220139721-project-member] Determining version of request: GET /v2/images/8f004f7d-d03b-4e20-95fe-bd1b6ad47a43 Accept: */* {{(pid=102065) process_request /opt/stack/glance/glance/api/middleware/version_negotiation.py:44}}
Jun 03 00:13:01.188947 np0000001994 devstack@g-api.service[102065]: DEBUG glance.api.middleware.version_negotiation [None req-7a02d75a-860e-450e-8f7b-3d0d33948e8e tempest-VolumeImageDependencyTests-1220139721 tempest-VolumeImageDependencyTests-1220139721-project-member] Using url versioning {{(pid=102065) process_request /opt/stack/glance/glance/api/middleware/version_negotiation.py:57}}
Jun 03 00:13:01.189111 np0000001994 devstack@g-api.service[102065]: DEBUG glance.api.middleware.version_negotiation [None req-7a02d75a-860e-450e-8f7b-3d0d33948e8e tempest-VolumeImageDependencyTests-1220139721 tempest-VolumeImageDependencyTests-1220139721-project-member] Matched version: v2 {{(pid=102065) process_request /opt/stack/glance/glance/api/middleware/version_negotiation.py:69}}
Jun 03 00:13:01.189274 np0000001994 devstack@g-api.service[102065]: DEBUG glance.api.middleware.version_negotiation [None req-7a02d75a-860e-450e-8f7b-3d0d33948e8e tempest-VolumeImageDependencyTests-1220139721 tempest-VolumeImageDependencyTests-1220139721-project-member] new path /v2/images/8f004f7d-d03b-4e20-95fe-bd1b6ad47a43 {{(pid=102065) process_request /opt/stack/glance/glance/api/middleware/version_negotiation.py:70}}
Jun 03 00:13:01.198994 np0000001994 devstack@g-api.service[102065]: [pid: 102065|app: 0|req: 101/317] 127.0.0.1 () {44 vars in 1115 bytes} [Wed Jun 3 00:13:01 2026] GET /v2/images/8f004f7d-d03b-4e20-95fe-bd1b6ad47a43 => generated 818 bytes in 10 msecs (HTTP/1.1 200) 4 headers in 157 bytes (1 switches on core 0)
Jun 03 00:13:01.205284 np0000001994 devstack@g-api.service[102064]: DEBUG glance.api.middleware.version_negotiation [None req-f77e961b-ccc5-4eb7-9bfc-081152e8659a tempest-VolumeImageDependencyTests-1220139721 tempest-VolumeImageDependencyTests-1220139721-project-member] Determining version of request: GET /v2/schemas/image Accept: */* {{(pid=102064) process_request /opt/stack/glance/glance/api/middleware/version_negotiation.py:44}}
Jun 03 00:13:01.206428 np0000001994 devstack@g-api.service[102064]: DEBUG glance.api.middleware.version_negotiation [None req-f77e961b-ccc5-4eb7-9bfc-081152e8659a tempest-VolumeImageDependencyTests-1220139721 tempest-VolumeImageDependencyTests-1220139721-project-member] Using url versioning {{(pid=102064) process_request /opt/stack/glance/glance/api/middleware/version_negotiation.py:57}}
Jun 03 00:13:01.206428 np0000001994 devstack@g-api.service[102064]: DEBUG glance.api.middleware.version_negotiation [None req-f77e961b-ccc5-4eb7-9bfc-081152e8659a tempest-VolumeImageDependencyTests-1220139721 tempest-VolumeImageDependencyTests-1220139721-project-member] Matched version: v2 {{(pid=102064) process_request /opt/stack/glance/glance/api/middleware/version_negotiation.py:69}}
Jun 03 00:13:01.206428 np0000001994 devstack@g-api.service[102064]: DEBUG glance.api.middleware.version_negotiation [None req-f77e961b-ccc5-4eb7-9bfc-081152e8659a tempest-VolumeImageDependencyTests-1220139721 tempest-VolumeImageDependencyTests-1220139721-project-member] new path /v2/schemas/image {{(pid=102064) process_request /opt/stack/glance/glance/api/middleware/version_negotiation.py:70}}
Jun 03 00:13:01.208926 np0000001994 devstack@g-api.service[102064]: [pid: 102064|app: 0|req: 111/318] 127.0.0.1 () {44 vars in 1055 bytes} [Wed Jun 3 00:13:01 2026] GET /v2/schemas/image => generated 6083 bytes in 4 msecs (HTTP/1.1 200) 4 headers in 158 bytes (1 switches on core 0)
Jun 03 00:13:01.220220 np0000001994 devstack@g-api.service[102063]: DEBUG glance.api.middleware.version_negotiation [None req-5336f91a-d4d2-4188-a3d0-296bf7ac0d0a tempest-VolumeImageDependencyTests-1220139721 tempest-VolumeImageDependencyTests-1220139721-project-member] Determining version of request: GET /v2/schemas/image Accept: */* {{(pid=102063) process_request /opt/stack/glance/glance/api/middleware/version_negotiation.py:44}}
Jun 03 00:13:01.220220 np0000001994 devstack@g-api.service[102063]: DEBUG glance.api.middleware.version_negotiation [None req-5336f91a-d4d2-4188-a3d0-296bf7ac0d0a tempest-VolumeImageDependencyTests-1220139721 tempest-VolumeImageDependencyTests-1220139721-project-member] Using url versioning {{(pid=102063) process_request /opt/stack/glance/glance/api/middleware/version_negotiation.py:57}}
Jun 03 00:13:01.220220 np0000001994 devstack@g-api.service[102063]: DEBUG glance.api.middleware.version_negotiation [None req-5336f91a-d4d2-4188-a3d0-296bf7ac0d0a tempest-VolumeImageDependencyTests-1220139721 tempest-VolumeImageDependencyTests-1220139721-project-member] Matched version: v2 {{(pid=102063) process_request /opt/stack/glance/glance/api/middleware/version_negotiation.py:69}}
Jun 03 00:13:01.220554 np0000001994 devstack@g-api.service[102063]: DEBUG glance.api.middleware.version_negotiation [None req-5336f91a-d4d2-4188-a3d0-296bf7ac0d0a tempest-VolumeImageDependencyTests-1220139721 tempest-VolumeImageDependencyTests-1220139721-project-member] new path /v2/schemas/image {{(pid=102063) process_request /opt/stack/glance/glance/api/middleware/version_negotiation.py:70}}
Jun 03 00:13:01.224806 np0000001994 devstack@g-api.service[102063]: [pid: 102063|app: 0|req: 107/319] 127.0.0.1 () {44 vars in 1055 bytes} [Wed Jun 3 00:13:01 2026] GET /v2/schemas/image => generated 6083 bytes in 5 msecs (HTTP/1.1 200) 4 headers in 158 bytes (1 switches on core 0)
Jun 03 00:13:01.237134 np0000001994 devstack@g-api.service[102065]: DEBUG glance.api.middleware.version_negotiation [None req-08b1f980-e4ee-4929-acd0-47512eeda955 tempest-VolumeImageDependencyTests-1220139721 tempest-VolumeImageDependencyTests-1220139721-project-member] Determining version of request: GET /v2/images/8f004f7d-d03b-4e20-95fe-bd1b6ad47a43 Accept: */* {{(pid=102065) process_request /opt/stack/glance/glance/api/middleware/version_negotiation.py:44}}
Jun 03 00:13:01.237306 np0000001994 devstack@g-api.service[102065]: DEBUG glance.api.middleware.version_negotiation [None req-08b1f980-e4ee-4929-acd0-47512eeda955 tempest-VolumeImageDependencyTests-1220139721 tempest-VolumeImageDependencyTests-1220139721-project-member] Using url versioning {{(pid=102065) process_request /opt/stack/glance/glance/api/middleware/version_negotiation.py:57}}
Jun 03 00:13:01.237398 np0000001994 devstack@g-api.service[102065]: DEBUG glance.api.middleware.version_negotiation [None req-08b1f980-e4ee-4929-acd0-47512eeda955 tempest-VolumeImageDependencyTests-1220139721 tempest-VolumeImageDependencyTests-1220139721-project-member] Matched version: v2 {{(pid=102065) process_request /opt/stack/glance/glance/api/middleware/version_negotiation.py:69}}
Jun 03 00:13:01.237515 np0000001994 devstack@g-api.service[102065]: DEBUG glance.api.middleware.version_negotiation [None req-08b1f980-e4ee-4929-acd0-47512eeda955 tempest-VolumeImageDependencyTests-1220139721 tempest-VolumeImageDependencyTests-1220139721-project-member] new path /v2/images/8f004f7d-d03b-4e20-95fe-bd1b6ad47a43 {{(pid=102065) process_request /opt/stack/glance/glance/api/middleware/version_negotiation.py:70}}
Jun 03 00:13:01.246532 np0000001994 devstack@g-api.service[102065]: [pid: 102065|app: 0|req: 102/320] 127.0.0.1 () {44 vars in 1115 bytes} [Wed Jun 3 00:13:01 2026] GET /v2/images/8f004f7d-d03b-4e20-95fe-bd1b6ad47a43 => generated 818 bytes in 10 msecs (HTTP/1.1 200) 4 headers in 157 bytes (1 switches on core 0)
Jun 03 00:13:01.258026 np0000001994 devstack@g-api.service[102064]: DEBUG glance.api.middleware.version_negotiation [None req-08b1f980-e4ee-4929-acd0-47512eeda955 tempest-VolumeImageDependencyTests-1220139721 tempest-VolumeImageDependencyTests-1220139721-project-member] Determining version of request: GET /v2/schemas/image Accept: */* {{(pid=102064) process_request /opt/stack/glance/glance/api/middleware/version_negotiation.py:44}}
Jun 03 00:13:01.259028 np0000001994 devstack@g-api.service[102064]: DEBUG glance.api.middleware.version_negotiation [None req-08b1f980-e4ee-4929-acd0-47512eeda955 tempest-VolumeImageDependencyTests-1220139721 tempest-VolumeImageDependencyTests-1220139721-project-member] Using url versioning {{(pid=102064) process_request /opt/stack/glance/glance/api/middleware/version_negotiation.py:57}}
Jun 03 00:13:01.259028 np0000001994 devstack@g-api.service[102064]: DEBUG glance.api.middleware.version_negotiation [None req-08b1f980-e4ee-4929-acd0-47512eeda955 tempest-VolumeImageDependencyTests-1220139721 tempest-VolumeImageDependencyTests-1220139721-project-member] Matched version: v2 {{(pid=102064) process_request /opt/stack/glance/glance/api/middleware/version_negotiation.py:69}}
Jun 03 00:13:01.259028 np0000001994 devstack@g-api.service[102064]: DEBUG glance.api.middleware.version_negotiation [None req-08b1f980-e4ee-4929-acd0-47512eeda955 tempest-VolumeImageDependencyTests-1220139721 tempest-VolumeImageDependencyTests-1220139721-project-member] new path /v2/schemas/image {{(pid=102064) process_request /opt/stack/glance/glance/api/middleware/version_negotiation.py:70}}
Jun 03 00:13:01.260885 np0000001994 devstack@g-api.service[102064]: [pid: 102064|app: 0|req: 112/321] 127.0.0.1 () {44 vars in 1055 bytes} [Wed Jun 3 00:13:01 2026] GET /v2/schemas/image => generated 6083 bytes in 3 msecs (HTTP/1.1 200) 4 headers in 158 bytes (1 switches on core 0)
Jun 03 00:13:01.269858 np0000001994 devstack@g-api.service[102063]: DEBUG glance.api.middleware.version_negotiation [None req-08b1f980-e4ee-4929-acd0-47512eeda955 tempest-VolumeImageDependencyTests-1220139721 tempest-VolumeImageDependencyTests-1220139721-project-member] Determining version of request: GET /v2/schemas/image Accept: */* {{(pid=102063) process_request /opt/stack/glance/glance/api/middleware/version_negotiation.py:44}}
Jun 03 00:13:01.269858 np0000001994 devstack@g-api.service[102063]: DEBUG glance.api.middleware.version_negotiation [None req-08b1f980-e4ee-4929-acd0-47512eeda955 tempest-VolumeImageDependencyTests-1220139721 tempest-VolumeImageDependencyTests-1220139721-project-member] Using url versioning {{(pid=102063) process_request /opt/stack/glance/glance/api/middleware/version_negotiation.py:57}}
Jun 03 00:13:01.269858 np0000001994 devstack@g-api.service[102063]: DEBUG glance.api.middleware.version_negotiation [None req-08b1f980-e4ee-4929-acd0-47512eeda955 tempest-VolumeImageDependencyTests-1220139721 tempest-VolumeImageDependencyTests-1220139721-project-member] Matched version: v2 {{(pid=102063) process_request /opt/stack/glance/glance/api/middleware/version_negotiation.py:69}}
Jun 03 00:13:01.269858 np0000001994 devstack@g-api.service[102063]: DEBUG glance.api.middleware.version_negotiation [None req-08b1f980-e4ee-4929-acd0-47512eeda955 tempest-VolumeImageDependencyTests-1220139721 tempest-VolumeImageDependencyTests-1220139721-project-member] new path /v2/schemas/image {{(pid=102063) process_request /opt/stack/glance/glance/api/middleware/version_negotiation.py:70}}
Jun 03 00:13:01.271784 np0000001994 devstack@g-api.service[102063]: [pid: 102063|app: 0|req: 108/322] 127.0.0.1 () {44 vars in 1055 bytes} [Wed Jun 3 00:13:01 2026] GET /v2/schemas/image => generated 6083 bytes in 3 msecs (HTTP/1.1 200) 4 headers in 158 bytes (1 switches on core 0)
Jun 03 00:13:01.295261 np0000001994 devstack@g-api.service[102065]: DEBUG glance.api.middleware.version_negotiation [None req-08b1f980-e4ee-4929-acd0-47512eeda955 tempest-VolumeImageDependencyTests-1220139721 tempest-VolumeImageDependencyTests-1220139721-project-member] Determining version of request: GET /v2/images/8f004f7d-d03b-4e20-95fe-bd1b6ad47a43 Accept: */* {{(pid=102065) process_request /opt/stack/glance/glance/api/middleware/version_negotiation.py:44}}
Jun 03 00:13:01.295418 np0000001994 devstack@g-api.service[102065]: DEBUG glance.api.middleware.version_negotiation [None req-08b1f980-e4ee-4929-acd0-47512eeda955 tempest-VolumeImageDependencyTests-1220139721 tempest-VolumeImageDependencyTests-1220139721-project-member] Using url versioning {{(pid=102065) process_request /opt/stack/glance/glance/api/middleware/version_negotiation.py:57}}
Jun 03 00:13:01.295576 np0000001994 devstack@g-api.service[102065]: DEBUG glance.api.middleware.version_negotiation [None req-08b1f980-e4ee-4929-acd0-47512eeda955 tempest-VolumeImageDependencyTests-1220139721 tempest-VolumeImageDependencyTests-1220139721-project-member] Matched version: v2 {{(pid=102065) process_request /opt/stack/glance/glance/api/middleware/version_negotiation.py:69}}
Jun 03 00:13:01.295701 np0000001994 devstack@g-api.service[102065]: DEBUG glance.api.middleware.version_negotiation [None req-08b1f980-e4ee-4929-acd0-47512eeda955 tempest-VolumeImageDependencyTests-1220139721 tempest-VolumeImageDependencyTests-1220139721-project-member] new path /v2/images/8f004f7d-d03b-4e20-95fe-bd1b6ad47a43 {{(pid=102065) process_request /opt/stack/glance/glance/api/middleware/version_negotiation.py:70}}
Jun 03 00:13:01.307365 np0000001994 devstack@g-api.service[102065]: [pid: 102065|app: 0|req: 103/323] 127.0.0.1 () {44 vars in 1115 bytes} [Wed Jun 3 00:13:01 2026] GET /v2/images/8f004f7d-d03b-4e20-95fe-bd1b6ad47a43 => generated 818 bytes in 12 msecs (HTTP/1.1 200) 4 headers in 157 bytes (1 switches on core 0)
Jun 03 00:13:01.318800 np0000001994 devstack@g-api.service[102064]: DEBUG glance.api.middleware.version_negotiation [None req-08b1f980-e4ee-4929-acd0-47512eeda955 tempest-VolumeImageDependencyTests-1220139721 tempest-VolumeImageDependencyTests-1220139721-project-member] Determining version of request: GET /v2/schemas/image Accept: */* {{(pid=102064) process_request /opt/stack/glance/glance/api/middleware/version_negotiation.py:44}}
Jun 03 00:13:01.320066 np0000001994 devstack@g-api.service[102064]: DEBUG glance.api.middleware.version_negotiation [None req-08b1f980-e4ee-4929-acd0-47512eeda955 tempest-VolumeImageDependencyTests-1220139721 tempest-VolumeImageDependencyTests-1220139721-project-member] Using url versioning {{(pid=102064) process_request /opt/stack/glance/glance/api/middleware/version_negotiation.py:57}}
Jun 03 00:13:01.320066 np0000001994 devstack@g-api.service[102064]: DEBUG glance.api.middleware.version_negotiation [None req-08b1f980-e4ee-4929-acd0-47512eeda955 tempest-VolumeImageDependencyTests-1220139721 tempest-VolumeImageDependencyTests-1220139721-project-member] Matched version: v2 {{(pid=102064) process_request /opt/stack/glance/glance/api/middleware/version_negotiation.py:69}}
Jun 03 00:13:01.320066 np0000001994 devstack@g-api.service[102064]: DEBUG glance.api.middleware.version_negotiation [None req-08b1f980-e4ee-4929-acd0-47512eeda955 tempest-VolumeImageDependencyTests-1220139721 tempest-VolumeImageDependencyTests-1220139721-project-member] new path /v2/schemas/image {{(pid=102064) process_request /opt/stack/glance/glance/api/middleware/version_negotiation.py:70}}
Jun 03 00:13:01.322618 np0000001994 devstack@g-api.service[102064]: [pid: 102064|app: 0|req: 113/324] 127.0.0.1 () {44 vars in 1055 bytes} [Wed Jun 3 00:13:01 2026] GET /v2/schemas/image => generated 6083 bytes in 4 msecs (HTTP/1.1 200) 4 headers in 158 bytes (1 switches on core 0)
Jun 03 00:13:01.672246 np0000001994 devstack@g-api.service[102063]: DEBUG glance.api.middleware.version_negotiation [None req-08b1f980-e4ee-4929-acd0-47512eeda955 tempest-VolumeImageDependencyTests-1220139721 tempest-VolumeImageDependencyTests-1220139721-project-member] Determining version of request: GET /versions Accept: */* {{(pid=102063) process_request /opt/stack/glance/glance/api/middleware/version_negotiation.py:44}}
Jun 03 00:13:01.672246 np0000001994 devstack@g-api.service[102063]: [pid: 102063|app: 0|req: 109/325] 127.0.0.1 () {44 vars in 1039 bytes} [Wed Jun 3 00:13:01 2026] GET /versions => generated 1407 bytes in 1 msecs (HTTP/1.1 200) 3 headers in 92 bytes (1 switches on core 0)
Jun 03 00:13:01.679573 np0000001994 devstack@g-api.service[102065]: DEBUG glance.api.middleware.version_negotiation [None req-08b1f980-e4ee-4929-acd0-47512eeda955 tempest-VolumeImageDependencyTests-1220139721 tempest-VolumeImageDependencyTests-1220139721-project-member] Determining version of request: GET /v2/images/8f004f7d-d03b-4e20-95fe-bd1b6ad47a43/locations Accept: */* {{(pid=102065) process_request /opt/stack/glance/glance/api/middleware/version_negotiation.py:44}}
Jun 03 00:13:01.679689 np0000001994 devstack@g-api.service[102065]: DEBUG glance.api.middleware.version_negotiation [None req-08b1f980-e4ee-4929-acd0-47512eeda955 tempest-VolumeImageDependencyTests-1220139721 tempest-VolumeImageDependencyTests-1220139721-project-member] Using url versioning {{(pid=102065) process_request /opt/stack/glance/glance/api/middleware/version_negotiation.py:57}}
Jun 03 00:13:01.679885 np0000001994 devstack@g-api.service[102065]: DEBUG glance.api.middleware.version_negotiation [None req-08b1f980-e4ee-4929-acd0-47512eeda955 tempest-VolumeImageDependencyTests-1220139721 tempest-VolumeImageDependencyTests-1220139721-project-member] Matched version: v2 {{(pid=102065) process_request /opt/stack/glance/glance/api/middleware/version_negotiation.py:69}}
Jun 03 00:13:01.679994 np0000001994 devstack@g-api.service[102065]: DEBUG glance.api.middleware.version_negotiation [None req-08b1f980-e4ee-4929-acd0-47512eeda955 tempest-VolumeImageDependencyTests-1220139721 tempest-VolumeImageDependencyTests-1220139721-project-member] new path /v2/images/8f004f7d-d03b-4e20-95fe-bd1b6ad47a43/locations {{(pid=102065) process_request /opt/stack/glance/glance/api/middleware/version_negotiation.py:70}}
Jun 03 00:13:01.780425 np0000001994 devstack@g-api.service[102065]: [pid: 102065|app: 0|req: 104/326] 127.0.0.1 () {44 vars in 1135 bytes} [Wed Jun 3 00:13:01 2026] GET /v2/images/8f004f7d-d03b-4e20-95fe-bd1b6ad47a43/locations => generated 92 bytes in 100 msecs (HTTP/1.1 200) 4 headers in 156 bytes (1 switches on core 0)
Jun 03 00:13:01.790403 np0000001994 devstack@g-api.service[102064]: DEBUG glance.api.middleware.version_negotiation [None req-08b1f980-e4ee-4929-acd0-47512eeda955 tempest-VolumeImageDependencyTests-1220139721 tempest-VolumeImageDependencyTests-1220139721-project-member] Determining version of request: GET /v2/images/8f004f7d-d03b-4e20-95fe-bd1b6ad47a43 Accept: */* {{(pid=102064) process_request /opt/stack/glance/glance/api/middleware/version_negotiation.py:44}}
Jun 03 00:13:01.791801 np0000001994 devstack@g-api.service[102064]: DEBUG glance.api.middleware.version_negotiation [None req-08b1f980-e4ee-4929-acd0-47512eeda955 tempest-VolumeImageDependencyTests-1220139721 tempest-VolumeImageDependencyTests-1220139721-project-member] Using url versioning {{(pid=102064) process_request /opt/stack/glance/glance/api/middleware/version_negotiation.py:57}}
Jun 03 00:13:01.791801 np0000001994 devstack@g-api.service[102064]: DEBUG glance.api.middleware.version_negotiation [None req-08b1f980-e4ee-4929-acd0-47512eeda955 tempest-VolumeImageDependencyTests-1220139721 tempest-VolumeImageDependencyTests-1220139721-project-member] Matched version: v2 {{(pid=102064) process_request /opt/stack/glance/glance/api/middleware/version_negotiation.py:69}}
Jun 03 00:13:01.791801 np0000001994 devstack@g-api.service[102064]: DEBUG glance.api.middleware.version_negotiation [None req-08b1f980-e4ee-4929-acd0-47512eeda955 tempest-VolumeImageDependencyTests-1220139721 tempest-VolumeImageDependencyTests-1220139721-project-member] new path /v2/images/8f004f7d-d03b-4e20-95fe-bd1b6ad47a43 {{(pid=102064) process_request /opt/stack/glance/glance/api/middleware/version_negotiation.py:70}}
Jun 03 00:13:01.805183 np0000001994 devstack@g-api.service[102064]: [pid: 102064|app: 0|req: 114/327] 127.0.0.1 () {44 vars in 1115 bytes} [Wed Jun 3 00:13:01 2026] GET /v2/images/8f004f7d-d03b-4e20-95fe-bd1b6ad47a43 => generated 818 bytes in 15 msecs (HTTP/1.1 200) 4 headers in 157 bytes (1 switches on core 0)
