Jun 03 00:04:43.345119 np0000001994 nova-scheduler[95827]: DEBUG cotyledon.oslo_config_glue [-] oslo_limit.certfile = None {{(pid=95827) log_opt_values /opt/stack/data/venv/lib/python3.12/site-packages/oslo_config/cfg.py:3256}}
Jun 03 00:04:43.345210 np0000001994 nova-scheduler[95827]: DEBUG cotyledon.oslo_config_glue [-] oslo_limit.collect_timing = False {{(pid=95827) log_opt_values /opt/stack/data/venv/lib/python3.12/site-packages/oslo_config/cfg.py:3256}}
Jun 03 00:04:43.345286 np0000001994 nova-scheduler[95827]: DEBUG cotyledon.oslo_config_glue [-] oslo_limit.connect_retries = None {{(pid=95827) log_opt_values /opt/stack/data/venv/lib/python3.12/site-packages/oslo_config/cfg.py:3256}}
Jun 03 00:04:43.345343 np0000001994 nova-scheduler[95827]: DEBUG cotyledon.oslo_config_glue [-] oslo_limit.connect_retry_delay = None {{(pid=95827) log_opt_values /opt/stack/data/venv/lib/python3.12/site-packages/oslo_config/cfg.py:3256}}
Jun 03 00:04:43.345399 np0000001994 nova-scheduler[95827]: DEBUG cotyledon.oslo_config_glue [-] oslo_limit.endpoint_id = None {{(pid=95827) log_opt_values /opt/stack/data/venv/lib/python3.12/site-packages/oslo_config/cfg.py:3256}}
Jun 03 00:04:43.345439 np0000001994 nova-scheduler[95827]: DEBUG cotyledon.oslo_config_glue [-] oslo_limit.endpoint_interface = public {{(pid=95827) log_opt_values /opt/stack/data/venv/lib/python3.12/site-packages/oslo_config/cfg.py:3256}}
Jun 03 00:04:43.345509 np0000001994 nova-scheduler[95827]: DEBUG cotyledon.oslo_config_glue [-] oslo_limit.endpoint_override = None {{(pid=95827) log_opt_values /opt/stack/data/venv/lib/python3.12/site-packages/oslo_config/cfg.py:3256}}
Jun 03 00:04:43.345559 np0000001994 nova-scheduler[95827]: DEBUG cotyledon.oslo_config_glue [-] oslo_limit.endpoint_region_name = None {{(pid=95827) log_opt_values /opt/stack/data/venv/lib/python3.12/site-packages/oslo_config/cfg.py:3256}}
Jun 03 00:04:43.345616 np0000001994 nova-scheduler[95827]: DEBUG cotyledon.oslo_config_glue [-] oslo_limit.endpoint_service_name = None {{(pid=95827) log_opt_values /opt/stack/data/venv/lib/python3.12/site-packages/oslo_config/cfg.py:3256}}
Jun 03 00:04:43.345648 np0000001994 nova-scheduler[95827]: DEBUG cotyledon.oslo_config_glue [-] oslo_limit.endpoint_service_type = None {{(pid=95827) log_opt_values /opt/stack/data/venv/lib/python3.12/site-packages/oslo_config/cfg.py:3256}}
Jun 03 00:04:43.345704 np0000001994 nova-scheduler[95827]: DEBUG cotyledon.oslo_config_glue [-] oslo_limit.insecure = False {{(pid=95827) log_opt_values /opt/stack/data/venv/lib/python3.12/site-packages/oslo_config/cfg.py:3256}}
Jun 03 00:04:43.345781 np0000001994 nova-scheduler[95827]: DEBUG cotyledon.oslo_config_glue [-] oslo_limit.keyfile = None {{(pid=95827) log_opt_values /opt/stack/data/venv/lib/python3.12/site-packages/oslo_config/cfg.py:3256}}
Jun 03 00:04:43.345826 np0000001994 nova-scheduler[95827]: DEBUG cotyledon.oslo_config_glue [-] oslo_limit.max_version = None {{(pid=95827) log_opt_values /opt/stack/data/venv/lib/python3.12/site-packages/oslo_config/cfg.py:3256}}
Jun 03 00:04:43.345863 np0000001994 nova-scheduler[95827]: DEBUG cotyledon.oslo_config_glue [-] oslo_limit.min_version = None {{(pid=95827) log_opt_values /opt/stack/data/venv/lib/python3.12/site-packages/oslo_config/cfg.py:3256}}
Jun 03 00:04:43.345968 np0000001994 nova-scheduler[95827]: DEBUG cotyledon.oslo_config_glue [-] oslo_limit.region_name = None {{(pid=95827) log_opt_values /opt/stack/data/venv/lib/python3.12/site-packages/oslo_config/cfg.py:3256}}
Jun 03 00:04:43.346027 np0000001994 nova-scheduler[95827]: DEBUG cotyledon.oslo_config_glue [-] oslo_limit.retriable_status_codes = None {{(pid=95827) log_opt_values /opt/stack/data/venv/lib/python3.12/site-packages/oslo_config/cfg.py:3256}}
Jun 03 00:04:43.346068 np0000001994 nova-scheduler[95827]: DEBUG cotyledon.oslo_config_glue [-] oslo_limit.service_name = None {{(pid=95827) log_opt_values /opt/stack/data/venv/lib/python3.12/site-packages/oslo_config/cfg.py:3256}}
Jun 03 00:04:43.346090 np0000001994 nova-scheduler[95827]: DEBUG cotyledon.oslo_config_glue [-] oslo_limit.service_type = None {{(pid=95827) log_opt_values /opt/stack/data/venv/lib/python3.12/site-packages/oslo_config/cfg.py:3256}}
Jun 03 00:04:43.346174 np0000001994 nova-scheduler[95827]: DEBUG cotyledon.oslo_config_glue [-] oslo_limit.split_loggers = False {{(pid=95827) log_opt_values /opt/stack/data/venv/lib/python3.12/site-packages/oslo_config/cfg.py:3256}}
Jun 03 00:04:43.346247 np0000001994 nova-scheduler[95827]: DEBUG cotyledon.oslo_config_glue [-] oslo_limit.status_code_retries = None {{(pid=95827) log_opt_values /opt/stack/data/venv/lib/python3.12/site-packages/oslo_config/cfg.py:3256}}
Jun 03 00:04:43.346308 np0000001994 nova-scheduler[95827]: DEBUG cotyledon.oslo_config_glue [-] oslo_limit.status_code_retry_delay = None {{(pid=95827) log_opt_values /opt/stack/data/venv/lib/python3.12/site-packages/oslo_config/cfg.py:3256}}
Jun 03 00:04:43.346366 np0000001994 nova-scheduler[95827]: DEBUG cotyledon.oslo_config_glue [-] oslo_limit.timeout = None {{(pid=95827) log_opt_values /opt/stack/data/venv/lib/python3.12/site-packages/oslo_config/cfg.py:3256}}
Jun 03 00:04:43.346436 np0000001994 nova-scheduler[95827]: DEBUG cotyledon.oslo_config_glue [-] oslo_limit.valid_interfaces = None {{(pid=95827) log_opt_values /opt/stack/data/venv/lib/python3.12/site-packages/oslo_config/cfg.py:3256}}
Jun 03 00:04:43.346484 np0000001994 nova-scheduler[95827]: DEBUG cotyledon.oslo_config_glue [-] oslo_limit.version = None {{(pid=95827) log_opt_values /opt/stack/data/venv/lib/python3.12/site-packages/oslo_config/cfg.py:3256}}
Jun 03 00:04:43.346566 np0000001994 nova-scheduler[95827]: DEBUG cotyledon.oslo_config_glue [-] oslo_reports.file_event_handler = None {{(pid=95827) log_opt_values /opt/stack/data/venv/lib/python3.12/site-packages/oslo_config/cfg.py:3256}}
Jun 03 00:04:43.346614 np0000001994 nova-scheduler[95827]: DEBUG cotyledon.oslo_config_glue [-] oslo_reports.file_event_handler_interval = 1 {{(pid=95827) log_opt_values /opt/stack/data/venv/lib/python3.12/site-packages/oslo_config/cfg.py:3256}}
Jun 03 00:04:43.346688 np0000001994 nova-scheduler[95827]: DEBUG cotyledon.oslo_config_glue [-] oslo_reports.log_dir = None {{(pid=95827) log_opt_values /opt/stack/data/venv/lib/python3.12/site-packages/oslo_config/cfg.py:3256}}
Jun 03 00:04:43.346745 np0000001994 nova-scheduler[95827]: DEBUG cotyledon.oslo_config_glue [-] ******************************************************************************** {{(pid=95827) log_opt_values /opt/stack/data/venv/lib/python3.12/site-packages/oslo_config/cfg.py:3263}}
Jun 03 00:04:43.346941 np0000001994 nova-scheduler[95827]: DEBUG cotyledon._service_worker [-] Run service ServiceWrapper(2) [95827] {{(pid=95827) wait_forever /opt/stack/data/venv/lib/python3.12/site-packages/cotyledon/_service_worker.py:218}}
Jun 03 00:04:43.348285 np0000001994 nova-scheduler[95827]: INFO nova.service [-] Starting scheduler node (version 33.1.0)
Jun 03 00:04:43.352313 np0000001994 nova-scheduler[95827]: INFO dbcounter [None req-51427632-1ae6-4390-91b9-11ab96acf2f2 None None] Registered counter for database nova_cell0
Jun 03 00:04:43.352367 np0000001994 nova-scheduler[95823]: DEBUG dbcounter [-] [95823] Writer thread running {{(pid=95823) stat_writer /opt/stack/data/venv/lib/python3.12/site-packages/dbcounter.py:102}}
Jun 03 00:04:43.362074 np0000001994 nova-scheduler[95825]: DEBUG oslo_db.sqlalchemy.engines [None req-3bfa8db5-af11-4cd6-9556-d448b9312ddb None None] MySQL server mode set to STRICT_TRANS_TABLES,STRICT_ALL_TABLES,NO_ZERO_IN_DATE,NO_ZERO_DATE,ERROR_FOR_DIVISION_BY_ZERO,TRADITIONAL,NO_ENGINE_SUBSTITUTION {{(pid=95825) _check_effective_sql_mode /opt/stack/data/venv/lib/python3.12/site-packages/oslo_db/sqlalchemy/engines.py:325}}
Jun 03 00:04:43.368488 np0000001994 nova-scheduler[95823]: DEBUG nova.service [None req-328f6448-4876-4afc-a37e-ab68eca2605f None None] Creating RPC server for service: nova-scheduler on topic: scheduler {{(pid=95823) start /opt/stack/nova/nova/service.py:195}}
Jun 03 00:04:43.370373 np0000001994 nova-scheduler[95825]: DEBUG dbcounter [-] [95825] Writer thread running {{(pid=95825) stat_writer /opt/stack/data/venv/lib/python3.12/site-packages/dbcounter.py:102}}
Jun 03 00:04:43.372614 np0000001994 nova-scheduler[95825]: DEBUG nova.service [None req-3bfa8db5-af11-4cd6-9556-d448b9312ddb None None] Creating RPC server for service: nova-scheduler on topic: scheduler {{(pid=95825) start /opt/stack/nova/nova/service.py:195}}
Jun 03 00:04:43.392364 np0000001994 nova-scheduler[95827]: DEBUG oslo_db.sqlalchemy.engines [None req-51427632-1ae6-4390-91b9-11ab96acf2f2 None None] MySQL server mode set to STRICT_TRANS_TABLES,STRICT_ALL_TABLES,NO_ZERO_IN_DATE,NO_ZERO_DATE,ERROR_FOR_DIVISION_BY_ZERO,TRADITIONAL,NO_ENGINE_SUBSTITUTION {{(pid=95827) _check_effective_sql_mode /opt/stack/data/venv/lib/python3.12/site-packages/oslo_db/sqlalchemy/engines.py:325}}
Jun 03 00:04:43.394620 np0000001994 nova-scheduler[95823]: DEBUG nova.service [None req-328f6448-4876-4afc-a37e-ab68eca2605f None None] Join ServiceGroup membership for this service scheduler {{(pid=95823) start /opt/stack/nova/nova/service.py:221}}
Jun 03 00:04:43.394802 np0000001994 nova-scheduler[95823]: DEBUG nova.servicegroup.drivers.db [None req-328f6448-4876-4afc-a37e-ab68eca2605f None None] DB_Driver: join new ServiceGroup member np0000001994 to the scheduler group, service = {{(pid=95823) join /opt/stack/nova/nova/servicegroup/drivers/db.py:44}}
Jun 03 00:04:43.400115 np0000001994 nova-scheduler[95825]: DEBUG nova.service [None req-3bfa8db5-af11-4cd6-9556-d448b9312ddb None None] Join ServiceGroup membership for this service scheduler {{(pid=95825) start /opt/stack/nova/nova/service.py:221}}
Jun 03 00:04:43.400327 np0000001994 nova-scheduler[95825]: DEBUG nova.servicegroup.drivers.db [None req-3bfa8db5-af11-4cd6-9556-d448b9312ddb None None] DB_Driver: join new ServiceGroup member np0000001994 to the scheduler group, service = {{(pid=95825) join /opt/stack/nova/nova/servicegroup/drivers/db.py:44}}
Jun 03 00:04:43.401337 np0000001994 nova-scheduler[95827]: DEBUG dbcounter [-] [95827] Writer thread running {{(pid=95827) stat_writer /opt/stack/data/venv/lib/python3.12/site-packages/dbcounter.py:102}}
Jun 03 00:04:43.403705 np0000001994 nova-scheduler[95827]: DEBUG nova.service [None req-51427632-1ae6-4390-91b9-11ab96acf2f2 None None] Creating RPC server for service: nova-scheduler on topic: scheduler {{(pid=95827) start /opt/stack/nova/nova/service.py:195}}
Jun 03 00:04:43.423057 np0000001994 nova-scheduler[95827]: DEBUG nova.service [None req-51427632-1ae6-4390-91b9-11ab96acf2f2 None None] Join ServiceGroup membership for this service scheduler {{(pid=95827) start /opt/stack/nova/nova/service.py:221}}
Jun 03 00:04:43.423229 np0000001994 nova-scheduler[95827]: DEBUG nova.servicegroup.drivers.db [None req-51427632-1ae6-4390-91b9-11ab96acf2f2 None None] DB_Driver: join new ServiceGroup member np0000001994 to the scheduler group, service = {{(pid=95827) join /opt/stack/nova/nova/servicegroup/drivers/db.py:44}}
Jun 03 00:04:48.412376 np0000001994 nova-scheduler[95823]: DEBUG oslo.service.backend._threading.loopingcall [-] Fixed interval looping call 'nova.servicegroup.drivers.db.DbDriver._report_state' sleeping for 119.98 seconds {{(pid=95823) _run_loop /opt/stack/data/venv/lib/python3.12/site-packages/oslo_service/backend/_threading/loopingcall.py:125}}
Jun 03 00:04:48.416205 np0000001994 nova-scheduler[95825]: DEBUG oslo.service.backend._threading.loopingcall [-] Fixed interval looping call 'nova.servicegroup.drivers.db.DbDriver._report_state' sleeping for 119.99 seconds {{(pid=95825) _run_loop /opt/stack/data/venv/lib/python3.12/site-packages/oslo_service/backend/_threading/loopingcall.py:125}}
Jun 03 00:04:48.435599 np0000001994 nova-scheduler[95827]: DEBUG oslo.service.backend._threading.loopingcall [-] Fixed interval looping call 'nova.servicegroup.drivers.db.DbDriver._report_state' sleeping for 119.99 seconds {{(pid=95827) _run_loop /opt/stack/data/venv/lib/python3.12/site-packages/oslo_service/backend/_threading/loopingcall.py:125}}
Jun 03 00:04:51.970815 np0000001994 nova-scheduler[94546]: DEBUG dbcounter [-] [94546] Writing DB stats nova_api:SELECT=3 {{(pid=94546) stat_writer /opt/stack/data/venv/lib/python3.12/site-packages/dbcounter.py:115}}
Jun 03 00:04:52.099381 np0000001994 nova-scheduler[94546]: DEBUG dbcounter [-] [94546] Writing DB stats nova_cell1:SELECT=1 {{(pid=94546) stat_writer /opt/stack/data/venv/lib/python3.12/site-packages/dbcounter.py:115}}
Jun 03 00:04:52.104203 np0000001994 nova-scheduler[94546]: DEBUG dbcounter [-] [94546] Writing DB stats nova_cell0:SELECT=1 {{(pid=94546) stat_writer /opt/stack/data/venv/lib/python3.12/site-packages/dbcounter.py:115}}
Jun 03 00:04:52.428209 np0000001994 nova-scheduler[95827]: DEBUG oslo.service.backend._threading.loopingcall [None req-527fe591-2c56-4867-a0fe-036c877ba037 None None] Dynamic interval looping call 'nova.service.Service.periodic_tasks' sleeping for 60.00 seconds {{(pid=95827) _run_loop /opt/stack/data/venv/lib/python3.12/site-packages/oslo_service/backend/_threading/loopingcall.py:125}}
Jun 03 00:04:58.405086 np0000001994 nova-scheduler[95823]: DEBUG dbcounter [-] [95823] Writing DB stats nova_cell0:SELECT=4,nova_cell0:INSERT=1,nova_cell0:UPDATE=1 {{(pid=95823) stat_writer /opt/stack/data/venv/lib/python3.12/site-packages/dbcounter.py:115}}
Jun 03 00:04:58.414535 np0000001994 nova-scheduler[95825]: DEBUG dbcounter [-] [95825] Writing DB stats nova_cell0:SELECT=3,nova_cell0:UPDATE=1 {{(pid=95825) stat_writer /opt/stack/data/venv/lib/python3.12/site-packages/dbcounter.py:115}}
Jun 03 00:04:58.433467 np0000001994 nova-scheduler[95827]: DEBUG dbcounter [-] [95827] Writing DB stats nova_cell0:SELECT=3 {{(pid=95827) stat_writer /opt/stack/data/venv/lib/python3.12/site-packages/dbcounter.py:115}}
Jun 03 00:05:13.396580 np0000001994 nova-scheduler[95823]: DEBUG oslo.service.backend._threading.loopingcall [None req-acfc494f-15a1-4c8b-87da-d8dbd4ffcf46 None None] Dynamic interval looping call 'nova.service.Service.periodic_tasks' sleeping for 60.00 seconds {{(pid=95823) _run_loop /opt/stack/data/venv/lib/python3.12/site-packages/oslo_service/backend/_threading/loopingcall.py:125}}
Jun 03 00:05:31.404579 np0000001994 nova-scheduler[95825]: DEBUG oslo.service.backend._threading.loopingcall [None req-fa24ea11-32e2-4bd4-a6bf-1152f41f3b76 None None] Dynamic interval looping call 'nova.service.Service.periodic_tasks' sleeping for 60.00 seconds {{(pid=95825) _run_loop /opt/stack/data/venv/lib/python3.12/site-packages/oslo_service/backend/_threading/loopingcall.py:125}}
Jun 03 00:05:52.428694 np0000001994 nova-scheduler[95827]: DEBUG oslo.service.backend._threading.loopingcall [None req-527fe591-2c56-4867-a0fe-036c877ba037 None None] Dynamic interval looping call 'nova.service.Service.periodic_tasks' sleeping for 60.00 seconds {{(pid=95827) _run_loop /opt/stack/data/venv/lib/python3.12/site-packages/oslo_service/backend/_threading/loopingcall.py:125}}
Jun 03 00:06:13.397250 np0000001994 nova-scheduler[95823]: DEBUG oslo.service.backend._threading.loopingcall [None req-acfc494f-15a1-4c8b-87da-d8dbd4ffcf46 None None] Dynamic interval looping call 'nova.service.Service.periodic_tasks' sleeping for 60.00 seconds {{(pid=95823) _run_loop /opt/stack/data/venv/lib/python3.12/site-packages/oslo_service/backend/_threading/loopingcall.py:125}}
Jun 03 00:06:31.405152 np0000001994 nova-scheduler[95825]: DEBUG oslo.service.backend._threading.loopingcall [None req-fa24ea11-32e2-4bd4-a6bf-1152f41f3b76 None None] Dynamic interval looping call 'nova.service.Service.periodic_tasks' sleeping for 60.00 seconds {{(pid=95825) _run_loop /opt/stack/data/venv/lib/python3.12/site-packages/oslo_service/backend/_threading/loopingcall.py:125}}
Jun 03 00:06:48.401322 np0000001994 nova-scheduler[95823]: DEBUG oslo.service.backend._threading.loopingcall [-] Fixed interval looping call 'nova.servicegroup.drivers.db.DbDriver._report_state' sleeping for 119.99 seconds {{(pid=95823) _run_loop /opt/stack/data/venv/lib/python3.12/site-packages/oslo_service/backend/_threading/loopingcall.py:125}}
Jun 03 00:06:48.409655 np0000001994 nova-scheduler[95825]: DEBUG oslo.service.backend._threading.loopingcall [-] Fixed interval looping call 'nova.servicegroup.drivers.db.DbDriver._report_state' sleeping for 120.00 seconds {{(pid=95825) _run_loop /opt/stack/data/venv/lib/python3.12/site-packages/oslo_service/backend/_threading/loopingcall.py:125}}
Jun 03 00:06:48.428620 np0000001994 nova-scheduler[95827]: DEBUG oslo.service.backend._threading.loopingcall [-] Fixed interval looping call 'nova.servicegroup.drivers.db.DbDriver._report_state' sleeping for 120.00 seconds {{(pid=95827) _run_loop /opt/stack/data/venv/lib/python3.12/site-packages/oslo_service/backend/_threading/loopingcall.py:125}}
Jun 03 00:06:52.429508 np0000001994 nova-scheduler[95827]: DEBUG oslo.service.backend._threading.loopingcall [None req-527fe591-2c56-4867-a0fe-036c877ba037 None None] Dynamic interval looping call 'nova.service.Service.periodic_tasks' sleeping for 60.00 seconds {{(pid=95827) _run_loop /opt/stack/data/venv/lib/python3.12/site-packages/oslo_service/backend/_threading/loopingcall.py:125}}
Jun 03 00:06:58.395589 np0000001994 nova-scheduler[95823]: DEBUG dbcounter [-] [95823] Writing DB stats nova_cell0:SELECT=1,nova_cell0:UPDATE=1 {{(pid=95823) stat_writer /opt/stack/data/venv/lib/python3.12/site-packages/dbcounter.py:115}}
Jun 03 00:06:58.408425 np0000001994 nova-scheduler[95825]: DEBUG dbcounter [-] [95825] Writing DB stats nova_cell0:SELECT=1 {{(pid=95825) stat_writer /opt/stack/data/venv/lib/python3.12/site-packages/dbcounter.py:115}}
Jun 03 00:06:58.427282 np0000001994 nova-scheduler[95827]: DEBUG dbcounter [-] [95827] Writing DB stats nova_cell0:SELECT=1 {{(pid=95827) stat_writer /opt/stack/data/venv/lib/python3.12/site-packages/dbcounter.py:115}}
Jun 03 00:07:13.397652 np0000001994 nova-scheduler[95823]: DEBUG oslo.service.backend._threading.loopingcall [None req-acfc494f-15a1-4c8b-87da-d8dbd4ffcf46 None None] Dynamic interval looping call 'nova.service.Service.periodic_tasks' sleeping for 60.00 seconds {{(pid=95823) _run_loop /opt/stack/data/venv/lib/python3.12/site-packages/oslo_service/backend/_threading/loopingcall.py:125}}
Jun 03 00:07:23.648069 np0000001994 nova-scheduler[95823]: DEBUG nova.scheduler.manager [None req-2031d18a-815a-4f03-b3f3-e7e3335ea4e4 tempest-AttachVolumeTestJSON-433533278 tempest-AttachVolumeTestJSON-433533278-project-member] Starting to schedule for instances: ['4a3db349-8b04-4ba2-bde9-5232310a4804'] {{(pid=95823) select_destinations /opt/stack/nova/nova/scheduler/manager.py:210}}
Jun 03 00:07:23.648654 np0000001994 nova-scheduler[95823]: DEBUG nova.scheduler.request_filter [None req-2031d18a-815a-4f03-b3f3-e7e3335ea4e4 tempest-AttachVolumeTestJSON-433533278 tempest-AttachVolumeTestJSON-433533278-project-member] compute_status_filter request filter added forbidden trait COMPUTE_STATUS_DISABLED {{(pid=95823) compute_status_filter /opt/stack/nova/nova/scheduler/request_filter.py:253}}
Jun 03 00:07:23.648654 np0000001994 nova-scheduler[95823]: DEBUG nova.scheduler.request_filter [None req-2031d18a-815a-4f03-b3f3-e7e3335ea4e4 tempest-AttachVolumeTestJSON-433533278 tempest-AttachVolumeTestJSON-433533278-project-member] Request filter 'compute_status_filter' took 0.0 seconds {{(pid=95823) wrapper /opt/stack/nova/nova/scheduler/request_filter.py:46}}
Jun 03 00:07:23.649153 np0000001994 nova-scheduler[95823]: DEBUG nova.scheduler.request_filter [None req-2031d18a-815a-4f03-b3f3-e7e3335ea4e4 tempest-AttachVolumeTestJSON-433533278 tempest-AttachVolumeTestJSON-433533278-project-member] Request filter 'accelerators_filter' took 0.0 seconds {{(pid=95823) wrapper /opt/stack/nova/nova/scheduler/request_filter.py:46}}
Jun 03 00:07:23.649153 np0000001994 nova-scheduler[95823]: DEBUG nova.scheduler.request_filter [None req-2031d18a-815a-4f03-b3f3-e7e3335ea4e4 tempest-AttachVolumeTestJSON-433533278 tempest-AttachVolumeTestJSON-433533278-project-member] Request filter 'packed_virtqueue_filter' took 0.0 seconds {{(pid=95823) wrapper /opt/stack/nova/nova/scheduler/request_filter.py:46}}
Jun 03 00:07:23.649307 np0000001994 nova-scheduler[95823]: DEBUG nova.scheduler.request_filter [None req-2031d18a-815a-4f03-b3f3-e7e3335ea4e4 tempest-AttachVolumeTestJSON-433533278 tempest-AttachVolumeTestJSON-433533278-project-member] Request filter 'remote_managed_ports_filter' took 0.0 seconds {{(pid=95823) wrapper /opt/stack/nova/nova/scheduler/request_filter.py:46}}
Jun 03 00:07:23.650134 np0000001994 nova-scheduler[95823]: DEBUG nova.scheduler.request_filter [None req-2031d18a-815a-4f03-b3f3-e7e3335ea4e4 tempest-AttachVolumeTestJSON-433533278 tempest-AttachVolumeTestJSON-433533278-project-member] ephemeral_encryption_filter skipped {{(pid=95823) ephemeral_encryption_filter /opt/stack/nova/nova/scheduler/request_filter.py:426}}
Jun 03 00:07:23.650134 np0000001994 nova-scheduler[95823]: DEBUG nova.scheduler.request_filter [None req-2031d18a-815a-4f03-b3f3-e7e3335ea4e4 tempest-AttachVolumeTestJSON-433533278 tempest-AttachVolumeTestJSON-433533278-project-member] virtio_sound_filter skipped {{(pid=95823) virtio_sound_filter /opt/stack/nova/nova/scheduler/request_filter.py:460}}
Jun 03 00:07:23.650134 np0000001994 nova-scheduler[95823]: DEBUG nova.scheduler.request_filter [None req-2031d18a-815a-4f03-b3f3-e7e3335ea4e4 tempest-AttachVolumeTestJSON-433533278 tempest-AttachVolumeTestJSON-433533278-project-member] tpm_secret_security_filter skipped {{(pid=95823) tpm_secret_security_filter /opt/stack/nova/nova/scheduler/request_filter.py:477}}
Jun 03 00:07:24.207253 np0000001994 nova-scheduler[95823]: INFO nova.utils [None req-2031d18a-815a-4f03-b3f3-e7e3335ea4e4 tempest-AttachVolumeTestJSON-433533278 tempest-AttachVolumeTestJSON-433533278-project-member] The cell worker thread pool ForkProcess-1.cell_worker is initialized
Jun 03 00:07:24.207665 np0000001994 nova-scheduler[95823]: DEBUG oslo_concurrency.lockutils [None req-2031d18a-815a-4f03-b3f3-e7e3335ea4e4 tempest-AttachVolumeTestJSON-433533278 tempest-AttachVolumeTestJSON-433533278-project-member] Acquiring lock "61fb3051-280b-450a-a268-b23905b91f94" by "nova.context.set_target_cell..get_or_set_cached_cell_and_set_connections" {{(pid=95823) inner /opt/stack/data/venv/lib/python3.12/site-packages/oslo_concurrency/lockutils.py:511}}
Jun 03 00:07:24.207905 np0000001994 nova-scheduler[95823]: DEBUG oslo_concurrency.lockutils [None req-2031d18a-815a-4f03-b3f3-e7e3335ea4e4 tempest-AttachVolumeTestJSON-433533278 tempest-AttachVolumeTestJSON-433533278-project-member] Lock "61fb3051-280b-450a-a268-b23905b91f94" acquired by "nova.context.set_target_cell..get_or_set_cached_cell_and_set_connections" :: waited 0.000s {{(pid=95823) inner /opt/stack/data/venv/lib/python3.12/site-packages/oslo_concurrency/lockutils.py:524}}
Jun 03 00:07:24.209853 np0000001994 nova-scheduler[95823]: DEBUG oslo_concurrency.lockutils [None req-2031d18a-815a-4f03-b3f3-e7e3335ea4e4 tempest-AttachVolumeTestJSON-433533278 tempest-AttachVolumeTestJSON-433533278-project-member] Lock "61fb3051-280b-450a-a268-b23905b91f94" "released" by "nova.context.set_target_cell..get_or_set_cached_cell_and_set_connections" :: held 0.002s {{(pid=95823) inner /opt/stack/data/venv/lib/python3.12/site-packages/oslo_concurrency/lockutils.py:543}}
Jun 03 00:07:24.211824 np0000001994 nova-scheduler[95823]: INFO dbcounter [None req-2031d18a-815a-4f03-b3f3-e7e3335ea4e4 tempest-AttachVolumeTestJSON-433533278 tempest-AttachVolumeTestJSON-433533278-project-member] Registered counter for database nova_cell1
Jun 03 00:07:24.261800 np0000001994 nova-scheduler[95823]: DEBUG oslo_db.sqlalchemy.engines [None req-2031d18a-815a-4f03-b3f3-e7e3335ea4e4 tempest-AttachVolumeTestJSON-433533278 tempest-AttachVolumeTestJSON-433533278-project-member] MySQL server mode set to STRICT_TRANS_TABLES,STRICT_ALL_TABLES,NO_ZERO_IN_DATE,NO_ZERO_DATE,ERROR_FOR_DIVISION_BY_ZERO,TRADITIONAL,NO_ENGINE_SUBSTITUTION {{(pid=95823) _check_effective_sql_mode /opt/stack/data/venv/lib/python3.12/site-packages/oslo_db/sqlalchemy/engines.py:325}}
Jun 03 00:07:24.269068 np0000001994 nova-scheduler[95823]: DEBUG dbcounter [-] [95823] Writer thread running {{(pid=95823) stat_writer /opt/stack/data/venv/lib/python3.12/site-packages/dbcounter.py:102}}
Jun 03 00:07:24.280588 np0000001994 nova-scheduler[95823]: DEBUG oslo_db.sqlalchemy.engines [None req-2031d18a-815a-4f03-b3f3-e7e3335ea4e4 tempest-AttachVolumeTestJSON-433533278 tempest-AttachVolumeTestJSON-433533278-project-member] Parent process 94546 forked (95823) with an open database connection, which is being discarded and recreated. {{(pid=95823) checkout /opt/stack/data/venv/lib/python3.12/site-packages/oslo_db/sqlalchemy/engines.py:402}}
Jun 03 00:07:24.333226 np0000001994 nova-scheduler[95823]: DEBUG dbcounter [-] [95823] Writer thread running {{(pid=95823) stat_writer /opt/stack/data/venv/lib/python3.12/site-packages/dbcounter.py:102}}
Jun 03 00:07:24.342248 np0000001994 nova-scheduler[95823]: DEBUG oslo_concurrency.lockutils [None req-2031d18a-815a-4f03-b3f3-e7e3335ea4e4 tempest-AttachVolumeTestJSON-433533278 tempest-AttachVolumeTestJSON-433533278-project-member] Acquiring lock "61fb3051-280b-450a-a268-b23905b91f94" by "nova.context.set_target_cell..get_or_set_cached_cell_and_set_connections" {{(pid=95823) inner /opt/stack/data/venv/lib/python3.12/site-packages/oslo_concurrency/lockutils.py:511}}
Jun 03 00:07:24.342248 np0000001994 nova-scheduler[95823]: DEBUG oslo_concurrency.lockutils [None req-2031d18a-815a-4f03-b3f3-e7e3335ea4e4 tempest-AttachVolumeTestJSON-433533278 tempest-AttachVolumeTestJSON-433533278-project-member] Lock "61fb3051-280b-450a-a268-b23905b91f94" acquired by "nova.context.set_target_cell..get_or_set_cached_cell_and_set_connections" :: waited 0.000s {{(pid=95823) inner /opt/stack/data/venv/lib/python3.12/site-packages/oslo_concurrency/lockutils.py:524}}
Jun 03 00:07:24.342248 np0000001994 nova-scheduler[95823]: DEBUG oslo_concurrency.lockutils [None req-2031d18a-815a-4f03-b3f3-e7e3335ea4e4 tempest-AttachVolumeTestJSON-433533278 tempest-AttachVolumeTestJSON-433533278-project-member] Lock "61fb3051-280b-450a-a268-b23905b91f94" "released" by "nova.context.set_target_cell..get_or_set_cached_cell_and_set_connections" :: held 0.000s {{(pid=95823) inner /opt/stack/data/venv/lib/python3.12/site-packages/oslo_concurrency/lockutils.py:543}}
Jun 03 00:07:24.347146 np0000001994 nova-scheduler[95823]: DEBUG oslo_concurrency.lockutils [None req-2031d18a-815a-4f03-b3f3-e7e3335ea4e4 tempest-AttachVolumeTestJSON-433533278 tempest-AttachVolumeTestJSON-433533278-project-member] Acquiring lock "('np0000001994', 'np0000001994')" by "nova.scheduler.host_manager.HostState.update.._locked_update" {{(pid=95823) inner /opt/stack/data/venv/lib/python3.12/site-packages/oslo_concurrency/lockutils.py:511}}
Jun 03 00:07:24.347352 np0000001994 nova-scheduler[95823]: DEBUG oslo_concurrency.lockutils [None req-2031d18a-815a-4f03-b3f3-e7e3335ea4e4 tempest-AttachVolumeTestJSON-433533278 tempest-AttachVolumeTestJSON-433533278-project-member] Lock "('np0000001994', 'np0000001994')" acquired by "nova.scheduler.host_manager.HostState.update.._locked_update" :: waited 0.000s {{(pid=95823) inner /opt/stack/data/venv/lib/python3.12/site-packages/oslo_concurrency/lockutils.py:524}}
Jun 03 00:07:24.348896 np0000001994 nova-scheduler[95823]: DEBUG nova.scheduler.host_manager [None req-2031d18a-815a-4f03-b3f3-e7e3335ea4e4 tempest-AttachVolumeTestJSON-433533278 tempest-AttachVolumeTestJSON-433533278-project-member] Update host state from compute node: ComputeNode(cpu_allocation_ratio=4.0,cpu_info='{"arch": "x86_64", "model": "EPYC-Milan", "vendor": "AMD", "topology": {"cells": 1, "sockets": 12, "cores": 1, "threads": 1}, "maxphysaddr": {"mode": "emulate", "bits": 40}, "features": ["pae", "lfence-always-serializing", "rdctl-no", "popcnt", "x2apic", "svme-addr-chk", "sse4a", "mca", "pge", "adx", "rdtscp", "pcid", "sse4.2", "smep", "cx8", "npt", "fpu", "lm", "lahf_lm", "rdseed", "msr", "ssse3", "vme", "xsaveerptr", "null-sel-clr-base", "mce", "mmx", "clflushopt", "pclmuldq", "nrip-save", "avx", "bmi1", "nx", "no-nested-data-bp", "xsavec", "gds-no", "tsc_adjust", "svm", "sep", "pku", "amd-ssbd", "tsc", "umip", "perfctr_core", "f16c", "arat", "pause-filter", "pse36", "clflush", "pse", "cr8legacy", "wbnoinvd", "invpcid", "3dnowprefetch", "rdpid", "abm", "hypervisor", "tsc-deadline", "smap", "osvw", "ibpb", "mtrr", "stibp", "virt-ssbd", "lbrv", "tsc-scale", "amd-psfd", "bmi2", "pni", "apic", "sse2", "cmp_legacy", "xsaves", "sse4.1", "fsgsbase", "clwb", "mmxext", "sse", "pfthreshold", "skip-l1dfl-vmentry", "movbe", "spec-ctrl", "v-vmsave-vmload", "avx2", "pschange-mc-no", "xsaveopt", "flushbyasid", "vmcb-clean", "de", "fxsr_opt", "erms", "clzero", "pat", "rdrand", "fsrm", "ssbd", "pdpe1gb", "topoext", "arch-capabilities", "fxsr", "stibp-always-on", "syscall", "vgif", "cx16", "xsave", "mds-no", "cmov", "xgetbv1", "fma", "misalignsse", "vaes", "aes", "vpclmulqdq", "amd-stibp", "sha-ni", "ibrs"]}',created_at=2026-06-03T00:05:07Z,current_workload=0,deleted=False,deleted_at=None,disk_allocation_ratio=1.0,disk_available_least=74,free_disk_gb=95,free_ram_mb=23518,host='np0000001994',host_ip=10.4.3.218,hypervisor_hostname='np0000001994',hypervisor_type='QEMU',hypervisor_version=8002002,id=1,local_gb=95,local_gb_used=0,mapped=1,memory_mb=24030,memory_mb_used=512,metrics='[]',numa_topology='{"nova_object.name": "NUMATopology", "nova_object.namespace": "nova", "nova_object.version": "1.2", "nova_object.data": {"cells": [{"nova_object.name": "NUMACell", "nova_object.namespace": "nova", "nova_object.version": "1.5", "nova_object.data": {"id": 0, "cpuset": [0, 1, 2, 3, 4, 5, 6, 7, 8, 9, 10, 11], "pcpuset": [0, 1, 2, 3, 4, 5, 6, 7, 8, 9, 10, 11], "memory": 24030, "cpu_usage": 0, "memory_usage": 0, "pinned_cpus": [], "siblings": [[6], [2], [5], [11], [8], [4], [1], [7], [10], [0], [3], [9]], "mempages": [{"nova_object.name": "NUMAPagesTopology", "nova_object.namespace": "nova", "nova_object.version": "1.1", "nova_object.data": {"size_kb": 4, "total": 6151798, "used": 0, "reserved": 0}, "nova_object.changes": ["total", "used", "reserved", "size_kb"]}, {"nova_object.name": "NUMAPagesTopology", "nova_object.namespace": "nova", "nova_object.version": "1.1", "nova_object.data": {"size_kb": 2048, "total": 0, "used": 0, "reserved": 0}, "nova_object.changes": ["total", "used", "reserved", "size_kb"]}, {"nova_object.name": "NUMAPagesTopology", "nova_object.namespace": "nova", "nova_object.version": "1.1", "nova_object.data": {"size_kb": 1048576, "total": 0, "used": 0, "reserved": 0}, "nova_object.changes": ["total", "used", "reserved", "size_kb"]}], "network_metadata": {"nova_object.name": "NetworkMetadata", "nova_object.namespace": "nova", "nova_object.version": "1.0", "nova_object.data": {"physnets": [], "tunneled": false}, "nova_object.changes": ["tunneled", "physnets"]}, "socket": null}, "nova_object.changes": ["id", "cpu_usage", "memory", "siblings", "pcpuset", "pinned_cpus", "memory_usage", "mempages", "socket", "network_metadata", "cpuset"]}]}, "nova_object.changes": ["cells"]}',pci_device_pools=PciDevicePoolList,ram_allocation_ratio=1.0,running_vms=0,service_id=2,stats={failed_builds='0',uptime=' 00:06:53 up 27 min, 2 users, load average: 1.21, 1.30, 0.76
Jun 03 00:07:24.348896 np0000001994 nova-scheduler[95823]: '},supported_hv_specs=[HVSpec,HVSpec,HVSpec,HVSpec,HVSpec,HVSpec,HVSpec,HVSpec,HVSpec,HVSpec,HVSpec,HVSpec,HVSpec,HVSpec,HVSpec,HVSpec,HVSpec,HVSpec,HVSpec,HVSpec,HVSpec,HVSpec,HVSpec,HVSpec,HVSpec],updated_at=2026-06-03T00:06:56Z,uuid=1edda04c-1fa1-4ddb-a7b0-88e088a4bc46,vcpus=12,vcpus_used=0) {{(pid=95823) _locked_update /opt/stack/nova/nova/scheduler/host_manager.py:168}}
Jun 03 00:07:24.349956 np0000001994 nova-scheduler[95823]: DEBUG nova.scheduler.host_manager [None req-2031d18a-815a-4f03-b3f3-e7e3335ea4e4 tempest-AttachVolumeTestJSON-433533278 tempest-AttachVolumeTestJSON-433533278-project-member] Update host state with aggregates: [] {{(pid=95823) _locked_update /opt/stack/nova/nova/scheduler/host_manager.py:171}}
Jun 03 00:07:24.350144 np0000001994 nova-scheduler[95823]: DEBUG nova.scheduler.host_manager [None req-2031d18a-815a-4f03-b3f3-e7e3335ea4e4 tempest-AttachVolumeTestJSON-433533278 tempest-AttachVolumeTestJSON-433533278-project-member] Update host state with service dict: {'id': 2, 'uuid': '30a17b1d-c51e-4fc3-98b0-681ba1f77a26', 'host': 'np0000001994', 'binary': 'nova-compute', 'topic': 'compute', 'report_count': 2, 'disabled': False, 'disabled_reason': None, 'last_seen_up': datetime.datetime(2026, 6, 3, 0, 7, 16, tzinfo=datetime.timezone.utc), 'forced_down': False, 'version': 72, 'created_at': datetime.datetime(2026, 6, 3, 0, 5, 6, tzinfo=datetime.timezone.utc), 'updated_at': datetime.datetime(2026, 6, 3, 0, 7, 16, tzinfo=datetime.timezone.utc), 'deleted_at': None, 'deleted': False} {{(pid=95823) _locked_update /opt/stack/nova/nova/scheduler/host_manager.py:174}}
Jun 03 00:07:24.351028 np0000001994 nova-scheduler[95823]: DEBUG nova.scheduler.host_manager [None req-2031d18a-815a-4f03-b3f3-e7e3335ea4e4 tempest-AttachVolumeTestJSON-433533278 tempest-AttachVolumeTestJSON-433533278-project-member] Update host state with instances: [] {{(pid=95823) _locked_update /opt/stack/nova/nova/scheduler/host_manager.py:177}}
Jun 03 00:07:24.351028 np0000001994 nova-scheduler[95823]: DEBUG oslo_concurrency.lockutils [None req-2031d18a-815a-4f03-b3f3-e7e3335ea4e4 tempest-AttachVolumeTestJSON-433533278 tempest-AttachVolumeTestJSON-433533278-project-member] Lock "('np0000001994', 'np0000001994')" "released" by "nova.scheduler.host_manager.HostState.update.._locked_update" :: held 0.004s {{(pid=95823) inner /opt/stack/data/venv/lib/python3.12/site-packages/oslo_concurrency/lockutils.py:543}}
Jun 03 00:07:24.351418 np0000001994 nova-scheduler[95823]: DEBUG nova.filters [None req-2031d18a-815a-4f03-b3f3-e7e3335ea4e4 tempest-AttachVolumeTestJSON-433533278 tempest-AttachVolumeTestJSON-433533278-project-member] Starting with 1 host(s) {{(pid=95823) get_filtered_objects /opt/stack/nova/nova/filters.py:70}}
Jun 03 00:07:24.352048 np0000001994 nova-scheduler[95823]: DEBUG nova.filters [None req-2031d18a-815a-4f03-b3f3-e7e3335ea4e4 tempest-AttachVolumeTestJSON-433533278 tempest-AttachVolumeTestJSON-433533278-project-member] Filter ComputeFilter returned 1 host(s) {{(pid=95823) get_filtered_objects /opt/stack/nova/nova/filters.py:102}}
Jun 03 00:07:24.352147 np0000001994 nova-scheduler[95823]: DEBUG nova.filters [None req-2031d18a-815a-4f03-b3f3-e7e3335ea4e4 tempest-AttachVolumeTestJSON-433533278 tempest-AttachVolumeTestJSON-433533278-project-member] Filter ComputeCapabilitiesFilter returned 1 host(s) {{(pid=95823) get_filtered_objects /opt/stack/nova/nova/filters.py:102}}
Jun 03 00:07:24.352485 np0000001994 nova-scheduler[95823]: DEBUG nova.filters [None req-2031d18a-815a-4f03-b3f3-e7e3335ea4e4 tempest-AttachVolumeTestJSON-433533278 tempest-AttachVolumeTestJSON-433533278-project-member] Filter ImagePropertiesFilter returned 1 host(s) {{(pid=95823) get_filtered_objects /opt/stack/nova/nova/filters.py:102}}
Jun 03 00:07:24.352807 np0000001994 nova-scheduler[95823]: DEBUG nova.filters [None req-2031d18a-815a-4f03-b3f3-e7e3335ea4e4 tempest-AttachVolumeTestJSON-433533278 tempest-AttachVolumeTestJSON-433533278-project-member] Filter ServerGroupAntiAffinityFilter returned 1 host(s) {{(pid=95823) get_filtered_objects /opt/stack/nova/nova/filters.py:102}}
Jun 03 00:07:24.352807 np0000001994 nova-scheduler[95823]: DEBUG nova.filters [None req-2031d18a-815a-4f03-b3f3-e7e3335ea4e4 tempest-AttachVolumeTestJSON-433533278 tempest-AttachVolumeTestJSON-433533278-project-member] Filter ServerGroupAffinityFilter returned 1 host(s) {{(pid=95823) get_filtered_objects /opt/stack/nova/nova/filters.py:102}}
Jun 03 00:07:24.352975 np0000001994 nova-scheduler[95823]: DEBUG nova.filters [None req-2031d18a-815a-4f03-b3f3-e7e3335ea4e4 tempest-AttachVolumeTestJSON-433533278 tempest-AttachVolumeTestJSON-433533278-project-member] Filter SameHostFilter returned 1 host(s) {{(pid=95823) get_filtered_objects /opt/stack/nova/nova/filters.py:102}}
Jun 03 00:07:24.353138 np0000001994 nova-scheduler[95823]: DEBUG nova.filters [None req-2031d18a-815a-4f03-b3f3-e7e3335ea4e4 tempest-AttachVolumeTestJSON-433533278 tempest-AttachVolumeTestJSON-433533278-project-member] Filter DifferentHostFilter returned 1 host(s) {{(pid=95823) get_filtered_objects /opt/stack/nova/nova/filters.py:102}}
Jun 03 00:07:24.353322 np0000001994 nova-scheduler[95823]: DEBUG nova.scheduler.manager [None req-2031d18a-815a-4f03-b3f3-e7e3335ea4e4 tempest-AttachVolumeTestJSON-433533278 tempest-AttachVolumeTestJSON-433533278-project-member] Filtered [(np0000001994, np0000001994) ram: 23518MB disk: 75776MB io_ops: 0 instances: 0, allocation_candidates: 1] {{(pid=95823) _get_sorted_hosts /opt/stack/nova/nova/scheduler/manager.py:743}}
Jun 03 00:07:24.353591 np0000001994 nova-scheduler[95823]: DEBUG nova.scheduler.manager [None req-2031d18a-815a-4f03-b3f3-e7e3335ea4e4 tempest-AttachVolumeTestJSON-433533278 tempest-AttachVolumeTestJSON-433533278-project-member] Weighed [WeighedHost [host: (np0000001994, np0000001994) ram: 23518MB disk: 75776MB io_ops: 0 instances: 0, allocation_candidates: 1, weight: 0.0]] {{(pid=95823) _get_sorted_hosts /opt/stack/nova/nova/scheduler/manager.py:765}}
Jun 03 00:07:24.353828 np0000001994 nova-scheduler[95823]: DEBUG nova.scheduler.utils [None req-2031d18a-815a-4f03-b3f3-e7e3335ea4e4 tempest-AttachVolumeTestJSON-433533278 tempest-AttachVolumeTestJSON-433533278-project-member] Attempting to claim resources in the placement API for instance 4a3db349-8b04-4ba2-bde9-5232310a4804 {{(pid=95823) claim_resources /opt/stack/nova/nova/scheduler/utils.py:1345}}
Jun 03 00:07:24.528651 np0000001994 nova-scheduler[95823]: DEBUG nova.scheduler.manager [None req-2031d18a-815a-4f03-b3f3-e7e3335ea4e4 tempest-AttachVolumeTestJSON-433533278 tempest-AttachVolumeTestJSON-433533278-project-member] [instance: 4a3db349-8b04-4ba2-bde9-5232310a4804] Selected host: (np0000001994, np0000001994) ram: 23518MB disk: 75776MB io_ops: 0 instances: 0, allocation_candidates: 1 {{(pid=95823) _consume_selected_host /opt/stack/nova/nova/scheduler/manager.py:625}}
Jun 03 00:07:24.528651 np0000001994 nova-scheduler[95823]: DEBUG oslo_concurrency.lockutils [None req-2031d18a-815a-4f03-b3f3-e7e3335ea4e4 tempest-AttachVolumeTestJSON-433533278 tempest-AttachVolumeTestJSON-433533278-project-member] Acquiring lock "('np0000001994', 'np0000001994')" by "nova.scheduler.host_manager.HostState.consume_from_request.._locked" {{(pid=95823) inner /opt/stack/data/venv/lib/python3.12/site-packages/oslo_concurrency/lockutils.py:511}}
Jun 03 00:07:24.528794 np0000001994 nova-scheduler[95823]: DEBUG oslo_concurrency.lockutils [None req-2031d18a-815a-4f03-b3f3-e7e3335ea4e4 tempest-AttachVolumeTestJSON-433533278 tempest-AttachVolumeTestJSON-433533278-project-member] Lock "('np0000001994', 'np0000001994')" acquired by "nova.scheduler.host_manager.HostState.consume_from_request.._locked" :: waited 0.000s {{(pid=95823) inner /opt/stack/data/venv/lib/python3.12/site-packages/oslo_concurrency/lockutils.py:524}}
Jun 03 00:07:24.528929 np0000001994 nova-scheduler[95823]: DEBUG oslo_concurrency.lockutils [None req-2031d18a-815a-4f03-b3f3-e7e3335ea4e4 tempest-AttachVolumeTestJSON-433533278 tempest-AttachVolumeTestJSON-433533278-project-member] Lock "('np0000001994', 'np0000001994')" "released" by "nova.scheduler.host_manager.HostState.consume_from_request.._locked" :: held 0.000s {{(pid=95823) inner /opt/stack/data/venv/lib/python3.12/site-packages/oslo_concurrency/lockutils.py:543}}
Jun 03 00:07:25.894307 np0000001994 nova-scheduler[95825]: DEBUG nova.scheduler.manager [None req-d611a81a-771c-4b27-accb-63f809e272e9 tempest-ServerActionsTestOtherA-234268268 tempest-ServerActionsTestOtherA-234268268-project-member] Starting to schedule for instances: ['5cc1993d-e043-47ae-86e1-a5d11d42d25a'] {{(pid=95825) select_destinations /opt/stack/nova/nova/scheduler/manager.py:210}}
Jun 03 00:07:25.894307 np0000001994 nova-scheduler[95825]: DEBUG nova.scheduler.request_filter [None req-d611a81a-771c-4b27-accb-63f809e272e9 tempest-ServerActionsTestOtherA-234268268 tempest-ServerActionsTestOtherA-234268268-project-member] compute_status_filter request filter added forbidden trait COMPUTE_STATUS_DISABLED {{(pid=95825) compute_status_filter /opt/stack/nova/nova/scheduler/request_filter.py:253}}
Jun 03 00:07:25.894307 np0000001994 nova-scheduler[95825]: DEBUG nova.scheduler.request_filter [None req-d611a81a-771c-4b27-accb-63f809e272e9 tempest-ServerActionsTestOtherA-234268268 tempest-ServerActionsTestOtherA-234268268-project-member] Request filter 'compute_status_filter' took 0.0 seconds {{(pid=95825) wrapper /opt/stack/nova/nova/scheduler/request_filter.py:46}}
Jun 03 00:07:25.894307 np0000001994 nova-scheduler[95825]: DEBUG nova.scheduler.request_filter [None req-d611a81a-771c-4b27-accb-63f809e272e9 tempest-ServerActionsTestOtherA-234268268 tempest-ServerActionsTestOtherA-234268268-project-member] Request filter 'accelerators_filter' took 0.0 seconds {{(pid=95825) wrapper /opt/stack/nova/nova/scheduler/request_filter.py:46}}
Jun 03 00:07:25.894796 np0000001994 nova-scheduler[95825]: DEBUG nova.scheduler.request_filter [None req-d611a81a-771c-4b27-accb-63f809e272e9 tempest-ServerActionsTestOtherA-234268268 tempest-ServerActionsTestOtherA-234268268-project-member] Request filter 'packed_virtqueue_filter' took 0.0 seconds {{(pid=95825) wrapper /opt/stack/nova/nova/scheduler/request_filter.py:46}}
Jun 03 00:07:25.895032 np0000001994 nova-scheduler[95825]: DEBUG nova.scheduler.request_filter [None req-d611a81a-771c-4b27-accb-63f809e272e9 tempest-ServerActionsTestOtherA-234268268 tempest-ServerActionsTestOtherA-234268268-project-member] Request filter 'remote_managed_ports_filter' took 0.0 seconds {{(pid=95825) wrapper /opt/stack/nova/nova/scheduler/request_filter.py:46}}
Jun 03 00:07:25.895244 np0000001994 nova-scheduler[95825]: DEBUG nova.scheduler.request_filter [None req-d611a81a-771c-4b27-accb-63f809e272e9 tempest-ServerActionsTestOtherA-234268268 tempest-ServerActionsTestOtherA-234268268-project-member] ephemeral_encryption_filter skipped {{(pid=95825) ephemeral_encryption_filter /opt/stack/nova/nova/scheduler/request_filter.py:426}}
Jun 03 00:07:25.897874 np0000001994 nova-scheduler[95825]: DEBUG nova.scheduler.request_filter [None req-d611a81a-771c-4b27-accb-63f809e272e9 tempest-ServerActionsTestOtherA-234268268 tempest-ServerActionsTestOtherA-234268268-project-member] virtio_sound_filter skipped {{(pid=95825) virtio_sound_filter /opt/stack/nova/nova/scheduler/request_filter.py:460}}
Jun 03 00:07:25.897874 np0000001994 nova-scheduler[95825]: DEBUG nova.scheduler.request_filter [None req-d611a81a-771c-4b27-accb-63f809e272e9 tempest-ServerActionsTestOtherA-234268268 tempest-ServerActionsTestOtherA-234268268-project-member] tpm_secret_security_filter skipped {{(pid=95825) tpm_secret_security_filter /opt/stack/nova/nova/scheduler/request_filter.py:477}}
Jun 03 00:07:26.014661 np0000001994 nova-scheduler[95825]: INFO nova.utils [None req-d611a81a-771c-4b27-accb-63f809e272e9 tempest-ServerActionsTestOtherA-234268268 tempest-ServerActionsTestOtherA-234268268-project-member] The cell worker thread pool ForkProcess-2.cell_worker is initialized
Jun 03 00:07:26.014961 np0000001994 nova-scheduler[95825]: DEBUG oslo_concurrency.lockutils [None req-d611a81a-771c-4b27-accb-63f809e272e9 tempest-ServerActionsTestOtherA-234268268 tempest-ServerActionsTestOtherA-234268268-project-member] Acquiring lock "61fb3051-280b-450a-a268-b23905b91f94" by "nova.context.set_target_cell..get_or_set_cached_cell_and_set_connections" {{(pid=95825) inner /opt/stack/data/venv/lib/python3.12/site-packages/oslo_concurrency/lockutils.py:511}}
Jun 03 00:07:26.015365 np0000001994 nova-scheduler[95825]: DEBUG oslo_concurrency.lockutils [None req-d611a81a-771c-4b27-accb-63f809e272e9 tempest-ServerActionsTestOtherA-234268268 tempest-ServerActionsTestOtherA-234268268-project-member] Lock "61fb3051-280b-450a-a268-b23905b91f94" acquired by "nova.context.set_target_cell..get_or_set_cached_cell_and_set_connections" :: waited 0.000s {{(pid=95825) inner /opt/stack/data/venv/lib/python3.12/site-packages/oslo_concurrency/lockutils.py:524}}
Jun 03 00:07:26.016325 np0000001994 nova-scheduler[95825]: DEBUG oslo_concurrency.lockutils [None req-d611a81a-771c-4b27-accb-63f809e272e9 tempest-ServerActionsTestOtherA-234268268 tempest-ServerActionsTestOtherA-234268268-project-member] Lock "61fb3051-280b-450a-a268-b23905b91f94" "released" by "nova.context.set_target_cell..get_or_set_cached_cell_and_set_connections" :: held 0.001s {{(pid=95825) inner /opt/stack/data/venv/lib/python3.12/site-packages/oslo_concurrency/lockutils.py:543}}
Jun 03 00:07:26.018083 np0000001994 nova-scheduler[95825]: INFO dbcounter [None req-d611a81a-771c-4b27-accb-63f809e272e9 tempest-ServerActionsTestOtherA-234268268 tempest-ServerActionsTestOtherA-234268268-project-member] Registered counter for database nova_cell1
Jun 03 00:07:26.064217 np0000001994 nova-scheduler[95825]: DEBUG oslo_db.sqlalchemy.engines [None req-d611a81a-771c-4b27-accb-63f809e272e9 tempest-ServerActionsTestOtherA-234268268 tempest-ServerActionsTestOtherA-234268268-project-member] MySQL server mode set to STRICT_TRANS_TABLES,STRICT_ALL_TABLES,NO_ZERO_IN_DATE,NO_ZERO_DATE,ERROR_FOR_DIVISION_BY_ZERO,TRADITIONAL,NO_ENGINE_SUBSTITUTION {{(pid=95825) _check_effective_sql_mode /opt/stack/data/venv/lib/python3.12/site-packages/oslo_db/sqlalchemy/engines.py:325}}
Jun 03 00:07:26.070079 np0000001994 nova-scheduler[95825]: DEBUG dbcounter [-] [95825] Writer thread running {{(pid=95825) stat_writer /opt/stack/data/venv/lib/python3.12/site-packages/dbcounter.py:102}}
Jun 03 00:07:26.147219 np0000001994 nova-scheduler[95825]: DEBUG dbcounter [-] [95825] Writer thread running {{(pid=95825) stat_writer /opt/stack/data/venv/lib/python3.12/site-packages/dbcounter.py:102}}
Jun 03 00:07:26.152241 np0000001994 nova-scheduler[95825]: DEBUG oslo_concurrency.lockutils [None req-d611a81a-771c-4b27-accb-63f809e272e9 tempest-ServerActionsTestOtherA-234268268 tempest-ServerActionsTestOtherA-234268268-project-member] Acquiring lock "61fb3051-280b-450a-a268-b23905b91f94" by "nova.context.set_target_cell..get_or_set_cached_cell_and_set_connections" {{(pid=95825) inner /opt/stack/data/venv/lib/python3.12/site-packages/oslo_concurrency/lockutils.py:511}}
Jun 03 00:07:26.152439 np0000001994 nova-scheduler[95825]: DEBUG oslo_concurrency.lockutils [None req-d611a81a-771c-4b27-accb-63f809e272e9 tempest-ServerActionsTestOtherA-234268268 tempest-ServerActionsTestOtherA-234268268-project-member] Lock "61fb3051-280b-450a-a268-b23905b91f94" acquired by "nova.context.set_target_cell..get_or_set_cached_cell_and_set_connections" :: waited 0.000s {{(pid=95825) inner /opt/stack/data/venv/lib/python3.12/site-packages/oslo_concurrency/lockutils.py:524}}
Jun 03 00:07:26.152609 np0000001994 nova-scheduler[95825]: DEBUG oslo_concurrency.lockutils [None req-d611a81a-771c-4b27-accb-63f809e272e9 tempest-ServerActionsTestOtherA-234268268 tempest-ServerActionsTestOtherA-234268268-project-member] Lock "61fb3051-280b-450a-a268-b23905b91f94" "released" by "nova.context.set_target_cell..get_or_set_cached_cell_and_set_connections" :: held 0.000s {{(pid=95825) inner /opt/stack/data/venv/lib/python3.12/site-packages/oslo_concurrency/lockutils.py:543}}
Jun 03 00:07:26.157858 np0000001994 nova-scheduler[95825]: DEBUG oslo_concurrency.lockutils [None req-d611a81a-771c-4b27-accb-63f809e272e9 tempest-ServerActionsTestOtherA-234268268 tempest-ServerActionsTestOtherA-234268268-project-member] Acquiring lock "('np0000001994', 'np0000001994')" by "nova.scheduler.host_manager.HostState.update.._locked_update" {{(pid=95825) inner /opt/stack/data/venv/lib/python3.12/site-packages/oslo_concurrency/lockutils.py:511}}
Jun 03 00:07:26.159252 np0000001994 nova-scheduler[95825]: DEBUG oslo_concurrency.lockutils [None req-d611a81a-771c-4b27-accb-63f809e272e9 tempest-ServerActionsTestOtherA-234268268 tempest-ServerActionsTestOtherA-234268268-project-member] Lock "('np0000001994', 'np0000001994')" acquired by "nova.scheduler.host_manager.HostState.update.._locked_update" :: waited 0.000s {{(pid=95825) inner /opt/stack/data/venv/lib/python3.12/site-packages/oslo_concurrency/lockutils.py:524}}
