Aug 03 19:21:56.789288 np0000006362 devstack@neutron-api.service[87574]: DEBUG neutron.api.extensions [None req-f060e9ff-50d3-4709-82e3-a387fa013983 None None] Loading extension file: expose_l3_conntrack_helper.py {{(pid=87574) _load_all_extensions_from_path /opt/stack/neutron/neutron/api/extensions.py:449}}
Aug 03 19:21:56.789539 np0000006362 devstack@neutron-api.service[87574]: DEBUG neutron.api.extensions [None req-f060e9ff-50d3-4709-82e3-a387fa013983 None None] Ext name="Expose CT target rules for conntrack helper" alias="expose-l3-conntrack-helper" description="Expose allow adding CT target rules for conntrack helper" updated="2019-04-04T10:00:00-00:00" {{(pid=87574) _check_extension /opt/stack/neutron/neutron/api/extensions.py:415}}
Aug 03 19:21:56.789675 np0000006362 devstack@neutron-api.service[87574]: INFO neutron.api.extensions [None req-f060e9ff-50d3-4709-82e3-a387fa013983 None None] Extension expose-l3-conntrack-helper not supported by any of loaded plugins
Aug 03 19:21:56.789772 np0000006362 devstack@neutron-api.service[87574]: DEBUG neutron.api.extensions [None req-f060e9ff-50d3-4709-82e3-a387fa013983 None None] Loading extension file: expose_port_forwarding_in_fip.py {{(pid=87574) _load_all_extensions_from_path /opt/stack/neutron/neutron/api/extensions.py:449}}
Aug 03 19:21:56.790016 np0000006362 devstack@neutron-api.service[87574]: DEBUG neutron.api.extensions [None req-f060e9ff-50d3-4709-82e3-a387fa013983 None None] Ext name="Expose Floating IP port forwardings" alias="expose-port-forwarding-in-fip" description="Expose port forwarding fields in floating IP response" updated="2018-06-28T16:00:00-00:00" {{(pid=87574) _check_extension /opt/stack/neutron/neutron/api/extensions.py:415}}
Aug 03 19:21:56.790148 np0000006362 devstack@neutron-api.service[87574]: INFO neutron.api.extensions [None req-f060e9ff-50d3-4709-82e3-a387fa013983 None None] Extension expose-port-forwarding-in-fip not supported by any of loaded plugins
Aug 03 19:21:56.790262 np0000006362 devstack@neutron-api.service[87574]: DEBUG neutron.api.extensions [None req-f060e9ff-50d3-4709-82e3-a387fa013983 None None] Loading extension file: external_net.py {{(pid=87574) _load_all_extensions_from_path /opt/stack/neutron/neutron/api/extensions.py:449}}
Aug 03 19:21:56.790468 np0000006362 devstack@neutron-api.service[87574]: DEBUG neutron.api.extensions [None req-f060e9ff-50d3-4709-82e3-a387fa013983 None None] Ext name="Neutron external network" alias="external-net" description="Adds external network attribute to network resource." updated="2013-01-14T10:00:00-00:00" {{(pid=87574) _check_extension /opt/stack/neutron/neutron/api/extensions.py:415}}
Aug 03 19:21:56.790617 np0000006362 devstack@neutron-api.service[87574]: INFO neutron.api.extensions [None req-f060e9ff-50d3-4709-82e3-a387fa013983 None None] Loaded extension: external-net
Aug 03 19:21:56.790695 np0000006362 devstack@neutron-api.service[87574]: DEBUG neutron.api.extensions [None req-f060e9ff-50d3-4709-82e3-a387fa013983 None None] Loading extension file: extra_dhcp_opt.py {{(pid=87574) _load_all_extensions_from_path /opt/stack/neutron/neutron/api/extensions.py:449}}
Aug 03 19:21:56.790951 np0000006362 devstack@neutron-api.service[87574]: DEBUG neutron.api.extensions [None req-f060e9ff-50d3-4709-82e3-a387fa013983 None None] Ext name="Neutron Extra DHCP options" alias="extra_dhcp_opt" description="Extra options configuration for DHCP. For example PXE boot options to DHCP clients can be specified (e.g. tftp-server, server-ip-address, bootfile-name)" updated="2013-03-17T12:00:00-00:00" {{(pid=87574) _check_extension /opt/stack/neutron/neutron/api/extensions.py:415}}
Aug 03 19:21:56.791524 np0000006362 devstack@neutron-api.service[87574]: INFO neutron.api.extensions [None req-f060e9ff-50d3-4709-82e3-a387fa013983 None None] Loaded extension: extra_dhcp_opt
Aug 03 19:21:56.791524 np0000006362 devstack@neutron-api.service[87574]: DEBUG neutron.api.extensions [None req-f060e9ff-50d3-4709-82e3-a387fa013983 None None] Loading extension file: extraroute.py {{(pid=87574) _load_all_extensions_from_path /opt/stack/neutron/neutron/api/extensions.py:449}}
Aug 03 19:21:56.791524 np0000006362 devstack@neutron-api.service[87574]: DEBUG neutron.api.extensions [None req-f060e9ff-50d3-4709-82e3-a387fa013983 None None] Ext name="Neutron Extra Route" alias="extraroute" description="Extra routes configuration for L3 router" updated="2013-02-01T10:00:00-00:00" {{(pid=87574) _check_extension /opt/stack/neutron/neutron/api/extensions.py:415}}
Aug 03 19:21:56.791716 np0000006362 devstack@neutron-api.service[87574]: INFO neutron.api.extensions [None req-f060e9ff-50d3-4709-82e3-a387fa013983 None None] Loaded extension: extraroute
Aug 03 19:21:56.791716 np0000006362 devstack@neutron-api.service[87574]: DEBUG neutron.api.extensions [None req-f060e9ff-50d3-4709-82e3-a387fa013983 None None] Loading extension file: extraroute_atomic.py {{(pid=87574) _load_all_extensions_from_path /opt/stack/neutron/neutron/api/extensions.py:449}}
Aug 03 19:21:56.792392 np0000006362 devstack@neutron-api.service[87574]: DEBUG neutron.api.extensions [None req-f060e9ff-50d3-4709-82e3-a387fa013983 None None] Ext name="Atomically add/remove extra routes" alias="extraroute-atomic" description="Edit extra routes of a router on server side by atomically adding/removing extra routes" updated="2019-07-10T00:00:00+00:00" {{(pid=87574) _check_extension /opt/stack/neutron/neutron/api/extensions.py:415}}
Aug 03 19:21:56.792392 np0000006362 devstack@neutron-api.service[87574]: INFO neutron.api.extensions [None req-f060e9ff-50d3-4709-82e3-a387fa013983 None None] Loaded extension: extraroute-atomic
Aug 03 19:21:56.792392 np0000006362 devstack@neutron-api.service[87574]: DEBUG neutron.api.extensions [None req-f060e9ff-50d3-4709-82e3-a387fa013983 None None] Loading extension file: filter_validation.py {{(pid=87574) _load_all_extensions_from_path /opt/stack/neutron/neutron/api/extensions.py:449}}
Aug 03 19:21:56.792392 np0000006362 devstack@neutron-api.service[87574]: DEBUG neutron.api.extensions [None req-f060e9ff-50d3-4709-82e3-a387fa013983 None None] Ext name="Filter parameters validation" alias="filter-validation" description="Provides validation on filter parameters." updated="2018-07-04T10:00:00-00:00" {{(pid=87574) _check_extension /opt/stack/neutron/neutron/api/extensions.py:415}}
Aug 03 19:21:56.792753 np0000006362 devstack@neutron-api.service[87574]: INFO neutron.api.extensions [None req-f060e9ff-50d3-4709-82e3-a387fa013983 None None] Loaded extension: filter-validation
Aug 03 19:21:56.792753 np0000006362 devstack@neutron-api.service[87574]: DEBUG neutron.api.extensions [None req-f060e9ff-50d3-4709-82e3-a387fa013983 None None] Loading extension file: fip_pf_description.py {{(pid=87574) _load_all_extensions_from_path /opt/stack/neutron/neutron/api/extensions.py:449}}
Aug 03 19:21:56.792832 np0000006362 devstack@neutron-api.service[87574]: DEBUG neutron.api.extensions [None req-f060e9ff-50d3-4709-82e3-a387fa013983 None None] Ext name="Floating IP Port Forwarding new attribute description" alias="floating-ip-port-forwarding-description" description="Add a description field to Port Forwarding rules" updated="2019-11-01T10:00:00-00:00" {{(pid=87574) _check_extension /opt/stack/neutron/neutron/api/extensions.py:415}}
Aug 03 19:21:56.792969 np0000006362 devstack@neutron-api.service[87574]: INFO neutron.api.extensions [None req-f060e9ff-50d3-4709-82e3-a387fa013983 None None] Extension floating-ip-port-forwarding-description not supported by any of loaded plugins
Aug 03 19:21:56.793045 np0000006362 devstack@neutron-api.service[87574]: DEBUG neutron.api.extensions [None req-f060e9ff-50d3-4709-82e3-a387fa013983 None None] Loading extension file: fip_pf_detail.py {{(pid=87574) _load_all_extensions_from_path /opt/stack/neutron/neutron/api/extensions.py:449}}
Aug 03 19:21:56.793319 np0000006362 devstack@neutron-api.service[87574]: DEBUG neutron.api.extensions [None req-f060e9ff-50d3-4709-82e3-a387fa013983 None None] Ext name="Floating IP port forwarding detail" alias="floating-ip-port-forwarding-detail" description="Allow list floating ip return more port forwarding data, include'id' and 'internal_port_id'" updated="2022-05-06T10:00:00-00:00" {{(pid=87574) _check_extension /opt/stack/neutron/neutron/api/extensions.py:415}}
Aug 03 19:21:56.793440 np0000006362 devstack@neutron-api.service[87574]: INFO neutron.api.extensions [None req-f060e9ff-50d3-4709-82e3-a387fa013983 None None] Loaded extension: floating-ip-port-forwarding-detail
Aug 03 19:21:56.793545 np0000006362 devstack@neutron-api.service[87574]: DEBUG neutron.api.extensions [None req-f060e9ff-50d3-4709-82e3-a387fa013983 None None] Loading extension file: fip_pf_port_range.py {{(pid=87574) _load_all_extensions_from_path /opt/stack/neutron/neutron/api/extensions.py:449}}
Aug 03 19:21:56.793801 np0000006362 devstack@neutron-api.service[87574]: DEBUG neutron.api.extensions [None req-f060e9ff-50d3-4709-82e3-a387fa013983 None None] Ext name="Floating IP Port Forwarding support port ranges" alias="floating-ip-port-forwarding-port-ranges" description="Add support to port ranges" updated="2020-07-01T10:00:00-00:00" {{(pid=87574) _check_extension /opt/stack/neutron/neutron/api/extensions.py:415}}
Aug 03 19:21:56.793909 np0000006362 devstack@neutron-api.service[87574]: INFO neutron.api.extensions [None req-f060e9ff-50d3-4709-82e3-a387fa013983 None None] Extension floating-ip-port-forwarding-port-ranges not supported by any of loaded plugins
Aug 03 19:21:56.794025 np0000006362 devstack@neutron-api.service[87574]: DEBUG neutron.api.extensions [None req-f060e9ff-50d3-4709-82e3-a387fa013983 None None] Loading extension file: fip_port_details.py {{(pid=87574) _load_all_extensions_from_path /opt/stack/neutron/neutron/api/extensions.py:449}}
Aug 03 19:21:56.794222 np0000006362 devstack@neutron-api.service[87574]: DEBUG neutron.api.extensions [None req-f060e9ff-50d3-4709-82e3-a387fa013983 None None] Ext name="Floating IP Port Details Extension" alias="fip-port-details" description="Add port_details attribute to Floating IP resource" updated="2018-04-09T10:00:00-00:00" {{(pid=87574) _check_extension /opt/stack/neutron/neutron/api/extensions.py:415}}
Aug 03 19:21:56.794356 np0000006362 devstack@neutron-api.service[87574]: INFO neutron.api.extensions [None req-f060e9ff-50d3-4709-82e3-a387fa013983 None None] Loaded extension: fip-port-details
Aug 03 19:21:56.794503 np0000006362 devstack@neutron-api.service[87574]: DEBUG neutron.api.extensions [None req-f060e9ff-50d3-4709-82e3-a387fa013983 None None] Loading extension file: flavors.py {{(pid=87574) _load_all_extensions_from_path /opt/stack/neutron/neutron/api/extensions.py:449}}
Aug 03 19:21:56.794710 np0000006362 devstack@neutron-api.service[87574]: DEBUG neutron.api.extensions [None req-f060e9ff-50d3-4709-82e3-a387fa013983 None None] Ext name="Neutron Service Flavors" alias="flavors" description="Flavor specification for Neutron advanced services." updated="2015-09-17T10:00:00-00:00" {{(pid=87574) _check_extension /opt/stack/neutron/neutron/api/extensions.py:415}}
Aug 03 19:21:56.794854 np0000006362 devstack@neutron-api.service[87574]: INFO neutron.api.extensions [None req-f060e9ff-50d3-4709-82e3-a387fa013983 None None] Loaded extension: flavors
Aug 03 19:21:56.794957 np0000006362 devstack@neutron-api.service[87574]: DEBUG neutron.api.extensions [None req-f060e9ff-50d3-4709-82e3-a387fa013983 None None] Loading extension file: floating_ip_port_forwarding.py {{(pid=87574) _load_all_extensions_from_path /opt/stack/neutron/neutron/api/extensions.py:449}}
Aug 03 19:21:56.795293 np0000006362 devstack@neutron-api.service[87574]: DEBUG neutron.api.extensions [None req-f060e9ff-50d3-4709-82e3-a387fa013983 None None] Ext name="Floating IP Port Forwarding" alias="floating-ip-port-forwarding" description="Allow port forwarding from floating IP port to an internal port" updated="2018-01-19T10:00:00-00:00" {{(pid=87574) _check_extension /opt/stack/neutron/neutron/api/extensions.py:415}}
Aug 03 19:21:56.795484 np0000006362 devstack@neutron-api.service[87574]: INFO neutron.api.extensions [None req-f060e9ff-50d3-4709-82e3-a387fa013983 None None] Extension floating-ip-port-forwarding not supported by any of loaded plugins
Aug 03 19:21:56.795552 np0000006362 devstack@neutron-api.service[87576]: INFO neutron.plugins.ml2.drivers.type_vlan [None req-4e47d801-13ac-4886-bc6b-df1d1c1d6c65 None None] VlanTypeDriver initialization complete
Aug 03 19:21:56.795613 np0000006362 devstack@neutron-api.service[87574]: DEBUG neutron.api.extensions [None req-f060e9ff-50d3-4709-82e3-a387fa013983 None None] Loading extension file: floatingip_pools.py {{(pid=87574) _load_all_extensions_from_path /opt/stack/neutron/neutron/api/extensions.py:449}}
Aug 03 19:21:56.795791 np0000006362 devstack@neutron-api.service[87576]: INFO neutron.plugins.ml2.managers [None req-4e47d801-13ac-4886-bc6b-df1d1c1d6c65 None None] Initializing extension driver 'port_security'
Aug 03 19:21:56.795842 np0000006362 devstack@neutron-api.service[87574]: DEBUG neutron.api.extensions [None req-f060e9ff-50d3-4709-82e3-a387fa013983 None None] Ext name="Floating IP Pools Extension" alias="floatingip-pools" description="Provides a floating IP pools API." updated="2018-03-21T10:00:00-00:00" {{(pid=87574) _check_extension /opt/stack/neutron/neutron/api/extensions.py:415}}
Aug 03 19:21:56.795981 np0000006362 devstack@neutron-api.service[87576]: INFO neutron.plugins.ml2.extensions.port_security [None req-4e47d801-13ac-4886-bc6b-df1d1c1d6c65 None None] PortSecurityExtensionDriver initialization complete
Aug 03 19:21:56.796039 np0000006362 devstack@neutron-api.service[87574]: INFO neutron.api.extensions [None req-f060e9ff-50d3-4709-82e3-a387fa013983 None None] Loaded extension: floatingip-pools
Aug 03 19:21:56.796145 np0000006362 devstack@neutron-api.service[87574]: DEBUG neutron.api.extensions [None req-f060e9ff-50d3-4709-82e3-a387fa013983 None None] Loading extension file: ip_allocation.py {{(pid=87574) _load_all_extensions_from_path /opt/stack/neutron/neutron/api/extensions.py:449}}
Aug 03 19:21:56.796200 np0000006362 devstack@neutron-api.service[87576]: INFO neutron.plugins.ml2.managers [None req-4e47d801-13ac-4886-bc6b-df1d1c1d6c65 None None] Initializing extension driver 'qos'
Aug 03 19:21:56.796297 np0000006362 devstack@neutron-api.service[87574]: DEBUG neutron.api.extensions [None req-f060e9ff-50d3-4709-82e3-a387fa013983 None None] Ext name="IP Allocation" alias="ip_allocation" description="IP allocation extension." updated="2016-06-10T23:00:00-00:00" {{(pid=87574) _check_extension /opt/stack/neutron/neutron/api/extensions.py:415}}
Aug 03 19:21:56.796350 np0000006362 devstack@neutron-api.service[87576]: DEBUG neutron.plugins.ml2.extensions.qos [None req-4e47d801-13ac-4886-bc6b-df1d1c1d6c65 None None] QosExtensionDriver initialization complete {{(pid=87576) initialize /opt/stack/neutron/neutron/plugins/ml2/extensions/qos.py:31}}
Aug 03 19:21:56.796455 np0000006362 devstack@neutron-api.service[87574]: INFO neutron.api.extensions [None req-f060e9ff-50d3-4709-82e3-a387fa013983 None None] Extension ip_allocation not supported by any of loaded plugins
Aug 03 19:21:56.796515 np0000006362 devstack@neutron-api.service[87576]: INFO neutron.plugins.ml2.managers [None req-4e47d801-13ac-4886-bc6b-df1d1c1d6c65 None None] Initializing mechanism driver 'ovn'
Aug 03 19:21:56.796566 np0000006362 devstack@neutron-api.service[87574]: DEBUG neutron.api.extensions [None req-f060e9ff-50d3-4709-82e3-a387fa013983 None None] Loading extension file: ip_substring_port_filtering.py {{(pid=87574) _load_all_extensions_from_path /opt/stack/neutron/neutron/api/extensions.py:449}}
Aug 03 19:21:56.796681 np0000006362 devstack@neutron-api.service[87576]: INFO neutron.plugins.ml2.drivers.ovn.mech_driver.mech_driver [None req-4e47d801-13ac-4886-bc6b-df1d1c1d6c65 None None] Starting OVNMechanismDriver
Aug 03 19:21:56.796762 np0000006362 devstack@neutron-api.service[87574]: DEBUG neutron.api.extensions [None req-f060e9ff-50d3-4709-82e3-a387fa013983 None None] Ext name="IP address substring filtering" alias="ip-substring-filtering" description="Provides IP address substring filtering when listing ports" updated="2017-11-28T09:00:00-00:00" {{(pid=87574) _check_extension /opt/stack/neutron/neutron/api/extensions.py:415}}
Aug 03 19:21:56.796950 np0000006362 devstack@neutron-api.service[87574]: INFO neutron.api.extensions [None req-f060e9ff-50d3-4709-82e3-a387fa013983 None None] Extension ip-substring-filtering not supported by any of loaded plugins
Aug 03 19:21:56.797007 np0000006362 devstack@neutron-api.service[87574]: DEBUG neutron.api.extensions [None req-f060e9ff-50d3-4709-82e3-a387fa013983 None None] Loading extension file: l2_adjacency.py {{(pid=87574) _load_all_extensions_from_path /opt/stack/neutron/neutron/api/extensions.py:449}}
Aug 03 19:21:56.797235 np0000006362 devstack@neutron-api.service[87574]: DEBUG neutron.api.extensions [None req-f060e9ff-50d3-4709-82e3-a387fa013983 None None] Ext name="L2 Adjacency" alias="l2_adjacency" description="Display L2 Adjacency for Neutron Networks." updated="2016-04-12T16:00:00-00:00" {{(pid=87574) _check_extension /opt/stack/neutron/neutron/api/extensions.py:415}}
Aug 03 19:21:56.797391 np0000006362 devstack@neutron-api.service[87574]: INFO neutron.api.extensions [None req-f060e9ff-50d3-4709-82e3-a387fa013983 None None] Extension l2_adjacency not supported by any of loaded plugins
Aug 03 19:21:56.797519 np0000006362 devstack@neutron-api.service[87574]: DEBUG neutron.api.extensions [None req-f060e9ff-50d3-4709-82e3-a387fa013983 None None] Loading extension file: l3.py {{(pid=87574) _load_all_extensions_from_path /opt/stack/neutron/neutron/api/extensions.py:449}}
Aug 03 19:21:56.798010 np0000006362 devstack@neutron-api.service[87574]: DEBUG neutron.api.extensions [None req-f060e9ff-50d3-4709-82e3-a387fa013983 None None] Ext name="Neutron L3 Router" alias="router" description="Router abstraction for basic L3 forwarding between L2 Neutron networks and access to external networks via a NAT gateway." updated="2012-07-20T10:00:00-00:00" {{(pid=87574) _check_extension /opt/stack/neutron/neutron/api/extensions.py:415}}
Aug 03 19:21:56.798167 np0000006362 devstack@neutron-api.service[87574]: INFO neutron.api.extensions [None req-f060e9ff-50d3-4709-82e3-a387fa013983 None None] Loaded extension: router
Aug 03 19:21:56.798274 np0000006362 devstack@neutron-api.service[87574]: DEBUG neutron.api.extensions [None req-f060e9ff-50d3-4709-82e3-a387fa013983 None None] Loading extension file: l3_agent_scheduler_ha_chassis_priority.py {{(pid=87574) _load_all_extensions_from_path /opt/stack/neutron/neutron/api/extensions.py:449}}
Aug 03 19:21:56.798546 np0000006362 devstack@neutron-api.service[87574]: DEBUG neutron.api.extensions [None req-f060e9ff-50d3-4709-82e3-a387fa013983 None None] Ext name="L3 Agent Scheduler HA Chassis Priority" alias="l3-agent-scheduler-ha-chassis-priority" description="Exposes the HA_Chassis priority in the L3 Agent Scheduler API responses and allows setting priority when scheduling a router to a chassis." updated="2026-03-31T00:00:00-00:00" {{(pid=87574) _check_extension /opt/stack/neutron/neutron/api/extensions.py:415}}
Aug 03 19:21:56.798679 np0000006362 devstack@neutron-api.service[87574]: INFO neutron.api.extensions [None req-f060e9ff-50d3-4709-82e3-a387fa013983 None None] Loaded extension: l3-agent-scheduler-ha-chassis-priority
Aug 03 19:21:56.798764 np0000006362 devstack@neutron-api.service[87574]: DEBUG neutron.api.extensions [None req-f060e9ff-50d3-4709-82e3-a387fa013983 None None] Loading extension file: l3_conntrack_helper.py {{(pid=87574) _load_all_extensions_from_path /opt/stack/neutron/neutron/api/extensions.py:449}}
Aug 03 19:21:56.799041 np0000006362 devstack@neutron-api.service[87576]: DEBUG neutron_lib.callbacks.manager [None req-4e47d801-13ac-4886-bc6b-df1d1c1d6c65 None None] Subscribe: > process before_spawn 55550000, False {{(pid=87576) subscribe /opt/stack/data/venv/lib/python3.12/site-packages/neutron_lib/callbacks/manager.py:52}}
Aug 03 19:21:56.799276 np0000006362 devstack@neutron-api.service[87576]: DEBUG neutron_lib.callbacks.manager [None req-4e47d801-13ac-4886-bc6b-df1d1c1d6c65 None None] Subscribe: > process after_init 55550000, True {{(pid=87576) subscribe /opt/stack/data/venv/lib/python3.12/site-packages/neutron_lib/callbacks/manager.py:52}}
Aug 03 19:21:56.799507 np0000006362 devstack@neutron-api.service[87576]: DEBUG neutron_lib.callbacks.manager [None req-4e47d801-13ac-4886-bc6b-df1d1c1d6c65 None None] Subscribe: > segment after_create 55550000, False {{(pid=87576) subscribe /opt/stack/data/venv/lib/python3.12/site-packages/neutron_lib/callbacks/manager.py:52}}
Aug 03 19:21:56.799557 np0000006362 devstack@neutron-api.service[87574]: DEBUG neutron.api.extensions [None req-f060e9ff-50d3-4709-82e3-a387fa013983 None None] Ext name="L3 Conntrack helper" alias="l3-conntrack-helper" description="Allow adding CT target rules for conntrack helper" updated="2019-04-04T10:00:00-00:00" {{(pid=87574) _check_extension /opt/stack/neutron/neutron/api/extensions.py:415}}
Aug 03 19:21:56.799658 np0000006362 devstack@neutron-api.service[87574]: INFO neutron.api.extensions [None req-f060e9ff-50d3-4709-82e3-a387fa013983 None None] Extension l3-conntrack-helper not supported by any of loaded plugins
Aug 03 19:21:56.799714 np0000006362 devstack@neutron-api.service[87576]: DEBUG neutron_lib.callbacks.manager [None req-4e47d801-13ac-4886-bc6b-df1d1c1d6c65 None None] Subscribe: > segment after_create 55550000, False {{(pid=87576) subscribe /opt/stack/data/venv/lib/python3.12/site-packages/neutron_lib/callbacks/manager.py:52}}
Aug 03 19:21:56.799763 np0000006362 devstack@neutron-api.service[87574]: DEBUG neutron.api.extensions [None req-f060e9ff-50d3-4709-82e3-a387fa013983 None None] Loading extension file: l3_enable_default_route_bfd.py {{(pid=87574) _load_all_extensions_from_path /opt/stack/neutron/neutron/api/extensions.py:449}}
Aug 03 19:21:56.799819 np0000006362 devstack@neutron-api.service[87576]: DEBUG neutron_lib.callbacks.manager [None req-4e47d801-13ac-4886-bc6b-df1d1c1d6c65 None None] Subscribe: > segment after_delete 55550000, False {{(pid=87576) subscribe /opt/stack/data/venv/lib/python3.12/site-packages/neutron_lib/callbacks/manager.py:52}}
Aug 03 19:21:56.800006 np0000006362 devstack@neutron-api.service[87574]: DEBUG neutron.api.extensions [None req-f060e9ff-50d3-4709-82e3-a387fa013983 None None] Ext name="Enable Default Route BFD" alias="enable-default-route-bfd" description="Enables configurable BFD behavior for default routes" updated="2023-02-27T00:00:00-00:00" {{(pid=87574) _check_extension /opt/stack/neutron/neutron/api/extensions.py:415}}
Aug 03 19:21:56.800070 np0000006362 devstack@neutron-api.service[87576]: DEBUG neutron_lib.callbacks.manager [None req-4e47d801-13ac-4886-bc6b-df1d1c1d6c65 None None] Subscribe: > allowed_address_pair before_create 55550000, False {{(pid=87576) subscribe /opt/stack/data/venv/lib/python3.12/site-packages/neutron_lib/callbacks/manager.py:52}}
Aug 03 19:21:56.800178 np0000006362 devstack@neutron-api.service[87574]: INFO neutron.api.extensions [None req-f060e9ff-50d3-4709-82e3-a387fa013983 None None] Loaded extension: enable-default-route-bfd
Aug 03 19:21:56.800225 np0000006362 devstack@neutron-api.service[87576]: DEBUG neutron_lib.callbacks.manager [None req-4e47d801-13ac-4886-bc6b-df1d1c1d6c65 None None] Subscribe: > security_group precommit_create 55550000, False {{(pid=87576) subscribe /opt/stack/data/venv/lib/python3.12/site-packages/neutron_lib/callbacks/manager.py:52}}
Aug 03 19:21:56.800277 np0000006362 devstack@neutron-api.service[87574]: DEBUG neutron.api.extensions [None req-f060e9ff-50d3-4709-82e3-a387fa013983 None None] Loading extension file: l3_enable_default_route_ecmp.py {{(pid=87574) _load_all_extensions_from_path /opt/stack/neutron/neutron/api/extensions.py:449}}
Aug 03 19:21:56.800364 np0000006362 devstack@neutron-api.service[87576]: DEBUG neutron_lib.callbacks.manager [None req-4e47d801-13ac-4886-bc6b-df1d1c1d6c65 None None] Subscribe: > security_group after_update 55550000, False {{(pid=87576) subscribe /opt/stack/data/venv/lib/python3.12/site-packages/neutron_lib/callbacks/manager.py:52}}
Aug 03 19:21:56.800500 np0000006362 devstack@neutron-api.service[87574]: DEBUG neutron.api.extensions [None req-f060e9ff-50d3-4709-82e3-a387fa013983 None None] Ext name="Enable Default Route ECMP" alias="enable-default-route-ecmp" description="Enables configurable ECMP behavior for default routes" updated="2023-02-27T00:00:00-00:00" {{(pid=87574) _check_extension /opt/stack/neutron/neutron/api/extensions.py:415}}
Aug 03 19:21:56.800563 np0000006362 devstack@neutron-api.service[87576]: DEBUG neutron_lib.callbacks.manager [None req-4e47d801-13ac-4886-bc6b-df1d1c1d6c65 None None] Subscribe: > security_group after_create 55550000, False {{(pid=87576) subscribe /opt/stack/data/venv/lib/python3.12/site-packages/neutron_lib/callbacks/manager.py:52}}
Aug 03 19:21:56.800649 np0000006362 devstack@neutron-api.service[87574]: INFO neutron.api.extensions [None req-f060e9ff-50d3-4709-82e3-a387fa013983 None None] Loaded extension: enable-default-route-ecmp
Aug 03 19:21:56.800730 np0000006362 devstack@neutron-api.service[87574]: DEBUG neutron.api.extensions [None req-f060e9ff-50d3-4709-82e3-a387fa013983 None None] Loading extension file: l3_ext_gw_mode.py {{(pid=87574) _load_all_extensions_from_path /opt/stack/neutron/neutron/api/extensions.py:449}}
Aug 03 19:21:56.800782 np0000006362 devstack@neutron-api.service[87576]: DEBUG neutron_lib.callbacks.manager [None req-4e47d801-13ac-4886-bc6b-df1d1c1d6c65 None None] Subscribe: > security_group precommit_delete 55550000, False {{(pid=87576) subscribe /opt/stack/data/venv/lib/python3.12/site-packages/neutron_lib/callbacks/manager.py:52}}
Aug 03 19:21:56.800904 np0000006362 devstack@neutron-api.service[87576]: DEBUG neutron_lib.callbacks.manager [None req-4e47d801-13ac-4886-bc6b-df1d1c1d6c65 None None] Subscribe: > security_group after_delete 55550000, False {{(pid=87576) subscribe /opt/stack/data/venv/lib/python3.12/site-packages/neutron_lib/callbacks/manager.py:52}}
Aug 03 19:21:56.800977 np0000006362 devstack@neutron-api.service[87574]: DEBUG neutron.api.extensions [None req-f060e9ff-50d3-4709-82e3-a387fa013983 None None] Ext name="Neutron L3 Configurable external gateway mode" alias="ext-gw-mode" description="Extension of the router abstraction for specifying whether SNAT should occur on the external gateway" updated="2013-03-28T10:00:00-00:00" {{(pid=87574) _check_extension /opt/stack/neutron/neutron/api/extensions.py:415}}
Aug 03 19:21:56.801092 np0000006362 devstack@neutron-api.service[87576]: DEBUG neutron_lib.callbacks.manager [None req-4e47d801-13ac-4886-bc6b-df1d1c1d6c65 None None] Subscribe: > security_group_rule precommit_create 55550000, False {{(pid=87576) subscribe /opt/stack/data/venv/lib/python3.12/site-packages/neutron_lib/callbacks/manager.py:52}}
Aug 03 19:21:56.801146 np0000006362 devstack@neutron-api.service[87574]: INFO neutron.api.extensions [None req-f060e9ff-50d3-4709-82e3-a387fa013983 None None] Loaded extension: ext-gw-mode
Aug 03 19:21:56.801192 np0000006362 devstack@neutron-api.service[87574]: DEBUG neutron.api.extensions [None req-f060e9ff-50d3-4709-82e3-a387fa013983 None None] Loading extension file: l3_ext_ha_mode.py {{(pid=87574) _load_all_extensions_from_path /opt/stack/neutron/neutron/api/extensions.py:449}}
Aug 03 19:21:56.801266 np0000006362 devstack@neutron-api.service[87576]: DEBUG neutron_lib.callbacks.manager [None req-4e47d801-13ac-4886-bc6b-df1d1c1d6c65 None None] Subscribe: > security_group_rule after_create 55550000, False {{(pid=87576) subscribe /opt/stack/data/venv/lib/python3.12/site-packages/neutron_lib/callbacks/manager.py:52}}
Aug 03 19:21:56.801456 np0000006362 devstack@neutron-api.service[87574]: DEBUG neutron.api.extensions [None req-f060e9ff-50d3-4709-82e3-a387fa013983 None None] Ext name="HA Router extension" alias="l3-ha" description="Adds HA capability to routers." updated="2014-04-26T00:00:00-00:00" {{(pid=87574) _check_extension /opt/stack/neutron/neutron/api/extensions.py:415}}
Aug 03 19:21:56.801521 np0000006362 devstack@neutron-api.service[87576]: DEBUG neutron_lib.callbacks.manager [None req-4e47d801-13ac-4886-bc6b-df1d1c1d6c65 None None] Subscribe: > security_group_rule before_delete 55550000, False {{(pid=87576) subscribe /opt/stack/data/venv/lib/python3.12/site-packages/neutron_lib/callbacks/manager.py:52}}
Aug 03 19:21:56.801626 np0000006362 devstack@neutron-api.service[87574]: INFO neutron.api.extensions [None req-f060e9ff-50d3-4709-82e3-a387fa013983 None None] Loaded extension: l3-ha
Aug 03 19:21:56.801677 np0000006362 devstack@neutron-api.service[87576]: DEBUG neutron_lib.callbacks.manager [None req-4e47d801-13ac-4886-bc6b-df1d1c1d6c65 None None] Subscribe: > address_group after_create 55550000, False {{(pid=87576) subscribe /opt/stack/data/venv/lib/python3.12/site-packages/neutron_lib/callbacks/manager.py:52}}
Aug 03 19:21:56.801723 np0000006362 devstack@neutron-api.service[87574]: DEBUG neutron.api.extensions [None req-f060e9ff-50d3-4709-82e3-a387fa013983 None None] Loading extension file: l3_ext_ndp_proxy.py {{(pid=87574) _load_all_extensions_from_path /opt/stack/neutron/neutron/api/extensions.py:449}}
Aug 03 19:21:56.801799 np0000006362 devstack@neutron-api.service[87576]: DEBUG neutron_lib.callbacks.manager [None req-4e47d801-13ac-4886-bc6b-df1d1c1d6c65 None None] Subscribe: > address_group after_update 55550000, False {{(pid=87576) subscribe /opt/stack/data/venv/lib/python3.12/site-packages/neutron_lib/callbacks/manager.py:52}}
Aug 03 19:21:56.801912 np0000006362 devstack@neutron-api.service[87574]: DEBUG neutron.api.extensions [None req-f060e9ff-50d3-4709-82e3-a387fa013983 None None] Ext name="Router support to enable NDP proxy" alias="l3-ext-ndp-proxy" description="Router extension to enable ndp proxy" updated="2020-08-25T00:00:00-00:00" {{(pid=87574) _check_extension /opt/stack/neutron/neutron/api/extensions.py:415}}
Aug 03 19:21:56.802002 np0000006362 devstack@neutron-api.service[87576]: DEBUG neutron_lib.callbacks.manager [None req-4e47d801-13ac-4886-bc6b-df1d1c1d6c65 None None] Subscribe: > address_group after_delete 55550000, False {{(pid=87576) subscribe /opt/stack/data/venv/lib/python3.12/site-packages/neutron_lib/callbacks/manager.py:52}}
Aug 03 19:21:56.802095 np0000006362 devstack@neutron-api.service[87574]: INFO neutron.api.extensions [None req-f060e9ff-50d3-4709-82e3-a387fa013983 None None] Extension l3-ext-ndp-proxy not supported by any of loaded plugins
Aug 03 19:21:56.802198 np0000006362 devstack@neutron-api.service[87574]: DEBUG neutron.api.extensions [None req-f060e9ff-50d3-4709-82e3-a387fa013983 None None] Loading extension file: l3_extra_gws.py {{(pid=87574) _load_all_extensions_from_path /opt/stack/neutron/neutron/api/extensions.py:449}}
Aug 03 19:21:56.802254 np0000006362 devstack@neutron-api.service[87576]: DEBUG neutron_lib.callbacks.manager [None req-4e47d801-13ac-4886-bc6b-df1d1c1d6c65 None None] Subscribe: > qos_plugin after_init 55550000, False {{(pid=87576) subscribe /opt/stack/data/venv/lib/python3.12/site-packages/neutron_lib/callbacks/manager.py:52}}
Aug 03 19:21:56.802418 np0000006362 devstack@neutron-api.service[87574]: DEBUG neutron.api.extensions [None req-f060e9ff-50d3-4709-82e3-a387fa013983 None None] Ext name="Neutron L3 External Gateway Multihoming" alias="external-gateway-multihoming" description="Allow multiple external gateway ports per router" updated="2023-01-18T00:00:00-00:00" {{(pid=87574) _check_extension /opt/stack/neutron/neutron/api/extensions.py:415}}
Aug 03 19:21:56.802544 np0000006362 devstack@neutron-api.service[87576]: DEBUG neutron_lib.callbacks.manager [None req-4e47d801-13ac-4886-bc6b-df1d1c1d6c65 None None] Subscribe: > trunk_plugin after_init 55550000, False {{(pid=87576) subscribe /opt/stack/data/venv/lib/python3.12/site-packages/neutron_lib/callbacks/manager.py:52}}
Aug 03 19:21:56.802610 np0000006362 devstack@neutron-api.service[87574]: INFO neutron.api.extensions [None req-f060e9ff-50d3-4709-82e3-a387fa013983 None None] Loaded extension: external-gateway-multihoming
Aug 03 19:21:56.802711 np0000006362 devstack@neutron-api.service[87574]: DEBUG neutron.api.extensions [None req-f060e9ff-50d3-4709-82e3-a387fa013983 None None] Loading extension file: l3_flavors.py {{(pid=87574) _load_all_extensions_from_path /opt/stack/neutron/neutron/api/extensions.py:449}}
Aug 03 19:21:56.802859 np0000006362 devstack@neutron-api.service[87576]: DEBUG neutron_lib.callbacks.manager [None req-4e47d801-13ac-4886-bc6b-df1d1c1d6c65 None None] Subscribe: > logging-plugin after_init 55550000, False {{(pid=87576) subscribe /opt/stack/data/venv/lib/python3.12/site-packages/neutron_lib/callbacks/manager.py:52}}
Aug 03 19:21:56.802969 np0000006362 devstack@neutron-api.service[87574]: DEBUG neutron.api.extensions [None req-f060e9ff-50d3-4709-82e3-a387fa013983 None None] Ext name="Router Flavor Extension" alias="l3-flavors" description="Flavor support for routers." updated="2016-05-17T00:00:00-00:00" {{(pid=87574) _check_extension /opt/stack/neutron/neutron/api/extensions.py:415}}
Aug 03 19:21:56.803508 np0000006362 devstack@neutron-api.service[87574]: INFO neutron.api.extensions [None req-f060e9ff-50d3-4709-82e3-a387fa013983 None None] Loaded extension: l3-flavors
Aug 03 19:21:56.803508 np0000006362 devstack@neutron-api.service[87574]: DEBUG neutron.api.extensions [None req-f060e9ff-50d3-4709-82e3-a387fa013983 None None] Loading extension file: l3_ndp_proxy.py {{(pid=87574) _load_all_extensions_from_path /opt/stack/neutron/neutron/api/extensions.py:449}}
Aug 03 19:21:56.803634 np0000006362 devstack@neutron-api.service[87576]: INFO neutron.services.logapi.drivers.ovn.driver [None req-4e47d801-13ac-4886-bc6b-df1d1c1d6c65 None None] OVN logging driver registered
Aug 03 19:21:56.803676 np0000006362 devstack@neutron-api.service[87574]: DEBUG neutron.api.extensions [None req-f060e9ff-50d3-4709-82e3-a387fa013983 None None] Ext name="name" alias="l3-ndp-proxy" description="description" updated="2021-06-29T10:00:00-00:00" {{(pid=87574) _check_extension /opt/stack/neutron/neutron/api/extensions.py:415}}
Aug 03 19:21:56.803722 np0000006362 devstack@neutron-api.service[87576]: DEBUG neutron_lib.callbacks.manager [None req-4e47d801-13ac-4886-bc6b-df1d1c1d6c65 None None] Subscribe: ._register_pvlan_driver at 0x77dec818c180> pvlan_plugin before_spawn 55550000, False {{(pid=87576) subscribe /opt/stack/data/venv/lib/python3.12/site-packages/neutron_lib/callbacks/manager.py:52}}
Aug 03 19:21:56.803765 np0000006362 devstack@neutron-api.service[87574]: INFO neutron.api.extensions [None req-f060e9ff-50d3-4709-82e3-a387fa013983 None None] Extension l3-ndp-proxy not supported by any of loaded plugins
Aug 03 19:21:56.803812 np0000006362 devstack@neutron-api.service[87574]: DEBUG neutron.api.extensions [None req-f060e9ff-50d3-4709-82e3-a387fa013983 None None] Loading extension file: l3_port_ip_change_not_allowed.py {{(pid=87574) _load_all_extensions_from_path /opt/stack/neutron/neutron/api/extensions.py:449}}
Aug 03 19:21:56.803863 np0000006362 devstack@neutron-api.service[87576]: DEBUG neutron_lib.callbacks.manager [None req-4e47d801-13ac-4886-bc6b-df1d1c1d6c65 None None] Subscribe: process after_init 55550000, False {{(pid=87576) subscribe /opt/stack/data/venv/lib/python3.12/site-packages/neutron_lib/callbacks/manager.py:52}}
Aug 03 19:21:56.806339 np0000006362 devstack@neutron-api.service[87576]: DEBUG neutron.plugins.ml2.plugin [None req-4e47d801-13ac-4886-bc6b-df1d1c1d6c65 None None] neutron.plugins.ml2.plugin.Ml2Plugin method _start_rpc_notifiers called with arguments () {} {{(pid=87576) wrapper /opt/stack/data/venv/lib/python3.12/site-packages/oslo_log/helpers.py:77}}
Aug 03 19:21:56.806669 np0000006362 devstack@neutron-api.service[87576]: DEBUG neutron_lib.callbacks.manager [None req-4e47d801-13ac-4886-bc6b-df1d1c1d6c65 None None] Subscribe: > port after_create 55550000, False {{(pid=87576) subscribe /opt/stack/data/venv/lib/python3.12/site-packages/neutron_lib/callbacks/manager.py:52}}
Aug 03 19:21:56.806862 np0000006362 devstack@neutron-api.service[87576]: DEBUG neutron_lib.callbacks.manager [None req-4e47d801-13ac-4886-bc6b-df1d1c1d6c65 None None] Subscribe: > port after_update 55550000, False {{(pid=87576) subscribe /opt/stack/data/venv/lib/python3.12/site-packages/neutron_lib/callbacks/manager.py:52}}
Aug 03 19:21:56.807083 np0000006362 devstack@neutron-api.service[87576]: DEBUG neutron_lib.callbacks.manager [None req-4e47d801-13ac-4886-bc6b-df1d1c1d6c65 None None] Subscribe: > port after_delete 55550000, False {{(pid=87576) subscribe /opt/stack/data/venv/lib/python3.12/site-packages/neutron_lib/callbacks/manager.py:52}}
Aug 03 19:21:56.807320 np0000006362 devstack@neutron-api.service[87576]: DEBUG neutron_lib.callbacks.manager [None req-4e47d801-13ac-4886-bc6b-df1d1c1d6c65 None None] Subscribe: > subnet after_create 55550000, False {{(pid=87576) subscribe /opt/stack/data/venv/lib/python3.12/site-packages/neutron_lib/callbacks/manager.py:52}}
Aug 03 19:21:56.807449 np0000006362 devstack@neutron-api.service[87576]: DEBUG neutron_lib.callbacks.manager [None req-4e47d801-13ac-4886-bc6b-df1d1c1d6c65 None None] Subscribe: > subnet after_update 55550000, False {{(pid=87576) subscribe /opt/stack/data/venv/lib/python3.12/site-packages/neutron_lib/callbacks/manager.py:52}}
Aug 03 19:21:56.807621 np0000006362 devstack@neutron-api.service[87576]: DEBUG neutron_lib.callbacks.manager [None req-4e47d801-13ac-4886-bc6b-df1d1c1d6c65 None None] Subscribe: > subnet after_delete 55550000, False {{(pid=87576) subscribe /opt/stack/data/venv/lib/python3.12/site-packages/neutron_lib/callbacks/manager.py:52}}
Aug 03 19:21:56.807796 np0000006362 devstack@neutron-api.service[87576]: DEBUG neutron_lib.callbacks.manager [None req-4e47d801-13ac-4886-bc6b-df1d1c1d6c65 None None] Subscribe: > network after_create 55550000, False {{(pid=87576) subscribe /opt/stack/data/venv/lib/python3.12/site-packages/neutron_lib/callbacks/manager.py:52}}
Aug 03 19:21:56.807975 np0000006362 devstack@neutron-api.service[87576]: DEBUG neutron_lib.callbacks.manager [None req-4e47d801-13ac-4886-bc6b-df1d1c1d6c65 None None] Subscribe: > network after_update 55550000, False {{(pid=87576) subscribe /opt/stack/data/venv/lib/python3.12/site-packages/neutron_lib/callbacks/manager.py:52}}
Aug 03 19:21:56.808172 np0000006362 devstack@neutron-api.service[87576]: DEBUG neutron_lib.callbacks.manager [None req-4e47d801-13ac-4886-bc6b-df1d1c1d6c65 None None] Subscribe: > network after_delete 55550000, False {{(pid=87576) subscribe /opt/stack/data/venv/lib/python3.12/site-packages/neutron_lib/callbacks/manager.py:52}}
Aug 03 19:21:56.808292 np0000006362 devstack@neutron-api.service[87576]: DEBUG neutron_lib.callbacks.manager [None req-4e47d801-13ac-4886-bc6b-df1d1c1d6c65 None None] Subscribe: > security_group after_create 55550000, False {{(pid=87576) subscribe /opt/stack/data/venv/lib/python3.12/site-packages/neutron_lib/callbacks/manager.py:52}}
Aug 03 19:21:56.808495 np0000006362 devstack@neutron-api.service[87576]: DEBUG neutron_lib.callbacks.manager [None req-4e47d801-13ac-4886-bc6b-df1d1c1d6c65 None None] Subscribe: > security_group after_update 55550000, False {{(pid=87576) subscribe /opt/stack/data/venv/lib/python3.12/site-packages/neutron_lib/callbacks/manager.py:52}}
Aug 03 19:21:56.808647 np0000006362 devstack@neutron-api.service[87576]: DEBUG neutron_lib.callbacks.manager [None req-4e47d801-13ac-4886-bc6b-df1d1c1d6c65 None None] Subscribe: > security_group after_delete 55550000, False {{(pid=87576) subscribe /opt/stack/data/venv/lib/python3.12/site-packages/neutron_lib/callbacks/manager.py:52}}
Aug 03 19:21:56.808810 np0000006362 devstack@neutron-api.service[87576]: DEBUG neutron_lib.callbacks.manager [None req-4e47d801-13ac-4886-bc6b-df1d1c1d6c65 None None] Subscribe: > security_group_rule after_create 55550000, False {{(pid=87576) subscribe /opt/stack/data/venv/lib/python3.12/site-packages/neutron_lib/callbacks/manager.py:52}}
Aug 03 19:21:56.809053 np0000006362 devstack@neutron-api.service[87576]: DEBUG neutron_lib.callbacks.manager [None req-4e47d801-13ac-4886-bc6b-df1d1c1d6c65 None None] Subscribe: > security_group_rule after_update 55550000, False {{(pid=87576) subscribe /opt/stack/data/venv/lib/python3.12/site-packages/neutron_lib/callbacks/manager.py:52}}
Aug 03 19:21:56.809150 np0000006362 devstack@neutron-api.service[87576]: DEBUG neutron_lib.callbacks.manager [None req-4e47d801-13ac-4886-bc6b-df1d1c1d6c65 None None] Subscribe: > security_group_rule after_delete 55550000, False {{(pid=87576) subscribe /opt/stack/data/venv/lib/python3.12/site-packages/neutron_lib/callbacks/manager.py:52}}
Aug 03 19:21:56.809314 np0000006362 devstack@neutron-api.service[87576]: DEBUG neutron_lib.callbacks.manager [None req-4e47d801-13ac-4886-bc6b-df1d1c1d6c65 None None] Subscribe: > address_group after_create 55550000, False {{(pid=87576) subscribe /opt/stack/data/venv/lib/python3.12/site-packages/neutron_lib/callbacks/manager.py:52}}
Aug 03 19:21:56.809512 np0000006362 devstack@neutron-api.service[87576]: DEBUG neutron_lib.callbacks.manager [None req-4e47d801-13ac-4886-bc6b-df1d1c1d6c65 None None] Subscribe: > address_group after_update 55550000, False {{(pid=87576) subscribe /opt/stack/data/venv/lib/python3.12/site-packages/neutron_lib/callbacks/manager.py:52}}
Aug 03 19:21:56.809597 np0000006362 devstack@neutron-api.service[87576]: DEBUG neutron_lib.callbacks.manager [None req-4e47d801-13ac-4886-bc6b-df1d1c1d6c65 None None] Subscribe: > address_group after_delete 55550000, False {{(pid=87576) subscribe /opt/stack/data/venv/lib/python3.12/site-packages/neutron_lib/callbacks/manager.py:52}}
Aug 03 19:21:56.809725 np0000006362 devstack@neutron-api.service[87576]: DEBUG neutron.plugins.ml2.ovo_rpc [None req-4e47d801-13ac-4886-bc6b-df1d1c1d6c65 None None] ML2 OVO RPC backend initialized. {{(pid=87576) __init__ /opt/stack/neutron/neutron/plugins/ml2/ovo_rpc.py:117}}
Aug 03 19:21:56.810989 np0000006362 devstack@neutron-api.service[87576]: INFO neutron.quota [None req-4e47d801-13ac-4886-bc6b-df1d1c1d6c65 None None] Loaded quota_driver: .
Aug 03 19:21:56.811155 np0000006362 devstack@neutron-api.service[87576]: INFO neutron.plugins.ml2.plugin [None req-4e47d801-13ac-4886-bc6b-df1d1c1d6c65 None None] Modular L2 Plugin initialization complete
Aug 03 19:21:56.811425 np0000006362 devstack@neutron-api.service[87576]: DEBUG neutron.manager [None req-4e47d801-13ac-4886-bc6b-df1d1c1d6c65 None None] Loading services supported by the core plugin {{(pid=87576) _load_services_from_core_plugin /opt/stack/neutron/neutron/manager.py:167}}
Aug 03 19:21:56.811568 np0000006362 devstack@neutron-api.service[87576]: INFO neutron.plugins.ml2.managers [None req-4e47d801-13ac-4886-bc6b-df1d1c1d6c65 None None] Got port-security extension from driver 'port_security'
Aug 03 19:21:56.812025 np0000006362 devstack@neutron-api.service[87576]: DEBUG neutron.manager [None req-4e47d801-13ac-4886-bc6b-df1d1c1d6c65 None None] Loading service plugins: ['ovn-router', 'auto_allocate', 'tag', 'timestamp', 'network_ip_availability', 'flavors', 'revisions'] {{(pid=87576) _load_service_plugins /opt/stack/neutron/neutron/manager.py:192}}
Aug 03 19:21:56.812135 np0000006362 devstack@neutron-api.service[87576]: INFO neutron.manager [None req-4e47d801-13ac-4886-bc6b-df1d1c1d6c65 None None] Loading Plugin: ovn-router
Aug 03 19:21:56.823835 np0000006362 devstack@neutron-api.service[87576]: DEBUG neutron_lib.callbacks.manager [None req-4e47d801-13ac-4886-bc6b-df1d1c1d6c65 None None] Subscribe: > router before_delete 55550000, False {{(pid=87576) subscribe /opt/stack/data/venv/lib/python3.12/site-packages/neutron_lib/callbacks/manager.py:52}}
Aug 03 19:21:56.824269 np0000006362 devstack@neutron-api.service[87576]: DEBUG neutron_lib.callbacks.manager [None req-4e47d801-13ac-4886-bc6b-df1d1c1d6c65 None None] Subscribe: port before_update 55550000, False {{(pid=87576) subscribe /opt/stack/data/venv/lib/python3.12/site-packages/neutron_lib/callbacks/manager.py:52}}
Aug 03 19:21:56.824269 np0000006362 devstack@neutron-api.service[87576]: DEBUG neutron_lib.callbacks.manager [None req-4e47d801-13ac-4886-bc6b-df1d1c1d6c65 None None] Subscribe: port after_update 55550000, False {{(pid=87576) subscribe /opt/stack/data/venv/lib/python3.12/site-packages/neutron_lib/callbacks/manager.py:52}}
Aug 03 19:21:56.824553 np0000006362 devstack@neutron-api.service[87576]: DEBUG neutron_lib.callbacks.manager [None req-4e47d801-13ac-4886-bc6b-df1d1c1d6c65 None None] Subscribe: > port precommit_delete 55550000, False {{(pid=87576) subscribe /opt/stack/data/venv/lib/python3.12/site-packages/neutron_lib/callbacks/manager.py:52}}
Aug 03 19:21:56.824611 np0000006362 devstack@neutron-api.service[87576]: DEBUG neutron_lib.callbacks.manager [None req-4e47d801-13ac-4886-bc6b-df1d1c1d6c65 None None] Subscribe: port before_update 55550000, False {{(pid=87576) subscribe /opt/stack/data/venv/lib/python3.12/site-packages/neutron_lib/callbacks/manager.py:52}}
Aug 03 19:21:56.824721 np0000006362 devstack@neutron-api.service[87576]: DEBUG neutron_lib.callbacks.manager [None req-4e47d801-13ac-4886-bc6b-df1d1c1d6c65 None None] Subscribe: port before_delete 55550000, False {{(pid=87576) subscribe /opt/stack/data/venv/lib/python3.12/site-packages/neutron_lib/callbacks/manager.py:52}}
Aug 03 19:21:56.824861 np0000006362 devstack@neutron-api.service[87576]: DEBUG neutron_lib.callbacks.manager [None req-4e47d801-13ac-4886-bc6b-df1d1c1d6c65 None None] Subscribe: > router precommit_create 55550000, False {{(pid=87576) subscribe /opt/stack/data/venv/lib/python3.12/site-packages/neutron_lib/callbacks/manager.py:52}}
Aug 03 19:21:56.825004 np0000006362 devstack@neutron-api.service[87576]: DEBUG neutron_lib.callbacks.manager [None req-4e47d801-13ac-4886-bc6b-df1d1c1d6c65 None None] Subscribe: > router precommit_create 55550000, False {{(pid=87576) subscribe /opt/stack/data/venv/lib/python3.12/site-packages/neutron_lib/callbacks/manager.py:52}}
Aug 03 19:21:56.825139 np0000006362 devstack@neutron-api.service[87576]: DEBUG neutron_lib.callbacks.manager [None req-4e47d801-13ac-4886-bc6b-df1d1c1d6c65 None None] Subscribe: > router precommit_update 55550000, False {{(pid=87576) subscribe /opt/stack/data/venv/lib/python3.12/site-packages/neutron_lib/callbacks/manager.py:52}}
Aug 03 19:21:56.825278 np0000006362 devstack@neutron-api.service[87576]: DEBUG neutron_lib.callbacks.manager [None req-4e47d801-13ac-4886-bc6b-df1d1c1d6c65 None None] Subscribe: subnet after_update 55550000, False {{(pid=87576) subscribe /opt/stack/data/venv/lib/python3.12/site-packages/neutron_lib/callbacks/manager.py:52}}
Aug 03 19:21:56.825565 np0000006362 devstack@neutron-api.service[87576]: DEBUG neutron.quota.resource_registry [None req-4e47d801-13ac-4886-bc6b-df1d1c1d6c65 None None] Tracking information for resource: router configured {{(pid=87576) set_tracked_resource /opt/stack/neutron/neutron/quota/resource_registry.py:203}}
Aug 03 19:21:56.825700 np0000006362 devstack@neutron-api.service[87576]: DEBUG neutron.quota.resource_registry [None req-4e47d801-13ac-4886-bc6b-df1d1c1d6c65 None None] Tracking information for resource: floatingip configured {{(pid=87576) set_tracked_resource /opt/stack/neutron/neutron/quota/resource_registry.py:203}}
Aug 03 19:21:56.825860 np0000006362 devstack@neutron-api.service[87576]: INFO neutron.services.ovn_l3.plugin [None req-4e47d801-13ac-4886-bc6b-df1d1c1d6c65 None None] Starting OVNL3RouterPlugin
Aug 03 19:21:56.826172 np0000006362 devstack@neutron-api.service[87576]: DEBUG neutron_lib.callbacks.manager [None req-4e47d801-13ac-4886-bc6b-df1d1c1d6c65 None None] Subscribe: > port_forwarding_plugin after_init 55550000, False {{(pid=87576) subscribe /opt/stack/data/venv/lib/python3.12/site-packages/neutron_lib/callbacks/manager.py:52}}
Aug 03 19:21:56.826529 np0000006362 devstack@neutron-api.service[87576]: DEBUG neutron_lib.callbacks.manager [None req-4e47d801-13ac-4886-bc6b-df1d1c1d6c65 None None] Subscribe: > router before_create 55550100, False {{(pid=87576) subscribe /opt/stack/data/venv/lib/python3.12/site-packages/neutron_lib/callbacks/manager.py:52}}
Aug 03 19:21:56.826686 np0000006362 devstack@neutron-api.service[87576]: DEBUG neutron_lib.callbacks.manager [None req-4e47d801-13ac-4886-bc6b-df1d1c1d6c65 None None] Subscribe: > router precommit_delete 55550100, False {{(pid=87576) subscribe /opt/stack/data/venv/lib/python3.12/site-packages/neutron_lib/callbacks/manager.py:52}}
Aug 03 19:21:56.826797 np0000006362 devstack@neutron-api.service[87576]: DEBUG neutron_lib.callbacks.manager [None req-4e47d801-13ac-4886-bc6b-df1d1c1d6c65 None None] Subscribe: > router precommit_create 55550100, False {{(pid=87576) subscribe /opt/stack/data/venv/lib/python3.12/site-packages/neutron_lib/callbacks/manager.py:52}}
Aug 03 19:21:56.826966 np0000006362 devstack@neutron-api.service[87576]: DEBUG neutron_lib.callbacks.manager [None req-4e47d801-13ac-4886-bc6b-df1d1c1d6c65 None None] Subscribe: > router precommit_update 55550100, False {{(pid=87576) subscribe /opt/stack/data/venv/lib/python3.12/site-packages/neutron_lib/callbacks/manager.py:52}}
Aug 03 19:21:56.830718 np0000006362 devstack@neutron-api.service[87576]: DEBUG neutron.services.provider_configuration [None req-4e47d801-13ac-4886-bc6b-df1d1c1d6c65 None None] Service providers = [] {{(pid=87576) parse_service_provider_opt /opt/stack/neutron/neutron/services/provider_configuration.py:170}}
