Aug 13 21:57:37.903292 np0000007271 devstack@neutron-api.service[90808]: DEBUG neutron_lib.callbacks.manager [None req-6cf90564-2102-4313-974b-5d99cd87859d None None] Subscribe: > security_group after_delete 55550000, False {{(pid=90808) subscribe /opt/stack/data/venv/lib/python3.12/site-packages/neutron_lib/callbacks/manager.py:52}}
Aug 13 21:57:37.903377 np0000007271 devstack@neutron-api.service[90811]: DEBUG neutron.api.extensions [None req-86f238b1-cbb9-44f3-9213-571d4a97d70b None None] Loading extension file: vlantransparent.py {{(pid=90811) _load_all_extensions_from_path /opt/stack/neutron/neutron/api/extensions.py:449}}
Aug 13 21:57:37.903478 np0000007271 devstack@neutron-api.service[90808]: DEBUG neutron_lib.callbacks.manager [None req-6cf90564-2102-4313-974b-5d99cd87859d None None] Subscribe: > security_group_rule precommit_create 55550000, False {{(pid=90808) subscribe /opt/stack/data/venv/lib/python3.12/site-packages/neutron_lib/callbacks/manager.py:52}}
Aug 13 21:57:37.903612 np0000007271 devstack@neutron-api.service[90810]: INFO neutron.api.extensions [None req-6274aa71-61aa-42a3-83f9-2d40ebdbd4ae None None] Loaded extension: subnet_allocation
Aug 13 21:57:37.903711 np0000007271 devstack@neutron-api.service[90808]: DEBUG neutron_lib.callbacks.manager [None req-6cf90564-2102-4313-974b-5d99cd87859d None None] Subscribe: > security_group_rule after_create 55550000, False {{(pid=90808) subscribe /opt/stack/data/venv/lib/python3.12/site-packages/neutron_lib/callbacks/manager.py:52}}
Aug 13 21:57:37.903803 np0000007271 devstack@neutron-api.service[90810]: DEBUG neutron.api.extensions [None req-6274aa71-61aa-42a3-83f9-2d40ebdbd4ae None None] Loading extension file: subnetpool_prefix_ops.py {{(pid=90810) _load_all_extensions_from_path /opt/stack/neutron/neutron/api/extensions.py:449}}
Aug 13 21:57:37.903892 np0000007271 devstack@neutron-api.service[90808]: DEBUG neutron_lib.callbacks.manager [None req-6cf90564-2102-4313-974b-5d99cd87859d None None] Subscribe: > security_group_rule before_delete 55550000, False {{(pid=90808) subscribe /opt/stack/data/venv/lib/python3.12/site-packages/neutron_lib/callbacks/manager.py:52}}
Aug 13 21:57:37.903997 np0000007271 devstack@neutron-api.service[90811]: DEBUG neutron.api.extensions [None req-86f238b1-cbb9-44f3-9213-571d4a97d70b None None] Ext name="Vlantransparent" alias="vlan-transparent" description="Provides Vlan Transparent Networks" updated="2015-03-23T09:00:00-00:00" {{(pid=90811) _check_extension /opt/stack/neutron/neutron/api/extensions.py:415}}
Aug 13 21:57:37.904085 np0000007271 devstack@neutron-api.service[90808]: DEBUG neutron_lib.callbacks.manager [None req-6cf90564-2102-4313-974b-5d99cd87859d None None] Subscribe: > address_group after_create 55550000, False {{(pid=90808) subscribe /opt/stack/data/venv/lib/python3.12/site-packages/neutron_lib/callbacks/manager.py:52}}
Aug 13 21:57:37.904176 np0000007271 devstack@neutron-api.service[90811]: INFO neutron.api.extensions [None req-86f238b1-cbb9-44f3-9213-571d4a97d70b None None] Loaded extension: vlan-transparent
Aug 13 21:57:37.904265 np0000007271 devstack@neutron-api.service[90808]: DEBUG neutron_lib.callbacks.manager [None req-6cf90564-2102-4313-974b-5d99cd87859d None None] Subscribe: > address_group after_update 55550000, False {{(pid=90808) subscribe /opt/stack/data/venv/lib/python3.12/site-packages/neutron_lib/callbacks/manager.py:52}}
Aug 13 21:57:37.904265 np0000007271 devstack@neutron-api.service[90808]: DEBUG neutron_lib.callbacks.manager [None req-6cf90564-2102-4313-974b-5d99cd87859d None None] Subscribe: > address_group after_delete 55550000, False {{(pid=90808) subscribe /opt/stack/data/venv/lib/python3.12/site-packages/neutron_lib/callbacks/manager.py:52}}
Aug 13 21:57:37.904393 np0000007271 devstack@neutron-api.service[90810]: DEBUG neutron.api.extensions [None req-6274aa71-61aa-42a3-83f9-2d40ebdbd4ae None None] Ext name="Subnet Pool Prefix Operations" alias="subnetpool-prefix-ops" description="Provides support for adjusting the prefix list of subnet pools" updated="2019-02-08T10:00:00-00:00" {{(pid=90810) _check_extension /opt/stack/neutron/neutron/api/extensions.py:415}}
Aug 13 21:57:37.904533 np0000007271 devstack@neutron-api.service[90808]: DEBUG neutron_lib.callbacks.manager [None req-6cf90564-2102-4313-974b-5d99cd87859d None None] Subscribe: > qos_plugin after_init 55550000, False {{(pid=90808) subscribe /opt/stack/data/venv/lib/python3.12/site-packages/neutron_lib/callbacks/manager.py:52}}
Aug 13 21:57:37.904688 np0000007271 devstack@neutron-api.service[90810]: INFO neutron.api.extensions [None req-6274aa71-61aa-42a3-83f9-2d40ebdbd4ae None None] Loaded extension: subnetpool-prefix-ops
Aug 13 21:57:37.904775 np0000007271 devstack@neutron-api.service[90808]: DEBUG neutron_lib.callbacks.manager [None req-6cf90564-2102-4313-974b-5d99cd87859d None None] Subscribe: > trunk_plugin after_init 55550000, False {{(pid=90808) subscribe /opt/stack/data/venv/lib/python3.12/site-packages/neutron_lib/callbacks/manager.py:52}}
Aug 13 21:57:37.904858 np0000007271 devstack@neutron-api.service[90810]: DEBUG neutron.api.extensions [None req-6274aa71-61aa-42a3-83f9-2d40ebdbd4ae None None] Loading extension file: tag_creation.py {{(pid=90810) _load_all_extensions_from_path /opt/stack/neutron/neutron/api/extensions.py:449}}
Aug 13 21:57:37.904938 np0000007271 devstack@neutron-api.service[90808]: DEBUG neutron_lib.callbacks.manager [None req-6cf90564-2102-4313-974b-5d99cd87859d None None] Subscribe: > logging-plugin after_init 55550000, False {{(pid=90808) subscribe /opt/stack/data/venv/lib/python3.12/site-packages/neutron_lib/callbacks/manager.py:52}}
Aug 13 21:57:37.905018 np0000007271 devstack@neutron-api.service[90810]: DEBUG neutron.api.extensions [None req-6274aa71-61aa-42a3-83f9-2d40ebdbd4ae None None] Ext name="Tag creation extension" alias="tag-creation" description="Allow to create multiple tags for a resource" updated="2024-23-07T10:00:00-00:00" {{(pid=90810) _check_extension /opt/stack/neutron/neutron/api/extensions.py:415}}
Aug 13 21:57:37.905018 np0000007271 devstack@neutron-api.service[90810]: INFO neutron.api.extensions [None req-6274aa71-61aa-42a3-83f9-2d40ebdbd4ae None None] Loaded extension: tag-creation
Aug 13 21:57:37.905148 np0000007271 devstack@neutron-api.service[90808]: INFO neutron.services.logapi.drivers.ovn.driver [None req-6cf90564-2102-4313-974b-5d99cd87859d None None] OVN logging driver registered
Aug 13 21:57:37.905241 np0000007271 devstack@neutron-api.service[90810]: DEBUG neutron.api.extensions [None req-6274aa71-61aa-42a3-83f9-2d40ebdbd4ae None None] Loading extension file: tag_ports_during_bulk_creation.py {{(pid=90810) _load_all_extensions_from_path /opt/stack/neutron/neutron/api/extensions.py:449}}
Aug 13 21:57:37.905329 np0000007271 devstack@neutron-api.service[90808]: DEBUG neutron_lib.callbacks.manager [None req-6cf90564-2102-4313-974b-5d99cd87859d None None] Subscribe: ._register_pvlan_driver at 0x78846e096700> pvlan_plugin before_spawn 55550000, False {{(pid=90808) subscribe /opt/stack/data/venv/lib/python3.12/site-packages/neutron_lib/callbacks/manager.py:52}}
Aug 13 21:57:37.905329 np0000007271 devstack@neutron-api.service[90808]: DEBUG neutron_lib.callbacks.manager [None req-6cf90564-2102-4313-974b-5d99cd87859d None None] Subscribe: process after_init 55550000, False {{(pid=90808) subscribe /opt/stack/data/venv/lib/python3.12/site-packages/neutron_lib/callbacks/manager.py:52}}
Aug 13 21:57:37.905489 np0000007271 devstack@neutron-api.service[90811]: INFO neutron.quota.resource_registry [None req-86f238b1-cbb9-44f3-9213-571d4a97d70b None None] Creating instance of TrackedResource for resource:network
Aug 13 21:57:37.905590 np0000007271 devstack@neutron-api.service[90810]: DEBUG neutron.api.extensions [None req-6274aa71-61aa-42a3-83f9-2d40ebdbd4ae None None] Ext name="Tag Ports During Bulk Creation" alias="tag-ports-during-bulk-creation" description="Allow to tag ports during bulk creation" updated="2019-12-29T19:00:00-00:00" {{(pid=90810) _check_extension /opt/stack/neutron/neutron/api/extensions.py:415}}
Aug 13 21:57:37.905680 np0000007271 devstack@neutron-api.service[90811]: INFO neutron.quota.resource_registry [None req-86f238b1-cbb9-44f3-9213-571d4a97d70b None None] Creating instance of TrackedResource for resource:subnet
Aug 13 21:57:37.905769 np0000007271 devstack@neutron-api.service[90810]: INFO neutron.api.extensions [None req-6274aa71-61aa-42a3-83f9-2d40ebdbd4ae None None] Extension tag-ports-during-bulk-creation not supported by any of loaded plugins
Aug 13 21:57:37.905872 np0000007271 devstack@neutron-api.service[90811]: INFO neutron.quota.resource_registry [None req-86f238b1-cbb9-44f3-9213-571d4a97d70b None None] Creating instance of TrackedResource for resource:subnetpool
Aug 13 21:57:37.905957 np0000007271 devstack@neutron-api.service[90810]: DEBUG neutron.api.extensions [None req-6274aa71-61aa-42a3-83f9-2d40ebdbd4ae None None] Loading extension file: tagging.py {{(pid=90810) _load_all_extensions_from_path /opt/stack/neutron/neutron/api/extensions.py:449}}
Aug 13 21:57:37.906044 np0000007271 devstack@neutron-api.service[90811]: INFO neutron.quota.resource_registry [None req-86f238b1-cbb9-44f3-9213-571d4a97d70b None None] Creating instance of TrackedResource for resource:port
Aug 13 21:57:37.906127 np0000007271 devstack@neutron-api.service[90810]: DEBUG neutron.api.extensions [None req-6274aa71-61aa-42a3-83f9-2d40ebdbd4ae None None] Ext name="Tag support for resources with standard attribute: port, subnet, subnetpool, network, security_group, router, floatingip, policy, trunk, network_segment_range" alias="standard-attr-tag" description="Enables to set tag on resources with standard attribute." updated="2017-01-01T00:00:00-00:00" {{(pid=90810) _check_extension /opt/stack/neutron/neutron/api/extensions.py:415}}
Aug 13 21:57:37.906249 np0000007271 devstack@neutron-api.service[90808]: DEBUG neutron.plugins.ml2.plugin [None req-6cf90564-2102-4313-974b-5d99cd87859d None None] neutron.plugins.ml2.plugin.Ml2Plugin method _start_rpc_notifiers called with arguments () {} {{(pid=90808) wrapper /opt/stack/data/venv/lib/python3.12/site-packages/oslo_log/helpers.py:77}}
Aug 13 21:57:37.906350 np0000007271 devstack@neutron-api.service[90810]: INFO neutron.api.extensions [None req-6274aa71-61aa-42a3-83f9-2d40ebdbd4ae None None] Loaded extension: standard-attr-tag
Aug 13 21:57:37.906350 np0000007271 devstack@neutron-api.service[90810]: DEBUG neutron.api.extensions [None req-6274aa71-61aa-42a3-83f9-2d40ebdbd4ae None None] Loading extension file: timestamp.py {{(pid=90810) _load_all_extensions_from_path /opt/stack/neutron/neutron/api/extensions.py:449}}
Aug 13 21:57:37.906494 np0000007271 devstack@neutron-api.service[90808]: DEBUG neutron_lib.callbacks.manager [None req-6cf90564-2102-4313-974b-5d99cd87859d None None] Subscribe: > port after_create 55550000, False {{(pid=90808) subscribe /opt/stack/data/venv/lib/python3.12/site-packages/neutron_lib/callbacks/manager.py:52}}
Aug 13 21:57:37.906621 np0000007271 devstack@neutron-api.service[90811]: INFO neutron.quota.resource_registry [None req-86f238b1-cbb9-44f3-9213-571d4a97d70b None None] Creating instance of CountableResource for resource:router_route
Aug 13 21:57:37.906720 np0000007271 devstack@neutron-api.service[90808]: DEBUG neutron_lib.callbacks.manager [None req-6cf90564-2102-4313-974b-5d99cd87859d None None] Subscribe: > port after_update 55550000, False {{(pid=90808) subscribe /opt/stack/data/venv/lib/python3.12/site-packages/neutron_lib/callbacks/manager.py:52}}
Aug 13 21:57:37.906720 np0000007271 devstack@neutron-api.service[90808]: DEBUG neutron_lib.callbacks.manager [None req-6cf90564-2102-4313-974b-5d99cd87859d None None] Subscribe: > port after_delete 55550000, False {{(pid=90808) subscribe /opt/stack/data/venv/lib/python3.12/site-packages/neutron_lib/callbacks/manager.py:52}}
Aug 13 21:57:37.906829 np0000007271 devstack@neutron-api.service[90811]: DEBUG neutron.api.v2.resource_helper [None req-86f238b1-cbb9-44f3-9213-571d4a97d70b None None] Service L3_ROUTER_NAT assigned prefix: {{(pid=90811) build_resource_info /opt/stack/neutron/neutron/api/v2/resource_helper.py:77}}
Aug 13 21:57:37.906907 np0000007271 devstack@neutron-api.service[90810]: DEBUG neutron.api.extensions [None req-6274aa71-61aa-42a3-83f9-2d40ebdbd4ae None None] Ext name="Resource timestamps" alias="standard-attr-timestamp" description="Adds created_at and updated_at fields to all Neutron resources that have Neutron standard attributes." updated="2016-09-12T10:00:00-00:00" {{(pid=90810) _check_extension /opt/stack/neutron/neutron/api/extensions.py:415}}
Aug 13 21:57:37.906980 np0000007271 devstack@neutron-api.service[90808]: DEBUG neutron_lib.callbacks.manager [None req-6cf90564-2102-4313-974b-5d99cd87859d None None] Subscribe: > subnet after_create 55550000, False {{(pid=90808) subscribe /opt/stack/data/venv/lib/python3.12/site-packages/neutron_lib/callbacks/manager.py:52}}
Aug 13 21:57:37.906980 np0000007271 devstack@neutron-api.service[90808]: DEBUG neutron_lib.callbacks.manager [None req-6cf90564-2102-4313-974b-5d99cd87859d None None] Subscribe: > subnet after_update 55550000, False {{(pid=90808) subscribe /opt/stack/data/venv/lib/python3.12/site-packages/neutron_lib/callbacks/manager.py:52}}
Aug 13 21:57:37.906980 np0000007271 devstack@neutron-api.service[90808]: DEBUG neutron_lib.callbacks.manager [None req-6cf90564-2102-4313-974b-5d99cd87859d None None] Subscribe: > subnet after_delete 55550000, False {{(pid=90808) subscribe /opt/stack/data/venv/lib/python3.12/site-packages/neutron_lib/callbacks/manager.py:52}}
Aug 13 21:57:37.907185 np0000007271 devstack@neutron-api.service[90810]: INFO neutron.api.extensions [None req-6274aa71-61aa-42a3-83f9-2d40ebdbd4ae None None] Loaded extension: standard-attr-timestamp
Aug 13 21:57:37.907255 np0000007271 devstack@neutron-api.service[90808]: DEBUG neutron_lib.callbacks.manager [None req-6cf90564-2102-4313-974b-5d99cd87859d None None] Subscribe: > network after_create 55550000, False {{(pid=90808) subscribe /opt/stack/data/venv/lib/python3.12/site-packages/neutron_lib/callbacks/manager.py:52}}
Aug 13 21:57:37.907333 np0000007271 devstack@neutron-api.service[90811]: DEBUG neutron.api.v2.resource_helper [None req-86f238b1-cbb9-44f3-9213-571d4a97d70b None None] Service FLAVORS assigned prefix: {{(pid=90811) build_resource_info /opt/stack/neutron/neutron/api/v2/resource_helper.py:77}}
Aug 13 21:57:37.907411 np0000007271 devstack@neutron-api.service[90810]: DEBUG neutron.api.extensions [None req-6274aa71-61aa-42a3-83f9-2d40ebdbd4ae None None] Loading extension file: trunk.py {{(pid=90810) _load_all_extensions_from_path /opt/stack/neutron/neutron/api/extensions.py:449}}
Aug 13 21:57:37.907514 np0000007271 devstack@neutron-api.service[90808]: DEBUG neutron_lib.callbacks.manager [None req-6cf90564-2102-4313-974b-5d99cd87859d None None] Subscribe: > network after_update 55550000, False {{(pid=90808) subscribe /opt/stack/data/venv/lib/python3.12/site-packages/neutron_lib/callbacks/manager.py:52}}
Aug 13 21:57:37.907514 np0000007271 devstack@neutron-api.service[90808]: DEBUG neutron_lib.callbacks.manager [None req-6cf90564-2102-4313-974b-5d99cd87859d None None] Subscribe: > network after_delete 55550000, False {{(pid=90808) subscribe /opt/stack/data/venv/lib/python3.12/site-packages/neutron_lib/callbacks/manager.py:52}}
Aug 13 21:57:37.907514 np0000007271 devstack@neutron-api.service[90808]: DEBUG neutron_lib.callbacks.manager [None req-6cf90564-2102-4313-974b-5d99cd87859d None None] Subscribe: > security_group after_create 55550000, False {{(pid=90808) subscribe /opt/stack/data/venv/lib/python3.12/site-packages/neutron_lib/callbacks/manager.py:52}}
Aug 13 21:57:37.907514 np0000007271 devstack@neutron-api.service[90808]: DEBUG neutron_lib.callbacks.manager [None req-6cf90564-2102-4313-974b-5d99cd87859d None None] Subscribe: > security_group after_update 55550000, False {{(pid=90808) subscribe /opt/stack/data/venv/lib/python3.12/site-packages/neutron_lib/callbacks/manager.py:52}}
Aug 13 21:57:37.907724 np0000007271 devstack@neutron-api.service[90810]: DEBUG neutron.api.extensions [None req-6274aa71-61aa-42a3-83f9-2d40ebdbd4ae None None] Ext name="Trunk Extension" alias="trunk" description="Provides support for trunk ports" updated="2016-01-01T10:00:00-00:00" {{(pid=90810) _check_extension /opt/stack/neutron/neutron/api/extensions.py:415}}
Aug 13 21:57:37.907816 np0000007271 devstack@neutron-api.service[90808]: DEBUG neutron_lib.callbacks.manager [None req-6cf90564-2102-4313-974b-5d99cd87859d None None] Subscribe: > security_group after_delete 55550000, False {{(pid=90808) subscribe /opt/stack/data/venv/lib/python3.12/site-packages/neutron_lib/callbacks/manager.py:52}}
Aug 13 21:57:37.907816 np0000007271 devstack@neutron-api.service[90808]: DEBUG neutron_lib.callbacks.manager [None req-6cf90564-2102-4313-974b-5d99cd87859d None None] Subscribe: > security_group_rule after_create 55550000, False {{(pid=90808) subscribe /opt/stack/data/venv/lib/python3.12/site-packages/neutron_lib/callbacks/manager.py:52}}
Aug 13 21:57:37.907816 np0000007271 devstack@neutron-api.service[90808]: DEBUG neutron_lib.callbacks.manager [None req-6cf90564-2102-4313-974b-5d99cd87859d None None] Subscribe: > security_group_rule after_update 55550000, False {{(pid=90808) subscribe /opt/stack/data/venv/lib/python3.12/site-packages/neutron_lib/callbacks/manager.py:52}}
Aug 13 21:57:37.907953 np0000007271 devstack@neutron-api.service[90810]: INFO neutron.api.extensions [None req-6274aa71-61aa-42a3-83f9-2d40ebdbd4ae None None] Extension trunk not supported by any of loaded plugins
Aug 13 21:57:37.908038 np0000007271 devstack@neutron-api.service[90808]: DEBUG neutron_lib.callbacks.manager [None req-6cf90564-2102-4313-974b-5d99cd87859d None None] Subscribe: > security_group_rule after_delete 55550000, False {{(pid=90808) subscribe /opt/stack/data/venv/lib/python3.12/site-packages/neutron_lib/callbacks/manager.py:52}}
Aug 13 21:57:37.908038 np0000007271 devstack@neutron-api.service[90808]: DEBUG neutron_lib.callbacks.manager [None req-6cf90564-2102-4313-974b-5d99cd87859d None None] Subscribe: > address_group after_create 55550000, False {{(pid=90808) subscribe /opt/stack/data/venv/lib/python3.12/site-packages/neutron_lib/callbacks/manager.py:52}}
Aug 13 21:57:37.908153 np0000007271 devstack@neutron-api.service[90810]: DEBUG neutron.api.extensions [None req-6274aa71-61aa-42a3-83f9-2d40ebdbd4ae None None] Loading extension file: trunk_details.py {{(pid=90810) _load_all_extensions_from_path /opt/stack/neutron/neutron/api/extensions.py:449}}
Aug 13 21:57:37.908231 np0000007271 devstack@neutron-api.service[90811]: DEBUG neutron.api.v2.resource_helper [None req-86f238b1-cbb9-44f3-9213-571d4a97d70b None None] Service L3_ROUTER_NAT assigned prefix: {{(pid=90811) build_resource_info /opt/stack/neutron/neutron/api/v2/resource_helper.py:77}}
Aug 13 21:57:37.908310 np0000007271 devstack@neutron-api.service[90808]: DEBUG neutron_lib.callbacks.manager [None req-6cf90564-2102-4313-974b-5d99cd87859d None None] Subscribe: > address_group after_update 55550000, False {{(pid=90808) subscribe /opt/stack/data/venv/lib/python3.12/site-packages/neutron_lib/callbacks/manager.py:52}}
Aug 13 21:57:37.908310 np0000007271 devstack@neutron-api.service[90808]: DEBUG neutron_lib.callbacks.manager [None req-6cf90564-2102-4313-974b-5d99cd87859d None None] Subscribe: > address_group after_delete 55550000, False {{(pid=90808) subscribe /opt/stack/data/venv/lib/python3.12/site-packages/neutron_lib/callbacks/manager.py:52}}
Aug 13 21:57:37.908310 np0000007271 devstack@neutron-api.service[90808]: DEBUG neutron.plugins.ml2.ovo_rpc [None req-6cf90564-2102-4313-974b-5d99cd87859d None None] ML2 OVO RPC backend initialized. {{(pid=90808) __init__ /opt/stack/neutron/neutron/plugins/ml2/ovo_rpc.py:117}}
Aug 13 21:57:37.908479 np0000007271 devstack@neutron-api.service[90810]: DEBUG neutron.api.extensions [None req-6274aa71-61aa-42a3-83f9-2d40ebdbd4ae None None] Ext name="Trunk port details" alias="trunk-details" description="Expose trunk port details" updated="2016-01-01T10:00:00-00:00" {{(pid=90810) _check_extension /opt/stack/neutron/neutron/api/extensions.py:415}}
Aug 13 21:57:37.908572 np0000007271 devstack@neutron-api.service[90811]: DEBUG neutron.api.v2.resource_helper [None req-86f238b1-cbb9-44f3-9213-571d4a97d70b None None] Service L3_ROUTER_NAT assigned prefix: {{(pid=90811) build_resource_info /opt/stack/neutron/neutron/api/v2/resource_helper.py:77}}
Aug 13 21:57:37.908572 np0000007271 devstack@neutron-api.service[90811]: INFO neutron.quota.resource_registry [None req-86f238b1-cbb9-44f3-9213-571d4a97d70b None None] Creating instance of TrackedResource for resource:router
Aug 13 21:57:37.908698 np0000007271 devstack@neutron-api.service[90810]: INFO neutron.api.extensions [None req-6274aa71-61aa-42a3-83f9-2d40ebdbd4ae None None] Extension trunk-details not supported by any of loaded plugins
Aug 13 21:57:37.908698 np0000007271 devstack@neutron-api.service[90810]: DEBUG neutron.api.extensions [None req-6274aa71-61aa-42a3-83f9-2d40ebdbd4ae None None] Loading extension file: uplink_status_propagation.py {{(pid=90810) _load_all_extensions_from_path /opt/stack/neutron/neutron/api/extensions.py:449}}
Aug 13 21:57:37.908832 np0000007271 devstack@neutron-api.service[90811]: INFO neutron.quota.resource_registry [None req-86f238b1-cbb9-44f3-9213-571d4a97d70b None None] Creating instance of TrackedResource for resource:floatingip
Aug 13 21:57:37.908911 np0000007271 devstack@neutron-api.service[90810]: DEBUG neutron.api.extensions [None req-6274aa71-61aa-42a3-83f9-2d40ebdbd4ae None None] Ext name="Uplink status propagation extension" alias="uplink-status-propagation" description="Provides ability to propagate port uplink status." updated="2018-05-31T18:00:00-00:00" {{(pid=90810) _check_extension /opt/stack/neutron/neutron/api/extensions.py:415}}
Aug 13 21:57:37.908996 np0000007271 devstack@neutron-api.service[90808]: INFO neutron.quota [None req-6cf90564-2102-4313-974b-5d99cd87859d None None] Loaded quota_driver: .
Aug 13 21:57:37.908996 np0000007271 devstack@neutron-api.service[90808]: INFO neutron.plugins.ml2.plugin [None req-6cf90564-2102-4313-974b-5d99cd87859d None None] Modular L2 Plugin initialization complete
Aug 13 21:57:37.909098 np0000007271 devstack@neutron-api.service[90810]: INFO neutron.api.extensions [None req-6274aa71-61aa-42a3-83f9-2d40ebdbd4ae None None] Extension uplink-status-propagation not supported by any of loaded plugins
Aug 13 21:57:37.909177 np0000007271 devstack@neutron-api.service[90808]: DEBUG neutron.manager [None req-6cf90564-2102-4313-974b-5d99cd87859d None None] Loading services supported by the core plugin {{(pid=90808) _load_services_from_core_plugin /opt/stack/neutron/neutron/manager.py:167}}
Aug 13 21:57:37.909254 np0000007271 devstack@neutron-api.service[90810]: DEBUG neutron.api.extensions [None req-6274aa71-61aa-42a3-83f9-2d40ebdbd4ae None None] Loading extension file: uplink_status_propagation_updatable.py {{(pid=90810) _load_all_extensions_from_path /opt/stack/neutron/neutron/api/extensions.py:449}}
Aug 13 21:57:37.909344 np0000007271 devstack@neutron-api.service[90808]: INFO neutron.plugins.ml2.managers [None req-6cf90564-2102-4313-974b-5d99cd87859d None None] Got port-security extension from driver 'port_security'
Aug 13 21:57:37.909487 np0000007271 devstack@neutron-api.service[90811]: INFO neutron.quota.resource_registry [None req-86f238b1-cbb9-44f3-9213-571d4a97d70b None None] Creating instance of CountableResource for resource:rbac_policy
Aug 13 21:57:37.909565 np0000007271 devstack@neutron-api.service[90808]: DEBUG neutron.manager [None req-6cf90564-2102-4313-974b-5d99cd87859d None None] Loading service plugins: ['ovn-router', 'auto_allocate', 'tag', 'timestamp', 'network_ip_availability', 'flavors', 'revisions'] {{(pid=90808) _load_service_plugins /opt/stack/neutron/neutron/manager.py:192}}
Aug 13 21:57:37.909565 np0000007271 devstack@neutron-api.service[90808]: INFO neutron.manager [None req-6cf90564-2102-4313-974b-5d99cd87859d None None] Loading Plugin: ovn-router
Aug 13 21:57:37.909834 np0000007271 devstack@neutron-api.service[90810]: DEBUG neutron.api.extensions [None req-6274aa71-61aa-42a3-83f9-2d40ebdbd4ae None None] Ext name="Uplink status propagation updatable extension" alias="uplink-status-propagation-updatable" description="Provides ability to update the port uplink status." updated="2024-09-03T18:00:00-00:00" {{(pid=90810) _check_extension /opt/stack/neutron/neutron/api/extensions.py:415}}
Aug 13 21:57:37.909834 np0000007271 devstack@neutron-api.service[90810]: INFO neutron.api.extensions [None req-6274aa71-61aa-42a3-83f9-2d40ebdbd4ae None None] Extension uplink-status-propagation-updatable not supported by any of loaded plugins
Aug 13 21:57:37.909834 np0000007271 devstack@neutron-api.service[90810]: DEBUG neutron.api.extensions [None req-6274aa71-61aa-42a3-83f9-2d40ebdbd4ae None None] Loading extension file: vlantransparent.py {{(pid=90810) _load_all_extensions_from_path /opt/stack/neutron/neutron/api/extensions.py:449}}
Aug 13 21:57:37.909973 np0000007271 devstack@neutron-api.service[90811]: INFO neutron.quota.resource_registry [None req-86f238b1-cbb9-44f3-9213-571d4a97d70b None None] Creating instance of TrackedResource for resource:security_group
Aug 13 21:57:37.910058 np0000007271 devstack@neutron-api.service[90810]: DEBUG neutron.api.extensions [None req-6274aa71-61aa-42a3-83f9-2d40ebdbd4ae None None] Ext name="Vlantransparent" alias="vlan-transparent" description="Provides Vlan Transparent Networks" updated="2015-03-23T09:00:00-00:00" {{(pid=90810) _check_extension /opt/stack/neutron/neutron/api/extensions.py:415}}
Aug 13 21:57:37.910143 np0000007271 devstack@neutron-api.service[90811]: INFO neutron.quota.resource_registry [None req-86f238b1-cbb9-44f3-9213-571d4a97d70b None None] Creating instance of TrackedResource for resource:security_group_rule
Aug 13 21:57:37.910226 np0000007271 devstack@neutron-api.service[90810]: INFO neutron.api.extensions [None req-6274aa71-61aa-42a3-83f9-2d40ebdbd4ae None None] Loaded extension: vlan-transparent
Aug 13 21:57:37.910311 np0000007271 devstack@neutron-api.service[90811]: DEBUG neutron.api.v2.resource_helper [None req-86f238b1-cbb9-44f3-9213-571d4a97d70b None None] Service CORE assigned prefix: {{(pid=90811) build_resource_info /opt/stack/neutron/neutron/api/v2/resource_helper.py:77}}
Aug 13 21:57:37.910311 np0000007271 devstack@neutron-api.service[90811]: INFO neutron.quota.resource_registry [None req-86f238b1-cbb9-44f3-9213-571d4a97d70b None None] Creating instance of TrackedResource for resource:subnetpool
Aug 13 21:57:37.910311 np0000007271 devstack@neutron-api.service[90811]: WARNING neutron.quota.resource_registry [None req-86f238b1-cbb9-44f3-9213-571d4a97d70b None None] subnetpool is already registered
Aug 13 21:57:37.910311 np0000007271 devstack@neutron-api.service[90811]: DEBUG neutron.api.v2.resource_helper [None req-86f238b1-cbb9-44f3-9213-571d4a97d70b None None] Service CORE assigned prefix: {{(pid=90811) build_resource_info /opt/stack/neutron/neutron/api/v2/resource_helper.py:77}}
Aug 13 21:57:37.910311 np0000007271 devstack@neutron-api.service[90811]: INFO neutron.quota.resource_registry [None req-86f238b1-cbb9-44f3-9213-571d4a97d70b None None] Creating instance of TrackedResource for resource:subnetpool
Aug 13 21:57:37.910311 np0000007271 devstack@neutron-api.service[90811]: WARNING neutron.quota.resource_registry [None req-86f238b1-cbb9-44f3-9213-571d4a97d70b None None] subnetpool is already registered
Aug 13 21:57:37.910917 np0000007271 devstack@neutron-api.service[90810]: INFO neutron.quota.resource_registry [None req-6274aa71-61aa-42a3-83f9-2d40ebdbd4ae None None] Creating instance of TrackedResource for resource:network
Aug 13 21:57:37.911240 np0000007271 devstack@neutron-api.service[90810]: INFO neutron.quota.resource_registry [None req-6274aa71-61aa-42a3-83f9-2d40ebdbd4ae None None] Creating instance of TrackedResource for resource:subnet
Aug 13 21:57:37.911368 np0000007271 devstack@neutron-api.service[90810]: INFO neutron.quota.resource_registry [None req-6274aa71-61aa-42a3-83f9-2d40ebdbd4ae None None] Creating instance of TrackedResource for resource:subnetpool
Aug 13 21:57:37.911585 np0000007271 devstack@neutron-api.service[90810]: INFO neutron.quota.resource_registry [None req-6274aa71-61aa-42a3-83f9-2d40ebdbd4ae None None] Creating instance of TrackedResource for resource:port
Aug 13 21:57:37.911935 np0000007271 devstack@neutron-api.service[90811]: INFO neutron.quota.resource_registry [None req-86f238b1-cbb9-44f3-9213-571d4a97d70b None None] Creating instance of CountableResource for resource:router_route
Aug 13 21:57:37.912053 np0000007271 devstack@neutron-api.service[90811]: WARNING neutron.quota.resource_registry [None req-86f238b1-cbb9-44f3-9213-571d4a97d70b None None] router_route is already registered
Aug 13 21:57:37.912174 np0000007271 devstack@neutron-api.service[90811]: DEBUG neutron.api.v2.resource_helper [None req-86f238b1-cbb9-44f3-9213-571d4a97d70b None None] Service L3_ROUTER_NAT assigned prefix: {{(pid=90811) build_resource_info /opt/stack/neutron/neutron/api/v2/resource_helper.py:77}}
Aug 13 21:57:37.912529 np0000007271 devstack@neutron-api.service[90811]: DEBUG neutron.api.v2.resource_helper [None req-86f238b1-cbb9-44f3-9213-571d4a97d70b None None] Service FLAVORS assigned prefix: {{(pid=90811) build_resource_info /opt/stack/neutron/neutron/api/v2/resource_helper.py:77}}
Aug 13 21:57:37.913317 np0000007271 devstack@neutron-api.service[90810]: INFO neutron.quota.resource_registry [None req-6274aa71-61aa-42a3-83f9-2d40ebdbd4ae None None] Creating instance of CountableResource for resource:router_route
Aug 13 21:57:37.913409 np0000007271 devstack@neutron-api.service[90811]: DEBUG neutron.api.v2.resource_helper [None req-86f238b1-cbb9-44f3-9213-571d4a97d70b None None] Service L3_ROUTER_NAT assigned prefix: {{(pid=90811) build_resource_info /opt/stack/neutron/neutron/api/v2/resource_helper.py:77}}
Aug 13 21:57:37.913617 np0000007271 devstack@neutron-api.service[90810]: DEBUG neutron.api.v2.resource_helper [None req-6274aa71-61aa-42a3-83f9-2d40ebdbd4ae None None] Service L3_ROUTER_NAT assigned prefix: {{(pid=90810) build_resource_info /opt/stack/neutron/neutron/api/v2/resource_helper.py:77}}
Aug 13 21:57:37.913748 np0000007271 devstack@neutron-api.service[90811]: DEBUG neutron.api.v2.resource_helper [None req-86f238b1-cbb9-44f3-9213-571d4a97d70b None None] Service L3_ROUTER_NAT assigned prefix: {{(pid=90811) build_resource_info /opt/stack/neutron/neutron/api/v2/resource_helper.py:77}}
Aug 13 21:57:37.913871 np0000007271 devstack@neutron-api.service[90811]: INFO neutron.quota.resource_registry [None req-86f238b1-cbb9-44f3-9213-571d4a97d70b None None] Creating instance of TrackedResource for resource:router
Aug 13 21:57:37.913963 np0000007271 devstack@neutron-api.service[90811]: WARNING neutron.quota.resource_registry [None req-86f238b1-cbb9-44f3-9213-571d4a97d70b None None] router is already registered
Aug 13 21:57:37.914105 np0000007271 devstack@neutron-api.service[90810]: DEBUG neutron.api.v2.resource_helper [None req-6274aa71-61aa-42a3-83f9-2d40ebdbd4ae None None] Service FLAVORS assigned prefix: {{(pid=90810) build_resource_info /opt/stack/neutron/neutron/api/v2/resource_helper.py:77}}
Aug 13 21:57:37.914444 np0000007271 devstack@neutron-api.service[90811]: INFO neutron.quota.resource_registry [None req-86f238b1-cbb9-44f3-9213-571d4a97d70b None None] Creating instance of TrackedResource for resource:floatingip
Aug 13 21:57:37.914597 np0000007271 devstack@neutron-api.service[90811]: WARNING neutron.quota.resource_registry [None req-86f238b1-cbb9-44f3-9213-571d4a97d70b None None] floatingip is already registered
Aug 13 21:57:37.914976 np0000007271 devstack@neutron-api.service[90810]: DEBUG neutron.api.v2.resource_helper [None req-6274aa71-61aa-42a3-83f9-2d40ebdbd4ae None None] Service L3_ROUTER_NAT assigned prefix: {{(pid=90810) build_resource_info /opt/stack/neutron/neutron/api/v2/resource_helper.py:77}}
Aug 13 21:57:37.915405 np0000007271 devstack@neutron-api.service[90810]: DEBUG neutron.api.v2.resource_helper [None req-6274aa71-61aa-42a3-83f9-2d40ebdbd4ae None None] Service L3_ROUTER_NAT assigned prefix: {{(pid=90810) build_resource_info /opt/stack/neutron/neutron/api/v2/resource_helper.py:77}}
Aug 13 21:57:37.915502 np0000007271 devstack@neutron-api.service[90811]: INFO neutron.quota.resource_registry [None req-86f238b1-cbb9-44f3-9213-571d4a97d70b None None] Creating instance of CountableResource for resource:rbac_policy
Aug 13 21:57:37.915586 np0000007271 devstack@neutron-api.service[90810]: INFO neutron.quota.resource_registry [None req-6274aa71-61aa-42a3-83f9-2d40ebdbd4ae None None] Creating instance of TrackedResource for resource:router
Aug 13 21:57:37.915668 np0000007271 devstack@neutron-api.service[90811]: WARNING neutron.quota.resource_registry [None req-86f238b1-cbb9-44f3-9213-571d4a97d70b None None] rbac_policy is already registered
Aug 13 21:57:37.915957 np0000007271 devstack@neutron-api.service[90810]: INFO neutron.quota.resource_registry [None req-6274aa71-61aa-42a3-83f9-2d40ebdbd4ae None None] Creating instance of TrackedResource for resource:floatingip
Aug 13 21:57:37.916356 np0000007271 devstack@neutron-api.service[90811]: INFO neutron.quota.resource_registry [None req-86f238b1-cbb9-44f3-9213-571d4a97d70b None None] Creating instance of TrackedResource for resource:security_group
Aug 13 21:57:37.916356 np0000007271 devstack@neutron-api.service[90811]: WARNING neutron.quota.resource_registry [None req-86f238b1-cbb9-44f3-9213-571d4a97d70b None None] security_group is already registered
Aug 13 21:57:37.916724 np0000007271 devstack@neutron-api.service[90811]: INFO neutron.quota.resource_registry [None req-86f238b1-cbb9-44f3-9213-571d4a97d70b None None] Creating instance of TrackedResource for resource:security_group_rule
Aug 13 21:57:37.916838 np0000007271 devstack@neutron-api.service[90811]: WARNING neutron.quota.resource_registry [None req-86f238b1-cbb9-44f3-9213-571d4a97d70b None None] security_group_rule is already registered
Aug 13 21:57:37.917066 np0000007271 devstack@neutron-api.service[90810]: INFO neutron.quota.resource_registry [None req-6274aa71-61aa-42a3-83f9-2d40ebdbd4ae None None] Creating instance of CountableResource for resource:rbac_policy
Aug 13 21:57:37.917334 np0000007271 devstack@neutron-api.service[90811]: DEBUG neutron.api.v2.resource_helper [None req-86f238b1-cbb9-44f3-9213-571d4a97d70b None None] Service CORE assigned prefix: {{(pid=90811) build_resource_info /opt/stack/neutron/neutron/api/v2/resource_helper.py:77}}
Aug 13 21:57:37.917479 np0000007271 devstack@neutron-api.service[90811]: INFO neutron.quota.resource_registry [None req-86f238b1-cbb9-44f3-9213-571d4a97d70b None None] Creating instance of TrackedResource for resource:subnetpool
Aug 13 21:57:37.917631 np0000007271 devstack@neutron-api.service[90811]: WARNING neutron.quota.resource_registry [None req-86f238b1-cbb9-44f3-9213-571d4a97d70b None None] subnetpool is already registered
Aug 13 21:57:37.918012 np0000007271 devstack@neutron-api.service[90811]: DEBUG neutron.api.v2.resource_helper [None req-86f238b1-cbb9-44f3-9213-571d4a97d70b None None] Service CORE assigned prefix: {{(pid=90811) build_resource_info /opt/stack/neutron/neutron/api/v2/resource_helper.py:77}}
Aug 13 21:57:37.918012 np0000007271 devstack@neutron-api.service[90811]: INFO neutron.quota.resource_registry [None req-86f238b1-cbb9-44f3-9213-571d4a97d70b None None] Creating instance of TrackedResource for resource:subnetpool
Aug 13 21:57:37.918117 np0000007271 devstack@neutron-api.service[90810]: INFO neutron.quota.resource_registry [None req-6274aa71-61aa-42a3-83f9-2d40ebdbd4ae None None] Creating instance of TrackedResource for resource:security_group
Aug 13 21:57:37.918194 np0000007271 devstack@neutron-api.service[90811]: WARNING neutron.quota.resource_registry [None req-86f238b1-cbb9-44f3-9213-571d4a97d70b None None] subnetpool is already registered
Aug 13 21:57:37.918655 np0000007271 devstack@neutron-api.service[90810]: INFO neutron.quota.resource_registry [None req-6274aa71-61aa-42a3-83f9-2d40ebdbd4ae None None] Creating instance of TrackedResource for resource:security_group_rule
Aug 13 21:57:37.918738 np0000007271 devstack@neutron-api.service[90811]: DEBUG neutron.api.extensions [None req-86f238b1-cbb9-44f3-9213-571d4a97d70b None None] Extended resource: extensions {{(pid=90811) __init__ /opt/stack/neutron/neutron/api/extensions.py:156}}
Aug 13 21:57:37.919331 np0000007271 devstack@neutron-api.service[90811]: DEBUG neutron.api.extensions [None req-86f238b1-cbb9-44f3-9213-571d4a97d70b None None] Extended resource: address-groups {{(pid=90811) __init__ /opt/stack/neutron/neutron/api/extensions.py:156}}
Aug 13 21:57:37.919710 np0000007271 devstack@neutron-api.service[90810]: DEBUG neutron.api.v2.resource_helper [None req-6274aa71-61aa-42a3-83f9-2d40ebdbd4ae None None] Service CORE assigned prefix: {{(pid=90810) build_resource_info /opt/stack/neutron/neutron/api/v2/resource_helper.py:77}}
Aug 13 21:57:37.919829 np0000007271 devstack@neutron-api.service[90810]: INFO neutron.quota.resource_registry [None req-6274aa71-61aa-42a3-83f9-2d40ebdbd4ae None None] Creating instance of TrackedResource for resource:subnetpool
Aug 13 21:57:37.919949 np0000007271 devstack@neutron-api.service[90811]: DEBUG neutron.api.extensions [None req-86f238b1-cbb9-44f3-9213-571d4a97d70b None None] Extended resource: address-scopes {{(pid=90811) __init__ /opt/stack/neutron/neutron/api/extensions.py:156}}
Aug 13 21:57:37.920048 np0000007271 devstack@neutron-api.service[90810]: WARNING neutron.quota.resource_registry [None req-6274aa71-61aa-42a3-83f9-2d40ebdbd4ae None None] subnetpool is already registered
Aug 13 21:57:37.920489 np0000007271 devstack@neutron-api.service[90811]: DEBUG neutron.api.extensions [None req-86f238b1-cbb9-44f3-9213-571d4a97d70b None None] Extended resource: agents {{(pid=90811) __init__ /opt/stack/neutron/neutron/api/extensions.py:156}}
Aug 13 21:57:37.920569 np0000007271 devstack@neutron-api.service[90810]: DEBUG neutron.api.v2.resource_helper [None req-6274aa71-61aa-42a3-83f9-2d40ebdbd4ae None None] Service CORE assigned prefix: {{(pid=90810) build_resource_info /opt/stack/neutron/neutron/api/v2/resource_helper.py:77}}
Aug 13 21:57:37.920723 np0000007271 devstack@neutron-api.service[90810]: INFO neutron.quota.resource_registry [None req-6274aa71-61aa-42a3-83f9-2d40ebdbd4ae None None] Creating instance of TrackedResource for resource:subnetpool
Aug 13 21:57:37.920848 np0000007271 devstack@neutron-api.service[90810]: WARNING neutron.quota.resource_registry [None req-6274aa71-61aa-42a3-83f9-2d40ebdbd4ae None None] subnetpool is already registered
Aug 13 21:57:37.920923 np0000007271 devstack@neutron-api.service[90811]: DEBUG neutron.api.extensions [None req-86f238b1-cbb9-44f3-9213-571d4a97d70b None None] Extended resource: auto-allocated-topology {{(pid=90811) __init__ /opt/stack/neutron/neutron/api/extensions.py:156}}
Aug 13 21:57:37.921388 np0000007271 devstack@neutron-api.service[90811]: DEBUG neutron.api.extensions [None req-86f238b1-cbb9-44f3-9213-571d4a97d70b None None] Extended resource: availability_zones {{(pid=90811) __init__ /opt/stack/neutron/neutron/api/extensions.py:156}}
Aug 13 21:57:37.921793 np0000007271 devstack@neutron-api.service[90808]: DEBUG neutron_lib.callbacks.manager [None req-6cf90564-2102-4313-974b-5d99cd87859d None None] Subscribe: > router before_delete 55550000, False {{(pid=90808) subscribe /opt/stack/data/venv/lib/python3.12/site-packages/neutron_lib/callbacks/manager.py:52}}
Aug 13 21:57:37.921888 np0000007271 devstack@neutron-api.service[90811]: DEBUG neutron.api.extensions [None req-86f238b1-cbb9-44f3-9213-571d4a97d70b None None] Extended resource: dhcp-networks {{(pid=90811) __init__ /opt/stack/neutron/neutron/api/extensions.py:156}}
Aug 13 21:57:37.922062 np0000007271 devstack@neutron-api.service[90808]: DEBUG neutron_lib.callbacks.manager [None req-6cf90564-2102-4313-974b-5d99cd87859d None None] Subscribe: port before_update 55550000, False {{(pid=90808) subscribe /opt/stack/data/venv/lib/python3.12/site-packages/neutron_lib/callbacks/manager.py:52}}
Aug 13 21:57:37.922251 np0000007271 devstack@neutron-api.service[90808]: DEBUG neutron_lib.callbacks.manager [None req-6cf90564-2102-4313-974b-5d99cd87859d None None] Subscribe: port after_update 55550000, False {{(pid=90808) subscribe /opt/stack/data/venv/lib/python3.12/site-packages/neutron_lib/callbacks/manager.py:52}}
Aug 13 21:57:37.922389 np0000007271 devstack@neutron-api.service[90808]: DEBUG neutron_lib.callbacks.manager [None req-6cf90564-2102-4313-974b-5d99cd87859d None None] Subscribe: > port precommit_delete 55550000, False {{(pid=90808) subscribe /opt/stack/data/venv/lib/python3.12/site-packages/neutron_lib/callbacks/manager.py:52}}
Aug 13 21:57:37.922496 np0000007271 devstack@neutron-api.service[90811]: DEBUG neutron.api.extensions [None req-86f238b1-cbb9-44f3-9213-571d4a97d70b None None] Extended resource: dhcp-agents {{(pid=90811) __init__ /opt/stack/neutron/neutron/api/extensions.py:156}}
Aug 13 21:57:37.922591 np0000007271 devstack@neutron-api.service[90808]: DEBUG neutron_lib.callbacks.manager [None req-6cf90564-2102-4313-974b-5d99cd87859d None None] Subscribe: port before_update 55550000, False {{(pid=90808) subscribe /opt/stack/data/venv/lib/python3.12/site-packages/neutron_lib/callbacks/manager.py:52}}
Aug 13 21:57:37.922722 np0000007271 devstack@neutron-api.service[90808]: DEBUG neutron_lib.callbacks.manager [None req-6cf90564-2102-4313-974b-5d99cd87859d None None] Subscribe: port before_delete 55550000, False {{(pid=90808) subscribe /opt/stack/data/venv/lib/python3.12/site-packages/neutron_lib/callbacks/manager.py:52}}
Aug 13 21:57:37.923006 np0000007271 devstack@neutron-api.service[90808]: DEBUG neutron_lib.callbacks.manager [None req-6cf90564-2102-4313-974b-5d99cd87859d None None] Subscribe: > router precommit_create 55550000, False {{(pid=90808) subscribe /opt/stack/data/venv/lib/python3.12/site-packages/neutron_lib/callbacks/manager.py:52}}
Aug 13 21:57:37.923094 np0000007271 devstack@neutron-api.service[90811]: DEBUG neutron.api.extensions [None req-86f238b1-cbb9-44f3-9213-571d4a97d70b None None] Extended resource: routers {{(pid=90811) __init__ /opt/stack/neutron/neutron/api/extensions.py:156}}
Aug 13 21:57:37.923179 np0000007271 devstack@neutron-api.service[90808]: DEBUG neutron_lib.callbacks.manager [None req-6cf90564-2102-4313-974b-5d99cd87859d None None] Subscribe: > router precommit_create 55550000, False {{(pid=90808) subscribe /opt/stack/data/venv/lib/python3.12/site-packages/neutron_lib/callbacks/manager.py:52}}
Aug 13 21:57:37.923179 np0000007271 devstack@neutron-api.service[90808]: DEBUG neutron_lib.callbacks.manager [None req-6cf90564-2102-4313-974b-5d99cd87859d None None] Subscribe: > router precommit_update 55550000, False {{(pid=90808) subscribe /opt/stack/data/venv/lib/python3.12/site-packages/neutron_lib/callbacks/manager.py:52}}
Aug 13 21:57:37.923312 np0000007271 devstack@neutron-api.service[90808]: DEBUG neutron_lib.callbacks.manager [None req-6cf90564-2102-4313-974b-5d99cd87859d None None] Subscribe: subnet after_update 55550000, False {{(pid=90808) subscribe /opt/stack/data/venv/lib/python3.12/site-packages/neutron_lib/callbacks/manager.py:52}}
Aug 13 21:57:37.923565 np0000007271 devstack@neutron-api.service[90808]: DEBUG neutron.quota.resource_registry [None req-6cf90564-2102-4313-974b-5d99cd87859d None None] Tracking information for resource: router configured {{(pid=90808) set_tracked_resource /opt/stack/neutron/neutron/quota/resource_registry.py:203}}
Aug 13 21:57:37.923709 np0000007271 devstack@neutron-api.service[90808]: DEBUG neutron.quota.resource_registry [None req-6cf90564-2102-4313-974b-5d99cd87859d None None] Tracking information for resource: floatingip configured {{(pid=90808) set_tracked_resource /opt/stack/neutron/neutron/quota/resource_registry.py:203}}
Aug 13 21:57:37.923791 np0000007271 devstack@neutron-api.service[90811]: DEBUG neutron.api.extensions [None req-86f238b1-cbb9-44f3-9213-571d4a97d70b None None] Extended resource: flavors {{(pid=90811) __init__ /opt/stack/neutron/neutron/api/extensions.py:156}}
Aug 13 21:57:37.923868 np0000007271 devstack@neutron-api.service[90808]: INFO neutron.services.ovn_l3.plugin [None req-6cf90564-2102-4313-974b-5d99cd87859d None None] Starting OVNL3RouterPlugin
Aug 13 21:57:37.923984 np0000007271 devstack@neutron-api.service[90810]: INFO neutron.quota.resource_registry [None req-6274aa71-61aa-42a3-83f9-2d40ebdbd4ae None None] Creating instance of CountableResource for resource:router_route
Aug 13 21:57:37.924168 np0000007271 devstack@neutron-api.service[90810]: WARNING neutron.quota.resource_registry [None req-6274aa71-61aa-42a3-83f9-2d40ebdbd4ae None None] router_route is already registered
Aug 13 21:57:37.924292 np0000007271 devstack@neutron-api.service[90808]: DEBUG neutron_lib.callbacks.manager [None req-6cf90564-2102-4313-974b-5d99cd87859d None None] Subscribe: > port_forwarding_plugin after_init 55550000, False {{(pid=90808) subscribe /opt/stack/data/venv/lib/python3.12/site-packages/neutron_lib/callbacks/manager.py:52}}
Aug 13 21:57:37.924374 np0000007271 devstack@neutron-api.service[90811]: DEBUG neutron.api.extensions [None req-86f238b1-cbb9-44f3-9213-571d4a97d70b None None] Extended resource: service_profiles {{(pid=90811) __init__ /opt/stack/neutron/neutron/api/extensions.py:156}}
Aug 13 21:57:37.924471 np0000007271 devstack@neutron-api.service[90810]: DEBUG neutron.api.v2.resource_helper [None req-6274aa71-61aa-42a3-83f9-2d40ebdbd4ae None None] Service L3_ROUTER_NAT assigned prefix: {{(pid=90810) build_resource_info /opt/stack/neutron/neutron/api/v2/resource_helper.py:77}}
Aug 13 21:57:37.924560 np0000007271 devstack@neutron-api.service[90808]: DEBUG neutron_lib.callbacks.manager [None req-6cf90564-2102-4313-974b-5d99cd87859d None None] Subscribe: > router before_create 55550100, False {{(pid=90808) subscribe /opt/stack/data/venv/lib/python3.12/site-packages/neutron_lib/callbacks/manager.py:52}}
Aug 13 21:57:37.924560 np0000007271 devstack@neutron-api.service[90808]: DEBUG neutron_lib.callbacks.manager [None req-6cf90564-2102-4313-974b-5d99cd87859d None None] Subscribe: > router precommit_delete 55550100, False {{(pid=90808) subscribe /opt/stack/data/venv/lib/python3.12/site-packages/neutron_lib/callbacks/manager.py:52}}
Aug 13 21:57:37.924733 np0000007271 devstack@neutron-api.service[90811]: DEBUG neutron.api.extensions [None req-86f238b1-cbb9-44f3-9213-571d4a97d70b None None] Extended resource: next_providers {{(pid=90811) __init__ /opt/stack/neutron/neutron/api/extensions.py:156}}
Aug 13 21:57:37.924825 np0000007271 devstack@neutron-api.service[90808]: DEBUG neutron_lib.callbacks.manager [None req-6cf90564-2102-4313-974b-5d99cd87859d None None] Subscribe: > router precommit_create 55550100, False {{(pid=90808) subscribe /opt/stack/data/venv/lib/python3.12/site-packages/neutron_lib/callbacks/manager.py:52}}
Aug 13 21:57:37.924825 np0000007271 devstack@neutron-api.service[90808]: DEBUG neutron_lib.callbacks.manager [None req-6cf90564-2102-4313-974b-5d99cd87859d None None] Subscribe: > router precommit_update 55550100, False {{(pid=90808) subscribe /opt/stack/data/venv/lib/python3.12/site-packages/neutron_lib/callbacks/manager.py:52}}
Aug 13 21:57:37.924941 np0000007271 devstack@neutron-api.service[90810]: DEBUG neutron.api.v2.resource_helper [None req-6274aa71-61aa-42a3-83f9-2d40ebdbd4ae None None] Service FLAVORS assigned prefix: {{(pid=90810) build_resource_info /opt/stack/neutron/neutron/api/v2/resource_helper.py:77}}
Aug 13 21:57:37.925262 np0000007271 devstack@neutron-api.service[90811]: DEBUG neutron.api.extensions [None req-86f238b1-cbb9-44f3-9213-571d4a97d70b None None] Extended resource: service_profiles {{(pid=90811) __init__ /opt/stack/neutron/neutron/api/extensions.py:156}}
Aug 13 21:57:37.926087 np0000007271 devstack@neutron-api.service[90810]: DEBUG neutron.api.v2.resource_helper [None req-6274aa71-61aa-42a3-83f9-2d40ebdbd4ae None None] Service L3_ROUTER_NAT assigned prefix: {{(pid=90810) build_resource_info /opt/stack/neutron/neutron/api/v2/resource_helper.py:77}}
Aug 13 21:57:37.926537 np0000007271 devstack@neutron-api.service[90810]: DEBUG neutron.api.v2.resource_helper [None req-6274aa71-61aa-42a3-83f9-2d40ebdbd4ae None None] Service L3_ROUTER_NAT assigned prefix: {{(pid=90810) build_resource_info /opt/stack/neutron/neutron/api/v2/resource_helper.py:77}}
Aug 13 21:57:37.926749 np0000007271 devstack@neutron-api.service[90810]: INFO neutron.quota.resource_registry [None req-6274aa71-61aa-42a3-83f9-2d40ebdbd4ae None None] Creating instance of TrackedResource for resource:router
Aug 13 21:57:37.926901 np0000007271 devstack@neutron-api.service[90811]: DEBUG neutron.api.extensions [None req-86f238b1-cbb9-44f3-9213-571d4a97d70b None None] Extended resource: floatingip-pools {{(pid=90811) __init__ /opt/stack/neutron/neutron/api/extensions.py:156}}
Aug 13 21:57:37.927001 np0000007271 devstack@neutron-api.service[90810]: WARNING neutron.quota.resource_registry [None req-6274aa71-61aa-42a3-83f9-2d40ebdbd4ae None None] router is already registered
Aug 13 21:57:37.927305 np0000007271 devstack@neutron-api.service[90811]: DEBUG neutron.api.extensions [None req-86f238b1-cbb9-44f3-9213-571d4a97d70b None None] Extended resource: routers {{(pid=90811) __init__ /opt/stack/neutron/neutron/api/extensions.py:156}}
Aug 13 21:57:37.927394 np0000007271 devstack@neutron-api.service[90810]: INFO neutron.quota.resource_registry [None req-6274aa71-61aa-42a3-83f9-2d40ebdbd4ae None None] Creating instance of TrackedResource for resource:floatingip
