Jul 02 12:24:53.242744 np0000004274 nova-conductor[98744]: DEBUG cotyledon.oslo_config_glue [-] profiler.es_scroll_size = 10000 {{(pid=98744) log_opt_values /opt/stack/data/venv/lib/python3.12/site-packages/oslo_config/cfg.py:3253}}
Jul 02 12:24:53.242744 np0000004274 nova-conductor[98744]: DEBUG cotyledon.oslo_config_glue [-] profiler.es_scroll_time = 2m {{(pid=98744) log_opt_values /opt/stack/data/venv/lib/python3.12/site-packages/oslo_config/cfg.py:3253}}
Jul 02 12:24:53.242744 np0000004274 nova-conductor[98744]: DEBUG cotyledon.oslo_config_glue [-] profiler.filter_error_trace = False {{(pid=98744) log_opt_values /opt/stack/data/venv/lib/python3.12/site-packages/oslo_config/cfg.py:3253}}
Jul 02 12:24:53.242949 np0000004274 nova-conductor[98744]: DEBUG cotyledon.oslo_config_glue [-] profiler.hmac_keys = **** {{(pid=98744) log_opt_values /opt/stack/data/venv/lib/python3.12/site-packages/oslo_config/cfg.py:3253}}
Jul 02 12:24:53.242949 np0000004274 nova-conductor[98744]: DEBUG cotyledon.oslo_config_glue [-] profiler.sentinel_service_name = mymaster {{(pid=98744) log_opt_values /opt/stack/data/venv/lib/python3.12/site-packages/oslo_config/cfg.py:3253}}
Jul 02 12:24:53.242949 np0000004274 nova-conductor[98744]: DEBUG cotyledon.oslo_config_glue [-] profiler.socket_timeout = 0.1 {{(pid=98744) log_opt_values /opt/stack/data/venv/lib/python3.12/site-packages/oslo_config/cfg.py:3253}}
Jul 02 12:24:53.242949 np0000004274 nova-conductor[98744]: DEBUG cotyledon.oslo_config_glue [-] profiler.trace_requests = False {{(pid=98744) log_opt_values /opt/stack/data/venv/lib/python3.12/site-packages/oslo_config/cfg.py:3253}}
Jul 02 12:24:53.242949 np0000004274 nova-conductor[98744]: DEBUG cotyledon.oslo_config_glue [-] profiler.trace_sqlalchemy = False {{(pid=98744) log_opt_values /opt/stack/data/venv/lib/python3.12/site-packages/oslo_config/cfg.py:3253}}
Jul 02 12:24:53.242949 np0000004274 nova-conductor[98744]: DEBUG cotyledon.oslo_config_glue [-] profiler_jaeger.process_tags = {} {{(pid=98744) log_opt_values /opt/stack/data/venv/lib/python3.12/site-packages/oslo_config/cfg.py:3253}}
Jul 02 12:24:53.242949 np0000004274 nova-conductor[98744]: DEBUG cotyledon.oslo_config_glue [-] profiler_jaeger.service_name_prefix = None {{(pid=98744) log_opt_values /opt/stack/data/venv/lib/python3.12/site-packages/oslo_config/cfg.py:3253}}
Jul 02 12:24:53.242949 np0000004274 nova-conductor[98744]: DEBUG cotyledon.oslo_config_glue [-] profiler_otlp.service_name_prefix = None {{(pid=98744) log_opt_values /opt/stack/data/venv/lib/python3.12/site-packages/oslo_config/cfg.py:3253}}
Jul 02 12:24:53.242949 np0000004274 nova-conductor[98744]: DEBUG cotyledon.oslo_config_glue [-] oslo_messaging_rabbit.amqp_auto_delete = False {{(pid=98744) log_opt_values /opt/stack/data/venv/lib/python3.12/site-packages/oslo_config/cfg.py:3253}}
Jul 02 12:24:53.243211 np0000004274 nova-conductor[98744]: DEBUG cotyledon.oslo_config_glue [-] oslo_messaging_rabbit.amqp_durable_queues = False {{(pid=98744) log_opt_values /opt/stack/data/venv/lib/python3.12/site-packages/oslo_config/cfg.py:3253}}
Jul 02 12:24:53.243211 np0000004274 nova-conductor[98744]: DEBUG cotyledon.oslo_config_glue [-] oslo_messaging_rabbit.conn_pool_min_size = 2 {{(pid=98744) log_opt_values /opt/stack/data/venv/lib/python3.12/site-packages/oslo_config/cfg.py:3253}}
Jul 02 12:24:53.243211 np0000004274 nova-conductor[98744]: DEBUG cotyledon.oslo_config_glue [-] oslo_messaging_rabbit.conn_pool_ttl = 1200 {{(pid=98744) log_opt_values /opt/stack/data/venv/lib/python3.12/site-packages/oslo_config/cfg.py:3253}}
Jul 02 12:24:53.243211 np0000004274 nova-conductor[98744]: DEBUG cotyledon.oslo_config_glue [-] oslo_messaging_rabbit.direct_mandatory_flag = True {{(pid=98744) log_opt_values /opt/stack/data/venv/lib/python3.12/site-packages/oslo_config/cfg.py:3253}}
Jul 02 12:24:53.243211 np0000004274 nova-conductor[98744]: DEBUG cotyledon.oslo_config_glue [-] oslo_messaging_rabbit.enable_cancel_on_failover = False {{(pid=98744) log_opt_values /opt/stack/data/venv/lib/python3.12/site-packages/oslo_config/cfg.py:3253}}
Jul 02 12:24:53.243211 np0000004274 nova-conductor[98744]: DEBUG cotyledon.oslo_config_glue [-] oslo_messaging_rabbit.heartbeat_rate = 3 {{(pid=98744) log_opt_values /opt/stack/data/venv/lib/python3.12/site-packages/oslo_config/cfg.py:3253}}
Jul 02 12:24:53.243211 np0000004274 nova-conductor[98744]: DEBUG cotyledon.oslo_config_glue [-] oslo_messaging_rabbit.heartbeat_timeout_threshold = 60 {{(pid=98744) log_opt_values /opt/stack/data/venv/lib/python3.12/site-packages/oslo_config/cfg.py:3253}}
Jul 02 12:24:53.243211 np0000004274 nova-conductor[98744]: DEBUG cotyledon.oslo_config_glue [-] oslo_messaging_rabbit.hostname = np0000004274 {{(pid=98744) log_opt_values /opt/stack/data/venv/lib/python3.12/site-packages/oslo_config/cfg.py:3253}}
Jul 02 12:24:53.243211 np0000004274 nova-conductor[98744]: DEBUG cotyledon.oslo_config_glue [-] oslo_messaging_rabbit.kombu_compression = None {{(pid=98744) log_opt_values /opt/stack/data/venv/lib/python3.12/site-packages/oslo_config/cfg.py:3253}}
Jul 02 12:24:53.243519 np0000004274 nova-conductor[98744]: DEBUG cotyledon.oslo_config_glue [-] oslo_messaging_rabbit.kombu_failover_strategy = round-robin {{(pid=98744) log_opt_values /opt/stack/data/venv/lib/python3.12/site-packages/oslo_config/cfg.py:3253}}
Jul 02 12:24:53.243519 np0000004274 nova-conductor[98744]: DEBUG cotyledon.oslo_config_glue [-] oslo_messaging_rabbit.kombu_missing_consumer_retry_timeout = 60 {{(pid=98744) log_opt_values /opt/stack/data/venv/lib/python3.12/site-packages/oslo_config/cfg.py:3253}}
Jul 02 12:24:53.243519 np0000004274 nova-conductor[98744]: DEBUG cotyledon.oslo_config_glue [-] oslo_messaging_rabbit.kombu_reconnect_delay = 1.0 {{(pid=98744) log_opt_values /opt/stack/data/venv/lib/python3.12/site-packages/oslo_config/cfg.py:3253}}
Jul 02 12:24:53.243519 np0000004274 nova-conductor[98744]: DEBUG cotyledon.oslo_config_glue [-] oslo_messaging_rabbit.kombu_reconnect_splay = 0.0 {{(pid=98744) log_opt_values /opt/stack/data/venv/lib/python3.12/site-packages/oslo_config/cfg.py:3253}}
Jul 02 12:24:53.243519 np0000004274 nova-conductor[98744]: DEBUG cotyledon.oslo_config_glue [-] oslo_messaging_rabbit.processname = nova-conductor {{(pid=98744) log_opt_values /opt/stack/data/venv/lib/python3.12/site-packages/oslo_config/cfg.py:3253}}
Jul 02 12:24:53.243519 np0000004274 nova-conductor[98744]: DEBUG cotyledon.oslo_config_glue [-] oslo_messaging_rabbit.rabbit_ha_queues = False {{(pid=98744) log_opt_values /opt/stack/data/venv/lib/python3.12/site-packages/oslo_config/cfg.py:3253}}
Jul 02 12:24:53.243519 np0000004274 nova-conductor[98744]: DEBUG cotyledon.oslo_config_glue [-] oslo_messaging_rabbit.rabbit_interval_max = 30 {{(pid=98744) log_opt_values /opt/stack/data/venv/lib/python3.12/site-packages/oslo_config/cfg.py:3253}}
Jul 02 12:24:53.243519 np0000004274 nova-conductor[98744]: DEBUG cotyledon.oslo_config_glue [-] oslo_messaging_rabbit.rabbit_login_method = AMQPLAIN {{(pid=98744) log_opt_values /opt/stack/data/venv/lib/python3.12/site-packages/oslo_config/cfg.py:3253}}
Jul 02 12:24:53.243756 np0000004274 nova-conductor[98744]: DEBUG cotyledon.oslo_config_glue [-] oslo_messaging_rabbit.rabbit_qos_prefetch_count = 0 {{(pid=98744) log_opt_values /opt/stack/data/venv/lib/python3.12/site-packages/oslo_config/cfg.py:3253}}
Jul 02 12:24:53.243756 np0000004274 nova-conductor[98744]: DEBUG cotyledon.oslo_config_glue [-] oslo_messaging_rabbit.rabbit_quorum_delivery_limit = 0 {{(pid=98744) log_opt_values /opt/stack/data/venv/lib/python3.12/site-packages/oslo_config/cfg.py:3253}}
Jul 02 12:24:53.243756 np0000004274 nova-conductor[98744]: DEBUG cotyledon.oslo_config_glue [-] oslo_messaging_rabbit.rabbit_quorum_max_memory_bytes = 0 {{(pid=98744) log_opt_values /opt/stack/data/venv/lib/python3.12/site-packages/oslo_config/cfg.py:3253}}
Jul 02 12:24:53.243756 np0000004274 nova-conductor[98744]: DEBUG cotyledon.oslo_config_glue [-] oslo_messaging_rabbit.rabbit_quorum_max_memory_length = 0 {{(pid=98744) log_opt_values /opt/stack/data/venv/lib/python3.12/site-packages/oslo_config/cfg.py:3253}}
Jul 02 12:24:53.243756 np0000004274 nova-conductor[98744]: DEBUG cotyledon.oslo_config_glue [-] oslo_messaging_rabbit.rabbit_quorum_queue = False {{(pid=98744) log_opt_values /opt/stack/data/venv/lib/python3.12/site-packages/oslo_config/cfg.py:3253}}
Jul 02 12:24:53.243756 np0000004274 nova-conductor[98744]: DEBUG cotyledon.oslo_config_glue [-] oslo_messaging_rabbit.rabbit_retry_backoff = 2 {{(pid=98744) log_opt_values /opt/stack/data/venv/lib/python3.12/site-packages/oslo_config/cfg.py:3253}}
Jul 02 12:24:53.243756 np0000004274 nova-conductor[98744]: DEBUG cotyledon.oslo_config_glue [-] oslo_messaging_rabbit.rabbit_retry_interval = 1 {{(pid=98744) log_opt_values /opt/stack/data/venv/lib/python3.12/site-packages/oslo_config/cfg.py:3253}}
Jul 02 12:24:53.243756 np0000004274 nova-conductor[98744]: DEBUG cotyledon.oslo_config_glue [-] oslo_messaging_rabbit.rabbit_stream_fanout = False {{(pid=98744) log_opt_values /opt/stack/data/venv/lib/python3.12/site-packages/oslo_config/cfg.py:3253}}
Jul 02 12:24:53.243971 np0000004274 nova-conductor[98744]: DEBUG cotyledon.oslo_config_glue [-] oslo_messaging_rabbit.rabbit_transient_queues_ttl = 1800 {{(pid=98744) log_opt_values /opt/stack/data/venv/lib/python3.12/site-packages/oslo_config/cfg.py:3253}}
Jul 02 12:24:53.243971 np0000004274 nova-conductor[98744]: DEBUG cotyledon.oslo_config_glue [-] oslo_messaging_rabbit.rabbit_transient_quorum_queue = False {{(pid=98744) log_opt_values /opt/stack/data/venv/lib/python3.12/site-packages/oslo_config/cfg.py:3253}}
Jul 02 12:24:53.243971 np0000004274 nova-conductor[98744]: DEBUG cotyledon.oslo_config_glue [-] oslo_messaging_rabbit.rpc_conn_pool_size = 30 {{(pid=98744) log_opt_values /opt/stack/data/venv/lib/python3.12/site-packages/oslo_config/cfg.py:3253}}
Jul 02 12:24:53.243971 np0000004274 nova-conductor[98744]: DEBUG cotyledon.oslo_config_glue [-] oslo_messaging_rabbit.ssl = False {{(pid=98744) log_opt_values /opt/stack/data/venv/lib/python3.12/site-packages/oslo_config/cfg.py:3253}}
Jul 02 12:24:53.243971 np0000004274 nova-conductor[98744]: DEBUG cotyledon.oslo_config_glue [-] oslo_messaging_rabbit.ssl_ca_file = {{(pid=98744) log_opt_values /opt/stack/data/venv/lib/python3.12/site-packages/oslo_config/cfg.py:3253}}
Jul 02 12:24:53.243971 np0000004274 nova-conductor[98744]: DEBUG cotyledon.oslo_config_glue [-] oslo_messaging_rabbit.ssl_cert_file = {{(pid=98744) log_opt_values /opt/stack/data/venv/lib/python3.12/site-packages/oslo_config/cfg.py:3253}}
Jul 02 12:24:53.243971 np0000004274 nova-conductor[98744]: DEBUG cotyledon.oslo_config_glue [-] oslo_messaging_rabbit.ssl_enforce_fips_mode = False {{(pid=98744) log_opt_values /opt/stack/data/venv/lib/python3.12/site-packages/oslo_config/cfg.py:3253}}
Jul 02 12:24:53.243971 np0000004274 nova-conductor[98744]: DEBUG cotyledon.oslo_config_glue [-] oslo_messaging_rabbit.ssl_enforce_hostname_verification = True {{(pid=98744) log_opt_values /opt/stack/data/venv/lib/python3.12/site-packages/oslo_config/cfg.py:3253}}
Jul 02 12:24:53.243971 np0000004274 nova-conductor[98744]: DEBUG cotyledon.oslo_config_glue [-] oslo_messaging_rabbit.ssl_key_file = {{(pid=98744) log_opt_values /opt/stack/data/venv/lib/python3.12/site-packages/oslo_config/cfg.py:3253}}
Jul 02 12:24:53.244181 np0000004274 nova-conductor[98744]: DEBUG cotyledon.oslo_config_glue [-] oslo_messaging_rabbit.ssl_version = {{(pid=98744) log_opt_values /opt/stack/data/venv/lib/python3.12/site-packages/oslo_config/cfg.py:3253}}
Jul 02 12:24:53.244181 np0000004274 nova-conductor[98744]: DEBUG cotyledon.oslo_config_glue [-] oslo_messaging_rabbit.use_queue_manager = False {{(pid=98744) log_opt_values /opt/stack/data/venv/lib/python3.12/site-packages/oslo_config/cfg.py:3253}}
Jul 02 12:24:53.244181 np0000004274 nova-conductor[98744]: DEBUG cotyledon.oslo_config_glue [-] oslo_messaging_notifications.driver = ['messagingv2'] {{(pid=98744) log_opt_values /opt/stack/data/venv/lib/python3.12/site-packages/oslo_config/cfg.py:3253}}
Jul 02 12:24:53.244181 np0000004274 nova-conductor[98744]: DEBUG cotyledon.oslo_config_glue [-] oslo_messaging_notifications.retry = -1 {{(pid=98744) log_opt_values /opt/stack/data/venv/lib/python3.12/site-packages/oslo_config/cfg.py:3253}}
Jul 02 12:24:53.244181 np0000004274 nova-conductor[98744]: DEBUG cotyledon.oslo_config_glue [-] oslo_messaging_notifications.topics = ['notifications'] {{(pid=98744) log_opt_values /opt/stack/data/venv/lib/python3.12/site-packages/oslo_config/cfg.py:3253}}
Jul 02 12:24:53.244181 np0000004274 nova-conductor[98744]: DEBUG cotyledon.oslo_config_glue [-] oslo_messaging_notifications.transport_url = **** {{(pid=98744) log_opt_values /opt/stack/data/venv/lib/python3.12/site-packages/oslo_config/cfg.py:3253}}
Jul 02 12:24:53.244304 np0000004274 nova-conductor[98690]: DEBUG oslo_db.sqlalchemy.engines [None req-5868d982-e82b-4836-b8e9-2e4c3720ef1c None None] MySQL server mode set to STRICT_TRANS_TABLES,STRICT_ALL_TABLES,NO_ZERO_IN_DATE,NO_ZERO_DATE,ERROR_FOR_DIVISION_BY_ZERO,TRADITIONAL,NO_ENGINE_SUBSTITUTION {{(pid=98690) _check_effective_sql_mode /opt/stack/data/venv/lib/python3.12/site-packages/oslo_db/sqlalchemy/engines.py:325}}
Jul 02 12:24:53.244340 np0000004274 nova-conductor[98744]: DEBUG cotyledon.oslo_config_glue [-] oslo_limit.auth_section = None {{(pid=98744) log_opt_values /opt/stack/data/venv/lib/python3.12/site-packages/oslo_config/cfg.py:3253}}
Jul 02 12:24:53.244340 np0000004274 nova-conductor[98744]: DEBUG cotyledon.oslo_config_glue [-] oslo_limit.auth_type = None {{(pid=98744) log_opt_values /opt/stack/data/venv/lib/python3.12/site-packages/oslo_config/cfg.py:3253}}
Jul 02 12:24:53.244340 np0000004274 nova-conductor[98744]: DEBUG cotyledon.oslo_config_glue [-] oslo_limit.cafile = None {{(pid=98744) log_opt_values /opt/stack/data/venv/lib/python3.12/site-packages/oslo_config/cfg.py:3253}}
Jul 02 12:24:53.244340 np0000004274 nova-conductor[98744]: DEBUG cotyledon.oslo_config_glue [-] oslo_limit.certfile = None {{(pid=98744) log_opt_values /opt/stack/data/venv/lib/python3.12/site-packages/oslo_config/cfg.py:3253}}
Jul 02 12:24:53.244340 np0000004274 nova-conductor[98744]: DEBUG cotyledon.oslo_config_glue [-] oslo_limit.collect_timing = False {{(pid=98744) log_opt_values /opt/stack/data/venv/lib/python3.12/site-packages/oslo_config/cfg.py:3253}}
Jul 02 12:24:53.244340 np0000004274 nova-conductor[98744]: DEBUG cotyledon.oslo_config_glue [-] oslo_limit.connect_retries = None {{(pid=98744) log_opt_values /opt/stack/data/venv/lib/python3.12/site-packages/oslo_config/cfg.py:3253}}
Jul 02 12:24:53.244340 np0000004274 nova-conductor[98744]: DEBUG cotyledon.oslo_config_glue [-] oslo_limit.connect_retry_delay = None {{(pid=98744) log_opt_values /opt/stack/data/venv/lib/python3.12/site-packages/oslo_config/cfg.py:3253}}
Jul 02 12:24:53.244340 np0000004274 nova-conductor[98744]: DEBUG cotyledon.oslo_config_glue [-] oslo_limit.endpoint_id = None {{(pid=98744) log_opt_values /opt/stack/data/venv/lib/python3.12/site-packages/oslo_config/cfg.py:3253}}
Jul 02 12:24:53.244340 np0000004274 nova-conductor[98744]: DEBUG cotyledon.oslo_config_glue [-] oslo_limit.endpoint_interface = public {{(pid=98744) log_opt_values /opt/stack/data/venv/lib/python3.12/site-packages/oslo_config/cfg.py:3253}}
Jul 02 12:24:53.244540 np0000004274 nova-conductor[98744]: DEBUG cotyledon.oslo_config_glue [-] oslo_limit.endpoint_override = None {{(pid=98744) log_opt_values /opt/stack/data/venv/lib/python3.12/site-packages/oslo_config/cfg.py:3253}}
Jul 02 12:24:53.244540 np0000004274 nova-conductor[98744]: DEBUG cotyledon.oslo_config_glue [-] oslo_limit.endpoint_region_name = None {{(pid=98744) log_opt_values /opt/stack/data/venv/lib/python3.12/site-packages/oslo_config/cfg.py:3253}}
Jul 02 12:24:53.244540 np0000004274 nova-conductor[98744]: DEBUG cotyledon.oslo_config_glue [-] oslo_limit.endpoint_service_name = None {{(pid=98744) log_opt_values /opt/stack/data/venv/lib/python3.12/site-packages/oslo_config/cfg.py:3253}}
Jul 02 12:24:53.244540 np0000004274 nova-conductor[98744]: DEBUG cotyledon.oslo_config_glue [-] oslo_limit.endpoint_service_type = None {{(pid=98744) log_opt_values /opt/stack/data/venv/lib/python3.12/site-packages/oslo_config/cfg.py:3253}}
Jul 02 12:24:53.244540 np0000004274 nova-conductor[98744]: DEBUG cotyledon.oslo_config_glue [-] oslo_limit.insecure = False {{(pid=98744) log_opt_values /opt/stack/data/venv/lib/python3.12/site-packages/oslo_config/cfg.py:3253}}
Jul 02 12:24:53.244540 np0000004274 nova-conductor[98744]: DEBUG cotyledon.oslo_config_glue [-] oslo_limit.keyfile = None {{(pid=98744) log_opt_values /opt/stack/data/venv/lib/python3.12/site-packages/oslo_config/cfg.py:3253}}
Jul 02 12:24:53.244540 np0000004274 nova-conductor[98744]: DEBUG cotyledon.oslo_config_glue [-] oslo_limit.max_version = None {{(pid=98744) log_opt_values /opt/stack/data/venv/lib/python3.12/site-packages/oslo_config/cfg.py:3253}}
Jul 02 12:24:53.244540 np0000004274 nova-conductor[98744]: DEBUG cotyledon.oslo_config_glue [-] oslo_limit.min_version = None {{(pid=98744) log_opt_values /opt/stack/data/venv/lib/python3.12/site-packages/oslo_config/cfg.py:3253}}
Jul 02 12:24:53.244540 np0000004274 nova-conductor[98744]: DEBUG cotyledon.oslo_config_glue [-] oslo_limit.region_name = None {{(pid=98744) log_opt_values /opt/stack/data/venv/lib/python3.12/site-packages/oslo_config/cfg.py:3253}}
Jul 02 12:24:53.244713 np0000004274 nova-conductor[98744]: DEBUG cotyledon.oslo_config_glue [-] oslo_limit.retriable_status_codes = None {{(pid=98744) log_opt_values /opt/stack/data/venv/lib/python3.12/site-packages/oslo_config/cfg.py:3253}}
Jul 02 12:24:53.244713 np0000004274 nova-conductor[98744]: DEBUG cotyledon.oslo_config_glue [-] oslo_limit.service_name = None {{(pid=98744) log_opt_values /opt/stack/data/venv/lib/python3.12/site-packages/oslo_config/cfg.py:3253}}
Jul 02 12:24:53.244713 np0000004274 nova-conductor[98744]: DEBUG cotyledon.oslo_config_glue [-] oslo_limit.service_type = None {{(pid=98744) log_opt_values /opt/stack/data/venv/lib/python3.12/site-packages/oslo_config/cfg.py:3253}}
Jul 02 12:24:53.244713 np0000004274 nova-conductor[98744]: DEBUG cotyledon.oslo_config_glue [-] oslo_limit.split_loggers = False {{(pid=98744) log_opt_values /opt/stack/data/venv/lib/python3.12/site-packages/oslo_config/cfg.py:3253}}
Jul 02 12:24:53.244713 np0000004274 nova-conductor[98744]: DEBUG cotyledon.oslo_config_glue [-] oslo_limit.status_code_retries = None {{(pid=98744) log_opt_values /opt/stack/data/venv/lib/python3.12/site-packages/oslo_config/cfg.py:3253}}
Jul 02 12:24:53.244713 np0000004274 nova-conductor[98744]: DEBUG cotyledon.oslo_config_glue [-] oslo_limit.status_code_retry_delay = None {{(pid=98744) log_opt_values /opt/stack/data/venv/lib/python3.12/site-packages/oslo_config/cfg.py:3253}}
Jul 02 12:24:53.244713 np0000004274 nova-conductor[98744]: DEBUG cotyledon.oslo_config_glue [-] oslo_limit.timeout = None {{(pid=98744) log_opt_values /opt/stack/data/venv/lib/python3.12/site-packages/oslo_config/cfg.py:3253}}
Jul 02 12:24:53.244713 np0000004274 nova-conductor[98744]: DEBUG cotyledon.oslo_config_glue [-] oslo_limit.valid_interfaces = None {{(pid=98744) log_opt_values /opt/stack/data/venv/lib/python3.12/site-packages/oslo_config/cfg.py:3253}}
Jul 02 12:24:53.244713 np0000004274 nova-conductor[98744]: DEBUG cotyledon.oslo_config_glue [-] oslo_limit.version = None {{(pid=98744) log_opt_values /opt/stack/data/venv/lib/python3.12/site-packages/oslo_config/cfg.py:3253}}
Jul 02 12:24:53.244904 np0000004274 nova-conductor[98744]: DEBUG cotyledon.oslo_config_glue [-] oslo_reports.file_event_handler = None {{(pid=98744) log_opt_values /opt/stack/data/venv/lib/python3.12/site-packages/oslo_config/cfg.py:3253}}
Jul 02 12:24:53.244904 np0000004274 nova-conductor[98744]: DEBUG cotyledon.oslo_config_glue [-] oslo_reports.file_event_handler_interval = 1 {{(pid=98744) log_opt_values /opt/stack/data/venv/lib/python3.12/site-packages/oslo_config/cfg.py:3253}}
Jul 02 12:24:53.244904 np0000004274 nova-conductor[98744]: DEBUG cotyledon.oslo_config_glue [-] oslo_reports.log_dir = None {{(pid=98744) log_opt_values /opt/stack/data/venv/lib/python3.12/site-packages/oslo_config/cfg.py:3253}}
Jul 02 12:24:53.244904 np0000004274 nova-conductor[98744]: DEBUG cotyledon.oslo_config_glue [-] ******************************************************************************** {{(pid=98744) log_opt_values /opt/stack/data/venv/lib/python3.12/site-packages/oslo_config/cfg.py:3260}}
Jul 02 12:24:53.244904 np0000004274 nova-conductor[98744]: DEBUG cotyledon._service_worker [-] Run service ServiceWrapper(3) [98744] {{(pid=98744) wait_forever /opt/stack/data/venv/lib/python3.12/site-packages/cotyledon/_service_worker.py:218}}
Jul 02 12:24:53.244904 np0000004274 nova-conductor[98744]: INFO nova.service [-] Starting conductor node (version 33.1.0)
Jul 02 12:24:53.244904 np0000004274 nova-conductor[98744]: INFO dbcounter [None req-0f7cef0b-f01a-4fce-8998-52153faf8138 None None] Registered counter for database nova_cell0
Jul 02 12:24:53.245408 np0000004274 nova-conductor[98690]: DEBUG dbcounter [-] [98690] Writer thread running {{(pid=98690) stat_writer /opt/stack/data/venv/lib/python3.12/site-packages/dbcounter.py:102}}
Jul 02 12:24:53.245408 np0000004274 nova-conductor[98690]: DEBUG nova.service [None req-5868d982-e82b-4836-b8e9-2e4c3720ef1c None None] Creating RPC server for service: nova-conductor on topic: conductor {{(pid=98690) start /opt/stack/nova/nova/service.py:196}}
Jul 02 12:24:53.245495 np0000004274 nova-conductor[98700]: DEBUG oslo_db.sqlalchemy.engines [None req-657725cd-c450-48c3-a0eb-e1dee4a32600 None None] MySQL server mode set to STRICT_TRANS_TABLES,STRICT_ALL_TABLES,NO_ZERO_IN_DATE,NO_ZERO_DATE,ERROR_FOR_DIVISION_BY_ZERO,TRADITIONAL,NO_ENGINE_SUBSTITUTION {{(pid=98700) _check_effective_sql_mode /opt/stack/data/venv/lib/python3.12/site-packages/oslo_db/sqlalchemy/engines.py:325}}
Jul 02 12:24:53.253189 np0000004274 nova-conductor[98700]: DEBUG dbcounter [-] [98700] Writer thread running {{(pid=98700) stat_writer /opt/stack/data/venv/lib/python3.12/site-packages/dbcounter.py:102}}
Jul 02 12:24:53.256504 np0000004274 nova-conductor[98700]: DEBUG nova.service [None req-657725cd-c450-48c3-a0eb-e1dee4a32600 None None] Creating RPC server for service: nova-conductor on topic: conductor {{(pid=98700) start /opt/stack/nova/nova/service.py:196}}
Jul 02 12:24:53.262591 np0000004274 nova-conductor[98690]: DEBUG nova.service [None req-5868d982-e82b-4836-b8e9-2e4c3720ef1c None None] Join ServiceGroup membership for this service conductor {{(pid=98690) start /opt/stack/nova/nova/service.py:222}}
Jul 02 12:24:53.262818 np0000004274 nova-conductor[98690]: DEBUG nova.servicegroup.drivers.db [None req-5868d982-e82b-4836-b8e9-2e4c3720ef1c None None] DB_Driver: join new ServiceGroup member np0000004274 to the conductor group, service = {{(pid=98690) join /opt/stack/nova/nova/servicegroup/drivers/db.py:44}}
Jul 02 12:24:53.263880 np0000004274 nova-conductor[98735]: DEBUG oslo_db.sqlalchemy.engines [None req-ac9f598d-8458-4fc6-b7bb-0417bfca38e7 None None] MySQL server mode set to STRICT_TRANS_TABLES,STRICT_ALL_TABLES,NO_ZERO_IN_DATE,NO_ZERO_DATE,ERROR_FOR_DIVISION_BY_ZERO,TRADITIONAL,NO_ENGINE_SUBSTITUTION {{(pid=98735) _check_effective_sql_mode /opt/stack/data/venv/lib/python3.12/site-packages/oslo_db/sqlalchemy/engines.py:325}}
Jul 02 12:24:53.274610 np0000004274 nova-conductor[98744]: DEBUG oslo_db.sqlalchemy.engines [None req-0f7cef0b-f01a-4fce-8998-52153faf8138 None None] MySQL server mode set to STRICT_TRANS_TABLES,STRICT_ALL_TABLES,NO_ZERO_IN_DATE,NO_ZERO_DATE,ERROR_FOR_DIVISION_BY_ZERO,TRADITIONAL,NO_ENGINE_SUBSTITUTION {{(pid=98744) _check_effective_sql_mode /opt/stack/data/venv/lib/python3.12/site-packages/oslo_db/sqlalchemy/engines.py:325}}
Jul 02 12:24:53.274891 np0000004274 nova-conductor[98700]: DEBUG nova.service [None req-657725cd-c450-48c3-a0eb-e1dee4a32600 None None] Join ServiceGroup membership for this service conductor {{(pid=98700) start /opt/stack/nova/nova/service.py:222}}
Jul 02 12:24:53.275127 np0000004274 nova-conductor[98700]: DEBUG nova.servicegroup.drivers.db [None req-657725cd-c450-48c3-a0eb-e1dee4a32600 None None] DB_Driver: join new ServiceGroup member np0000004274 to the conductor group, service = {{(pid=98700) join /opt/stack/nova/nova/servicegroup/drivers/db.py:44}}
Jul 02 12:24:53.275310 np0000004274 nova-conductor[98735]: DEBUG dbcounter [-] [98735] Writer thread running {{(pid=98735) stat_writer /opt/stack/data/venv/lib/python3.12/site-packages/dbcounter.py:102}}
Jul 02 12:24:53.278900 np0000004274 nova-conductor[98735]: DEBUG nova.service [None req-ac9f598d-8458-4fc6-b7bb-0417bfca38e7 None None] Creating RPC server for service: nova-conductor on topic: conductor {{(pid=98735) start /opt/stack/nova/nova/service.py:196}}
Jul 02 12:24:53.284506 np0000004274 nova-conductor[98744]: DEBUG dbcounter [-] [98744] Writer thread running {{(pid=98744) stat_writer /opt/stack/data/venv/lib/python3.12/site-packages/dbcounter.py:102}}
Jul 02 12:24:53.287390 np0000004274 nova-conductor[98744]: DEBUG nova.service [None req-0f7cef0b-f01a-4fce-8998-52153faf8138 None None] Creating RPC server for service: nova-conductor on topic: conductor {{(pid=98744) start /opt/stack/nova/nova/service.py:196}}
Jul 02 12:24:53.297762 np0000004274 nova-conductor[98735]: DEBUG nova.service [None req-ac9f598d-8458-4fc6-b7bb-0417bfca38e7 None None] Join ServiceGroup membership for this service conductor {{(pid=98735) start /opt/stack/nova/nova/service.py:222}}
Jul 02 12:24:53.297993 np0000004274 nova-conductor[98735]: DEBUG nova.servicegroup.drivers.db [None req-ac9f598d-8458-4fc6-b7bb-0417bfca38e7 None None] DB_Driver: join new ServiceGroup member np0000004274 to the conductor group, service = {{(pid=98735) join /opt/stack/nova/nova/servicegroup/drivers/db.py:44}}
Jul 02 12:24:53.303316 np0000004274 nova-conductor[98744]: DEBUG nova.service [None req-0f7cef0b-f01a-4fce-8998-52153faf8138 None None] Join ServiceGroup membership for this service conductor {{(pid=98744) start /opt/stack/nova/nova/service.py:222}}
Jul 02 12:24:53.303516 np0000004274 nova-conductor[98744]: DEBUG nova.servicegroup.drivers.db [None req-0f7cef0b-f01a-4fce-8998-52153faf8138 None None] DB_Driver: join new ServiceGroup member np0000004274 to the conductor group, service = {{(pid=98744) join /opt/stack/nova/nova/servicegroup/drivers/db.py:44}}
Jul 02 12:24:58.281564 np0000004274 nova-conductor[98690]: DEBUG oslo.service.backend._threading.loopingcall [-] Fixed interval looping call 'nova.servicegroup.drivers.db.DbDriver._report_state' sleeping for 119.98 seconds {{(pid=98690) _run_loop /opt/stack/data/venv/lib/python3.12/site-packages/oslo_service/backend/_threading/loopingcall.py:125}}
Jul 02 12:24:58.289817 np0000004274 nova-conductor[98700]: DEBUG oslo.service.backend._threading.loopingcall [-] Fixed interval looping call 'nova.servicegroup.drivers.db.DbDriver._report_state' sleeping for 119.99 seconds {{(pid=98700) _run_loop /opt/stack/data/venv/lib/python3.12/site-packages/oslo_service/backend/_threading/loopingcall.py:125}}
Jul 02 12:24:58.316940 np0000004274 nova-conductor[98735]: DEBUG oslo.service.backend._threading.loopingcall [-] Fixed interval looping call 'nova.servicegroup.drivers.db.DbDriver._report_state' sleeping for 119.98 seconds {{(pid=98735) _run_loop /opt/stack/data/venv/lib/python3.12/site-packages/oslo_service/backend/_threading/loopingcall.py:125}}
Jul 02 12:24:58.320491 np0000004274 nova-conductor[98744]: DEBUG oslo.service.backend._threading.loopingcall [-] Fixed interval looping call 'nova.servicegroup.drivers.db.DbDriver._report_state' sleeping for 119.98 seconds {{(pid=98744) _run_loop /opt/stack/data/venv/lib/python3.12/site-packages/oslo_service/backend/_threading/loopingcall.py:125}}
Jul 02 12:25:01.815162 np0000004274 nova-conductor[97180]: DEBUG dbcounter [-] [97180] Writing DB stats nova_api:SELECT=1 {{(pid=97180) stat_writer /opt/stack/data/venv/lib/python3.12/site-packages/dbcounter.py:115}}
Jul 02 12:25:01.975174 np0000004274 nova-conductor[97180]: DEBUG dbcounter [-] [97180] Writing DB stats nova_cell0:SELECT=1 {{(pid=97180) stat_writer /opt/stack/data/venv/lib/python3.12/site-packages/dbcounter.py:115}}
Jul 02 12:25:01.978547 np0000004274 nova-conductor[97180]: DEBUG dbcounter [-] [97180] Writing DB stats nova_cell1:SELECT=1 {{(pid=97180) stat_writer /opt/stack/data/venv/lib/python3.12/site-packages/dbcounter.py:115}}
Jul 02 12:25:08.272236 np0000004274 nova-conductor[98690]: DEBUG dbcounter [-] [98690] Writing DB stats nova_cell0:SELECT=4,nova_cell0:INSERT=1,nova_cell0:UPDATE=1 {{(pid=98690) stat_writer /opt/stack/data/venv/lib/python3.12/site-packages/dbcounter.py:115}}
Jul 02 12:25:08.286830 np0000004274 nova-conductor[98700]: DEBUG dbcounter [-] [98700] Writing DB stats nova_cell0:SELECT=3 {{(pid=98700) stat_writer /opt/stack/data/venv/lib/python3.12/site-packages/dbcounter.py:115}}
Jul 02 12:25:08.315713 np0000004274 nova-conductor[98735]: DEBUG dbcounter [-] [98735] Writing DB stats nova_cell0:SELECT=3 {{(pid=98735) stat_writer /opt/stack/data/venv/lib/python3.12/site-packages/dbcounter.py:115}}
Jul 02 12:25:08.317792 np0000004274 nova-conductor[98744]: DEBUG dbcounter [-] [98744] Writing DB stats nova_cell0:SELECT=3 {{(pid=98744) stat_writer /opt/stack/data/venv/lib/python3.12/site-packages/dbcounter.py:115}}
Jul 02 12:25:34.264811 np0000004274 nova-conductor[98690]: DEBUG oslo.service.backend._threading.loopingcall [None req-16ea5b58-d1bd-438d-8140-bf0916d0c16b None None] Dynamic interval looping call 'nova.service.Service.periodic_tasks' sleeping for 60.00 seconds {{(pid=98690) _run_loop /opt/stack/data/venv/lib/python3.12/site-packages/oslo_service/backend/_threading/loopingcall.py:125}}
Jul 02 12:25:38.306059 np0000004274 nova-conductor[98744]: DEBUG oslo.service.backend._threading.loopingcall [None req-a9cb08db-74d4-47ab-a95a-7501af5488d8 None None] Dynamic interval looping call 'nova.service.Service.periodic_tasks' sleeping for 60.00 seconds {{(pid=98744) _run_loop /opt/stack/data/venv/lib/python3.12/site-packages/oslo_service/backend/_threading/loopingcall.py:125}}
Jul 02 12:25:40.300375 np0000004274 nova-conductor[98735]: DEBUG oslo.service.backend._threading.loopingcall [None req-64928dc4-f4ed-4662-a524-a707badbc3a7 None None] Dynamic interval looping call 'nova.service.Service.periodic_tasks' sleeping for 60.00 seconds {{(pid=98735) _run_loop /opt/stack/data/venv/lib/python3.12/site-packages/oslo_service/backend/_threading/loopingcall.py:125}}
Jul 02 12:25:46.277707 np0000004274 nova-conductor[98700]: DEBUG oslo.service.backend._threading.loopingcall [None req-11e6ace0-0e84-4f13-8672-0d55cee31d01 None None] Dynamic interval looping call 'nova.service.Service.periodic_tasks' sleeping for 60.00 seconds {{(pid=98700) _run_loop /opt/stack/data/venv/lib/python3.12/site-packages/oslo_service/backend/_threading/loopingcall.py:125}}
Jul 02 12:26:34.265311 np0000004274 nova-conductor[98690]: DEBUG oslo.service.backend._threading.loopingcall [None req-16ea5b58-d1bd-438d-8140-bf0916d0c16b None None] Dynamic interval looping call 'nova.service.Service.periodic_tasks' sleeping for 60.00 seconds {{(pid=98690) _run_loop /opt/stack/data/venv/lib/python3.12/site-packages/oslo_service/backend/_threading/loopingcall.py:125}}
Jul 02 12:26:38.306525 np0000004274 nova-conductor[98744]: DEBUG oslo.service.backend._threading.loopingcall [None req-a9cb08db-74d4-47ab-a95a-7501af5488d8 None None] Dynamic interval looping call 'nova.service.Service.periodic_tasks' sleeping for 60.00 seconds {{(pid=98744) _run_loop /opt/stack/data/venv/lib/python3.12/site-packages/oslo_service/backend/_threading/loopingcall.py:125}}
Jul 02 12:26:40.300862 np0000004274 nova-conductor[98735]: DEBUG oslo.service.backend._threading.loopingcall [None req-64928dc4-f4ed-4662-a524-a707badbc3a7 None None] Dynamic interval looping call 'nova.service.Service.periodic_tasks' sleeping for 60.00 seconds {{(pid=98735) _run_loop /opt/stack/data/venv/lib/python3.12/site-packages/oslo_service/backend/_threading/loopingcall.py:125}}
Jul 02 12:26:46.278253 np0000004274 nova-conductor[98700]: DEBUG oslo.service.backend._threading.loopingcall [None req-11e6ace0-0e84-4f13-8672-0d55cee31d01 None None] Dynamic interval looping call 'nova.service.Service.periodic_tasks' sleeping for 60.00 seconds {{(pid=98700) _run_loop /opt/stack/data/venv/lib/python3.12/site-packages/oslo_service/backend/_threading/loopingcall.py:125}}
Jul 02 12:26:58.269084 np0000004274 nova-conductor[98690]: DEBUG oslo.service.backend._threading.loopingcall [-] Fixed interval looping call 'nova.servicegroup.drivers.db.DbDriver._report_state' sleeping for 119.99 seconds {{(pid=98690) _run_loop /opt/stack/data/venv/lib/python3.12/site-packages/oslo_service/backend/_threading/loopingcall.py:125}}
Jul 02 12:26:58.283622 np0000004274 nova-conductor[98700]: DEBUG oslo.service.backend._threading.loopingcall [-] Fixed interval looping call 'nova.servicegroup.drivers.db.DbDriver._report_state' sleeping for 120.00 seconds {{(pid=98700) _run_loop /opt/stack/data/venv/lib/python3.12/site-packages/oslo_service/backend/_threading/loopingcall.py:125}}
Jul 02 12:26:58.300586 np0000004274 nova-conductor[98735]: DEBUG oslo.service.backend._threading.loopingcall [-] Fixed interval looping call 'nova.servicegroup.drivers.db.DbDriver._report_state' sleeping for 120.00 seconds {{(pid=98735) _run_loop /opt/stack/data/venv/lib/python3.12/site-packages/oslo_service/backend/_threading/loopingcall.py:125}}
Jul 02 12:26:58.303959 np0000004274 nova-conductor[98744]: DEBUG oslo.service.backend._threading.loopingcall [-] Fixed interval looping call 'nova.servicegroup.drivers.db.DbDriver._report_state' sleeping for 120.00 seconds {{(pid=98744) _run_loop /opt/stack/data/venv/lib/python3.12/site-packages/oslo_service/backend/_threading/loopingcall.py:125}}
Jul 02 12:27:08.265099 np0000004274 nova-conductor[98690]: DEBUG dbcounter [-] [98690] Writing DB stats nova_cell0:SELECT=1,nova_cell0:UPDATE=1 {{(pid=98690) stat_writer /opt/stack/data/venv/lib/python3.12/site-packages/dbcounter.py:115}}
Jul 02 12:27:08.281709 np0000004274 nova-conductor[98700]: DEBUG dbcounter [-] [98700] Writing DB stats nova_cell0:SELECT=1 {{(pid=98700) stat_writer /opt/stack/data/venv/lib/python3.12/site-packages/dbcounter.py:115}}
Jul 02 12:27:08.299276 np0000004274 nova-conductor[98735]: DEBUG dbcounter [-] [98735] Writing DB stats nova_cell0:SELECT=1 {{(pid=98735) stat_writer /opt/stack/data/venv/lib/python3.12/site-packages/dbcounter.py:115}}
Jul 02 12:27:08.302444 np0000004274 nova-conductor[98744]: DEBUG dbcounter [-] [98744] Writing DB stats nova_cell0:SELECT=1 {{(pid=98744) stat_writer /opt/stack/data/venv/lib/python3.12/site-packages/dbcounter.py:115}}
Jul 02 12:27:34.266488 np0000004274 nova-conductor[98690]: DEBUG oslo.service.backend._threading.loopingcall [None req-16ea5b58-d1bd-438d-8140-bf0916d0c16b None None] Dynamic interval looping call 'nova.service.Service.periodic_tasks' sleeping for 60.00 seconds {{(pid=98690) _run_loop /opt/stack/data/venv/lib/python3.12/site-packages/oslo_service/backend/_threading/loopingcall.py:125}}
Jul 02 12:27:34.666276 np0000004274 nova-conductor[98690]: DEBUG oslo_db.sqlalchemy.engines [None req-a22608b0-d979-4731-be4e-b09a639edd80 tempest-ServerActionsTestOtherB-1727660135 tempest-ServerActionsTestOtherB-1727660135-project-member] Parent process 97180 forked (98690) with an open database connection, which is being discarded and recreated. {{(pid=98690) checkout /opt/stack/data/venv/lib/python3.12/site-packages/oslo_db/sqlalchemy/engines.py:402}}
Jul 02 12:27:34.713734 np0000004274 nova-conductor[98690]: DEBUG dbcounter [-] [98690] Writer thread running {{(pid=98690) stat_writer /opt/stack/data/venv/lib/python3.12/site-packages/dbcounter.py:102}}
Jul 02 12:27:36.256542 np0000004274 nova-conductor[98690]: DEBUG nova.conductor.manager [None req-a22608b0-d979-4731-be4e-b09a639edd80 tempest-ServerActionsTestOtherB-1727660135 tempest-ServerActionsTestOtherB-1727660135-project-member] Took 1.54 seconds to select destinations for 1 instance(s). {{(pid=98690) _schedule_instances /opt/stack/nova/nova/conductor/manager.py:968}}
Jul 02 12:27:36.294353 np0000004274 nova-conductor[98690]: DEBUG oslo_concurrency.lockutils [None req-a22608b0-d979-4731-be4e-b09a639edd80 tempest-ServerActionsTestOtherB-1727660135 tempest-ServerActionsTestOtherB-1727660135-project-member] Acquiring lock "298b9f69-23a9-4197-93d7-0dfbd74e1592" by "nova.context.set_target_cell..get_or_set_cached_cell_and_set_connections" {{(pid=98690) inner /opt/stack/data/venv/lib/python3.12/site-packages/oslo_concurrency/lockutils.py:511}}
Jul 02 12:27:36.294353 np0000004274 nova-conductor[98690]: DEBUG oslo_concurrency.lockutils [None req-a22608b0-d979-4731-be4e-b09a639edd80 tempest-ServerActionsTestOtherB-1727660135 tempest-ServerActionsTestOtherB-1727660135-project-member] Lock "298b9f69-23a9-4197-93d7-0dfbd74e1592" acquired by "nova.context.set_target_cell..get_or_set_cached_cell_and_set_connections" :: waited 0.000s {{(pid=98690) inner /opt/stack/data/venv/lib/python3.12/site-packages/oslo_concurrency/lockutils.py:524}}
Jul 02 12:27:36.294353 np0000004274 nova-conductor[98690]: DEBUG oslo_concurrency.lockutils [None req-a22608b0-d979-4731-be4e-b09a639edd80 tempest-ServerActionsTestOtherB-1727660135 tempest-ServerActionsTestOtherB-1727660135-project-member] Lock "298b9f69-23a9-4197-93d7-0dfbd74e1592" "released" by "nova.context.set_target_cell..get_or_set_cached_cell_and_set_connections" :: held 0.001s {{(pid=98690) inner /opt/stack/data/venv/lib/python3.12/site-packages/oslo_concurrency/lockutils.py:543}}
Jul 02 12:27:36.295649 np0000004274 nova-conductor[98690]: INFO dbcounter [None req-a22608b0-d979-4731-be4e-b09a639edd80 tempest-ServerActionsTestOtherB-1727660135 tempest-ServerActionsTestOtherB-1727660135-project-member] Registered counter for database nova_cell1
Jul 02 12:27:36.339503 np0000004274 nova-conductor[98690]: DEBUG oslo_db.sqlalchemy.engines [None req-a22608b0-d979-4731-be4e-b09a639edd80 tempest-ServerActionsTestOtherB-1727660135 tempest-ServerActionsTestOtherB-1727660135-project-member] MySQL server mode set to STRICT_TRANS_TABLES,STRICT_ALL_TABLES,NO_ZERO_IN_DATE,NO_ZERO_DATE,ERROR_FOR_DIVISION_BY_ZERO,TRADITIONAL,NO_ENGINE_SUBSTITUTION {{(pid=98690) _check_effective_sql_mode /opt/stack/data/venv/lib/python3.12/site-packages/oslo_db/sqlalchemy/engines.py:325}}
Jul 02 12:27:36.347956 np0000004274 nova-conductor[98690]: DEBUG dbcounter [-] [98690] Writer thread running {{(pid=98690) stat_writer /opt/stack/data/venv/lib/python3.12/site-packages/dbcounter.py:102}}
Jul 02 12:27:36.429140 np0000004274 nova-conductor[98690]: INFO nova.utils [None req-a22608b0-d979-4731-be4e-b09a639edd80 tempest-ServerActionsTestOtherB-1727660135 tempest-ServerActionsTestOtherB-1727660135-project-member] The cell worker thread pool ForkProcess-1.cell_worker is initialized
Jul 02 12:27:36.430333 np0000004274 nova-conductor[98690]: DEBUG oslo_concurrency.lockutils [None req-a22608b0-d979-4731-be4e-b09a639edd80 tempest-ServerActionsTestOtherB-1727660135 tempest-ServerActionsTestOtherB-1727660135-project-member] Acquiring lock "00000000-0000-0000-0000-000000000000" by "nova.context.set_target_cell..get_or_set_cached_cell_and_set_connections" {{(pid=98690) inner /opt/stack/data/venv/lib/python3.12/site-packages/oslo_concurrency/lockutils.py:511}}
Jul 02 12:27:36.430333 np0000004274 nova-conductor[98690]: DEBUG oslo_concurrency.lockutils [None req-a22608b0-d979-4731-be4e-b09a639edd80 tempest-ServerActionsTestOtherB-1727660135 tempest-ServerActionsTestOtherB-1727660135-project-member] Lock "00000000-0000-0000-0000-000000000000" acquired by "nova.context.set_target_cell..get_or_set_cached_cell_and_set_connections" :: waited 0.000s {{(pid=98690) inner /opt/stack/data/venv/lib/python3.12/site-packages/oslo_concurrency/lockutils.py:524}}
Jul 02 12:27:36.430333 np0000004274 nova-conductor[98690]: DEBUG oslo_concurrency.lockutils [None req-a22608b0-d979-4731-be4e-b09a639edd80 tempest-ServerActionsTestOtherB-1727660135 tempest-ServerActionsTestOtherB-1727660135-project-member] Lock "00000000-0000-0000-0000-000000000000" "released" by "nova.context.set_target_cell..get_or_set_cached_cell_and_set_connections" :: held 0.000s {{(pid=98690) inner /opt/stack/data/venv/lib/python3.12/site-packages/oslo_concurrency/lockutils.py:543}}
Jul 02 12:27:36.430854 np0000004274 nova-conductor[98690]: DEBUG oslo_concurrency.lockutils [None req-a22608b0-d979-4731-be4e-b09a639edd80 tempest-ServerActionsTestOtherB-1727660135 tempest-ServerActionsTestOtherB-1727660135-project-member] Acquiring lock "298b9f69-23a9-4197-93d7-0dfbd74e1592" by "nova.context.set_target_cell..get_or_set_cached_cell_and_set_connections" {{(pid=98690) inner /opt/stack/data/venv/lib/python3.12/site-packages/oslo_concurrency/lockutils.py:511}}
Jul 02 12:27:36.431185 np0000004274 nova-conductor[98690]: DEBUG oslo_concurrency.lockutils [None req-a22608b0-d979-4731-be4e-b09a639edd80 tempest-ServerActionsTestOtherB-1727660135 tempest-ServerActionsTestOtherB-1727660135-project-member] Lock "298b9f69-23a9-4197-93d7-0dfbd74e1592" acquired by "nova.context.set_target_cell..get_or_set_cached_cell_and_set_connections" :: waited 0.000s {{(pid=98690) inner /opt/stack/data/venv/lib/python3.12/site-packages/oslo_concurrency/lockutils.py:524}}
Jul 02 12:27:36.431693 np0000004274 nova-conductor[98690]: DEBUG oslo_concurrency.lockutils [None req-a22608b0-d979-4731-be4e-b09a639edd80 tempest-ServerActionsTestOtherB-1727660135 tempest-ServerActionsTestOtherB-1727660135-project-member] Lock "298b9f69-23a9-4197-93d7-0dfbd74e1592" "released" by "nova.context.set_target_cell..get_or_set_cached_cell_and_set_connections" :: held 0.000s {{(pid=98690) inner /opt/stack/data/venv/lib/python3.12/site-packages/oslo_concurrency/lockutils.py:543}}
Jul 02 12:27:36.432782 np0000004274 nova-conductor[98690]: INFO dbcounter [None req-a22608b0-d979-4731-be4e-b09a639edd80 tempest-ServerActionsTestOtherB-1727660135 tempest-ServerActionsTestOtherB-1727660135-project-member] Registered counter for database nova_cell0
Jul 02 12:27:36.498166 np0000004274 nova-conductor[98690]: DEBUG oslo_db.sqlalchemy.engines [None req-a22608b0-d979-4731-be4e-b09a639edd80 tempest-ServerActionsTestOtherB-1727660135 tempest-ServerActionsTestOtherB-1727660135-project-member] MySQL server mode set to STRICT_TRANS_TABLES,STRICT_ALL_TABLES,NO_ZERO_IN_DATE,NO_ZERO_DATE,ERROR_FOR_DIVISION_BY_ZERO,TRADITIONAL,NO_ENGINE_SUBSTITUTION {{(pid=98690) _check_effective_sql_mode /opt/stack/data/venv/lib/python3.12/site-packages/oslo_db/sqlalchemy/engines.py:325}}
Jul 02 12:27:36.505150 np0000004274 nova-conductor[98690]: DEBUG dbcounter [-] [98690] Writer thread running {{(pid=98690) stat_writer /opt/stack/data/venv/lib/python3.12/site-packages/dbcounter.py:102}}
Jul 02 12:27:36.516369 np0000004274 nova-conductor[98690]: DEBUG nova.quota [None req-a22608b0-d979-4731-be4e-b09a639edd80 tempest-ServerActionsTestOtherB-1727660135 tempest-ServerActionsTestOtherB-1727660135-project-member] Getting quotas for project 5e85a77e4685497c8dc7f3f212ca94c0. Resources: {'ram', 'instances', 'cores'} {{(pid=98690) _get_quotas /opt/stack/nova/nova/quota.py:389}}
Jul 02 12:27:36.520721 np0000004274 nova-conductor[98690]: DEBUG nova.quota [None req-a22608b0-d979-4731-be4e-b09a639edd80 tempest-ServerActionsTestOtherB-1727660135 tempest-ServerActionsTestOtherB-1727660135-project-member] Getting quotas for user 8a9e7794dfa3496db32f1e6fb0e86af1 and project 5e85a77e4685497c8dc7f3f212ca94c0. Resources: {'ram', 'instances', 'cores'} {{(pid=98690) _get_quotas /opt/stack/nova/nova/quota.py:379}}
Jul 02 12:27:36.527717 np0000004274 nova-conductor[98690]: DEBUG nova.conductor.manager [None req-a22608b0-d979-4731-be4e-b09a639edd80 tempest-ServerActionsTestOtherB-1727660135 tempest-ServerActionsTestOtherB-1727660135-project-member] [instance: 14056850-f8ea-483b-9c54-92e8ad9c8aae] Selected host: np0000004274; Selected node: np0000004274; Alternates: [] {{(pid=98690) schedule_and_build_instances /opt/stack/nova/nova/conductor/manager.py:1784}}
Jul 02 12:27:36.528748 np0000004274 nova-conductor[98690]: DEBUG oslo_concurrency.lockutils [None req-a22608b0-d979-4731-be4e-b09a639edd80 tempest-ServerActionsTestOtherB-1727660135 tempest-ServerActionsTestOtherB-1727660135-project-member] Acquiring lock "298b9f69-23a9-4197-93d7-0dfbd74e1592" by "nova.context.set_target_cell..get_or_set_cached_cell_and_set_connections" {{(pid=98690) inner /opt/stack/data/venv/lib/python3.12/site-packages/oslo_concurrency/lockutils.py:511}}
Jul 02 12:27:36.528748 np0000004274 nova-conductor[98690]: DEBUG oslo_concurrency.lockutils [None req-a22608b0-d979-4731-be4e-b09a639edd80 tempest-ServerActionsTestOtherB-1727660135 tempest-ServerActionsTestOtherB-1727660135-project-member] Lock "298b9f69-23a9-4197-93d7-0dfbd74e1592" acquired by "nova.context.set_target_cell..get_or_set_cached_cell_and_set_connections" :: waited 0.000s {{(pid=98690) inner /opt/stack/data/venv/lib/python3.12/site-packages/oslo_concurrency/lockutils.py:524}}
Jul 02 12:27:36.528748 np0000004274 nova-conductor[98690]: DEBUG oslo_concurrency.lockutils [None req-a22608b0-d979-4731-be4e-b09a639edd80 tempest-ServerActionsTestOtherB-1727660135 tempest-ServerActionsTestOtherB-1727660135-project-member] Lock "298b9f69-23a9-4197-93d7-0dfbd74e1592" "released" by "nova.context.set_target_cell..get_or_set_cached_cell_and_set_connections" :: held 0.000s {{(pid=98690) inner /opt/stack/data/venv/lib/python3.12/site-packages/oslo_concurrency/lockutils.py:543}}
Jul 02 12:27:36.541221 np0000004274 nova-conductor[98690]: DEBUG nova.conductor.manager [None req-a22608b0-d979-4731-be4e-b09a639edd80 tempest-ServerActionsTestOtherB-1727660135 tempest-ServerActionsTestOtherB-1727660135-project-member] [instance: 14056850-f8ea-483b-9c54-92e8ad9c8aae] block_device_mapping [BlockDeviceMapping(attachment_id=,boot_index=0,connection_info=None,created_at=,delete_on_termination=True,deleted=,deleted_at=,destination_type='local',device_name=None,device_type='disk',disk_bus=None,encrypted=False,encryption_format=None,encryption_options=None,encryption_secret_uuid=None,guest_format=None,id=,image_id='b14e1324-679e-407a-a4e6-dc255eca83dc',instance=,instance_uuid=,no_device=False,snapshot_id=None,source_type='image',tag=None,updated_at=,uuid=,volume_id=None,volume_size=None,volume_type=None)] {{(pid=98690) _create_block_device_mapping /opt/stack/nova/nova/conductor/manager.py:1529}}
Jul 02 12:27:36.543175 np0000004274 nova-conductor[98690]: DEBUG oslo_concurrency.lockutils [None req-a22608b0-d979-4731-be4e-b09a639edd80 tempest-ServerActionsTestOtherB-1727660135 tempest-ServerActionsTestOtherB-1727660135-project-member] Acquiring lock "298b9f69-23a9-4197-93d7-0dfbd74e1592" by "nova.context.set_target_cell..get_or_set_cached_cell_and_set_connections" {{(pid=98690) inner /opt/stack/data/venv/lib/python3.12/site-packages/oslo_concurrency/lockutils.py:511}}
Jul 02 12:27:36.543175 np0000004274 nova-conductor[98690]: DEBUG oslo_concurrency.lockutils [None req-a22608b0-d979-4731-be4e-b09a639edd80 tempest-ServerActionsTestOtherB-1727660135 tempest-ServerActionsTestOtherB-1727660135-project-member] Lock "298b9f69-23a9-4197-93d7-0dfbd74e1592" acquired by "nova.context.set_target_cell..get_or_set_cached_cell_and_set_connections" :: waited 0.000s {{(pid=98690) inner /opt/stack/data/venv/lib/python3.12/site-packages/oslo_concurrency/lockutils.py:524}}
Jul 02 12:27:36.543289 np0000004274 nova-conductor[98690]: DEBUG oslo_concurrency.lockutils [None req-a22608b0-d979-4731-be4e-b09a639edd80 tempest-ServerActionsTestOtherB-1727660135 tempest-ServerActionsTestOtherB-1727660135-project-member] Lock "298b9f69-23a9-4197-93d7-0dfbd74e1592" "released" by "nova.context.set_target_cell..get_or_set_cached_cell_and_set_connections" :: held 0.000s {{(pid=98690) inner /opt/stack/data/venv/lib/python3.12/site-packages/oslo_concurrency/lockutils.py:543}}
Jul 02 12:27:36.588317 np0000004274 nova-conductor[98690]: DEBUG oslo_concurrency.lockutils [None req-a22608b0-d979-4731-be4e-b09a639edd80 tempest-ServerActionsTestOtherB-1727660135 tempest-ServerActionsTestOtherB-1727660135-project-member] Acquiring lock "298b9f69-23a9-4197-93d7-0dfbd74e1592" by "nova.context.set_target_cell..get_or_set_cached_cell_and_set_connections" {{(pid=98690) inner /opt/stack/data/venv/lib/python3.12/site-packages/oslo_concurrency/lockutils.py:511}}
Jul 02 12:27:36.588317 np0000004274 nova-conductor[98690]: DEBUG oslo_concurrency.lockutils [None req-a22608b0-d979-4731-be4e-b09a639edd80 tempest-ServerActionsTestOtherB-1727660135 tempest-ServerActionsTestOtherB-1727660135-project-member] Lock "298b9f69-23a9-4197-93d7-0dfbd74e1592" acquired by "nova.context.set_target_cell..get_or_set_cached_cell_and_set_connections" :: waited 0.000s {{(pid=98690) inner /opt/stack/data/venv/lib/python3.12/site-packages/oslo_concurrency/lockutils.py:524}}
Jul 02 12:27:36.588317 np0000004274 nova-conductor[98690]: DEBUG oslo_concurrency.lockutils [None req-a22608b0-d979-4731-be4e-b09a639edd80 tempest-ServerActionsTestOtherB-1727660135 tempest-ServerActionsTestOtherB-1727660135-project-member] Lock "298b9f69-23a9-4197-93d7-0dfbd74e1592" "released" by "nova.context.set_target_cell..get_or_set_cached_cell_and_set_connections" :: held 0.000s {{(pid=98690) inner /opt/stack/data/venv/lib/python3.12/site-packages/oslo_concurrency/lockutils.py:543}}
