Jun 26 20:44:14.498779 np0000003794 nova-scheduler[96287]: DEBUG cotyledon.oslo_config_glue [-] profiler.filter_error_trace = False {{(pid=96287) log_opt_values /opt/stack/data/venv/lib/python3.12/site-packages/oslo_config/cfg.py:3253}}
Jun 26 20:44:14.498779 np0000003794 nova-scheduler[96287]: DEBUG cotyledon.oslo_config_glue [-] profiler.hmac_keys = **** {{(pid=96287) log_opt_values /opt/stack/data/venv/lib/python3.12/site-packages/oslo_config/cfg.py:3253}}
Jun 26 20:44:14.498779 np0000003794 nova-scheduler[96287]: DEBUG cotyledon.oslo_config_glue [-] profiler.sentinel_service_name = mymaster {{(pid=96287) log_opt_values /opt/stack/data/venv/lib/python3.12/site-packages/oslo_config/cfg.py:3253}}
Jun 26 20:44:14.498779 np0000003794 nova-scheduler[96287]: DEBUG cotyledon.oslo_config_glue [-] profiler.socket_timeout = 0.1 {{(pid=96287) log_opt_values /opt/stack/data/venv/lib/python3.12/site-packages/oslo_config/cfg.py:3253}}
Jun 26 20:44:14.498779 np0000003794 nova-scheduler[96287]: DEBUG cotyledon.oslo_config_glue [-] profiler.trace_requests = False {{(pid=96287) log_opt_values /opt/stack/data/venv/lib/python3.12/site-packages/oslo_config/cfg.py:3253}}
Jun 26 20:44:14.498779 np0000003794 nova-scheduler[96287]: DEBUG cotyledon.oslo_config_glue [-] profiler.trace_sqlalchemy = False {{(pid=96287) log_opt_values /opt/stack/data/venv/lib/python3.12/site-packages/oslo_config/cfg.py:3253}}
Jun 26 20:44:14.498779 np0000003794 nova-scheduler[96287]: DEBUG cotyledon.oslo_config_glue [-] profiler_jaeger.process_tags = {} {{(pid=96287) log_opt_values /opt/stack/data/venv/lib/python3.12/site-packages/oslo_config/cfg.py:3253}}
Jun 26 20:44:14.498779 np0000003794 nova-scheduler[96287]: DEBUG cotyledon.oslo_config_glue [-] profiler_jaeger.service_name_prefix = None {{(pid=96287) log_opt_values /opt/stack/data/venv/lib/python3.12/site-packages/oslo_config/cfg.py:3253}}
Jun 26 20:44:14.499095 np0000003794 nova-scheduler[96287]: DEBUG cotyledon.oslo_config_glue [-] profiler_otlp.service_name_prefix = None {{(pid=96287) log_opt_values /opt/stack/data/venv/lib/python3.12/site-packages/oslo_config/cfg.py:3253}}
Jun 26 20:44:14.499095 np0000003794 nova-scheduler[96287]: DEBUG cotyledon.oslo_config_glue [-] oslo_messaging_rabbit.amqp_auto_delete = False {{(pid=96287) log_opt_values /opt/stack/data/venv/lib/python3.12/site-packages/oslo_config/cfg.py:3253}}
Jun 26 20:44:14.499095 np0000003794 nova-scheduler[96287]: DEBUG cotyledon.oslo_config_glue [-] oslo_messaging_rabbit.amqp_durable_queues = False {{(pid=96287) log_opt_values /opt/stack/data/venv/lib/python3.12/site-packages/oslo_config/cfg.py:3253}}
Jun 26 20:44:14.499095 np0000003794 nova-scheduler[96287]: DEBUG cotyledon.oslo_config_glue [-] oslo_messaging_rabbit.conn_pool_min_size = 2 {{(pid=96287) log_opt_values /opt/stack/data/venv/lib/python3.12/site-packages/oslo_config/cfg.py:3253}}
Jun 26 20:44:14.499095 np0000003794 nova-scheduler[96287]: DEBUG cotyledon.oslo_config_glue [-] oslo_messaging_rabbit.conn_pool_ttl = 1200 {{(pid=96287) log_opt_values /opt/stack/data/venv/lib/python3.12/site-packages/oslo_config/cfg.py:3253}}
Jun 26 20:44:14.499095 np0000003794 nova-scheduler[96287]: DEBUG cotyledon.oslo_config_glue [-] oslo_messaging_rabbit.direct_mandatory_flag = True {{(pid=96287) log_opt_values /opt/stack/data/venv/lib/python3.12/site-packages/oslo_config/cfg.py:3253}}
Jun 26 20:44:14.499095 np0000003794 nova-scheduler[96287]: DEBUG cotyledon.oslo_config_glue [-] oslo_messaging_rabbit.enable_cancel_on_failover = False {{(pid=96287) log_opt_values /opt/stack/data/venv/lib/python3.12/site-packages/oslo_config/cfg.py:3253}}
Jun 26 20:44:14.499095 np0000003794 nova-scheduler[96287]: DEBUG cotyledon.oslo_config_glue [-] oslo_messaging_rabbit.heartbeat_rate = 3 {{(pid=96287) log_opt_values /opt/stack/data/venv/lib/python3.12/site-packages/oslo_config/cfg.py:3253}}
Jun 26 20:44:14.499095 np0000003794 nova-scheduler[96287]: DEBUG cotyledon.oslo_config_glue [-] oslo_messaging_rabbit.heartbeat_timeout_threshold = 60 {{(pid=96287) log_opt_values /opt/stack/data/venv/lib/python3.12/site-packages/oslo_config/cfg.py:3253}}
Jun 26 20:44:14.499462 np0000003794 nova-scheduler[96287]: DEBUG cotyledon.oslo_config_glue [-] oslo_messaging_rabbit.hostname = np0000003794 {{(pid=96287) log_opt_values /opt/stack/data/venv/lib/python3.12/site-packages/oslo_config/cfg.py:3253}}
Jun 26 20:44:14.499462 np0000003794 nova-scheduler[96287]: DEBUG cotyledon.oslo_config_glue [-] oslo_messaging_rabbit.kombu_compression = None {{(pid=96287) log_opt_values /opt/stack/data/venv/lib/python3.12/site-packages/oslo_config/cfg.py:3253}}
Jun 26 20:44:14.499537 np0000003794 nova-scheduler[96322]: INFO dbcounter [None req-fef498e5-5ccb-4d06-aed4-a32796094dd7 None None] Registered counter for database nova_cell0
Jun 26 20:44:14.499588 np0000003794 nova-scheduler[96287]: DEBUG cotyledon.oslo_config_glue [-] oslo_messaging_rabbit.kombu_failover_strategy = round-robin {{(pid=96287) log_opt_values /opt/stack/data/venv/lib/python3.12/site-packages/oslo_config/cfg.py:3253}}
Jun 26 20:44:14.499588 np0000003794 nova-scheduler[96287]: DEBUG cotyledon.oslo_config_glue [-] oslo_messaging_rabbit.kombu_missing_consumer_retry_timeout = 60 {{(pid=96287) log_opt_values /opt/stack/data/venv/lib/python3.12/site-packages/oslo_config/cfg.py:3253}}
Jun 26 20:44:14.499588 np0000003794 nova-scheduler[96287]: DEBUG cotyledon.oslo_config_glue [-] oslo_messaging_rabbit.kombu_reconnect_delay = 1.0 {{(pid=96287) log_opt_values /opt/stack/data/venv/lib/python3.12/site-packages/oslo_config/cfg.py:3253}}
Jun 26 20:44:14.499588 np0000003794 nova-scheduler[96287]: DEBUG cotyledon.oslo_config_glue [-] oslo_messaging_rabbit.kombu_reconnect_splay = 0.0 {{(pid=96287) log_opt_values /opt/stack/data/venv/lib/python3.12/site-packages/oslo_config/cfg.py:3253}}
Jun 26 20:44:14.499588 np0000003794 nova-scheduler[96287]: DEBUG cotyledon.oslo_config_glue [-] oslo_messaging_rabbit.processname = nova-scheduler {{(pid=96287) log_opt_values /opt/stack/data/venv/lib/python3.12/site-packages/oslo_config/cfg.py:3253}}
Jun 26 20:44:14.499588 np0000003794 nova-scheduler[96287]: DEBUG cotyledon.oslo_config_glue [-] oslo_messaging_rabbit.rabbit_ha_queues = False {{(pid=96287) log_opt_values /opt/stack/data/venv/lib/python3.12/site-packages/oslo_config/cfg.py:3253}}
Jun 26 20:44:14.499588 np0000003794 nova-scheduler[96287]: DEBUG cotyledon.oslo_config_glue [-] oslo_messaging_rabbit.rabbit_interval_max = 30 {{(pid=96287) log_opt_values /opt/stack/data/venv/lib/python3.12/site-packages/oslo_config/cfg.py:3253}}
Jun 26 20:44:14.499588 np0000003794 nova-scheduler[96287]: DEBUG cotyledon.oslo_config_glue [-] oslo_messaging_rabbit.rabbit_login_method = AMQPLAIN {{(pid=96287) log_opt_values /opt/stack/data/venv/lib/python3.12/site-packages/oslo_config/cfg.py:3253}}
Jun 26 20:44:14.499865 np0000003794 nova-scheduler[96287]: DEBUG cotyledon.oslo_config_glue [-] oslo_messaging_rabbit.rabbit_qos_prefetch_count = 0 {{(pid=96287) log_opt_values /opt/stack/data/venv/lib/python3.12/site-packages/oslo_config/cfg.py:3253}}
Jun 26 20:44:14.499865 np0000003794 nova-scheduler[96287]: DEBUG cotyledon.oslo_config_glue [-] oslo_messaging_rabbit.rabbit_quorum_delivery_limit = 0 {{(pid=96287) log_opt_values /opt/stack/data/venv/lib/python3.12/site-packages/oslo_config/cfg.py:3253}}
Jun 26 20:44:14.499865 np0000003794 nova-scheduler[96287]: DEBUG cotyledon.oslo_config_glue [-] oslo_messaging_rabbit.rabbit_quorum_max_memory_bytes = 0 {{(pid=96287) log_opt_values /opt/stack/data/venv/lib/python3.12/site-packages/oslo_config/cfg.py:3253}}
Jun 26 20:44:14.499865 np0000003794 nova-scheduler[96287]: DEBUG cotyledon.oslo_config_glue [-] oslo_messaging_rabbit.rabbit_quorum_max_memory_length = 0 {{(pid=96287) log_opt_values /opt/stack/data/venv/lib/python3.12/site-packages/oslo_config/cfg.py:3253}}
Jun 26 20:44:14.499865 np0000003794 nova-scheduler[96287]: DEBUG cotyledon.oslo_config_glue [-] oslo_messaging_rabbit.rabbit_quorum_queue = False {{(pid=96287) log_opt_values /opt/stack/data/venv/lib/python3.12/site-packages/oslo_config/cfg.py:3253}}
Jun 26 20:44:14.499865 np0000003794 nova-scheduler[96287]: DEBUG cotyledon.oslo_config_glue [-] oslo_messaging_rabbit.rabbit_retry_backoff = 2 {{(pid=96287) log_opt_values /opt/stack/data/venv/lib/python3.12/site-packages/oslo_config/cfg.py:3253}}
Jun 26 20:44:14.499865 np0000003794 nova-scheduler[96287]: DEBUG cotyledon.oslo_config_glue [-] oslo_messaging_rabbit.rabbit_retry_interval = 1 {{(pid=96287) log_opt_values /opt/stack/data/venv/lib/python3.12/site-packages/oslo_config/cfg.py:3253}}
Jun 26 20:44:14.499865 np0000003794 nova-scheduler[96287]: DEBUG cotyledon.oslo_config_glue [-] oslo_messaging_rabbit.rabbit_stream_fanout = False {{(pid=96287) log_opt_values /opt/stack/data/venv/lib/python3.12/site-packages/oslo_config/cfg.py:3253}}
Jun 26 20:44:14.500787 np0000003794 nova-scheduler[96287]: DEBUG cotyledon.oslo_config_glue [-] oslo_messaging_rabbit.rabbit_transient_queues_ttl = 1800 {{(pid=96287) log_opt_values /opt/stack/data/venv/lib/python3.12/site-packages/oslo_config/cfg.py:3253}}
Jun 26 20:44:14.500787 np0000003794 nova-scheduler[96287]: DEBUG cotyledon.oslo_config_glue [-] oslo_messaging_rabbit.rabbit_transient_quorum_queue = False {{(pid=96287) log_opt_values /opt/stack/data/venv/lib/python3.12/site-packages/oslo_config/cfg.py:3253}}
Jun 26 20:44:14.500787 np0000003794 nova-scheduler[96287]: DEBUG cotyledon.oslo_config_glue [-] oslo_messaging_rabbit.rpc_conn_pool_size = 30 {{(pid=96287) log_opt_values /opt/stack/data/venv/lib/python3.12/site-packages/oslo_config/cfg.py:3253}}
Jun 26 20:44:14.500787 np0000003794 nova-scheduler[96287]: DEBUG cotyledon.oslo_config_glue [-] oslo_messaging_rabbit.ssl = False {{(pid=96287) log_opt_values /opt/stack/data/venv/lib/python3.12/site-packages/oslo_config/cfg.py:3253}}
Jun 26 20:44:14.500787 np0000003794 nova-scheduler[96287]: DEBUG cotyledon.oslo_config_glue [-] oslo_messaging_rabbit.ssl_ca_file = {{(pid=96287) log_opt_values /opt/stack/data/venv/lib/python3.12/site-packages/oslo_config/cfg.py:3253}}
Jun 26 20:44:14.500787 np0000003794 nova-scheduler[96287]: DEBUG cotyledon.oslo_config_glue [-] oslo_messaging_rabbit.ssl_cert_file = {{(pid=96287) log_opt_values /opt/stack/data/venv/lib/python3.12/site-packages/oslo_config/cfg.py:3253}}
Jun 26 20:44:14.500787 np0000003794 nova-scheduler[96287]: DEBUG cotyledon.oslo_config_glue [-] oslo_messaging_rabbit.ssl_enforce_fips_mode = False {{(pid=96287) log_opt_values /opt/stack/data/venv/lib/python3.12/site-packages/oslo_config/cfg.py:3253}}
Jun 26 20:44:14.500787 np0000003794 nova-scheduler[96287]: DEBUG cotyledon.oslo_config_glue [-] oslo_messaging_rabbit.ssl_enforce_hostname_verification = True {{(pid=96287) log_opt_values /opt/stack/data/venv/lib/python3.12/site-packages/oslo_config/cfg.py:3253}}
Jun 26 20:44:14.500787 np0000003794 nova-scheduler[96287]: DEBUG cotyledon.oslo_config_glue [-] oslo_messaging_rabbit.ssl_key_file = {{(pid=96287) log_opt_values /opt/stack/data/venv/lib/python3.12/site-packages/oslo_config/cfg.py:3253}}
Jun 26 20:44:14.501100 np0000003794 nova-scheduler[96287]: DEBUG cotyledon.oslo_config_glue [-] oslo_messaging_rabbit.ssl_version = {{(pid=96287) log_opt_values /opt/stack/data/venv/lib/python3.12/site-packages/oslo_config/cfg.py:3253}}
Jun 26 20:44:14.501100 np0000003794 nova-scheduler[96287]: DEBUG cotyledon.oslo_config_glue [-] oslo_messaging_rabbit.use_queue_manager = False {{(pid=96287) log_opt_values /opt/stack/data/venv/lib/python3.12/site-packages/oslo_config/cfg.py:3253}}
Jun 26 20:44:14.501100 np0000003794 nova-scheduler[96287]: DEBUG cotyledon.oslo_config_glue [-] oslo_messaging_notifications.driver = ['messagingv2'] {{(pid=96287) log_opt_values /opt/stack/data/venv/lib/python3.12/site-packages/oslo_config/cfg.py:3253}}
Jun 26 20:44:14.501100 np0000003794 nova-scheduler[96287]: DEBUG cotyledon.oslo_config_glue [-] oslo_messaging_notifications.retry = -1 {{(pid=96287) log_opt_values /opt/stack/data/venv/lib/python3.12/site-packages/oslo_config/cfg.py:3253}}
Jun 26 20:44:14.501100 np0000003794 nova-scheduler[96287]: DEBUG cotyledon.oslo_config_glue [-] oslo_messaging_notifications.topics = ['notifications'] {{(pid=96287) log_opt_values /opt/stack/data/venv/lib/python3.12/site-packages/oslo_config/cfg.py:3253}}
Jun 26 20:44:14.501100 np0000003794 nova-scheduler[96287]: DEBUG cotyledon.oslo_config_glue [-] oslo_messaging_notifications.transport_url = **** {{(pid=96287) log_opt_values /opt/stack/data/venv/lib/python3.12/site-packages/oslo_config/cfg.py:3253}}
Jun 26 20:44:14.501100 np0000003794 nova-scheduler[96287]: DEBUG cotyledon.oslo_config_glue [-] oslo_limit.auth_section = None {{(pid=96287) log_opt_values /opt/stack/data/venv/lib/python3.12/site-packages/oslo_config/cfg.py:3253}}
Jun 26 20:44:14.501100 np0000003794 nova-scheduler[96287]: DEBUG cotyledon.oslo_config_glue [-] oslo_limit.auth_type = None {{(pid=96287) log_opt_values /opt/stack/data/venv/lib/python3.12/site-packages/oslo_config/cfg.py:3253}}
Jun 26 20:44:14.501100 np0000003794 nova-scheduler[96287]: DEBUG cotyledon.oslo_config_glue [-] oslo_limit.cafile = None {{(pid=96287) log_opt_values /opt/stack/data/venv/lib/python3.12/site-packages/oslo_config/cfg.py:3253}}
Jun 26 20:44:14.501449 np0000003794 nova-scheduler[96287]: DEBUG cotyledon.oslo_config_glue [-] oslo_limit.certfile = None {{(pid=96287) log_opt_values /opt/stack/data/venv/lib/python3.12/site-packages/oslo_config/cfg.py:3253}}
Jun 26 20:44:14.501449 np0000003794 nova-scheduler[96287]: DEBUG cotyledon.oslo_config_glue [-] oslo_limit.collect_timing = False {{(pid=96287) log_opt_values /opt/stack/data/venv/lib/python3.12/site-packages/oslo_config/cfg.py:3253}}
Jun 26 20:44:14.501449 np0000003794 nova-scheduler[96287]: DEBUG cotyledon.oslo_config_glue [-] oslo_limit.connect_retries = None {{(pid=96287) log_opt_values /opt/stack/data/venv/lib/python3.12/site-packages/oslo_config/cfg.py:3253}}
Jun 26 20:44:14.501449 np0000003794 nova-scheduler[96287]: DEBUG cotyledon.oslo_config_glue [-] oslo_limit.connect_retry_delay = None {{(pid=96287) log_opt_values /opt/stack/data/venv/lib/python3.12/site-packages/oslo_config/cfg.py:3253}}
Jun 26 20:44:14.501449 np0000003794 nova-scheduler[96287]: DEBUG cotyledon.oslo_config_glue [-] oslo_limit.endpoint_id = None {{(pid=96287) log_opt_values /opt/stack/data/venv/lib/python3.12/site-packages/oslo_config/cfg.py:3253}}
Jun 26 20:44:14.501449 np0000003794 nova-scheduler[96287]: DEBUG cotyledon.oslo_config_glue [-] oslo_limit.endpoint_interface = public {{(pid=96287) log_opt_values /opt/stack/data/venv/lib/python3.12/site-packages/oslo_config/cfg.py:3253}}
Jun 26 20:44:14.501449 np0000003794 nova-scheduler[96287]: DEBUG cotyledon.oslo_config_glue [-] oslo_limit.endpoint_override = None {{(pid=96287) log_opt_values /opt/stack/data/venv/lib/python3.12/site-packages/oslo_config/cfg.py:3253}}
Jun 26 20:44:14.501449 np0000003794 nova-scheduler[96287]: DEBUG cotyledon.oslo_config_glue [-] oslo_limit.endpoint_region_name = None {{(pid=96287) log_opt_values /opt/stack/data/venv/lib/python3.12/site-packages/oslo_config/cfg.py:3253}}
Jun 26 20:44:14.501449 np0000003794 nova-scheduler[96287]: DEBUG cotyledon.oslo_config_glue [-] oslo_limit.endpoint_service_name = None {{(pid=96287) log_opt_values /opt/stack/data/venv/lib/python3.12/site-packages/oslo_config/cfg.py:3253}}
Jun 26 20:44:14.501733 np0000003794 nova-scheduler[96287]: DEBUG cotyledon.oslo_config_glue [-] oslo_limit.endpoint_service_type = None {{(pid=96287) log_opt_values /opt/stack/data/venv/lib/python3.12/site-packages/oslo_config/cfg.py:3253}}
Jun 26 20:44:14.501733 np0000003794 nova-scheduler[96287]: DEBUG cotyledon.oslo_config_glue [-] oslo_limit.insecure = False {{(pid=96287) log_opt_values /opt/stack/data/venv/lib/python3.12/site-packages/oslo_config/cfg.py:3253}}
Jun 26 20:44:14.501733 np0000003794 nova-scheduler[96287]: DEBUG cotyledon.oslo_config_glue [-] oslo_limit.keyfile = None {{(pid=96287) log_opt_values /opt/stack/data/venv/lib/python3.12/site-packages/oslo_config/cfg.py:3253}}
Jun 26 20:44:14.501733 np0000003794 nova-scheduler[96287]: DEBUG cotyledon.oslo_config_glue [-] oslo_limit.max_version = None {{(pid=96287) log_opt_values /opt/stack/data/venv/lib/python3.12/site-packages/oslo_config/cfg.py:3253}}
Jun 26 20:44:14.501733 np0000003794 nova-scheduler[96287]: DEBUG cotyledon.oslo_config_glue [-] oslo_limit.min_version = None {{(pid=96287) log_opt_values /opt/stack/data/venv/lib/python3.12/site-packages/oslo_config/cfg.py:3253}}
Jun 26 20:44:14.501733 np0000003794 nova-scheduler[96287]: DEBUG cotyledon.oslo_config_glue [-] oslo_limit.region_name = None {{(pid=96287) log_opt_values /opt/stack/data/venv/lib/python3.12/site-packages/oslo_config/cfg.py:3253}}
Jun 26 20:44:14.501733 np0000003794 nova-scheduler[96287]: DEBUG cotyledon.oslo_config_glue [-] oslo_limit.retriable_status_codes = None {{(pid=96287) log_opt_values /opt/stack/data/venv/lib/python3.12/site-packages/oslo_config/cfg.py:3253}}
Jun 26 20:44:14.501733 np0000003794 nova-scheduler[96287]: DEBUG cotyledon.oslo_config_glue [-] oslo_limit.service_name = None {{(pid=96287) log_opt_values /opt/stack/data/venv/lib/python3.12/site-packages/oslo_config/cfg.py:3253}}
Jun 26 20:44:14.501733 np0000003794 nova-scheduler[96287]: DEBUG cotyledon.oslo_config_glue [-] oslo_limit.service_type = None {{(pid=96287) log_opt_values /opt/stack/data/venv/lib/python3.12/site-packages/oslo_config/cfg.py:3253}}
Jun 26 20:44:14.501989 np0000003794 nova-scheduler[96287]: DEBUG cotyledon.oslo_config_glue [-] oslo_limit.split_loggers = False {{(pid=96287) log_opt_values /opt/stack/data/venv/lib/python3.12/site-packages/oslo_config/cfg.py:3253}}
Jun 26 20:44:14.501989 np0000003794 nova-scheduler[96287]: DEBUG cotyledon.oslo_config_glue [-] oslo_limit.status_code_retries = None {{(pid=96287) log_opt_values /opt/stack/data/venv/lib/python3.12/site-packages/oslo_config/cfg.py:3253}}
Jun 26 20:44:14.501989 np0000003794 nova-scheduler[96287]: DEBUG cotyledon.oslo_config_glue [-] oslo_limit.status_code_retry_delay = None {{(pid=96287) log_opt_values /opt/stack/data/venv/lib/python3.12/site-packages/oslo_config/cfg.py:3253}}
Jun 26 20:44:14.501989 np0000003794 nova-scheduler[96287]: DEBUG cotyledon.oslo_config_glue [-] oslo_limit.timeout = None {{(pid=96287) log_opt_values /opt/stack/data/venv/lib/python3.12/site-packages/oslo_config/cfg.py:3253}}
Jun 26 20:44:14.501989 np0000003794 nova-scheduler[96287]: DEBUG cotyledon.oslo_config_glue [-] oslo_limit.valid_interfaces = None {{(pid=96287) log_opt_values /opt/stack/data/venv/lib/python3.12/site-packages/oslo_config/cfg.py:3253}}
Jun 26 20:44:14.501989 np0000003794 nova-scheduler[96287]: DEBUG cotyledon.oslo_config_glue [-] oslo_limit.version = None {{(pid=96287) log_opt_values /opt/stack/data/venv/lib/python3.12/site-packages/oslo_config/cfg.py:3253}}
Jun 26 20:44:14.501989 np0000003794 nova-scheduler[96287]: DEBUG cotyledon.oslo_config_glue [-] oslo_reports.file_event_handler = None {{(pid=96287) log_opt_values /opt/stack/data/venv/lib/python3.12/site-packages/oslo_config/cfg.py:3253}}
Jun 26 20:44:14.501989 np0000003794 nova-scheduler[96287]: DEBUG cotyledon.oslo_config_glue [-] oslo_reports.file_event_handler_interval = 1 {{(pid=96287) log_opt_values /opt/stack/data/venv/lib/python3.12/site-packages/oslo_config/cfg.py:3253}}
Jun 26 20:44:14.501989 np0000003794 nova-scheduler[96287]: DEBUG cotyledon.oslo_config_glue [-] oslo_reports.log_dir = None {{(pid=96287) log_opt_values /opt/stack/data/venv/lib/python3.12/site-packages/oslo_config/cfg.py:3253}}
Jun 26 20:44:14.502431 np0000003794 nova-scheduler[96287]: DEBUG cotyledon.oslo_config_glue [-] ******************************************************************************** {{(pid=96287) log_opt_values /opt/stack/data/venv/lib/python3.12/site-packages/oslo_config/cfg.py:3260}}
Jun 26 20:44:14.502431 np0000003794 nova-scheduler[96287]: DEBUG cotyledon._service_worker [-] Run service ServiceWrapper(2) [96287] {{(pid=96287) wait_forever /opt/stack/data/venv/lib/python3.12/site-packages/cotyledon/_service_worker.py:218}}
Jun 26 20:44:14.502431 np0000003794 nova-scheduler[96287]: INFO nova.service [-] Starting scheduler node (version 33.1.0)
Jun 26 20:44:14.502431 np0000003794 nova-scheduler[96287]: INFO dbcounter [None req-3d7cc012-d2a6-4402-850b-3d8951f1fe03 None None] Registered counter for database nova_cell0
Jun 26 20:44:14.502570 np0000003794 nova-scheduler[96280]: DEBUG oslo_db.sqlalchemy.engines [None req-a9cd9d91-a0e6-46cc-a131-61e4de7dd8ac None None] MySQL server mode set to STRICT_TRANS_TABLES,STRICT_ALL_TABLES,NO_ZERO_IN_DATE,NO_ZERO_DATE,ERROR_FOR_DIVISION_BY_ZERO,TRADITIONAL,NO_ENGINE_SUBSTITUTION {{(pid=96280) _check_effective_sql_mode /opt/stack/data/venv/lib/python3.12/site-packages/oslo_db/sqlalchemy/engines.py:325}}
Jun 26 20:44:14.502623 np0000003794 nova-scheduler[96282]: DEBUG oslo_db.sqlalchemy.engines [None req-886b20b4-0d97-4f80-a8bb-c8211f7739ee None None] MySQL server mode set to STRICT_TRANS_TABLES,STRICT_ALL_TABLES,NO_ZERO_IN_DATE,NO_ZERO_DATE,ERROR_FOR_DIVISION_BY_ZERO,TRADITIONAL,NO_ENGINE_SUBSTITUTION {{(pid=96282) _check_effective_sql_mode /opt/stack/data/venv/lib/python3.12/site-packages/oslo_db/sqlalchemy/engines.py:325}}
Jun 26 20:44:14.502668 np0000003794 nova-scheduler[96280]: DEBUG dbcounter [-] [96280] Writer thread running {{(pid=96280) stat_writer /opt/stack/data/venv/lib/python3.12/site-packages/dbcounter.py:102}}
Jun 26 20:44:14.502721 np0000003794 nova-scheduler[96282]: DEBUG dbcounter [-] [96282] Writer thread running {{(pid=96282) stat_writer /opt/stack/data/venv/lib/python3.12/site-packages/dbcounter.py:102}}
Jun 26 20:44:14.502759 np0000003794 nova-scheduler[96322]: DEBUG oslo_db.sqlalchemy.engines [None req-fef498e5-5ccb-4d06-aed4-a32796094dd7 None None] MySQL server mode set to STRICT_TRANS_TABLES,STRICT_ALL_TABLES,NO_ZERO_IN_DATE,NO_ZERO_DATE,ERROR_FOR_DIVISION_BY_ZERO,TRADITIONAL,NO_ENGINE_SUBSTITUTION {{(pid=96322) _check_effective_sql_mode /opt/stack/data/venv/lib/python3.12/site-packages/oslo_db/sqlalchemy/engines.py:325}}
Jun 26 20:44:14.502799 np0000003794 nova-scheduler[96280]: DEBUG nova.service [None req-a9cd9d91-a0e6-46cc-a131-61e4de7dd8ac None None] Creating RPC server for service: nova-scheduler on topic: scheduler {{(pid=96280) start /opt/stack/nova/nova/service.py:196}}
Jun 26 20:44:14.502837 np0000003794 nova-scheduler[96287]: DEBUG oslo_db.sqlalchemy.engines [None req-3d7cc012-d2a6-4402-850b-3d8951f1fe03 None None] MySQL server mode set to STRICT_TRANS_TABLES,STRICT_ALL_TABLES,NO_ZERO_IN_DATE,NO_ZERO_DATE,ERROR_FOR_DIVISION_BY_ZERO,TRADITIONAL,NO_ENGINE_SUBSTITUTION {{(pid=96287) _check_effective_sql_mode /opt/stack/data/venv/lib/python3.12/site-packages/oslo_db/sqlalchemy/engines.py:325}}
Jun 26 20:44:14.502878 np0000003794 nova-scheduler[96322]: DEBUG dbcounter [-] [96322] Writer thread running {{(pid=96322) stat_writer /opt/stack/data/venv/lib/python3.12/site-packages/dbcounter.py:102}}
Jun 26 20:44:14.502918 np0000003794 nova-scheduler[96282]: DEBUG nova.service [None req-886b20b4-0d97-4f80-a8bb-c8211f7739ee None None] Creating RPC server for service: nova-scheduler on topic: scheduler {{(pid=96282) start /opt/stack/nova/nova/service.py:196}}
Jun 26 20:44:14.504499 np0000003794 nova-scheduler[96322]: DEBUG nova.service [None req-fef498e5-5ccb-4d06-aed4-a32796094dd7 None None] Creating RPC server for service: nova-scheduler on topic: scheduler {{(pid=96322) start /opt/stack/nova/nova/service.py:196}}
Jun 26 20:44:14.511233 np0000003794 nova-scheduler[96287]: DEBUG dbcounter [-] [96287] Writer thread running {{(pid=96287) stat_writer /opt/stack/data/venv/lib/python3.12/site-packages/dbcounter.py:102}}
Jun 26 20:44:14.514939 np0000003794 nova-scheduler[96287]: DEBUG nova.service [None req-3d7cc012-d2a6-4402-850b-3d8951f1fe03 None None] Creating RPC server for service: nova-scheduler on topic: scheduler {{(pid=96287) start /opt/stack/nova/nova/service.py:196}}
Jun 26 20:44:14.529097 np0000003794 nova-scheduler[96322]: DEBUG nova.service [None req-fef498e5-5ccb-4d06-aed4-a32796094dd7 None None] Join ServiceGroup membership for this service scheduler {{(pid=96322) start /opt/stack/nova/nova/service.py:222}}
Jun 26 20:44:14.529356 np0000003794 nova-scheduler[96322]: DEBUG nova.servicegroup.drivers.db [None req-fef498e5-5ccb-4d06-aed4-a32796094dd7 None None] DB_Driver: join new ServiceGroup member np0000003794 to the scheduler group, service = {{(pid=96322) join /opt/stack/nova/nova/servicegroup/drivers/db.py:44}}
Jun 26 20:44:14.529947 np0000003794 nova-scheduler[96280]: DEBUG nova.service [None req-a9cd9d91-a0e6-46cc-a131-61e4de7dd8ac None None] Join ServiceGroup membership for this service scheduler {{(pid=96280) start /opt/stack/nova/nova/service.py:222}}
Jun 26 20:44:14.529947 np0000003794 nova-scheduler[96280]: DEBUG nova.servicegroup.drivers.db [None req-a9cd9d91-a0e6-46cc-a131-61e4de7dd8ac None None] DB_Driver: join new ServiceGroup member np0000003794 to the scheduler group, service = {{(pid=96280) join /opt/stack/nova/nova/servicegroup/drivers/db.py:44}}
Jun 26 20:44:14.533100 np0000003794 nova-scheduler[96282]: DEBUG nova.service [None req-886b20b4-0d97-4f80-a8bb-c8211f7739ee None None] Join ServiceGroup membership for this service scheduler {{(pid=96282) start /opt/stack/nova/nova/service.py:222}}
Jun 26 20:44:14.533392 np0000003794 nova-scheduler[96282]: DEBUG nova.servicegroup.drivers.db [None req-886b20b4-0d97-4f80-a8bb-c8211f7739ee None None] DB_Driver: join new ServiceGroup member np0000003794 to the scheduler group, service = {{(pid=96282) join /opt/stack/nova/nova/servicegroup/drivers/db.py:44}}
Jun 26 20:44:14.535950 np0000003794 nova-scheduler[96287]: DEBUG nova.service [None req-3d7cc012-d2a6-4402-850b-3d8951f1fe03 None None] Join ServiceGroup membership for this service scheduler {{(pid=96287) start /opt/stack/nova/nova/service.py:222}}
Jun 26 20:44:14.536752 np0000003794 nova-scheduler[96287]: DEBUG nova.servicegroup.drivers.db [None req-3d7cc012-d2a6-4402-850b-3d8951f1fe03 None None] DB_Driver: join new ServiceGroup member np0000003794 to the scheduler group, service = {{(pid=96287) join /opt/stack/nova/nova/servicegroup/drivers/db.py:44}}
Jun 26 20:44:19.544242 np0000003794 nova-scheduler[96280]: DEBUG oslo.service.backend._threading.loopingcall [-] Fixed interval looping call 'nova.servicegroup.drivers.db.DbDriver._report_state' sleeping for 119.99 seconds {{(pid=96280) _run_loop /opt/stack/data/venv/lib/python3.12/site-packages/oslo_service/backend/_threading/loopingcall.py:125}}
Jun 26 20:44:19.553714 np0000003794 nova-scheduler[96287]: DEBUG oslo.service.backend._threading.loopingcall [-] Fixed interval looping call 'nova.servicegroup.drivers.db.DbDriver._report_state' sleeping for 119.98 seconds {{(pid=96287) _run_loop /opt/stack/data/venv/lib/python3.12/site-packages/oslo_service/backend/_threading/loopingcall.py:125}}
Jun 26 20:44:19.554388 np0000003794 nova-scheduler[96282]: DEBUG oslo.service.backend._threading.loopingcall [-] Fixed interval looping call 'nova.servicegroup.drivers.db.DbDriver._report_state' sleeping for 119.98 seconds {{(pid=96282) _run_loop /opt/stack/data/venv/lib/python3.12/site-packages/oslo_service/backend/_threading/loopingcall.py:125}}
Jun 26 20:44:19.556301 np0000003794 nova-scheduler[96322]: DEBUG oslo.service.backend._threading.loopingcall [-] Fixed interval looping call 'nova.servicegroup.drivers.db.DbDriver._report_state' sleeping for 119.98 seconds {{(pid=96322) _run_loop /opt/stack/data/venv/lib/python3.12/site-packages/oslo_service/backend/_threading/loopingcall.py:125}}
Jun 26 20:44:22.991062 np0000003794 nova-scheduler[95081]: DEBUG dbcounter [-] [95081] Writing DB stats nova_api:SELECT=3 {{(pid=95081) stat_writer /opt/stack/data/venv/lib/python3.12/site-packages/dbcounter.py:115}}
Jun 26 20:44:23.143606 np0000003794 nova-scheduler[95081]: DEBUG dbcounter [-] [95081] Writing DB stats nova_cell1:SELECT=1 {{(pid=95081) stat_writer /opt/stack/data/venv/lib/python3.12/site-packages/dbcounter.py:115}}
Jun 26 20:44:23.147559 np0000003794 nova-scheduler[95081]: DEBUG dbcounter [-] [95081] Writing DB stats nova_cell0:SELECT=1 {{(pid=95081) stat_writer /opt/stack/data/venv/lib/python3.12/site-packages/dbcounter.py:115}}
Jun 26 20:44:29.539980 np0000003794 nova-scheduler[96280]: DEBUG dbcounter [-] [96280] Writing DB stats nova_cell0:SELECT=4,nova_cell0:INSERT=1,nova_cell0:UPDATE=1 {{(pid=96280) stat_writer /opt/stack/data/venv/lib/python3.12/site-packages/dbcounter.py:115}}
Jun 26 20:44:29.549011 np0000003794 nova-scheduler[96282]: DEBUG dbcounter [-] [96282] Writing DB stats nova_cell0:SELECT=5,nova_cell0:INSERT=1 {{(pid=96282) stat_writer /opt/stack/data/venv/lib/python3.12/site-packages/dbcounter.py:115}}
Jun 26 20:44:29.553375 np0000003794 nova-scheduler[96287]: DEBUG dbcounter [-] [96287] Writing DB stats nova_cell0:SELECT=3 {{(pid=96287) stat_writer /opt/stack/data/venv/lib/python3.12/site-packages/dbcounter.py:115}}
Jun 26 20:44:29.553745 np0000003794 nova-scheduler[96322]: DEBUG dbcounter [-] [96322] Writing DB stats nova_cell0:SELECT=3,nova_cell0:UPDATE=1 {{(pid=96322) stat_writer /opt/stack/data/venv/lib/python3.12/site-packages/dbcounter.py:115}}
Jun 26 20:44:31.532701 np0000003794 nova-scheduler[96280]: DEBUG oslo.service.backend._threading.loopingcall [None req-fbf8203a-469c-46ff-9143-8937a2461a74 None None] Dynamic interval looping call 'nova.service.Service.periodic_tasks' sleeping for 60.00 seconds {{(pid=96280) _run_loop /opt/stack/data/venv/lib/python3.12/site-packages/oslo_service/backend/_threading/loopingcall.py:125}}
Jun 26 20:44:41.536148 np0000003794 nova-scheduler[96282]: DEBUG oslo.service.backend._threading.loopingcall [None req-7819ab59-f382-42ce-bebd-13a511085f13 None None] Dynamic interval looping call 'nova.service.Service.periodic_tasks' sleeping for 60.00 seconds {{(pid=96282) _run_loop /opt/stack/data/venv/lib/python3.12/site-packages/oslo_service/backend/_threading/loopingcall.py:125}}
Jun 26 20:44:53.531732 np0000003794 nova-scheduler[96322]: DEBUG oslo.service.backend._threading.loopingcall [None req-b741a65a-d88b-4ca4-b704-c20e0ce21524 None None] Dynamic interval looping call 'nova.service.Service.periodic_tasks' sleeping for 60.00 seconds {{(pid=96322) _run_loop /opt/stack/data/venv/lib/python3.12/site-packages/oslo_service/backend/_threading/loopingcall.py:125}}
Jun 26 20:45:05.538916 np0000003794 nova-scheduler[96287]: DEBUG oslo.service.backend._threading.loopingcall [None req-9712ffc2-4db6-4e54-9a9e-12104d70f5eb None None] Dynamic interval looping call 'nova.service.Service.periodic_tasks' sleeping for 60.00 seconds {{(pid=96287) _run_loop /opt/stack/data/venv/lib/python3.12/site-packages/oslo_service/backend/_threading/loopingcall.py:125}}
Jun 26 20:45:31.533228 np0000003794 nova-scheduler[96280]: DEBUG oslo.service.backend._threading.loopingcall [None req-fbf8203a-469c-46ff-9143-8937a2461a74 None None] Dynamic interval looping call 'nova.service.Service.periodic_tasks' sleeping for 60.00 seconds {{(pid=96280) _run_loop /opt/stack/data/venv/lib/python3.12/site-packages/oslo_service/backend/_threading/loopingcall.py:125}}
Jun 26 20:45:41.536683 np0000003794 nova-scheduler[96282]: DEBUG oslo.service.backend._threading.loopingcall [None req-7819ab59-f382-42ce-bebd-13a511085f13 None None] Dynamic interval looping call 'nova.service.Service.periodic_tasks' sleeping for 60.00 seconds {{(pid=96282) _run_loop /opt/stack/data/venv/lib/python3.12/site-packages/oslo_service/backend/_threading/loopingcall.py:125}}
Jun 26 20:45:53.532208 np0000003794 nova-scheduler[96322]: DEBUG oslo.service.backend._threading.loopingcall [None req-b741a65a-d88b-4ca4-b704-c20e0ce21524 None None] Dynamic interval looping call 'nova.service.Service.periodic_tasks' sleeping for 60.00 seconds {{(pid=96322) _run_loop /opt/stack/data/venv/lib/python3.12/site-packages/oslo_service/backend/_threading/loopingcall.py:125}}
Jun 26 20:46:05.539427 np0000003794 nova-scheduler[96287]: DEBUG oslo.service.backend._threading.loopingcall [None req-9712ffc2-4db6-4e54-9a9e-12104d70f5eb None None] Dynamic interval looping call 'nova.service.Service.periodic_tasks' sleeping for 60.00 seconds {{(pid=96287) _run_loop /opt/stack/data/venv/lib/python3.12/site-packages/oslo_service/backend/_threading/loopingcall.py:125}}
Jun 26 20:46:19.543051 np0000003794 nova-scheduler[96280]: DEBUG oslo.service.backend._threading.loopingcall [-] Fixed interval looping call 'nova.servicegroup.drivers.db.DbDriver._report_state' sleeping for 119.99 seconds {{(pid=96280) _run_loop /opt/stack/data/venv/lib/python3.12/site-packages/oslo_service/backend/_threading/loopingcall.py:125}}
Jun 26 20:46:19.544290 np0000003794 nova-scheduler[96287]: DEBUG oslo.service.backend._threading.loopingcall [-] Fixed interval looping call 'nova.servicegroup.drivers.db.DbDriver._report_state' sleeping for 119.99 seconds {{(pid=96287) _run_loop /opt/stack/data/venv/lib/python3.12/site-packages/oslo_service/backend/_threading/loopingcall.py:125}}
Jun 26 20:46:19.545954 np0000003794 nova-scheduler[96322]: DEBUG oslo.service.backend._threading.loopingcall [-] Fixed interval looping call 'nova.servicegroup.drivers.db.DbDriver._report_state' sleeping for 119.99 seconds {{(pid=96322) _run_loop /opt/stack/data/venv/lib/python3.12/site-packages/oslo_service/backend/_threading/loopingcall.py:125}}
Jun 26 20:46:19.546309 np0000003794 nova-scheduler[96282]: DEBUG oslo.service.backend._threading.loopingcall [-] Fixed interval looping call 'nova.servicegroup.drivers.db.DbDriver._report_state' sleeping for 119.99 seconds {{(pid=96282) _run_loop /opt/stack/data/venv/lib/python3.12/site-packages/oslo_service/backend/_threading/loopingcall.py:125}}
Jun 26 20:46:29.537805 np0000003794 nova-scheduler[96280]: DEBUG dbcounter [-] [96280] Writing DB stats nova_cell0:SELECT=1,nova_cell0:UPDATE=1 {{(pid=96280) stat_writer /opt/stack/data/venv/lib/python3.12/site-packages/dbcounter.py:115}}
Jun 26 20:46:29.539589 np0000003794 nova-scheduler[96287]: DEBUG dbcounter [-] [96287] Writing DB stats nova_cell0:SELECT=1,nova_cell0:UPDATE=1 {{(pid=96287) stat_writer /opt/stack/data/venv/lib/python3.12/site-packages/dbcounter.py:115}}
Jun 26 20:46:29.543035 np0000003794 nova-scheduler[96282]: DEBUG dbcounter [-] [96282] Writing DB stats nova_cell0:SELECT=1,nova_cell0:UPDATE=1 {{(pid=96282) stat_writer /opt/stack/data/venv/lib/python3.12/site-packages/dbcounter.py:115}}
Jun 26 20:46:29.544088 np0000003794 nova-scheduler[96322]: DEBUG dbcounter [-] [96322] Writing DB stats nova_cell0:SELECT=1,nova_cell0:UPDATE=1 {{(pid=96322) stat_writer /opt/stack/data/venv/lib/python3.12/site-packages/dbcounter.py:115}}
Jun 26 20:46:31.533804 np0000003794 nova-scheduler[96280]: DEBUG oslo.service.backend._threading.loopingcall [None req-fbf8203a-469c-46ff-9143-8937a2461a74 None None] Dynamic interval looping call 'nova.service.Service.periodic_tasks' sleeping for 60.00 seconds {{(pid=96280) _run_loop /opt/stack/data/venv/lib/python3.12/site-packages/oslo_service/backend/_threading/loopingcall.py:125}}
Jun 26 20:46:41.537427 np0000003794 nova-scheduler[96282]: DEBUG oslo.service.backend._threading.loopingcall [None req-7819ab59-f382-42ce-bebd-13a511085f13 None None] Dynamic interval looping call 'nova.service.Service.periodic_tasks' sleeping for 60.00 seconds {{(pid=96282) _run_loop /opt/stack/data/venv/lib/python3.12/site-packages/oslo_service/backend/_threading/loopingcall.py:125}}
Jun 26 20:46:53.532770 np0000003794 nova-scheduler[96322]: DEBUG oslo.service.backend._threading.loopingcall [None req-b741a65a-d88b-4ca4-b704-c20e0ce21524 None None] Dynamic interval looping call 'nova.service.Service.periodic_tasks' sleeping for 60.00 seconds {{(pid=96322) _run_loop /opt/stack/data/venv/lib/python3.12/site-packages/oslo_service/backend/_threading/loopingcall.py:125}}
Jun 26 20:47:01.941198 np0000003794 nova-scheduler[96322]: DEBUG nova.scheduler.manager [None req-34ced780-f998-4d6d-b174-c5956f7f37de tempest-DeleteServersTestJSON-1265809211 tempest-DeleteServersTestJSON-1265809211-project-member] Starting to schedule for instances: ['cab2820e-d9a3-4144-8fb7-b08a824dc9f7'] {{(pid=96322) select_destinations /opt/stack/nova/nova/scheduler/manager.py:210}}
Jun 26 20:47:01.944810 np0000003794 nova-scheduler[96322]: DEBUG nova.scheduler.request_filter [None req-34ced780-f998-4d6d-b174-c5956f7f37de tempest-DeleteServersTestJSON-1265809211 tempest-DeleteServersTestJSON-1265809211-project-member] compute_status_filter request filter added forbidden trait COMPUTE_STATUS_DISABLED {{(pid=96322) compute_status_filter /opt/stack/nova/nova/scheduler/request_filter.py:253}}
Jun 26 20:47:01.944810 np0000003794 nova-scheduler[96322]: DEBUG nova.scheduler.request_filter [None req-34ced780-f998-4d6d-b174-c5956f7f37de tempest-DeleteServersTestJSON-1265809211 tempest-DeleteServersTestJSON-1265809211-project-member] Request filter 'compute_status_filter' took 0.0 seconds {{(pid=96322) wrapper /opt/stack/nova/nova/scheduler/request_filter.py:46}}
Jun 26 20:47:01.944810 np0000003794 nova-scheduler[96322]: DEBUG nova.scheduler.request_filter [None req-34ced780-f998-4d6d-b174-c5956f7f37de tempest-DeleteServersTestJSON-1265809211 tempest-DeleteServersTestJSON-1265809211-project-member] Request filter 'accelerators_filter' took 0.0 seconds {{(pid=96322) wrapper /opt/stack/nova/nova/scheduler/request_filter.py:46}}
Jun 26 20:47:01.944810 np0000003794 nova-scheduler[96322]: DEBUG nova.scheduler.request_filter [None req-34ced780-f998-4d6d-b174-c5956f7f37de tempest-DeleteServersTestJSON-1265809211 tempest-DeleteServersTestJSON-1265809211-project-member] Request filter 'packed_virtqueue_filter' took 0.0 seconds {{(pid=96322) wrapper /opt/stack/nova/nova/scheduler/request_filter.py:46}}
Jun 26 20:47:01.944810 np0000003794 nova-scheduler[96322]: DEBUG nova.scheduler.request_filter [None req-34ced780-f998-4d6d-b174-c5956f7f37de tempest-DeleteServersTestJSON-1265809211 tempest-DeleteServersTestJSON-1265809211-project-member] Request filter 'remote_managed_ports_filter' took 0.0 seconds {{(pid=96322) wrapper /opt/stack/nova/nova/scheduler/request_filter.py:46}}
Jun 26 20:47:01.945081 np0000003794 nova-scheduler[96322]: DEBUG nova.scheduler.request_filter [None req-34ced780-f998-4d6d-b174-c5956f7f37de tempest-DeleteServersTestJSON-1265809211 tempest-DeleteServersTestJSON-1265809211-project-member] ephemeral_encryption_filter skipped {{(pid=96322) ephemeral_encryption_filter /opt/stack/nova/nova/scheduler/request_filter.py:426}}
Jun 26 20:47:01.945081 np0000003794 nova-scheduler[96322]: DEBUG nova.scheduler.request_filter [None req-34ced780-f998-4d6d-b174-c5956f7f37de tempest-DeleteServersTestJSON-1265809211 tempest-DeleteServersTestJSON-1265809211-project-member] virtio_sound_filter skipped {{(pid=96322) virtio_sound_filter /opt/stack/nova/nova/scheduler/request_filter.py:460}}
Jun 26 20:47:01.945081 np0000003794 nova-scheduler[96322]: DEBUG nova.scheduler.request_filter [None req-34ced780-f998-4d6d-b174-c5956f7f37de tempest-DeleteServersTestJSON-1265809211 tempest-DeleteServersTestJSON-1265809211-project-member] tpm_secret_security_filter skipped {{(pid=96322) tpm_secret_security_filter /opt/stack/nova/nova/scheduler/request_filter.py:477}}
Jun 26 20:47:02.626958 np0000003794 nova-scheduler[96322]: INFO nova.utils [None req-34ced780-f998-4d6d-b174-c5956f7f37de tempest-DeleteServersTestJSON-1265809211 tempest-DeleteServersTestJSON-1265809211-project-member] The cell worker thread pool ForkProcess-4.cell_worker is initialized
Jun 26 20:47:02.627191 np0000003794 nova-scheduler[96322]: DEBUG oslo_concurrency.lockutils [None req-34ced780-f998-4d6d-b174-c5956f7f37de tempest-DeleteServersTestJSON-1265809211 tempest-DeleteServersTestJSON-1265809211-project-member] Acquiring lock "f0e28e48-a6b8-4718-9938-1a55dcf4b1fb" by "nova.context.set_target_cell..get_or_set_cached_cell_and_set_connections" {{(pid=96322) inner /opt/stack/data/venv/lib/python3.12/site-packages/oslo_concurrency/lockutils.py:511}}
Jun 26 20:47:02.627241 np0000003794 nova-scheduler[96322]: DEBUG oslo_concurrency.lockutils [None req-34ced780-f998-4d6d-b174-c5956f7f37de tempest-DeleteServersTestJSON-1265809211 tempest-DeleteServersTestJSON-1265809211-project-member] Lock "f0e28e48-a6b8-4718-9938-1a55dcf4b1fb" acquired by "nova.context.set_target_cell..get_or_set_cached_cell_and_set_connections" :: waited 0.000s {{(pid=96322) inner /opt/stack/data/venv/lib/python3.12/site-packages/oslo_concurrency/lockutils.py:524}}
Jun 26 20:47:02.628952 np0000003794 nova-scheduler[96322]: DEBUG oslo_concurrency.lockutils [None req-34ced780-f998-4d6d-b174-c5956f7f37de tempest-DeleteServersTestJSON-1265809211 tempest-DeleteServersTestJSON-1265809211-project-member] Lock "f0e28e48-a6b8-4718-9938-1a55dcf4b1fb" "released" by "nova.context.set_target_cell..get_or_set_cached_cell_and_set_connections" :: held 0.002s {{(pid=96322) inner /opt/stack/data/venv/lib/python3.12/site-packages/oslo_concurrency/lockutils.py:543}}
Jun 26 20:47:02.631471 np0000003794 nova-scheduler[96322]: INFO dbcounter [None req-34ced780-f998-4d6d-b174-c5956f7f37de tempest-DeleteServersTestJSON-1265809211 tempest-DeleteServersTestJSON-1265809211-project-member] Registered counter for database nova_cell1
Jun 26 20:47:02.679823 np0000003794 nova-scheduler[96322]: DEBUG oslo_db.sqlalchemy.engines [None req-34ced780-f998-4d6d-b174-c5956f7f37de tempest-DeleteServersTestJSON-1265809211 tempest-DeleteServersTestJSON-1265809211-project-member] MySQL server mode set to STRICT_TRANS_TABLES,STRICT_ALL_TABLES,NO_ZERO_IN_DATE,NO_ZERO_DATE,ERROR_FOR_DIVISION_BY_ZERO,TRADITIONAL,NO_ENGINE_SUBSTITUTION {{(pid=96322) _check_effective_sql_mode /opt/stack/data/venv/lib/python3.12/site-packages/oslo_db/sqlalchemy/engines.py:325}}
Jun 26 20:47:02.688611 np0000003794 nova-scheduler[96322]: DEBUG dbcounter [-] [96322] Writer thread running {{(pid=96322) stat_writer /opt/stack/data/venv/lib/python3.12/site-packages/dbcounter.py:102}}
Jun 26 20:47:02.706189 np0000003794 nova-scheduler[96322]: DEBUG oslo_db.sqlalchemy.engines [None req-34ced780-f998-4d6d-b174-c5956f7f37de tempest-DeleteServersTestJSON-1265809211 tempest-DeleteServersTestJSON-1265809211-project-member] Parent process 95081 forked (96322) with an open database connection, which is being discarded and recreated. {{(pid=96322) checkout /opt/stack/data/venv/lib/python3.12/site-packages/oslo_db/sqlalchemy/engines.py:402}}
Jun 26 20:47:02.750972 np0000003794 nova-scheduler[96322]: DEBUG dbcounter [-] [96322] Writer thread running {{(pid=96322) stat_writer /opt/stack/data/venv/lib/python3.12/site-packages/dbcounter.py:102}}
Jun 26 20:47:02.768705 np0000003794 nova-scheduler[96322]: DEBUG oslo_concurrency.lockutils [None req-34ced780-f998-4d6d-b174-c5956f7f37de tempest-DeleteServersTestJSON-1265809211 tempest-DeleteServersTestJSON-1265809211-project-member] Acquiring lock "f0e28e48-a6b8-4718-9938-1a55dcf4b1fb" by "nova.context.set_target_cell..get_or_set_cached_cell_and_set_connections" {{(pid=96322) inner /opt/stack/data/venv/lib/python3.12/site-packages/oslo_concurrency/lockutils.py:511}}
Jun 26 20:47:02.768705 np0000003794 nova-scheduler[96322]: DEBUG oslo_concurrency.lockutils [None req-34ced780-f998-4d6d-b174-c5956f7f37de tempest-DeleteServersTestJSON-1265809211 tempest-DeleteServersTestJSON-1265809211-project-member] Lock "f0e28e48-a6b8-4718-9938-1a55dcf4b1fb" acquired by "nova.context.set_target_cell..get_or_set_cached_cell_and_set_connections" :: waited 0.000s {{(pid=96322) inner /opt/stack/data/venv/lib/python3.12/site-packages/oslo_concurrency/lockutils.py:524}}
Jun 26 20:47:02.768705 np0000003794 nova-scheduler[96322]: DEBUG oslo_concurrency.lockutils [None req-34ced780-f998-4d6d-b174-c5956f7f37de tempest-DeleteServersTestJSON-1265809211 tempest-DeleteServersTestJSON-1265809211-project-member] Lock "f0e28e48-a6b8-4718-9938-1a55dcf4b1fb" "released" by "nova.context.set_target_cell..get_or_set_cached_cell_and_set_connections" :: held 0.000s {{(pid=96322) inner /opt/stack/data/venv/lib/python3.12/site-packages/oslo_concurrency/lockutils.py:543}}
Jun 26 20:47:02.770052 np0000003794 nova-scheduler[96322]: DEBUG oslo_concurrency.lockutils [None req-34ced780-f998-4d6d-b174-c5956f7f37de tempest-DeleteServersTestJSON-1265809211 tempest-DeleteServersTestJSON-1265809211-project-member] Acquiring lock "('np0000003794', 'np0000003794')" by "nova.scheduler.host_manager.HostState.update.._locked_update" {{(pid=96322) inner /opt/stack/data/venv/lib/python3.12/site-packages/oslo_concurrency/lockutils.py:511}}
Jun 26 20:47:02.770178 np0000003794 nova-scheduler[96322]: DEBUG oslo_concurrency.lockutils [None req-34ced780-f998-4d6d-b174-c5956f7f37de tempest-DeleteServersTestJSON-1265809211 tempest-DeleteServersTestJSON-1265809211-project-member] Lock "('np0000003794', 'np0000003794')" acquired by "nova.scheduler.host_manager.HostState.update.._locked_update" :: waited 0.000s {{(pid=96322) inner /opt/stack/data/venv/lib/python3.12/site-packages/oslo_concurrency/lockutils.py:524}}
Jun 26 20:47:02.771747 np0000003794 nova-scheduler[96322]: DEBUG nova.scheduler.host_manager [None req-34ced780-f998-4d6d-b174-c5956f7f37de tempest-DeleteServersTestJSON-1265809211 tempest-DeleteServersTestJSON-1265809211-project-member] Update host state from compute node: ComputeNode(cpu_allocation_ratio=4.0,cpu_info='{"arch": "x86_64", "model": "EPYC-Milan", "vendor": "AMD", "topology": {"cells": 1, "sockets": 16, "cores": 1, "threads": 1}, "maxphysaddr": {"mode": "emulate", "bits": 40}, "features": ["amd-stibp", "topoext", "vme", "mca", "ssbd", "tsc_adjust", "apic", "pfthreshold", "xsave", "sse", "rdpid", "pschange-mc-no", "no-nested-data-bp", "pcid", "misalignsse", "tsc-scale", "vaes", "clflush", "xgetbv1", "pge", "vpclmulqdq", "umip", "flushbyasid", "syscall", "vmcb-clean", "hypervisor", "lahf_lm", "smep", "pse36", "fpu", "smap", "movbe", "f16c", "3dnowprefetch", "rdtscp", "npt", "spec-ctrl", "cx8", "sse2", "arat", "sha-ni", "avx", "amd-psfd", "null-sel-clr-base", "pause-filter", "rdrand", "clzero", "bmi2", "svm", "xsaves", "rdctl-no", "sep", "nx", "mds-no", "cmov", "cr8legacy", "xsaveerptr", "cx16", "fxsr", "svme-addr-chk", "arch-capabilities", "ibpb", "lbrv", "fxsr_opt", "pni", "pae", "mtrr", "v-vmsave-vmload", "de", "fma", "adx", "pku", "osvw", "sse4a", "fsgsbase", "virt-ssbd", "pclmuldq", "abm", "mmx", "skip-l1dfl-vmentry", "mmxext", "xsaveopt", "clwb", "nrip-save", "gds-no", "ssse3", "perfctr_core", "mce", "stibp", "stibp-always-on", "x2apic", "rdseed", "pdpe1gb", "sse4.2", "vgif", "pse", "lfence-always-serializing", "aes", "sse4.1", "msr", "clflushopt", "tsc-deadline", "erms", "invpcid", "popcnt", "xsavec", "tsc", "fsrm", "wbnoinvd", "lm", "bmi1", "ibrs", "cmp_legacy", "amd-ssbd", "avx2", "pat"]}',created_at=2026-06-26T20:44:40Z,current_workload=0,deleted=False,deleted_at=None,disk_allocation_ratio=1.0,disk_available_least=74,free_disk_gb=95,free_ram_mb=63789,host='np0000003794',host_ip=10.4.3.122,hypervisor_hostname='np0000003794',hypervisor_type='QEMU',hypervisor_version=8002002,id=1,local_gb=95,local_gb_used=0,mapped=1,memory_mb=64301,memory_mb_used=512,metrics='[]',numa_topology='{"nova_object.name": "NUMATopology", "nova_object.namespace": "nova", "nova_object.version": "1.2", "nova_object.data": {"cells": [{"nova_object.name": "NUMACell", "nova_object.namespace": "nova", "nova_object.version": "1.5", "nova_object.data": {"id": 0, "cpuset": [0, 1, 2, 3, 4, 5, 6, 7, 8, 9, 10, 11, 12, 13, 14, 15], "pcpuset": [0, 1, 2, 3, 4, 5, 6, 7, 8, 9, 10, 11, 12, 13, 14, 15], "memory": 64301, "cpu_usage": 0, "memory_usage": 0, "pinned_cpus": [], "siblings": [[6], [12], [2], [15], [5], [11], [8], [14], [4], [1], [7], [10], [0], [13], [3], [9]], "mempages": [{"nova_object.name": "NUMAPagesTopology", "nova_object.namespace": "nova", "nova_object.version": "1.1", "nova_object.data": {"size_kb": 4, "total": 16461068, "used": 0, "reserved": 0}, "nova_object.changes": ["total", "used", "size_kb", "reserved"]}, {"nova_object.name": "NUMAPagesTopology", "nova_object.namespace": "nova", "nova_object.version": "1.1", "nova_object.data": {"size_kb": 2048, "total": 0, "used": 0, "reserved": 0}, "nova_object.changes": ["total", "used", "size_kb", "reserved"]}, {"nova_object.name": "NUMAPagesTopology", "nova_object.namespace": "nova", "nova_object.version": "1.1", "nova_object.data": {"size_kb": 1048576, "total": 0, "used": 0, "reserved": 0}, "nova_object.changes": ["total", "used", "size_kb", "reserved"]}], "network_metadata": {"nova_object.name": "NetworkMetadata", "nova_object.namespace": "nova", "nova_object.version": "1.0", "nova_object.data": {"physnets": [], "tunneled": false}, "nova_object.changes": ["physnets", "tunneled"]}, "socket": null}, "nova_object.changes": ["memory", "memory_usage", "id", "siblings", "network_metadata", "socket", "pinned_cpus", "cpu_usage", "cpuset", "mempages", "pcpuset"]}]}, "nova_object.changes": ["cells"]}',pci_device_pools=PciDevicePoolList,ram_allocation_ratio=1.0,running_vms=0,service_id=4,stats={failed_builds='0',uptime=' 20:46:26 up 25 min, 2 users, load average: 1.49, 1.62, 0.95
Jun 26 20:47:02.771747 np0000003794 nova-scheduler[96322]: '},supported_hv_specs=[HVSpec,HVSpec,HVSpec,HVSpec,HVSpec,HVSpec,HVSpec,HVSpec,HVSpec,HVSpec,HVSpec,HVSpec,HVSpec,HVSpec,HVSpec,HVSpec,HVSpec,HVSpec,HVSpec,HVSpec,HVSpec,HVSpec,HVSpec,HVSpec,HVSpec],updated_at=2026-06-26T20:46:28Z,uuid=605c97da-3f8c-4be5-a493-ae6c7bd554f8,vcpus=16,vcpus_used=0) {{(pid=96322) _locked_update /opt/stack/nova/nova/scheduler/host_manager.py:168}}
Jun 26 20:47:02.774317 np0000003794 nova-scheduler[96322]: DEBUG nova.scheduler.host_manager [None req-34ced780-f998-4d6d-b174-c5956f7f37de tempest-DeleteServersTestJSON-1265809211 tempest-DeleteServersTestJSON-1265809211-project-member] Update host state with aggregates: [] {{(pid=96322) _locked_update /opt/stack/nova/nova/scheduler/host_manager.py:171}}
