Jun 26 20:44:20.160106 np0000003794 nova-conductor[98810]: DEBUG cotyledon.oslo_config_glue [-] profiler.es_scroll_size = 10000 {{(pid=98810) log_opt_values /opt/stack/data/venv/lib/python3.12/site-packages/oslo_config/cfg.py:3253}}
Jun 26 20:44:20.160106 np0000003794 nova-conductor[98810]: DEBUG cotyledon.oslo_config_glue [-] profiler.es_scroll_time = 2m {{(pid=98810) log_opt_values /opt/stack/data/venv/lib/python3.12/site-packages/oslo_config/cfg.py:3253}}
Jun 26 20:44:20.160106 np0000003794 nova-conductor[98810]: DEBUG cotyledon.oslo_config_glue [-] profiler.filter_error_trace = False {{(pid=98810) log_opt_values /opt/stack/data/venv/lib/python3.12/site-packages/oslo_config/cfg.py:3253}}
Jun 26 20:44:20.160106 np0000003794 nova-conductor[98810]: DEBUG cotyledon.oslo_config_glue [-] profiler.hmac_keys = **** {{(pid=98810) log_opt_values /opt/stack/data/venv/lib/python3.12/site-packages/oslo_config/cfg.py:3253}}
Jun 26 20:44:20.160106 np0000003794 nova-conductor[98810]: DEBUG cotyledon.oslo_config_glue [-] profiler.sentinel_service_name = mymaster {{(pid=98810) log_opt_values /opt/stack/data/venv/lib/python3.12/site-packages/oslo_config/cfg.py:3253}}
Jun 26 20:44:20.160106 np0000003794 nova-conductor[98810]: DEBUG cotyledon.oslo_config_glue [-] profiler.socket_timeout = 0.1 {{(pid=98810) log_opt_values /opt/stack/data/venv/lib/python3.12/site-packages/oslo_config/cfg.py:3253}}
Jun 26 20:44:20.160283 np0000003794 nova-conductor[98810]: DEBUG cotyledon.oslo_config_glue [-] profiler.trace_requests = False {{(pid=98810) log_opt_values /opt/stack/data/venv/lib/python3.12/site-packages/oslo_config/cfg.py:3253}}
Jun 26 20:44:20.160283 np0000003794 nova-conductor[98810]: DEBUG cotyledon.oslo_config_glue [-] profiler.trace_sqlalchemy = False {{(pid=98810) log_opt_values /opt/stack/data/venv/lib/python3.12/site-packages/oslo_config/cfg.py:3253}}
Jun 26 20:44:20.160283 np0000003794 nova-conductor[98810]: DEBUG cotyledon.oslo_config_glue [-] profiler_jaeger.process_tags = {} {{(pid=98810) log_opt_values /opt/stack/data/venv/lib/python3.12/site-packages/oslo_config/cfg.py:3253}}
Jun 26 20:44:20.160283 np0000003794 nova-conductor[98810]: DEBUG cotyledon.oslo_config_glue [-] profiler_jaeger.service_name_prefix = None {{(pid=98810) log_opt_values /opt/stack/data/venv/lib/python3.12/site-packages/oslo_config/cfg.py:3253}}
Jun 26 20:44:20.160283 np0000003794 nova-conductor[98810]: DEBUG cotyledon.oslo_config_glue [-] profiler_otlp.service_name_prefix = None {{(pid=98810) log_opt_values /opt/stack/data/venv/lib/python3.12/site-packages/oslo_config/cfg.py:3253}}
Jun 26 20:44:20.160283 np0000003794 nova-conductor[98810]: DEBUG cotyledon.oslo_config_glue [-] oslo_messaging_rabbit.amqp_auto_delete = False {{(pid=98810) log_opt_values /opt/stack/data/venv/lib/python3.12/site-packages/oslo_config/cfg.py:3253}}
Jun 26 20:44:20.160283 np0000003794 nova-conductor[98810]: DEBUG cotyledon.oslo_config_glue [-] oslo_messaging_rabbit.amqp_durable_queues = False {{(pid=98810) log_opt_values /opt/stack/data/venv/lib/python3.12/site-packages/oslo_config/cfg.py:3253}}
Jun 26 20:44:20.160283 np0000003794 nova-conductor[98810]: DEBUG cotyledon.oslo_config_glue [-] oslo_messaging_rabbit.conn_pool_min_size = 2 {{(pid=98810) log_opt_values /opt/stack/data/venv/lib/python3.12/site-packages/oslo_config/cfg.py:3253}}
Jun 26 20:44:20.160283 np0000003794 nova-conductor[98810]: DEBUG cotyledon.oslo_config_glue [-] oslo_messaging_rabbit.conn_pool_ttl = 1200 {{(pid=98810) log_opt_values /opt/stack/data/venv/lib/python3.12/site-packages/oslo_config/cfg.py:3253}}
Jun 26 20:44:20.160561 np0000003794 nova-conductor[98810]: DEBUG cotyledon.oslo_config_glue [-] oslo_messaging_rabbit.direct_mandatory_flag = True {{(pid=98810) log_opt_values /opt/stack/data/venv/lib/python3.12/site-packages/oslo_config/cfg.py:3253}}
Jun 26 20:44:20.160561 np0000003794 nova-conductor[98810]: DEBUG cotyledon.oslo_config_glue [-] oslo_messaging_rabbit.enable_cancel_on_failover = False {{(pid=98810) log_opt_values /opt/stack/data/venv/lib/python3.12/site-packages/oslo_config/cfg.py:3253}}
Jun 26 20:44:20.160561 np0000003794 nova-conductor[98810]: DEBUG cotyledon.oslo_config_glue [-] oslo_messaging_rabbit.heartbeat_rate = 3 {{(pid=98810) log_opt_values /opt/stack/data/venv/lib/python3.12/site-packages/oslo_config/cfg.py:3253}}
Jun 26 20:44:20.160561 np0000003794 nova-conductor[98810]: DEBUG cotyledon.oslo_config_glue [-] oslo_messaging_rabbit.heartbeat_timeout_threshold = 60 {{(pid=98810) log_opt_values /opt/stack/data/venv/lib/python3.12/site-packages/oslo_config/cfg.py:3253}}
Jun 26 20:44:20.160561 np0000003794 nova-conductor[98810]: DEBUG cotyledon.oslo_config_glue [-] oslo_messaging_rabbit.hostname = np0000003794 {{(pid=98810) log_opt_values /opt/stack/data/venv/lib/python3.12/site-packages/oslo_config/cfg.py:3253}}
Jun 26 20:44:20.160561 np0000003794 nova-conductor[98810]: DEBUG cotyledon.oslo_config_glue [-] oslo_messaging_rabbit.kombu_compression = None {{(pid=98810) log_opt_values /opt/stack/data/venv/lib/python3.12/site-packages/oslo_config/cfg.py:3253}}
Jun 26 20:44:20.160561 np0000003794 nova-conductor[98810]: DEBUG cotyledon.oslo_config_glue [-] oslo_messaging_rabbit.kombu_failover_strategy = round-robin {{(pid=98810) log_opt_values /opt/stack/data/venv/lib/python3.12/site-packages/oslo_config/cfg.py:3253}}
Jun 26 20:44:20.160561 np0000003794 nova-conductor[98810]: DEBUG cotyledon.oslo_config_glue [-] oslo_messaging_rabbit.kombu_missing_consumer_retry_timeout = 60 {{(pid=98810) log_opt_values /opt/stack/data/venv/lib/python3.12/site-packages/oslo_config/cfg.py:3253}}
Jun 26 20:44:20.160561 np0000003794 nova-conductor[98810]: DEBUG cotyledon.oslo_config_glue [-] oslo_messaging_rabbit.kombu_reconnect_delay = 1.0 {{(pid=98810) log_opt_values /opt/stack/data/venv/lib/python3.12/site-packages/oslo_config/cfg.py:3253}}
Jun 26 20:44:20.160809 np0000003794 nova-conductor[98810]: DEBUG cotyledon.oslo_config_glue [-] oslo_messaging_rabbit.kombu_reconnect_splay = 0.0 {{(pid=98810) log_opt_values /opt/stack/data/venv/lib/python3.12/site-packages/oslo_config/cfg.py:3253}}
Jun 26 20:44:20.160809 np0000003794 nova-conductor[98810]: DEBUG cotyledon.oslo_config_glue [-] oslo_messaging_rabbit.processname = nova-conductor {{(pid=98810) log_opt_values /opt/stack/data/venv/lib/python3.12/site-packages/oslo_config/cfg.py:3253}}
Jun 26 20:44:20.160809 np0000003794 nova-conductor[98810]: DEBUG cotyledon.oslo_config_glue [-] oslo_messaging_rabbit.rabbit_ha_queues = False {{(pid=98810) log_opt_values /opt/stack/data/venv/lib/python3.12/site-packages/oslo_config/cfg.py:3253}}
Jun 26 20:44:20.160809 np0000003794 nova-conductor[98810]: DEBUG cotyledon.oslo_config_glue [-] oslo_messaging_rabbit.rabbit_interval_max = 30 {{(pid=98810) log_opt_values /opt/stack/data/venv/lib/python3.12/site-packages/oslo_config/cfg.py:3253}}
Jun 26 20:44:20.160809 np0000003794 nova-conductor[98810]: DEBUG cotyledon.oslo_config_glue [-] oslo_messaging_rabbit.rabbit_login_method = AMQPLAIN {{(pid=98810) log_opt_values /opt/stack/data/venv/lib/python3.12/site-packages/oslo_config/cfg.py:3253}}
Jun 26 20:44:20.160809 np0000003794 nova-conductor[98810]: DEBUG cotyledon.oslo_config_glue [-] oslo_messaging_rabbit.rabbit_qos_prefetch_count = 0 {{(pid=98810) log_opt_values /opt/stack/data/venv/lib/python3.12/site-packages/oslo_config/cfg.py:3253}}
Jun 26 20:44:20.160809 np0000003794 nova-conductor[98810]: DEBUG cotyledon.oslo_config_glue [-] oslo_messaging_rabbit.rabbit_quorum_delivery_limit = 0 {{(pid=98810) log_opt_values /opt/stack/data/venv/lib/python3.12/site-packages/oslo_config/cfg.py:3253}}
Jun 26 20:44:20.160809 np0000003794 nova-conductor[98810]: DEBUG cotyledon.oslo_config_glue [-] oslo_messaging_rabbit.rabbit_quorum_max_memory_bytes = 0 {{(pid=98810) log_opt_values /opt/stack/data/venv/lib/python3.12/site-packages/oslo_config/cfg.py:3253}}
Jun 26 20:44:20.160809 np0000003794 nova-conductor[98810]: DEBUG cotyledon.oslo_config_glue [-] oslo_messaging_rabbit.rabbit_quorum_max_memory_length = 0 {{(pid=98810) log_opt_values /opt/stack/data/venv/lib/python3.12/site-packages/oslo_config/cfg.py:3253}}
Jun 26 20:44:20.160993 np0000003794 nova-conductor[98810]: DEBUG cotyledon.oslo_config_glue [-] oslo_messaging_rabbit.rabbit_quorum_queue = False {{(pid=98810) log_opt_values /opt/stack/data/venv/lib/python3.12/site-packages/oslo_config/cfg.py:3253}}
Jun 26 20:44:20.160993 np0000003794 nova-conductor[98810]: DEBUG cotyledon.oslo_config_glue [-] oslo_messaging_rabbit.rabbit_retry_backoff = 2 {{(pid=98810) log_opt_values /opt/stack/data/venv/lib/python3.12/site-packages/oslo_config/cfg.py:3253}}
Jun 26 20:44:20.160993 np0000003794 nova-conductor[98810]: DEBUG cotyledon.oslo_config_glue [-] oslo_messaging_rabbit.rabbit_retry_interval = 1 {{(pid=98810) log_opt_values /opt/stack/data/venv/lib/python3.12/site-packages/oslo_config/cfg.py:3253}}
Jun 26 20:44:20.160993 np0000003794 nova-conductor[98810]: DEBUG cotyledon.oslo_config_glue [-] oslo_messaging_rabbit.rabbit_stream_fanout = False {{(pid=98810) log_opt_values /opt/stack/data/venv/lib/python3.12/site-packages/oslo_config/cfg.py:3253}}
Jun 26 20:44:20.160993 np0000003794 nova-conductor[98810]: DEBUG cotyledon.oslo_config_glue [-] oslo_messaging_rabbit.rabbit_transient_queues_ttl = 1800 {{(pid=98810) log_opt_values /opt/stack/data/venv/lib/python3.12/site-packages/oslo_config/cfg.py:3253}}
Jun 26 20:44:20.160993 np0000003794 nova-conductor[98810]: DEBUG cotyledon.oslo_config_glue [-] oslo_messaging_rabbit.rabbit_transient_quorum_queue = False {{(pid=98810) log_opt_values /opt/stack/data/venv/lib/python3.12/site-packages/oslo_config/cfg.py:3253}}
Jun 26 20:44:20.160993 np0000003794 nova-conductor[98810]: DEBUG cotyledon.oslo_config_glue [-] oslo_messaging_rabbit.rpc_conn_pool_size = 30 {{(pid=98810) log_opt_values /opt/stack/data/venv/lib/python3.12/site-packages/oslo_config/cfg.py:3253}}
Jun 26 20:44:20.160993 np0000003794 nova-conductor[98810]: DEBUG cotyledon.oslo_config_glue [-] oslo_messaging_rabbit.ssl = False {{(pid=98810) log_opt_values /opt/stack/data/venv/lib/python3.12/site-packages/oslo_config/cfg.py:3253}}
Jun 26 20:44:20.160993 np0000003794 nova-conductor[98810]: DEBUG cotyledon.oslo_config_glue [-] oslo_messaging_rabbit.ssl_ca_file = {{(pid=98810) log_opt_values /opt/stack/data/venv/lib/python3.12/site-packages/oslo_config/cfg.py:3253}}
Jun 26 20:44:20.161199 np0000003794 nova-conductor[98810]: DEBUG cotyledon.oslo_config_glue [-] oslo_messaging_rabbit.ssl_cert_file = {{(pid=98810) log_opt_values /opt/stack/data/venv/lib/python3.12/site-packages/oslo_config/cfg.py:3253}}
Jun 26 20:44:20.161199 np0000003794 nova-conductor[98810]: DEBUG cotyledon.oslo_config_glue [-] oslo_messaging_rabbit.ssl_enforce_fips_mode = False {{(pid=98810) log_opt_values /opt/stack/data/venv/lib/python3.12/site-packages/oslo_config/cfg.py:3253}}
Jun 26 20:44:20.161199 np0000003794 nova-conductor[98810]: DEBUG cotyledon.oslo_config_glue [-] oslo_messaging_rabbit.ssl_enforce_hostname_verification = True {{(pid=98810) log_opt_values /opt/stack/data/venv/lib/python3.12/site-packages/oslo_config/cfg.py:3253}}
Jun 26 20:44:20.161199 np0000003794 nova-conductor[98810]: DEBUG cotyledon.oslo_config_glue [-] oslo_messaging_rabbit.ssl_key_file = {{(pid=98810) log_opt_values /opt/stack/data/venv/lib/python3.12/site-packages/oslo_config/cfg.py:3253}}
Jun 26 20:44:20.161199 np0000003794 nova-conductor[98810]: DEBUG cotyledon.oslo_config_glue [-] oslo_messaging_rabbit.ssl_version = {{(pid=98810) log_opt_values /opt/stack/data/venv/lib/python3.12/site-packages/oslo_config/cfg.py:3253}}
Jun 26 20:44:20.161199 np0000003794 nova-conductor[98810]: DEBUG cotyledon.oslo_config_glue [-] oslo_messaging_rabbit.use_queue_manager = False {{(pid=98810) log_opt_values /opt/stack/data/venv/lib/python3.12/site-packages/oslo_config/cfg.py:3253}}
Jun 26 20:44:20.161199 np0000003794 nova-conductor[98810]: DEBUG cotyledon.oslo_config_glue [-] oslo_messaging_notifications.driver = ['messagingv2'] {{(pid=98810) log_opt_values /opt/stack/data/venv/lib/python3.12/site-packages/oslo_config/cfg.py:3253}}
Jun 26 20:44:20.161199 np0000003794 nova-conductor[98810]: DEBUG cotyledon.oslo_config_glue [-] oslo_messaging_notifications.retry = -1 {{(pid=98810) log_opt_values /opt/stack/data/venv/lib/python3.12/site-packages/oslo_config/cfg.py:3253}}
Jun 26 20:44:20.161199 np0000003794 nova-conductor[98810]: DEBUG cotyledon.oslo_config_glue [-] oslo_messaging_notifications.topics = ['notifications'] {{(pid=98810) log_opt_values /opt/stack/data/venv/lib/python3.12/site-packages/oslo_config/cfg.py:3253}}
Jun 26 20:44:20.161402 np0000003794 nova-conductor[98810]: DEBUG cotyledon.oslo_config_glue [-] oslo_messaging_notifications.transport_url = **** {{(pid=98810) log_opt_values /opt/stack/data/venv/lib/python3.12/site-packages/oslo_config/cfg.py:3253}}
Jun 26 20:44:20.161402 np0000003794 nova-conductor[98810]: DEBUG cotyledon.oslo_config_glue [-] oslo_limit.auth_section = None {{(pid=98810) log_opt_values /opt/stack/data/venv/lib/python3.12/site-packages/oslo_config/cfg.py:3253}}
Jun 26 20:44:20.161402 np0000003794 nova-conductor[98810]: DEBUG cotyledon.oslo_config_glue [-] oslo_limit.auth_type = None {{(pid=98810) log_opt_values /opt/stack/data/venv/lib/python3.12/site-packages/oslo_config/cfg.py:3253}}
Jun 26 20:44:20.161402 np0000003794 nova-conductor[98810]: DEBUG cotyledon.oslo_config_glue [-] oslo_limit.cafile = None {{(pid=98810) log_opt_values /opt/stack/data/venv/lib/python3.12/site-packages/oslo_config/cfg.py:3253}}
Jun 26 20:44:20.161402 np0000003794 nova-conductor[98810]: DEBUG cotyledon.oslo_config_glue [-] oslo_limit.certfile = None {{(pid=98810) log_opt_values /opt/stack/data/venv/lib/python3.12/site-packages/oslo_config/cfg.py:3253}}
Jun 26 20:44:20.161402 np0000003794 nova-conductor[98810]: DEBUG cotyledon.oslo_config_glue [-] oslo_limit.collect_timing = False {{(pid=98810) log_opt_values /opt/stack/data/venv/lib/python3.12/site-packages/oslo_config/cfg.py:3253}}
Jun 26 20:44:20.161402 np0000003794 nova-conductor[98810]: DEBUG cotyledon.oslo_config_glue [-] oslo_limit.connect_retries = None {{(pid=98810) log_opt_values /opt/stack/data/venv/lib/python3.12/site-packages/oslo_config/cfg.py:3253}}
Jun 26 20:44:20.161402 np0000003794 nova-conductor[98810]: DEBUG cotyledon.oslo_config_glue [-] oslo_limit.connect_retry_delay = None {{(pid=98810) log_opt_values /opt/stack/data/venv/lib/python3.12/site-packages/oslo_config/cfg.py:3253}}
Jun 26 20:44:20.161402 np0000003794 nova-conductor[98810]: DEBUG cotyledon.oslo_config_glue [-] oslo_limit.endpoint_id = None {{(pid=98810) log_opt_values /opt/stack/data/venv/lib/python3.12/site-packages/oslo_config/cfg.py:3253}}
Jun 26 20:44:20.161582 np0000003794 nova-conductor[98810]: DEBUG cotyledon.oslo_config_glue [-] oslo_limit.endpoint_interface = public {{(pid=98810) log_opt_values /opt/stack/data/venv/lib/python3.12/site-packages/oslo_config/cfg.py:3253}}
Jun 26 20:44:20.161582 np0000003794 nova-conductor[98810]: DEBUG cotyledon.oslo_config_glue [-] oslo_limit.endpoint_override = None {{(pid=98810) log_opt_values /opt/stack/data/venv/lib/python3.12/site-packages/oslo_config/cfg.py:3253}}
Jun 26 20:44:20.161582 np0000003794 nova-conductor[98810]: DEBUG cotyledon.oslo_config_glue [-] oslo_limit.endpoint_region_name = None {{(pid=98810) log_opt_values /opt/stack/data/venv/lib/python3.12/site-packages/oslo_config/cfg.py:3253}}
Jun 26 20:44:20.161582 np0000003794 nova-conductor[98810]: DEBUG cotyledon.oslo_config_glue [-] oslo_limit.endpoint_service_name = None {{(pid=98810) log_opt_values /opt/stack/data/venv/lib/python3.12/site-packages/oslo_config/cfg.py:3253}}
Jun 26 20:44:20.161582 np0000003794 nova-conductor[98810]: DEBUG cotyledon.oslo_config_glue [-] oslo_limit.endpoint_service_type = None {{(pid=98810) log_opt_values /opt/stack/data/venv/lib/python3.12/site-packages/oslo_config/cfg.py:3253}}
Jun 26 20:44:20.161582 np0000003794 nova-conductor[98810]: DEBUG cotyledon.oslo_config_glue [-] oslo_limit.insecure = False {{(pid=98810) log_opt_values /opt/stack/data/venv/lib/python3.12/site-packages/oslo_config/cfg.py:3253}}
Jun 26 20:44:20.161582 np0000003794 nova-conductor[98810]: DEBUG cotyledon.oslo_config_glue [-] oslo_limit.keyfile = None {{(pid=98810) log_opt_values /opt/stack/data/venv/lib/python3.12/site-packages/oslo_config/cfg.py:3253}}
Jun 26 20:44:20.161582 np0000003794 nova-conductor[98810]: DEBUG cotyledon.oslo_config_glue [-] oslo_limit.max_version = None {{(pid=98810) log_opt_values /opt/stack/data/venv/lib/python3.12/site-packages/oslo_config/cfg.py:3253}}
Jun 26 20:44:20.161582 np0000003794 nova-conductor[98810]: DEBUG cotyledon.oslo_config_glue [-] oslo_limit.min_version = None {{(pid=98810) log_opt_values /opt/stack/data/venv/lib/python3.12/site-packages/oslo_config/cfg.py:3253}}
Jun 26 20:44:20.161774 np0000003794 nova-conductor[98810]: DEBUG cotyledon.oslo_config_glue [-] oslo_limit.region_name = None {{(pid=98810) log_opt_values /opt/stack/data/venv/lib/python3.12/site-packages/oslo_config/cfg.py:3253}}
Jun 26 20:44:20.161774 np0000003794 nova-conductor[98810]: DEBUG cotyledon.oslo_config_glue [-] oslo_limit.retriable_status_codes = None {{(pid=98810) log_opt_values /opt/stack/data/venv/lib/python3.12/site-packages/oslo_config/cfg.py:3253}}
Jun 26 20:44:20.161774 np0000003794 nova-conductor[98810]: DEBUG cotyledon.oslo_config_glue [-] oslo_limit.service_name = None {{(pid=98810) log_opt_values /opt/stack/data/venv/lib/python3.12/site-packages/oslo_config/cfg.py:3253}}
Jun 26 20:44:20.161774 np0000003794 nova-conductor[98810]: DEBUG cotyledon.oslo_config_glue [-] oslo_limit.service_type = None {{(pid=98810) log_opt_values /opt/stack/data/venv/lib/python3.12/site-packages/oslo_config/cfg.py:3253}}
Jun 26 20:44:20.161774 np0000003794 nova-conductor[98810]: DEBUG cotyledon.oslo_config_glue [-] oslo_limit.split_loggers = False {{(pid=98810) log_opt_values /opt/stack/data/venv/lib/python3.12/site-packages/oslo_config/cfg.py:3253}}
Jun 26 20:44:20.161774 np0000003794 nova-conductor[98810]: DEBUG cotyledon.oslo_config_glue [-] oslo_limit.status_code_retries = None {{(pid=98810) log_opt_values /opt/stack/data/venv/lib/python3.12/site-packages/oslo_config/cfg.py:3253}}
Jun 26 20:44:20.161774 np0000003794 nova-conductor[98810]: DEBUG cotyledon.oslo_config_glue [-] oslo_limit.status_code_retry_delay = None {{(pid=98810) log_opt_values /opt/stack/data/venv/lib/python3.12/site-packages/oslo_config/cfg.py:3253}}
Jun 26 20:44:20.161774 np0000003794 nova-conductor[98810]: DEBUG cotyledon.oslo_config_glue [-] oslo_limit.timeout = None {{(pid=98810) log_opt_values /opt/stack/data/venv/lib/python3.12/site-packages/oslo_config/cfg.py:3253}}
Jun 26 20:44:20.161774 np0000003794 nova-conductor[98810]: DEBUG cotyledon.oslo_config_glue [-] oslo_limit.valid_interfaces = None {{(pid=98810) log_opt_values /opt/stack/data/venv/lib/python3.12/site-packages/oslo_config/cfg.py:3253}}
Jun 26 20:44:20.161988 np0000003794 nova-conductor[98810]: DEBUG cotyledon.oslo_config_glue [-] oslo_limit.version = None {{(pid=98810) log_opt_values /opt/stack/data/venv/lib/python3.12/site-packages/oslo_config/cfg.py:3253}}
Jun 26 20:44:20.161988 np0000003794 nova-conductor[98810]: DEBUG cotyledon.oslo_config_glue [-] oslo_reports.file_event_handler = None {{(pid=98810) log_opt_values /opt/stack/data/venv/lib/python3.12/site-packages/oslo_config/cfg.py:3253}}
Jun 26 20:44:20.161988 np0000003794 nova-conductor[98810]: DEBUG cotyledon.oslo_config_glue [-] oslo_reports.file_event_handler_interval = 1 {{(pid=98810) log_opt_values /opt/stack/data/venv/lib/python3.12/site-packages/oslo_config/cfg.py:3253}}
Jun 26 20:44:20.161988 np0000003794 nova-conductor[98810]: DEBUG cotyledon.oslo_config_glue [-] oslo_reports.log_dir = None {{(pid=98810) log_opt_values /opt/stack/data/venv/lib/python3.12/site-packages/oslo_config/cfg.py:3253}}
Jun 26 20:44:20.161988 np0000003794 nova-conductor[98810]: DEBUG cotyledon.oslo_config_glue [-] ******************************************************************************** {{(pid=98810) log_opt_values /opt/stack/data/venv/lib/python3.12/site-packages/oslo_config/cfg.py:3260}}
Jun 26 20:44:20.161988 np0000003794 nova-conductor[98810]: DEBUG cotyledon._service_worker [-] Run service ServiceWrapper(3) [98810] {{(pid=98810) wait_forever /opt/stack/data/venv/lib/python3.12/site-packages/cotyledon/_service_worker.py:218}}
Jun 26 20:44:20.161988 np0000003794 nova-conductor[98810]: INFO nova.service [-] Starting conductor node (version 33.1.0)
Jun 26 20:44:20.162211 np0000003794 nova-conductor[98772]: DEBUG oslo_db.sqlalchemy.engines [None req-046f659e-5341-4ebf-8c8c-c815dcae664e None None] MySQL server mode set to STRICT_TRANS_TABLES,STRICT_ALL_TABLES,NO_ZERO_IN_DATE,NO_ZERO_DATE,ERROR_FOR_DIVISION_BY_ZERO,TRADITIONAL,NO_ENGINE_SUBSTITUTION {{(pid=98772) _check_effective_sql_mode /opt/stack/data/venv/lib/python3.12/site-packages/oslo_db/sqlalchemy/engines.py:325}}
Jun 26 20:44:20.162258 np0000003794 nova-conductor[98732]: DEBUG dbcounter [-] [98732] Writer thread running {{(pid=98732) stat_writer /opt/stack/data/venv/lib/python3.12/site-packages/dbcounter.py:102}}
Jun 26 20:44:20.162295 np0000003794 nova-conductor[98810]: INFO dbcounter [None req-1370a744-1f1b-4dfd-8092-9355a66855a0 None None] Registered counter for database nova_cell0
Jun 26 20:44:20.162329 np0000003794 nova-conductor[98772]: DEBUG dbcounter [-] [98772] Writer thread running {{(pid=98772) stat_writer /opt/stack/data/venv/lib/python3.12/site-packages/dbcounter.py:102}}
Jun 26 20:44:20.162425 np0000003794 nova-conductor[98732]: DEBUG nova.service [None req-543b5957-e858-4ecf-ac48-6651614ab3e7 None None] Creating RPC server for service: nova-conductor on topic: conductor {{(pid=98732) start /opt/stack/nova/nova/service.py:196}}
Jun 26 20:44:20.162474 np0000003794 nova-conductor[98772]: DEBUG nova.service [None req-046f659e-5341-4ebf-8c8c-c815dcae664e None None] Creating RPC server for service: nova-conductor on topic: conductor {{(pid=98772) start /opt/stack/nova/nova/service.py:196}}
Jun 26 20:44:20.165942 np0000003794 nova-conductor[98786]: DEBUG oslo_db.sqlalchemy.engines [None req-97df4d5e-002a-41b3-b185-2d63fc04a942 None None] MySQL server mode set to STRICT_TRANS_TABLES,STRICT_ALL_TABLES,NO_ZERO_IN_DATE,NO_ZERO_DATE,ERROR_FOR_DIVISION_BY_ZERO,TRADITIONAL,NO_ENGINE_SUBSTITUTION {{(pid=98786) _check_effective_sql_mode /opt/stack/data/venv/lib/python3.12/site-packages/oslo_db/sqlalchemy/engines.py:325}}
Jun 26 20:44:20.181505 np0000003794 nova-conductor[98786]: DEBUG dbcounter [-] [98786] Writer thread running {{(pid=98786) stat_writer /opt/stack/data/venv/lib/python3.12/site-packages/dbcounter.py:102}}
Jun 26 20:44:20.186793 np0000003794 nova-conductor[98786]: DEBUG nova.service [None req-97df4d5e-002a-41b3-b185-2d63fc04a942 None None] Creating RPC server for service: nova-conductor on topic: conductor {{(pid=98786) start /opt/stack/nova/nova/service.py:196}}
Jun 26 20:44:20.188038 np0000003794 nova-conductor[98732]: DEBUG nova.service [None req-543b5957-e858-4ecf-ac48-6651614ab3e7 None None] Join ServiceGroup membership for this service conductor {{(pid=98732) start /opt/stack/nova/nova/service.py:222}}
Jun 26 20:44:20.188038 np0000003794 nova-conductor[98732]: DEBUG nova.servicegroup.drivers.db [None req-543b5957-e858-4ecf-ac48-6651614ab3e7 None None] DB_Driver: join new ServiceGroup member np0000003794 to the conductor group, service = {{(pid=98732) join /opt/stack/nova/nova/servicegroup/drivers/db.py:44}}
Jun 26 20:44:20.189059 np0000003794 nova-conductor[98772]: DEBUG nova.service [None req-046f659e-5341-4ebf-8c8c-c815dcae664e None None] Join ServiceGroup membership for this service conductor {{(pid=98772) start /opt/stack/nova/nova/service.py:222}}
Jun 26 20:44:20.189196 np0000003794 nova-conductor[98810]: DEBUG oslo_db.sqlalchemy.engines [None req-1370a744-1f1b-4dfd-8092-9355a66855a0 None None] MySQL server mode set to STRICT_TRANS_TABLES,STRICT_ALL_TABLES,NO_ZERO_IN_DATE,NO_ZERO_DATE,ERROR_FOR_DIVISION_BY_ZERO,TRADITIONAL,NO_ENGINE_SUBSTITUTION {{(pid=98810) _check_effective_sql_mode /opt/stack/data/venv/lib/python3.12/site-packages/oslo_db/sqlalchemy/engines.py:325}}
Jun 26 20:44:20.189268 np0000003794 nova-conductor[98772]: DEBUG nova.servicegroup.drivers.db [None req-046f659e-5341-4ebf-8c8c-c815dcae664e None None] DB_Driver: join new ServiceGroup member np0000003794 to the conductor group, service = {{(pid=98772) join /opt/stack/nova/nova/servicegroup/drivers/db.py:44}}
Jun 26 20:44:20.201992 np0000003794 nova-conductor[98810]: DEBUG dbcounter [-] [98810] Writer thread running {{(pid=98810) stat_writer /opt/stack/data/venv/lib/python3.12/site-packages/dbcounter.py:102}}
Jun 26 20:44:20.206063 np0000003794 nova-conductor[98810]: DEBUG nova.service [None req-1370a744-1f1b-4dfd-8092-9355a66855a0 None None] Creating RPC server for service: nova-conductor on topic: conductor {{(pid=98810) start /opt/stack/nova/nova/service.py:196}}
Jun 26 20:44:20.206358 np0000003794 nova-conductor[98786]: DEBUG nova.service [None req-97df4d5e-002a-41b3-b185-2d63fc04a942 None None] Join ServiceGroup membership for this service conductor {{(pid=98786) start /opt/stack/nova/nova/service.py:222}}
Jun 26 20:44:20.206593 np0000003794 nova-conductor[98786]: DEBUG nova.servicegroup.drivers.db [None req-97df4d5e-002a-41b3-b185-2d63fc04a942 None None] DB_Driver: join new ServiceGroup member np0000003794 to the conductor group, service = {{(pid=98786) join /opt/stack/nova/nova/servicegroup/drivers/db.py:44}}
Jun 26 20:44:20.230027 np0000003794 nova-conductor[98810]: DEBUG nova.service [None req-1370a744-1f1b-4dfd-8092-9355a66855a0 None None] Join ServiceGroup membership for this service conductor {{(pid=98810) start /opt/stack/nova/nova/service.py:222}}
Jun 26 20:44:20.230247 np0000003794 nova-conductor[98810]: DEBUG nova.servicegroup.drivers.db [None req-1370a744-1f1b-4dfd-8092-9355a66855a0 None None] DB_Driver: join new ServiceGroup member np0000003794 to the conductor group, service = {{(pid=98810) join /opt/stack/nova/nova/servicegroup/drivers/db.py:44}}
Jun 26 20:44:25.203216 np0000003794 nova-conductor[98772]: DEBUG oslo.service.backend._threading.loopingcall [-] Fixed interval looping call 'nova.servicegroup.drivers.db.DbDriver._report_state' sleeping for 119.99 seconds {{(pid=98772) _run_loop /opt/stack/data/venv/lib/python3.12/site-packages/oslo_service/backend/_threading/loopingcall.py:125}}
Jun 26 20:44:25.205588 np0000003794 nova-conductor[98732]: DEBUG oslo.service.backend._threading.loopingcall [-] Fixed interval looping call 'nova.servicegroup.drivers.db.DbDriver._report_state' sleeping for 119.99 seconds {{(pid=98732) _run_loop /opt/stack/data/venv/lib/python3.12/site-packages/oslo_service/backend/_threading/loopingcall.py:125}}
Jun 26 20:44:25.222712 np0000003794 nova-conductor[98786]: DEBUG oslo.service.backend._threading.loopingcall [-] Fixed interval looping call 'nova.servicegroup.drivers.db.DbDriver._report_state' sleeping for 119.99 seconds {{(pid=98786) _run_loop /opt/stack/data/venv/lib/python3.12/site-packages/oslo_service/backend/_threading/loopingcall.py:125}}
Jun 26 20:44:25.244297 np0000003794 nova-conductor[98810]: DEBUG oslo.service.backend._threading.loopingcall [-] Fixed interval looping call 'nova.servicegroup.drivers.db.DbDriver._report_state' sleeping for 119.99 seconds {{(pid=98810) _run_loop /opt/stack/data/venv/lib/python3.12/site-packages/oslo_service/backend/_threading/loopingcall.py:125}}
Jun 26 20:44:28.688410 np0000003794 nova-conductor[97222]: DEBUG dbcounter [-] [97222] Writing DB stats nova_api:SELECT=1 {{(pid=97222) stat_writer /opt/stack/data/venv/lib/python3.12/site-packages/dbcounter.py:115}}
Jun 26 20:44:28.841507 np0000003794 nova-conductor[97222]: DEBUG dbcounter [-] [97222] Writing DB stats nova_cell0:SELECT=1 {{(pid=97222) stat_writer /opt/stack/data/venv/lib/python3.12/site-packages/dbcounter.py:115}}
Jun 26 20:44:28.846102 np0000003794 nova-conductor[97222]: DEBUG dbcounter [-] [97222] Writing DB stats nova_cell1:SELECT=1 {{(pid=97222) stat_writer /opt/stack/data/venv/lib/python3.12/site-packages/dbcounter.py:115}}
Jun 26 20:44:32.191274 np0000003794 nova-conductor[98772]: DEBUG oslo.service.backend._threading.loopingcall [None req-e5338efd-d027-497c-8822-260191ff1561 None None] Dynamic interval looping call 'nova.service.Service.periodic_tasks' sleeping for 60.00 seconds {{(pid=98772) _run_loop /opt/stack/data/venv/lib/python3.12/site-packages/oslo_service/backend/_threading/loopingcall.py:125}}
Jun 26 20:44:35.198753 np0000003794 nova-conductor[98772]: DEBUG dbcounter [-] [98772] Writing DB stats nova_cell0:SELECT=5,nova_cell0:INSERT=1,nova_cell0:UPDATE=1 {{(pid=98772) stat_writer /opt/stack/data/venv/lib/python3.12/site-packages/dbcounter.py:115}}
Jun 26 20:44:35.203645 np0000003794 nova-conductor[98732]: DEBUG dbcounter [-] [98732] Writing DB stats nova_cell0:SELECT=4,nova_cell0:INSERT=1,nova_cell0:UPDATE=1 {{(pid=98732) stat_writer /opt/stack/data/venv/lib/python3.12/site-packages/dbcounter.py:115}}
Jun 26 20:44:35.218938 np0000003794 nova-conductor[98786]: DEBUG dbcounter [-] [98786] Writing DB stats nova_cell0:SELECT=3 {{(pid=98786) stat_writer /opt/stack/data/venv/lib/python3.12/site-packages/dbcounter.py:115}}
Jun 26 20:44:35.241674 np0000003794 nova-conductor[98810]: DEBUG dbcounter [-] [98810] Writing DB stats nova_cell0:SELECT=3 {{(pid=98810) stat_writer /opt/stack/data/venv/lib/python3.12/site-packages/dbcounter.py:115}}
Jun 26 20:44:41.190631 np0000003794 nova-conductor[98732]: DEBUG oslo.service.backend._threading.loopingcall [None req-6f9791f0-e097-45dc-81f2-2c4e2ad14e0d None None] Dynamic interval looping call 'nova.service.Service.periodic_tasks' sleeping for 60.00 seconds {{(pid=98732) _run_loop /opt/stack/data/venv/lib/python3.12/site-packages/oslo_service/backend/_threading/loopingcall.py:125}}
Jun 26 20:45:03.232932 np0000003794 nova-conductor[98810]: DEBUG oslo.service.backend._threading.loopingcall [None req-fd1cf96f-b6ad-48f4-8920-35ef8c7808de None None] Dynamic interval looping call 'nova.service.Service.periodic_tasks' sleeping for 60.00 seconds {{(pid=98810) _run_loop /opt/stack/data/venv/lib/python3.12/site-packages/oslo_service/backend/_threading/loopingcall.py:125}}
Jun 26 20:45:16.209039 np0000003794 nova-conductor[98786]: DEBUG oslo.service.backend._threading.loopingcall [None req-4ca67171-8fd9-49e3-9216-2cdc95c769e6 None None] Dynamic interval looping call 'nova.service.Service.periodic_tasks' sleeping for 60.00 seconds {{(pid=98786) _run_loop /opt/stack/data/venv/lib/python3.12/site-packages/oslo_service/backend/_threading/loopingcall.py:125}}
Jun 26 20:45:32.191881 np0000003794 nova-conductor[98772]: DEBUG oslo.service.backend._threading.loopingcall [None req-e5338efd-d027-497c-8822-260191ff1561 None None] Dynamic interval looping call 'nova.service.Service.periodic_tasks' sleeping for 60.00 seconds {{(pid=98772) _run_loop /opt/stack/data/venv/lib/python3.12/site-packages/oslo_service/backend/_threading/loopingcall.py:125}}
Jun 26 20:45:41.191065 np0000003794 nova-conductor[98732]: DEBUG oslo.service.backend._threading.loopingcall [None req-6f9791f0-e097-45dc-81f2-2c4e2ad14e0d None None] Dynamic interval looping call 'nova.service.Service.periodic_tasks' sleeping for 60.00 seconds {{(pid=98732) _run_loop /opt/stack/data/venv/lib/python3.12/site-packages/oslo_service/backend/_threading/loopingcall.py:125}}
Jun 26 20:46:03.233411 np0000003794 nova-conductor[98810]: DEBUG oslo.service.backend._threading.loopingcall [None req-fd1cf96f-b6ad-48f4-8920-35ef8c7808de None None] Dynamic interval looping call 'nova.service.Service.periodic_tasks' sleeping for 60.00 seconds {{(pid=98810) _run_loop /opt/stack/data/venv/lib/python3.12/site-packages/oslo_service/backend/_threading/loopingcall.py:125}}
Jun 26 20:46:16.209591 np0000003794 nova-conductor[98786]: DEBUG oslo.service.backend._threading.loopingcall [None req-4ca67171-8fd9-49e3-9216-2cdc95c769e6 None None] Dynamic interval looping call 'nova.service.Service.periodic_tasks' sleeping for 60.00 seconds {{(pid=98786) _run_loop /opt/stack/data/venv/lib/python3.12/site-packages/oslo_service/backend/_threading/loopingcall.py:125}}
Jun 26 20:46:25.203391 np0000003794 nova-conductor[98772]: DEBUG oslo.service.backend._threading.loopingcall [-] Fixed interval looping call 'nova.servicegroup.drivers.db.DbDriver._report_state' sleeping for 119.99 seconds {{(pid=98772) _run_loop /opt/stack/data/venv/lib/python3.12/site-packages/oslo_service/backend/_threading/loopingcall.py:125}}
Jun 26 20:46:25.203879 np0000003794 nova-conductor[98732]: DEBUG oslo.service.backend._threading.loopingcall [-] Fixed interval looping call 'nova.servicegroup.drivers.db.DbDriver._report_state' sleeping for 119.99 seconds {{(pid=98732) _run_loop /opt/stack/data/venv/lib/python3.12/site-packages/oslo_service/backend/_threading/loopingcall.py:125}}
Jun 26 20:46:25.216620 np0000003794 nova-conductor[98786]: DEBUG oslo.service.backend._threading.loopingcall [-] Fixed interval looping call 'nova.servicegroup.drivers.db.DbDriver._report_state' sleeping for 120.00 seconds {{(pid=98786) _run_loop /opt/stack/data/venv/lib/python3.12/site-packages/oslo_service/backend/_threading/loopingcall.py:125}}
Jun 26 20:46:25.238805 np0000003794 nova-conductor[98810]: DEBUG oslo.service.backend._threading.loopingcall [-] Fixed interval looping call 'nova.servicegroup.drivers.db.DbDriver._report_state' sleeping for 120.00 seconds {{(pid=98810) _run_loop /opt/stack/data/venv/lib/python3.12/site-packages/oslo_service/backend/_threading/loopingcall.py:125}}
Jun 26 20:46:32.192486 np0000003794 nova-conductor[98772]: DEBUG oslo.service.backend._threading.loopingcall [None req-e5338efd-d027-497c-8822-260191ff1561 None None] Dynamic interval looping call 'nova.service.Service.periodic_tasks' sleeping for 60.00 seconds {{(pid=98772) _run_loop /opt/stack/data/venv/lib/python3.12/site-packages/oslo_service/backend/_threading/loopingcall.py:125}}
Jun 26 20:46:35.197255 np0000003794 nova-conductor[98772]: DEBUG dbcounter [-] [98772] Writing DB stats nova_cell0:SELECT=1,nova_cell0:UPDATE=1 {{(pid=98772) stat_writer /opt/stack/data/venv/lib/python3.12/site-packages/dbcounter.py:115}}
Jun 26 20:46:35.198966 np0000003794 nova-conductor[98732]: DEBUG dbcounter [-] [98732] Writing DB stats nova_cell0:SELECT=1,nova_cell0:UPDATE=1 {{(pid=98732) stat_writer /opt/stack/data/venv/lib/python3.12/site-packages/dbcounter.py:115}}
Jun 26 20:46:35.214918 np0000003794 nova-conductor[98786]: DEBUG dbcounter [-] [98786] Writing DB stats nova_cell0:SELECT=1 {{(pid=98786) stat_writer /opt/stack/data/venv/lib/python3.12/site-packages/dbcounter.py:115}}
Jun 26 20:46:35.236296 np0000003794 nova-conductor[98810]: DEBUG dbcounter [-] [98810] Writing DB stats nova_cell0:SELECT=1 {{(pid=98810) stat_writer /opt/stack/data/venv/lib/python3.12/site-packages/dbcounter.py:115}}
Jun 26 20:46:41.191691 np0000003794 nova-conductor[98732]: DEBUG oslo.service.backend._threading.loopingcall [None req-6f9791f0-e097-45dc-81f2-2c4e2ad14e0d None None] Dynamic interval looping call 'nova.service.Service.periodic_tasks' sleeping for 60.00 seconds {{(pid=98732) _run_loop /opt/stack/data/venv/lib/python3.12/site-packages/oslo_service/backend/_threading/loopingcall.py:125}}
Jun 26 20:47:01.843590 np0000003794 nova-conductor[98732]: DEBUG oslo_db.sqlalchemy.engines [None req-34ced780-f998-4d6d-b174-c5956f7f37de tempest-DeleteServersTestJSON-1265809211 tempest-DeleteServersTestJSON-1265809211-project-member] Parent process 97222 forked (98732) with an open database connection, which is being discarded and recreated. {{(pid=98732) checkout /opt/stack/data/venv/lib/python3.12/site-packages/oslo_db/sqlalchemy/engines.py:402}}
Jun 26 20:47:01.907926 np0000003794 nova-conductor[98732]: DEBUG dbcounter [-] [98732] Writer thread running {{(pid=98732) stat_writer /opt/stack/data/venv/lib/python3.12/site-packages/dbcounter.py:102}}
Jun 26 20:47:03.010547 np0000003794 nova-conductor[98772]: DEBUG dbcounter [-] [98772] Writer thread running {{(pid=98772) stat_writer /opt/stack/data/venv/lib/python3.12/site-packages/dbcounter.py:102}}
Jun 26 20:47:03.234037 np0000003794 nova-conductor[98810]: DEBUG oslo.service.backend._threading.loopingcall [None req-fd1cf96f-b6ad-48f4-8920-35ef8c7808de None None] Dynamic interval looping call 'nova.service.Service.periodic_tasks' sleeping for 60.00 seconds {{(pid=98810) _run_loop /opt/stack/data/venv/lib/python3.12/site-packages/oslo_service/backend/_threading/loopingcall.py:125}}
Jun 26 20:47:03.436760 np0000003794 nova-conductor[98732]: DEBUG nova.conductor.manager [None req-34ced780-f998-4d6d-b174-c5956f7f37de tempest-DeleteServersTestJSON-1265809211 tempest-DeleteServersTestJSON-1265809211-project-member] Took 1.53 seconds to select destinations for 1 instance(s). {{(pid=98732) _schedule_instances /opt/stack/nova/nova/conductor/manager.py:968}}
Jun 26 20:47:03.472453 np0000003794 nova-conductor[98732]: DEBUG oslo_concurrency.lockutils [None req-34ced780-f998-4d6d-b174-c5956f7f37de tempest-DeleteServersTestJSON-1265809211 tempest-DeleteServersTestJSON-1265809211-project-member] Acquiring lock "f0e28e48-a6b8-4718-9938-1a55dcf4b1fb" by "nova.context.set_target_cell..get_or_set_cached_cell_and_set_connections" {{(pid=98732) inner /opt/stack/data/venv/lib/python3.12/site-packages/oslo_concurrency/lockutils.py:511}}
Jun 26 20:47:03.472453 np0000003794 nova-conductor[98732]: DEBUG oslo_concurrency.lockutils [None req-34ced780-f998-4d6d-b174-c5956f7f37de tempest-DeleteServersTestJSON-1265809211 tempest-DeleteServersTestJSON-1265809211-project-member] Lock "f0e28e48-a6b8-4718-9938-1a55dcf4b1fb" acquired by "nova.context.set_target_cell..get_or_set_cached_cell_and_set_connections" :: waited 0.000s {{(pid=98732) inner /opt/stack/data/venv/lib/python3.12/site-packages/oslo_concurrency/lockutils.py:524}}
Jun 26 20:47:03.473452 np0000003794 nova-conductor[98732]: DEBUG oslo_concurrency.lockutils [None req-34ced780-f998-4d6d-b174-c5956f7f37de tempest-DeleteServersTestJSON-1265809211 tempest-DeleteServersTestJSON-1265809211-project-member] Lock "f0e28e48-a6b8-4718-9938-1a55dcf4b1fb" "released" by "nova.context.set_target_cell..get_or_set_cached_cell_and_set_connections" :: held 0.002s {{(pid=98732) inner /opt/stack/data/venv/lib/python3.12/site-packages/oslo_concurrency/lockutils.py:543}}
Jun 26 20:47:03.476189 np0000003794 nova-conductor[98732]: INFO dbcounter [None req-34ced780-f998-4d6d-b174-c5956f7f37de tempest-DeleteServersTestJSON-1265809211 tempest-DeleteServersTestJSON-1265809211-project-member] Registered counter for database nova_cell1
Jun 26 20:47:03.543448 np0000003794 nova-conductor[98732]: DEBUG oslo_db.sqlalchemy.engines [None req-34ced780-f998-4d6d-b174-c5956f7f37de tempest-DeleteServersTestJSON-1265809211 tempest-DeleteServersTestJSON-1265809211-project-member] MySQL server mode set to STRICT_TRANS_TABLES,STRICT_ALL_TABLES,NO_ZERO_IN_DATE,NO_ZERO_DATE,ERROR_FOR_DIVISION_BY_ZERO,TRADITIONAL,NO_ENGINE_SUBSTITUTION {{(pid=98732) _check_effective_sql_mode /opt/stack/data/venv/lib/python3.12/site-packages/oslo_db/sqlalchemy/engines.py:325}}
Jun 26 20:47:03.543448 np0000003794 nova-conductor[98732]: DEBUG dbcounter [-] [98732] Writer thread running {{(pid=98732) stat_writer /opt/stack/data/venv/lib/python3.12/site-packages/dbcounter.py:102}}
Jun 26 20:47:03.735953 np0000003794 nova-conductor[98732]: INFO nova.utils [None req-34ced780-f998-4d6d-b174-c5956f7f37de tempest-DeleteServersTestJSON-1265809211 tempest-DeleteServersTestJSON-1265809211-project-member] The cell worker thread pool ForkProcess-1.cell_worker is initialized
Jun 26 20:47:03.736058 np0000003794 nova-conductor[98732]: DEBUG oslo_concurrency.lockutils [None req-34ced780-f998-4d6d-b174-c5956f7f37de tempest-DeleteServersTestJSON-1265809211 tempest-DeleteServersTestJSON-1265809211-project-member] Acquiring lock "00000000-0000-0000-0000-000000000000" by "nova.context.set_target_cell..get_or_set_cached_cell_and_set_connections" {{(pid=98732) inner /opt/stack/data/venv/lib/python3.12/site-packages/oslo_concurrency/lockutils.py:511}}
Jun 26 20:47:03.736188 np0000003794 nova-conductor[98732]: DEBUG oslo_concurrency.lockutils [None req-34ced780-f998-4d6d-b174-c5956f7f37de tempest-DeleteServersTestJSON-1265809211 tempest-DeleteServersTestJSON-1265809211-project-member] Lock "00000000-0000-0000-0000-000000000000" acquired by "nova.context.set_target_cell..get_or_set_cached_cell_and_set_connections" :: waited 0.000s {{(pid=98732) inner /opt/stack/data/venv/lib/python3.12/site-packages/oslo_concurrency/lockutils.py:524}}
Jun 26 20:47:03.739281 np0000003794 nova-conductor[98732]: DEBUG oslo_concurrency.lockutils [None req-34ced780-f998-4d6d-b174-c5956f7f37de tempest-DeleteServersTestJSON-1265809211 tempest-DeleteServersTestJSON-1265809211-project-member] Lock "00000000-0000-0000-0000-000000000000" "released" by "nova.context.set_target_cell..get_or_set_cached_cell_and_set_connections" :: held 0.000s {{(pid=98732) inner /opt/stack/data/venv/lib/python3.12/site-packages/oslo_concurrency/lockutils.py:543}}
Jun 26 20:47:03.739281 np0000003794 nova-conductor[98732]: DEBUG oslo_concurrency.lockutils [None req-34ced780-f998-4d6d-b174-c5956f7f37de tempest-DeleteServersTestJSON-1265809211 tempest-DeleteServersTestJSON-1265809211-project-member] Acquiring lock "f0e28e48-a6b8-4718-9938-1a55dcf4b1fb" by "nova.context.set_target_cell..get_or_set_cached_cell_and_set_connections" {{(pid=98732) inner /opt/stack/data/venv/lib/python3.12/site-packages/oslo_concurrency/lockutils.py:511}}
Jun 26 20:47:03.739281 np0000003794 nova-conductor[98732]: DEBUG oslo_concurrency.lockutils [None req-34ced780-f998-4d6d-b174-c5956f7f37de tempest-DeleteServersTestJSON-1265809211 tempest-DeleteServersTestJSON-1265809211-project-member] Lock "f0e28e48-a6b8-4718-9938-1a55dcf4b1fb" acquired by "nova.context.set_target_cell..get_or_set_cached_cell_and_set_connections" :: waited 0.000s {{(pid=98732) inner /opt/stack/data/venv/lib/python3.12/site-packages/oslo_concurrency/lockutils.py:524}}
Jun 26 20:47:03.739281 np0000003794 nova-conductor[98732]: DEBUG oslo_concurrency.lockutils [None req-34ced780-f998-4d6d-b174-c5956f7f37de tempest-DeleteServersTestJSON-1265809211 tempest-DeleteServersTestJSON-1265809211-project-member] Lock "f0e28e48-a6b8-4718-9938-1a55dcf4b1fb" "released" by "nova.context.set_target_cell..get_or_set_cached_cell_and_set_connections" :: held 0.000s {{(pid=98732) inner /opt/stack/data/venv/lib/python3.12/site-packages/oslo_concurrency/lockutils.py:543}}
Jun 26 20:47:03.739984 np0000003794 nova-conductor[98732]: INFO dbcounter [None req-34ced780-f998-4d6d-b174-c5956f7f37de tempest-DeleteServersTestJSON-1265809211 tempest-DeleteServersTestJSON-1265809211-project-member] Registered counter for database nova_cell0
Jun 26 20:47:03.779735 np0000003794 nova-conductor[98732]: DEBUG oslo_db.sqlalchemy.engines [None req-34ced780-f998-4d6d-b174-c5956f7f37de tempest-DeleteServersTestJSON-1265809211 tempest-DeleteServersTestJSON-1265809211-project-member] MySQL server mode set to STRICT_TRANS_TABLES,STRICT_ALL_TABLES,NO_ZERO_IN_DATE,NO_ZERO_DATE,ERROR_FOR_DIVISION_BY_ZERO,TRADITIONAL,NO_ENGINE_SUBSTITUTION {{(pid=98732) _check_effective_sql_mode /opt/stack/data/venv/lib/python3.12/site-packages/oslo_db/sqlalchemy/engines.py:325}}
Jun 26 20:47:03.785682 np0000003794 nova-conductor[98732]: DEBUG dbcounter [-] [98732] Writer thread running {{(pid=98732) stat_writer /opt/stack/data/venv/lib/python3.12/site-packages/dbcounter.py:102}}
Jun 26 20:47:03.821376 np0000003794 nova-conductor[98732]: DEBUG nova.quota [None req-34ced780-f998-4d6d-b174-c5956f7f37de tempest-DeleteServersTestJSON-1265809211 tempest-DeleteServersTestJSON-1265809211-project-member] Getting quotas for project ede9a9c8a0ec4a8d925c31c4a5b2bbad. Resources: {'cores', 'instances', 'ram'} {{(pid=98732) _get_quotas /opt/stack/nova/nova/quota.py:392}}
Jun 26 20:47:03.828950 np0000003794 nova-conductor[98732]: DEBUG nova.quota [None req-34ced780-f998-4d6d-b174-c5956f7f37de tempest-DeleteServersTestJSON-1265809211 tempest-DeleteServersTestJSON-1265809211-project-member] Getting quotas for user 899389e011514e569e05a5edcfd83b2c and project ede9a9c8a0ec4a8d925c31c4a5b2bbad. Resources: {'cores', 'instances', 'ram'} {{(pid=98732) _get_quotas /opt/stack/nova/nova/quota.py:382}}
Jun 26 20:47:03.855162 np0000003794 nova-conductor[98732]: DEBUG nova.conductor.manager [None req-34ced780-f998-4d6d-b174-c5956f7f37de tempest-DeleteServersTestJSON-1265809211 tempest-DeleteServersTestJSON-1265809211-project-member] [instance: cab2820e-d9a3-4144-8fb7-b08a824dc9f7] Selected host: np0000003794; Selected node: np0000003794; Alternates: [] {{(pid=98732) schedule_and_build_instances /opt/stack/nova/nova/conductor/manager.py:1784}}
Jun 26 20:47:03.855763 np0000003794 nova-conductor[98732]: DEBUG oslo_concurrency.lockutils [None req-34ced780-f998-4d6d-b174-c5956f7f37de tempest-DeleteServersTestJSON-1265809211 tempest-DeleteServersTestJSON-1265809211-project-member] Acquiring lock "f0e28e48-a6b8-4718-9938-1a55dcf4b1fb" by "nova.context.set_target_cell..get_or_set_cached_cell_and_set_connections" {{(pid=98732) inner /opt/stack/data/venv/lib/python3.12/site-packages/oslo_concurrency/lockutils.py:511}}
Jun 26 20:47:03.855971 np0000003794 nova-conductor[98732]: DEBUG oslo_concurrency.lockutils [None req-34ced780-f998-4d6d-b174-c5956f7f37de tempest-DeleteServersTestJSON-1265809211 tempest-DeleteServersTestJSON-1265809211-project-member] Lock "f0e28e48-a6b8-4718-9938-1a55dcf4b1fb" acquired by "nova.context.set_target_cell..get_or_set_cached_cell_and_set_connections" :: waited 0.000s {{(pid=98732) inner /opt/stack/data/venv/lib/python3.12/site-packages/oslo_concurrency/lockutils.py:524}}
Jun 26 20:47:03.856114 np0000003794 nova-conductor[98732]: DEBUG oslo_concurrency.lockutils [None req-34ced780-f998-4d6d-b174-c5956f7f37de tempest-DeleteServersTestJSON-1265809211 tempest-DeleteServersTestJSON-1265809211-project-member] Lock "f0e28e48-a6b8-4718-9938-1a55dcf4b1fb" "released" by "nova.context.set_target_cell..get_or_set_cached_cell_and_set_connections" :: held 0.000s {{(pid=98732) inner /opt/stack/data/venv/lib/python3.12/site-packages/oslo_concurrency/lockutils.py:543}}
Jun 26 20:47:03.938298 np0000003794 nova-conductor[98732]: DEBUG nova.conductor.manager [None req-34ced780-f998-4d6d-b174-c5956f7f37de tempest-DeleteServersTestJSON-1265809211 tempest-DeleteServersTestJSON-1265809211-project-member] [instance: cab2820e-d9a3-4144-8fb7-b08a824dc9f7] block_device_mapping [BlockDeviceMapping(attachment_id=,boot_index=0,connection_info=None,created_at=,delete_on_termination=True,deleted=,deleted_at=,destination_type='local',device_name=None,device_type='disk',disk_bus=None,encrypted=False,encryption_format=None,encryption_options=None,encryption_secret_uuid=None,guest_format=None,id=,image_id='46bd5cdc-4cdf-4635-bd61-d773f2fe603a',instance=,instance_uuid=,no_device=False,snapshot_id=None,source_type='image',tag=None,updated_at=,uuid=,volume_id=None,volume_size=None,volume_type=None)] {{(pid=98732) _create_block_device_mapping /opt/stack/nova/nova/conductor/manager.py:1529}}
Jun 26 20:47:03.939895 np0000003794 nova-conductor[98732]: DEBUG oslo_concurrency.lockutils [None req-34ced780-f998-4d6d-b174-c5956f7f37de tempest-DeleteServersTestJSON-1265809211 tempest-DeleteServersTestJSON-1265809211-project-member] Acquiring lock "f0e28e48-a6b8-4718-9938-1a55dcf4b1fb" by "nova.context.set_target_cell..get_or_set_cached_cell_and_set_connections" {{(pid=98732) inner /opt/stack/data/venv/lib/python3.12/site-packages/oslo_concurrency/lockutils.py:511}}
Jun 26 20:47:03.940088 np0000003794 nova-conductor[98732]: DEBUG oslo_concurrency.lockutils [None req-34ced780-f998-4d6d-b174-c5956f7f37de tempest-DeleteServersTestJSON-1265809211 tempest-DeleteServersTestJSON-1265809211-project-member] Lock "f0e28e48-a6b8-4718-9938-1a55dcf4b1fb" acquired by "nova.context.set_target_cell..get_or_set_cached_cell_and_set_connections" :: waited 0.000s {{(pid=98732) inner /opt/stack/data/venv/lib/python3.12/site-packages/oslo_concurrency/lockutils.py:524}}
Jun 26 20:47:03.940273 np0000003794 nova-conductor[98732]: DEBUG oslo_concurrency.lockutils [None req-34ced780-f998-4d6d-b174-c5956f7f37de tempest-DeleteServersTestJSON-1265809211 tempest-DeleteServersTestJSON-1265809211-project-member] Lock "f0e28e48-a6b8-4718-9938-1a55dcf4b1fb" "released" by "nova.context.set_target_cell..get_or_set_cached_cell_and_set_connections" :: held 0.000s {{(pid=98732) inner /opt/stack/data/venv/lib/python3.12/site-packages/oslo_concurrency/lockutils.py:543}}
Jun 26 20:47:04.039380 np0000003794 nova-conductor[98772]: DEBUG nova.conductor.manager [None req-961855a3-8b22-489b-9f70-4db6c0470a12 tempest-ServerActionsTestOtherB-278523537 tempest-ServerActionsTestOtherB-278523537-project-member] Took 1.03 seconds to select destinations for 1 instance(s). {{(pid=98772) _schedule_instances /opt/stack/nova/nova/conductor/manager.py:968}}
Jun 26 20:47:04.048069 np0000003794 nova-conductor[98732]: DEBUG oslo_concurrency.lockutils [None req-34ced780-f998-4d6d-b174-c5956f7f37de tempest-DeleteServersTestJSON-1265809211 tempest-DeleteServersTestJSON-1265809211-project-member] Acquiring lock "f0e28e48-a6b8-4718-9938-1a55dcf4b1fb" by "nova.context.set_target_cell..get_or_set_cached_cell_and_set_connections" {{(pid=98732) inner /opt/stack/data/venv/lib/python3.12/site-packages/oslo_concurrency/lockutils.py:511}}
