Jun 26 20:43:48.495429 np0000003794 devstack@neutron-api.service[90472]: DEBUG neutron.api.extensions [None req-5632119b-7f00-43ed-b833-4445b669ed46 None None] Ext name="Tag support for resources with standard attribute: port, subnet, subnetpool, network, security_group, router, floatingip, policy, trunk, network_segment_range" alias="standard-attr-tag" description="Enables to set tag on resources with standard attribute." updated="2017-01-01T00:00:00-00:00" {{(pid=90472) _check_extension /opt/stack/neutron/neutron/api/extensions.py:415}}
Jun 26 20:43:48.495429 np0000003794 devstack@neutron-api.service[90472]: INFO neutron.api.extensions [None req-5632119b-7f00-43ed-b833-4445b669ed46 None None] Loaded extension: standard-attr-tag
Jun 26 20:43:48.495429 np0000003794 devstack@neutron-api.service[90472]: DEBUG neutron.api.extensions [None req-5632119b-7f00-43ed-b833-4445b669ed46 None None] Loading extension file: timestamp.py {{(pid=90472) _load_all_extensions_from_path /opt/stack/neutron/neutron/api/extensions.py:449}}
Jun 26 20:43:48.495429 np0000003794 devstack@neutron-api.service[90472]: DEBUG neutron.api.extensions [None req-5632119b-7f00-43ed-b833-4445b669ed46 None None] Ext name="Resource timestamps" alias="standard-attr-timestamp" description="Adds created_at and updated_at fields to all Neutron resources that have Neutron standard attributes." updated="2016-09-12T10:00:00-00:00" {{(pid=90472) _check_extension /opt/stack/neutron/neutron/api/extensions.py:415}}
Jun 26 20:43:48.495429 np0000003794 devstack@neutron-api.service[90472]: INFO neutron.api.extensions [None req-5632119b-7f00-43ed-b833-4445b669ed46 None None] Loaded extension: standard-attr-timestamp
Jun 26 20:43:48.495429 np0000003794 devstack@neutron-api.service[90472]: DEBUG neutron.api.extensions [None req-5632119b-7f00-43ed-b833-4445b669ed46 None None] Loading extension file: trunk.py {{(pid=90472) _load_all_extensions_from_path /opt/stack/neutron/neutron/api/extensions.py:449}}
Jun 26 20:43:48.495739 np0000003794 devstack@neutron-api.service[90472]: DEBUG neutron.api.extensions [None req-5632119b-7f00-43ed-b833-4445b669ed46 None None] Ext name="Trunk Extension" alias="trunk" description="Provides support for trunk ports" updated="2016-01-01T10:00:00-00:00" {{(pid=90472) _check_extension /opt/stack/neutron/neutron/api/extensions.py:415}}
Jun 26 20:43:48.495739 np0000003794 devstack@neutron-api.service[90472]: INFO neutron.api.extensions [None req-5632119b-7f00-43ed-b833-4445b669ed46 None None] Extension trunk not supported by any of loaded plugins
Jun 26 20:43:48.495739 np0000003794 devstack@neutron-api.service[90472]: DEBUG neutron.api.extensions [None req-5632119b-7f00-43ed-b833-4445b669ed46 None None] Loading extension file: trunk_details.py {{(pid=90472) _load_all_extensions_from_path /opt/stack/neutron/neutron/api/extensions.py:449}}
Jun 26 20:43:48.495975 np0000003794 devstack@neutron-api.service[90473]: DEBUG neutron.api.extensions [None req-f11f5f61-5587-42cc-88cc-3f92aac252f7 None None] Extended resource: floatingips {{(pid=90473) __init__ /opt/stack/neutron/neutron/api/extensions.py:156}}
Jun 26 20:43:48.496068 np0000003794 devstack@neutron-api.service[90472]: DEBUG neutron.api.extensions [None req-5632119b-7f00-43ed-b833-4445b669ed46 None None] Ext name="Trunk port details" alias="trunk-details" description="Expose trunk port details" updated="2016-01-01T10:00:00-00:00" {{(pid=90472) _check_extension /opt/stack/neutron/neutron/api/extensions.py:415}}
Jun 26 20:43:48.496068 np0000003794 devstack@neutron-api.service[90472]: INFO neutron.api.extensions [None req-5632119b-7f00-43ed-b833-4445b669ed46 None None] Extension trunk-details not supported by any of loaded plugins
Jun 26 20:43:48.496068 np0000003794 devstack@neutron-api.service[90472]: DEBUG neutron.api.extensions [None req-5632119b-7f00-43ed-b833-4445b669ed46 None None] Loading extension file: uplink_status_propagation.py {{(pid=90472) _load_all_extensions_from_path /opt/stack/neutron/neutron/api/extensions.py:449}}
Jun 26 20:43:48.496068 np0000003794 devstack@neutron-api.service[90472]: DEBUG neutron.api.extensions [None req-5632119b-7f00-43ed-b833-4445b669ed46 None None] Ext name="Uplink status propagation extension" alias="uplink-status-propagation" description="Provides ability to propagate port uplink status." updated="2018-05-31T18:00:00-00:00" {{(pid=90472) _check_extension /opt/stack/neutron/neutron/api/extensions.py:415}}
Jun 26 20:43:48.496068 np0000003794 devstack@neutron-api.service[90472]: INFO neutron.api.extensions [None req-5632119b-7f00-43ed-b833-4445b669ed46 None None] Extension uplink-status-propagation not supported by any of loaded plugins
Jun 26 20:43:48.496068 np0000003794 devstack@neutron-api.service[90472]: DEBUG neutron.api.extensions [None req-5632119b-7f00-43ed-b833-4445b669ed46 None None] Loading extension file: uplink_status_propagation_updatable.py {{(pid=90472) _load_all_extensions_from_path /opt/stack/neutron/neutron/api/extensions.py:449}}
Jun 26 20:43:48.496271 np0000003794 devstack@neutron-api.service[90473]: DEBUG neutron.api.extensions [None req-f11f5f61-5587-42cc-88cc-3f92aac252f7 None None] Extended resource: l3-routers {{(pid=90473) __init__ /opt/stack/neutron/neutron/api/extensions.py:156}}
Jun 26 20:43:48.496471 np0000003794 devstack@neutron-api.service[90472]: DEBUG neutron.api.extensions [None req-5632119b-7f00-43ed-b833-4445b669ed46 None None] Ext name="Uplink status propagation updatable extension" alias="uplink-status-propagation-updatable" description="Provides ability to update the port uplink status." updated="2024-09-03T18:00:00-00:00" {{(pid=90472) _check_extension /opt/stack/neutron/neutron/api/extensions.py:415}}
Jun 26 20:43:48.496569 np0000003794 devstack@neutron-api.service[90473]: DEBUG neutron.api.extensions [None req-f11f5f61-5587-42cc-88cc-3f92aac252f7 None None] Extended resource: l3-agents {{(pid=90473) __init__ /opt/stack/neutron/neutron/api/extensions.py:156}}
Jun 26 20:43:48.496661 np0000003794 devstack@neutron-api.service[90472]: INFO neutron.api.extensions [None req-5632119b-7f00-43ed-b833-4445b669ed46 None None] Extension uplink-status-propagation-updatable not supported by any of loaded plugins
Jun 26 20:43:48.496751 np0000003794 devstack@neutron-api.service[90473]: DEBUG neutron.api.extensions [None req-f11f5f61-5587-42cc-88cc-3f92aac252f7 None None] Extended resource: network-ip-availabilities {{(pid=90473) __init__ /opt/stack/neutron/neutron/api/extensions.py:156}}
Jun 26 20:43:48.496844 np0000003794 devstack@neutron-api.service[90472]: DEBUG neutron.api.extensions [None req-5632119b-7f00-43ed-b833-4445b669ed46 None None] Loading extension file: vlantransparent.py {{(pid=90472) _load_all_extensions_from_path /opt/stack/neutron/neutron/api/extensions.py:449}}
Jun 26 20:43:48.496844 np0000003794 devstack@neutron-api.service[90472]: DEBUG neutron.api.extensions [None req-5632119b-7f00-43ed-b833-4445b669ed46 None None] Ext name="Vlantransparent" alias="vlan-transparent" description="Provides Vlan Transparent Networks" updated="2015-03-23T09:00:00-00:00" {{(pid=90472) _check_extension /opt/stack/neutron/neutron/api/extensions.py:415}}
Jun 26 20:43:48.496844 np0000003794 devstack@neutron-api.service[90472]: INFO neutron.api.extensions [None req-5632119b-7f00-43ed-b833-4445b669ed46 None None] Loaded extension: vlan-transparent
Jun 26 20:43:48.496983 np0000003794 devstack@neutron-api.service[90473]: DEBUG neutron.api.extensions [None req-f11f5f61-5587-42cc-88cc-3f92aac252f7 None None] Extended resource: network-ip-availabilities {{(pid=90473) __init__ /opt/stack/neutron/neutron/api/extensions.py:156}}
Jun 26 20:43:48.496983 np0000003794 devstack@neutron-api.service[90473]: DEBUG neutron.api.extensions [None req-f11f5f61-5587-42cc-88cc-3f92aac252f7 None None] Extended resource: bindings {{(pid=90473) __init__ /opt/stack/neutron/neutron/api/extensions.py:156}}
Jun 26 20:43:48.497081 np0000003794 devstack@neutron-api.service[90472]: INFO neutron.quota.resource_registry [None req-5632119b-7f00-43ed-b833-4445b669ed46 None None] Creating instance of TrackedResource for resource:network
Jun 26 20:43:48.497081 np0000003794 devstack@neutron-api.service[90472]: INFO neutron.quota.resource_registry [None req-5632119b-7f00-43ed-b833-4445b669ed46 None None] Creating instance of TrackedResource for resource:subnet
Jun 26 20:43:48.497081 np0000003794 devstack@neutron-api.service[90472]: INFO neutron.quota.resource_registry [None req-5632119b-7f00-43ed-b833-4445b669ed46 None None] Creating instance of TrackedResource for resource:subnetpool
Jun 26 20:43:48.497081 np0000003794 devstack@neutron-api.service[90472]: INFO neutron.quota.resource_registry [None req-5632119b-7f00-43ed-b833-4445b669ed46 None None] Creating instance of TrackedResource for resource:port
Jun 26 20:43:48.497223 np0000003794 devstack@neutron-api.service[90473]: DEBUG neutron.api.extensions [None req-f11f5f61-5587-42cc-88cc-3f92aac252f7 None None] Extended resource: quotas {{(pid=90473) __init__ /opt/stack/neutron/neutron/api/extensions.py:156}}
Jun 26 20:43:48.497324 np0000003794 devstack@neutron-api.service[90472]: INFO neutron.quota.resource_registry [None req-5632119b-7f00-43ed-b833-4445b669ed46 None None] Creating instance of CountableResource for resource:router_route
Jun 26 20:43:48.497324 np0000003794 devstack@neutron-api.service[90472]: DEBUG neutron.api.v2.resource_helper [None req-5632119b-7f00-43ed-b833-4445b669ed46 None None] Service L3_ROUTER_NAT assigned prefix: {{(pid=90472) build_resource_info /opt/stack/neutron/neutron/api/v2/resource_helper.py:77}}
Jun 26 20:43:48.497465 np0000003794 devstack@neutron-api.service[90473]: DEBUG neutron.api.extensions [None req-f11f5f61-5587-42cc-88cc-3f92aac252f7 None None] Extended resource: quotas {{(pid=90473) __init__ /opt/stack/neutron/neutron/api/extensions.py:156}}
Jun 26 20:43:48.497590 np0000003794 devstack@neutron-api.service[90472]: DEBUG neutron.api.v2.resource_helper [None req-5632119b-7f00-43ed-b833-4445b669ed46 None None] Service FLAVORS assigned prefix: {{(pid=90472) build_resource_info /opt/stack/neutron/neutron/api/v2/resource_helper.py:77}}
Jun 26 20:43:48.497590 np0000003794 devstack@neutron-api.service[90472]: DEBUG neutron.api.v2.resource_helper [None req-5632119b-7f00-43ed-b833-4445b669ed46 None None] Service L3_ROUTER_NAT assigned prefix: {{(pid=90472) build_resource_info /opt/stack/neutron/neutron/api/v2/resource_helper.py:77}}
Jun 26 20:43:48.497590 np0000003794 devstack@neutron-api.service[90472]: DEBUG neutron.api.v2.resource_helper [None req-5632119b-7f00-43ed-b833-4445b669ed46 None None] Service L3_ROUTER_NAT assigned prefix: {{(pid=90472) build_resource_info /opt/stack/neutron/neutron/api/v2/resource_helper.py:77}}
Jun 26 20:43:48.497590 np0000003794 devstack@neutron-api.service[90472]: INFO neutron.quota.resource_registry [None req-5632119b-7f00-43ed-b833-4445b669ed46 None None] Creating instance of TrackedResource for resource:router
Jun 26 20:43:48.497590 np0000003794 devstack@neutron-api.service[90472]: INFO neutron.quota.resource_registry [None req-5632119b-7f00-43ed-b833-4445b669ed46 None None] Creating instance of TrackedResource for resource:floatingip
Jun 26 20:43:48.497744 np0000003794 devstack@neutron-api.service[90473]: DEBUG neutron.api.extensions [None req-f11f5f61-5587-42cc-88cc-3f92aac252f7 None None] Extended resource: rbac-policies {{(pid=90473) __init__ /opt/stack/neutron/neutron/api/extensions.py:156}}
Jun 26 20:43:48.497832 np0000003794 devstack@neutron-api.service[90472]: INFO neutron.quota.resource_registry [None req-5632119b-7f00-43ed-b833-4445b669ed46 None None] Creating instance of CountableResource for resource:rbac_policy
Jun 26 20:43:48.497935 np0000003794 devstack@neutron-api.service[90473]: DEBUG neutron.api.extensions [None req-f11f5f61-5587-42cc-88cc-3f92aac252f7 None None] Extended resource: default-security-group-rules {{(pid=90473) __init__ /opt/stack/neutron/neutron/api/extensions.py:156}}
Jun 26 20:43:48.498071 np0000003794 devstack@neutron-api.service[90472]: INFO neutron.quota.resource_registry [None req-5632119b-7f00-43ed-b833-4445b669ed46 None None] Creating instance of TrackedResource for resource:security_group
Jun 26 20:43:48.498071 np0000003794 devstack@neutron-api.service[90472]: INFO neutron.quota.resource_registry [None req-5632119b-7f00-43ed-b833-4445b669ed46 None None] Creating instance of TrackedResource for resource:security_group_rule
Jun 26 20:43:48.498330 np0000003794 devstack@neutron-api.service[90473]: DEBUG neutron.api.extensions [None req-f11f5f61-5587-42cc-88cc-3f92aac252f7 None None] Extended resource: security-groups-default-statefulness {{(pid=90473) __init__ /opt/stack/neutron/neutron/api/extensions.py:156}}
Jun 26 20:43:48.498472 np0000003794 devstack@neutron-api.service[90472]: DEBUG neutron.api.v2.resource_helper [None req-5632119b-7f00-43ed-b833-4445b669ed46 None None] Service CORE assigned prefix: {{(pid=90472) build_resource_info /opt/stack/neutron/neutron/api/v2/resource_helper.py:77}}
Jun 26 20:43:48.498472 np0000003794 devstack@neutron-api.service[90472]: INFO neutron.quota.resource_registry [None req-5632119b-7f00-43ed-b833-4445b669ed46 None None] Creating instance of TrackedResource for resource:subnetpool
Jun 26 20:43:48.498472 np0000003794 devstack@neutron-api.service[90472]: WARNING neutron.quota.resource_registry [None req-5632119b-7f00-43ed-b833-4445b669ed46 None None] subnetpool is already registered
Jun 26 20:43:48.498687 np0000003794 devstack@neutron-api.service[90473]: DEBUG neutron.api.extensions [None req-f11f5f61-5587-42cc-88cc-3f92aac252f7 None None] Extended resource: security-groups {{(pid=90473) __init__ /opt/stack/neutron/neutron/api/extensions.py:156}}
Jun 26 20:43:48.498803 np0000003794 devstack@neutron-api.service[90472]: DEBUG neutron.api.v2.resource_helper [None req-5632119b-7f00-43ed-b833-4445b669ed46 None None] Service CORE assigned prefix: {{(pid=90472) build_resource_info /opt/stack/neutron/neutron/api/v2/resource_helper.py:77}}
Jun 26 20:43:48.498803 np0000003794 devstack@neutron-api.service[90472]: INFO neutron.quota.resource_registry [None req-5632119b-7f00-43ed-b833-4445b669ed46 None None] Creating instance of TrackedResource for resource:subnetpool
Jun 26 20:43:48.498803 np0000003794 devstack@neutron-api.service[90472]: WARNING neutron.quota.resource_registry [None req-5632119b-7f00-43ed-b833-4445b669ed46 None None] subnetpool is already registered
Jun 26 20:43:48.499001 np0000003794 devstack@neutron-api.service[90473]: DEBUG neutron.api.extensions [None req-f11f5f61-5587-42cc-88cc-3f92aac252f7 None None] Extended resource: security-group-rules {{(pid=90473) __init__ /opt/stack/neutron/neutron/api/extensions.py:156}}
Jun 26 20:43:48.499001 np0000003794 devstack@neutron-api.service[90473]: DEBUG neutron.api.extensions [None req-f11f5f61-5587-42cc-88cc-3f92aac252f7 None None] Extended resource: service-providers {{(pid=90473) __init__ /opt/stack/neutron/neutron/api/extensions.py:156}}
Jun 26 20:43:48.499208 np0000003794 devstack@neutron-api.service[90471]: DEBUG oslo_concurrency.processutils [None req-b3944d2f-049e-4bdc-8b6c-e4f9fe70625d None None] CMD "ovsdb-client transact ssl:10.4.3.122:6641 --timeout 180 -p /opt/stack/data/CA/int-ca/private/devstack-cert.key -c /opt/stack/data/CA/int-ca/devstack-cert.crt -C /opt/stack/data/CA/int-ca/ca-chain.pem ["OVN_Northbound", {"op": "wait", "timeout": 0, "table": "Port_Group", "where": [["name", "==", "neutron_pg_drop"]], "until": "==", "rows": []}, {"op": "insert", "table": "ACL", "row": {"action": "drop", "direction": "to-lport", "match": "outport == @neutron_pg_drop && ip", "priority": 1001}, "uuid-name": "droptoport"}, {"op": "insert", "table": "ACL", "row": {"action": "drop", "direction": "from-lport", "match": "inport == @neutron_pg_drop && ip", "priority": 1001}, "uuid-name": "dropfromport"}, {"op": "insert", "table": "Port_Group", "row": {"name": "neutron_pg_drop", "acls": ["set", [["named-uuid", "droptoport"], ["named-uuid", "dropfromport"]]]}}]" returned: 0 in 0.080s {{(pid=90471) execute /opt/stack/data/venv/lib/python3.12/site-packages/oslo_concurrency/processutils.py:468}}
Jun 26 20:43:48.499208 np0000003794 devstack@neutron-api.service[90471]: DEBUG neutron_lib.callbacks.manager [None req-b3944d2f-049e-4bdc-8b6c-e4f9fe70625d None None] Publish callbacks ['neutron.plugins.ml2.drivers.ovn.mech_driver.mech_driver.OVNMechanismDriver.post_fork_initialize-513735', 'neutron.services.pvlan.drivers.ovn.driver._initialize_pvlan_pg_drop-7807632560812', 'neutron.services.ovn_l3.plugin.OVNL3RouterPlugin._post_fork_initialize-1718135'] for process (None), after_init {{(pid=90471) _notify_loop /opt/stack/data/venv/lib/python3.12/site-packages/neutron_lib/callbacks/manager.py:184}}
Jun 26 20:43:48.500850 np0000003794 devstack@neutron-api.service[90473]: DEBUG neutron.api.extensions [None req-f11f5f61-5587-42cc-88cc-3f92aac252f7 None None] Extended resource: subnetpools {{(pid=90473) __init__ /opt/stack/neutron/neutron/api/extensions.py:156}}
Jun 26 20:43:48.501010 np0000003794 devstack@neutron-api.service[90472]: INFO neutron.quota.resource_registry [None req-5632119b-7f00-43ed-b833-4445b669ed46 None None] Creating instance of CountableResource for resource:router_route
Jun 26 20:43:48.501122 np0000003794 devstack@neutron-api.service[90471]: DEBUG oslo_concurrency.lockutils [None req-b3944d2f-049e-4bdc-8b6c-e4f9fe70625d None None] Acquiring lock "singleton_lock" {{(pid=90471) lock /opt/stack/data/venv/lib/python3.12/site-packages/oslo_concurrency/lockutils.py:395}}
Jun 26 20:43:48.501232 np0000003794 devstack@neutron-api.service[90472]: WARNING neutron.quota.resource_registry [None req-5632119b-7f00-43ed-b833-4445b669ed46 None None] router_route is already registered
Jun 26 20:43:48.501338 np0000003794 devstack@neutron-api.service[90471]: DEBUG oslo_concurrency.lockutils [None req-b3944d2f-049e-4bdc-8b6c-e4f9fe70625d None None] Acquired lock "singleton_lock" {{(pid=90471) lock /opt/stack/data/venv/lib/python3.12/site-packages/oslo_concurrency/lockutils.py:398}}
Jun 26 20:43:48.501455 np0000003794 devstack@neutron-api.service[90472]: DEBUG neutron.api.v2.resource_helper [None req-5632119b-7f00-43ed-b833-4445b669ed46 None None] Service L3_ROUTER_NAT assigned prefix: {{(pid=90472) build_resource_info /opt/stack/neutron/neutron/api/v2/resource_helper.py:77}}
Jun 26 20:43:48.501572 np0000003794 devstack@neutron-api.service[90471]: DEBUG oslo_concurrency.lockutils [None req-b3944d2f-049e-4bdc-8b6c-e4f9fe70625d None None] Releasing lock "singleton_lock" {{(pid=90471) lock /opt/stack/data/venv/lib/python3.12/site-packages/oslo_concurrency/lockutils.py:418}}
Jun 26 20:43:48.501669 np0000003794 devstack@neutron-api.service[90472]: DEBUG neutron.api.v2.resource_helper [None req-5632119b-7f00-43ed-b833-4445b669ed46 None None] Service FLAVORS assigned prefix: {{(pid=90472) build_resource_info /opt/stack/neutron/neutron/api/v2/resource_helper.py:77}}
Jun 26 20:43:48.501799 np0000003794 devstack@neutron-api.service[90473]: DEBUG neutron.api.extensions [None req-f11f5f61-5587-42cc-88cc-3f92aac252f7 None None] Extended resource: subnetpools {{(pid=90473) __init__ /opt/stack/neutron/neutron/api/extensions.py:156}}
Jun 26 20:43:48.503443 np0000003794 devstack@neutron-api.service[90472]: DEBUG neutron.api.v2.resource_helper [None req-5632119b-7f00-43ed-b833-4445b669ed46 None None] Service L3_ROUTER_NAT assigned prefix: {{(pid=90472) build_resource_info /opt/stack/neutron/neutron/api/v2/resource_helper.py:77}}
Jun 26 20:43:48.503663 np0000003794 devstack@neutron-api.service[90473]: DEBUG neutron.api.extensions [None req-f11f5f61-5587-42cc-88cc-3f92aac252f7 None None] Extended resource: tags {{(pid=90473) __init__ /opt/stack/neutron/neutron/api/extensions.py:156}}
Jun 26 20:43:48.503763 np0000003794 devstack@neutron-api.service[90472]: DEBUG neutron.api.v2.resource_helper [None req-5632119b-7f00-43ed-b833-4445b669ed46 None None] Service L3_ROUTER_NAT assigned prefix: {{(pid=90472) build_resource_info /opt/stack/neutron/neutron/api/v2/resource_helper.py:77}}
Jun 26 20:43:48.503763 np0000003794 devstack@neutron-api.service[90472]: INFO neutron.quota.resource_registry [None req-5632119b-7f00-43ed-b833-4445b669ed46 None None] Creating instance of TrackedResource for resource:router
Jun 26 20:43:48.503884 np0000003794 devstack@neutron-api.service[90471]: DEBUG neutron.plugins.ml2.drivers.ovn.mech_driver.mech_driver [None req-b3944d2f-049e-4bdc-8b6c-e4f9fe70625d None None] Hash Ring setup using WSGI start time 2026-06-26 20:43:42+00:00 {{(pid=90471) _init_hash_ring /opt/stack/neutron/neutron/plugins/ml2/drivers/ovn/mech_driver/mech_driver.py:404}}
Jun 26 20:43:48.504015 np0000003794 devstack@neutron-api.service[90472]: WARNING neutron.quota.resource_registry [None req-5632119b-7f00-43ed-b833-4445b669ed46 None None] router is already registered
Jun 26 20:43:48.504015 np0000003794 devstack@neutron-api.service[90472]: INFO neutron.quota.resource_registry [None req-5632119b-7f00-43ed-b833-4445b669ed46 None None] Creating instance of TrackedResource for resource:floatingip
Jun 26 20:43:48.504168 np0000003794 devstack@neutron-api.service[90473]: DEBUG neutron.api.extensions [None req-f11f5f61-5587-42cc-88cc-3f92aac252f7 None None] Extended resource: tags {{(pid=90473) __init__ /opt/stack/neutron/neutron/api/extensions.py:156}}
Jun 26 20:43:48.504272 np0000003794 devstack@neutron-api.service[90472]: WARNING neutron.quota.resource_registry [None req-5632119b-7f00-43ed-b833-4445b669ed46 None None] floatingip is already registered
Jun 26 20:43:48.504272 np0000003794 devstack@neutron-api.service[90472]: INFO neutron.quota.resource_registry [None req-5632119b-7f00-43ed-b833-4445b669ed46 None None] Creating instance of CountableResource for resource:rbac_policy
Jun 26 20:43:48.504426 np0000003794 devstack@neutron-api.service[90473]: DEBUG neutron.api.extensions [None req-f11f5f61-5587-42cc-88cc-3f92aac252f7 None None] Extended resource: tags {{(pid=90473) __init__ /opt/stack/neutron/neutron/api/extensions.py:156}}
Jun 26 20:43:48.504570 np0000003794 devstack@neutron-api.service[90472]: WARNING neutron.quota.resource_registry [None req-5632119b-7f00-43ed-b833-4445b669ed46 None None] rbac_policy is already registered
Jun 26 20:43:48.504570 np0000003794 devstack@neutron-api.service[90472]: INFO neutron.quota.resource_registry [None req-5632119b-7f00-43ed-b833-4445b669ed46 None None] Creating instance of TrackedResource for resource:security_group
Jun 26 20:43:48.504570 np0000003794 devstack@neutron-api.service[90472]: WARNING neutron.quota.resource_registry [None req-5632119b-7f00-43ed-b833-4445b669ed46 None None] security_group is already registered
Jun 26 20:43:48.504731 np0000003794 devstack@neutron-api.service[90473]: DEBUG neutron.api.extensions [None req-f11f5f61-5587-42cc-88cc-3f92aac252f7 None None] Extended resource: tags {{(pid=90473) __init__ /opt/stack/neutron/neutron/api/extensions.py:156}}
Jun 26 20:43:48.504830 np0000003794 devstack@neutron-api.service[90472]: INFO neutron.quota.resource_registry [None req-5632119b-7f00-43ed-b833-4445b669ed46 None None] Creating instance of TrackedResource for resource:security_group_rule
Jun 26 20:43:48.504830 np0000003794 devstack@neutron-api.service[90472]: WARNING neutron.quota.resource_registry [None req-5632119b-7f00-43ed-b833-4445b669ed46 None None] security_group_rule is already registered
Jun 26 20:43:48.504830 np0000003794 devstack@neutron-api.service[90472]: DEBUG neutron.api.v2.resource_helper [None req-5632119b-7f00-43ed-b833-4445b669ed46 None None] Service CORE assigned prefix: {{(pid=90472) build_resource_info /opt/stack/neutron/neutron/api/v2/resource_helper.py:77}}
Jun 26 20:43:48.504830 np0000003794 devstack@neutron-api.service[90472]: INFO neutron.quota.resource_registry [None req-5632119b-7f00-43ed-b833-4445b669ed46 None None] Creating instance of TrackedResource for resource:subnetpool
Jun 26 20:43:48.505007 np0000003794 devstack@neutron-api.service[90473]: DEBUG neutron.api.extensions [None req-f11f5f61-5587-42cc-88cc-3f92aac252f7 None None] Extended resource: tags {{(pid=90473) __init__ /opt/stack/neutron/neutron/api/extensions.py:156}}
Jun 26 20:43:48.505115 np0000003794 devstack@neutron-api.service[90472]: WARNING neutron.quota.resource_registry [None req-5632119b-7f00-43ed-b833-4445b669ed46 None None] subnetpool is already registered
Jun 26 20:43:48.505115 np0000003794 devstack@neutron-api.service[90472]: DEBUG neutron.api.v2.resource_helper [None req-5632119b-7f00-43ed-b833-4445b669ed46 None None] Service CORE assigned prefix: {{(pid=90472) build_resource_info /opt/stack/neutron/neutron/api/v2/resource_helper.py:77}}
Jun 26 20:43:48.505115 np0000003794 devstack@neutron-api.service[90472]: INFO neutron.quota.resource_registry [None req-5632119b-7f00-43ed-b833-4445b669ed46 None None] Creating instance of TrackedResource for resource:subnetpool
Jun 26 20:43:48.505115 np0000003794 devstack@neutron-api.service[90472]: WARNING neutron.quota.resource_registry [None req-5632119b-7f00-43ed-b833-4445b669ed46 None None] subnetpool is already registered
Jun 26 20:43:48.505415 np0000003794 devstack@neutron-api.service[90471]: INFO neutron.db.ovn_hash_ring_db [None req-b3944d2f-049e-4bdc-8b6c-e4f9fe70625d None None] Nodes from host "np0000003794" and group "mechanism_driver" removed from the Hash Ring created at 2026-06-26 20:43:42+00:00
Jun 26 20:43:48.505530 np0000003794 devstack@neutron-api.service[90472]: DEBUG neutron.api.extensions [None req-5632119b-7f00-43ed-b833-4445b669ed46 None None] Extended resource: extensions {{(pid=90472) __init__ /opt/stack/neutron/neutron/api/extensions.py:156}}
Jun 26 20:43:48.505627 np0000003794 devstack@neutron-api.service[90473]: DEBUG neutron.api.extensions [None req-f11f5f61-5587-42cc-88cc-3f92aac252f7 None None] Extended resource: tags {{(pid=90473) __init__ /opt/stack/neutron/neutron/api/extensions.py:156}}
Jun 26 20:43:48.505756 np0000003794 devstack@neutron-api.service[90472]: DEBUG neutron.api.extensions [None req-5632119b-7f00-43ed-b833-4445b669ed46 None None] Extended resource: address-groups {{(pid=90472) __init__ /opt/stack/neutron/neutron/api/extensions.py:156}}
Jun 26 20:43:48.505756 np0000003794 devstack@neutron-api.service[90472]: DEBUG neutron.api.extensions [None req-5632119b-7f00-43ed-b833-4445b669ed46 None None] Extended resource: address-scopes {{(pid=90472) __init__ /opt/stack/neutron/neutron/api/extensions.py:156}}
Jun 26 20:43:48.505876 np0000003794 devstack@neutron-api.service[90473]: DEBUG neutron.api.extensions [None req-f11f5f61-5587-42cc-88cc-3f92aac252f7 None None] Extended resource: tags {{(pid=90473) __init__ /opt/stack/neutron/neutron/api/extensions.py:156}}
Jun 26 20:43:48.505993 np0000003794 devstack@neutron-api.service[90472]: DEBUG neutron.api.extensions [None req-5632119b-7f00-43ed-b833-4445b669ed46 None None] Extended resource: agents {{(pid=90472) __init__ /opt/stack/neutron/neutron/api/extensions.py:156}}
Jun 26 20:43:48.505993 np0000003794 devstack@neutron-api.service[90472]: DEBUG neutron.api.extensions [None req-5632119b-7f00-43ed-b833-4445b669ed46 None None] Extended resource: auto-allocated-topology {{(pid=90472) __init__ /opt/stack/neutron/neutron/api/extensions.py:156}}
Jun 26 20:43:48.505993 np0000003794 devstack@neutron-api.service[90472]: DEBUG neutron.api.extensions [None req-5632119b-7f00-43ed-b833-4445b669ed46 None None] Extended resource: availability_zones {{(pid=90472) __init__ /opt/stack/neutron/neutron/api/extensions.py:156}}
Jun 26 20:43:48.506156 np0000003794 devstack@neutron-api.service[90471]: INFO neutron.db.ovn_hash_ring_db [None req-b3944d2f-049e-4bdc-8b6c-e4f9fe70625d None None] Node ef4bff8ad4cb54f88f20681099f605dc from host "np0000003794" and group "mechanism_driver" added to the Hash Ring
Jun 26 20:43:48.506258 np0000003794 devstack@neutron-api.service[90473]: DEBUG neutron.api.extensions [None req-f11f5f61-5587-42cc-88cc-3f92aac252f7 None None] Extended resource: tags {{(pid=90473) __init__ /opt/stack/neutron/neutron/api/extensions.py:156}}
Jun 26 20:43:48.506406 np0000003794 devstack@neutron-api.service[90472]: DEBUG neutron.api.extensions [None req-5632119b-7f00-43ed-b833-4445b669ed46 None None] Extended resource: dhcp-networks {{(pid=90472) __init__ /opt/stack/neutron/neutron/api/extensions.py:156}}
Jun 26 20:43:48.506406 np0000003794 devstack@neutron-api.service[90472]: DEBUG neutron.api.extensions [None req-5632119b-7f00-43ed-b833-4445b669ed46 None None] Extended resource: dhcp-agents {{(pid=90472) __init__ /opt/stack/neutron/neutron/api/extensions.py:156}}
Jun 26 20:43:48.506561 np0000003794 devstack@neutron-api.service[90473]: DEBUG neutron.api.extensions [None req-f11f5f61-5587-42cc-88cc-3f92aac252f7 None None] Extended resource: tags {{(pid=90473) __init__ /opt/stack/neutron/neutron/api/extensions.py:156}}
Jun 26 20:43:48.506671 np0000003794 devstack@neutron-api.service[90472]: DEBUG neutron.api.extensions [None req-5632119b-7f00-43ed-b833-4445b669ed46 None None] Extended resource: routers {{(pid=90472) __init__ /opt/stack/neutron/neutron/api/extensions.py:156}}
Jun 26 20:43:48.506671 np0000003794 devstack@neutron-api.service[90472]: DEBUG neutron.api.extensions [None req-5632119b-7f00-43ed-b833-4445b669ed46 None None] Extended resource: flavors {{(pid=90472) __init__ /opt/stack/neutron/neutron/api/extensions.py:156}}
Jun 26 20:43:48.506791 np0000003794 devstack@neutron-api.service[90473]: DEBUG neutron.api.extensions [None req-f11f5f61-5587-42cc-88cc-3f92aac252f7 None None] Extended resource: tags {{(pid=90473) __init__ /opt/stack/neutron/neutron/api/extensions.py:156}}
Jun 26 20:43:48.506888 np0000003794 devstack@neutron-api.service[90472]: DEBUG neutron.api.extensions [None req-5632119b-7f00-43ed-b833-4445b669ed46 None None] Extended resource: service_profiles {{(pid=90472) __init__ /opt/stack/neutron/neutron/api/extensions.py:156}}
Jun 26 20:43:48.506996 np0000003794 devstack@neutron-api.service[90471]: DEBUG neutron.plugins.ml2.drivers.ovn.mech_driver.mech_driver [None req-b3944d2f-049e-4bdc-8b6c-e4f9fe70625d None None] Hash Ring setup, this worker has detected 2 OVN hash ring registers in the database {{(pid=90471) _init_hash_ring /opt/stack/neutron/neutron/plugins/ml2/drivers/ovn/mech_driver/mech_driver.py:414}}
Jun 26 20:43:48.507129 np0000003794 devstack@neutron-api.service[90472]: DEBUG neutron.api.extensions [None req-5632119b-7f00-43ed-b833-4445b669ed46 None None] Extended resource: next_providers {{(pid=90472) __init__ /opt/stack/neutron/neutron/api/extensions.py:156}}
Jun 26 20:43:48.507129 np0000003794 devstack@neutron-api.service[90472]: DEBUG neutron.api.extensions [None req-5632119b-7f00-43ed-b833-4445b669ed46 None None] Extended resource: service_profiles {{(pid=90472) __init__ /opt/stack/neutron/neutron/api/extensions.py:156}}
Jun 26 20:43:48.507129 np0000003794 devstack@neutron-api.service[90472]: DEBUG neutron.api.extensions [None req-5632119b-7f00-43ed-b833-4445b669ed46 None None] Extended resource: floatingip-pools {{(pid=90472) __init__ /opt/stack/neutron/neutron/api/extensions.py:156}}
Jun 26 20:43:48.507129 np0000003794 devstack@neutron-api.service[90472]: DEBUG neutron.api.extensions [None req-5632119b-7f00-43ed-b833-4445b669ed46 None None] Extended resource: routers {{(pid=90472) __init__ /opt/stack/neutron/neutron/api/extensions.py:156}}
Jun 26 20:43:48.507129 np0000003794 devstack@neutron-api.service[90472]: DEBUG neutron.api.extensions [None req-5632119b-7f00-43ed-b833-4445b669ed46 None None] Extended resource: floatingips {{(pid=90472) __init__ /opt/stack/neutron/neutron/api/extensions.py:156}}
Jun 26 20:43:48.507129 np0000003794 devstack@neutron-api.service[90472]: DEBUG neutron.api.extensions [None req-5632119b-7f00-43ed-b833-4445b669ed46 None None] Extended resource: l3-routers {{(pid=90472) __init__ /opt/stack/neutron/neutron/api/extensions.py:156}}
Jun 26 20:43:48.507129 np0000003794 devstack@neutron-api.service[90472]: DEBUG neutron.api.extensions [None req-5632119b-7f00-43ed-b833-4445b669ed46 None None] Extended resource: l3-agents {{(pid=90472) __init__ /opt/stack/neutron/neutron/api/extensions.py:156}}
Jun 26 20:43:48.507129 np0000003794 devstack@neutron-api.service[90472]: DEBUG neutron.api.extensions [None req-5632119b-7f00-43ed-b833-4445b669ed46 None None] Extended resource: network-ip-availabilities {{(pid=90472) __init__ /opt/stack/neutron/neutron/api/extensions.py:156}}
Jun 26 20:43:48.507418 np0000003794 devstack@neutron-api.service[90472]: DEBUG neutron.api.extensions [None req-5632119b-7f00-43ed-b833-4445b669ed46 None None] Extended resource: network-ip-availabilities {{(pid=90472) __init__ /opt/stack/neutron/neutron/api/extensions.py:156}}
Jun 26 20:43:48.507418 np0000003794 devstack@neutron-api.service[90472]: DEBUG neutron.api.extensions [None req-5632119b-7f00-43ed-b833-4445b669ed46 None None] Extended resource: bindings {{(pid=90472) __init__ /opt/stack/neutron/neutron/api/extensions.py:156}}
Jun 26 20:43:48.507418 np0000003794 devstack@neutron-api.service[90472]: DEBUG neutron.api.extensions [None req-5632119b-7f00-43ed-b833-4445b669ed46 None None] Extended resource: quotas {{(pid=90472) __init__ /opt/stack/neutron/neutron/api/extensions.py:156}}
Jun 26 20:43:48.507418 np0000003794 devstack@neutron-api.service[90472]: DEBUG neutron.api.extensions [None req-5632119b-7f00-43ed-b833-4445b669ed46 None None] Extended resource: quotas {{(pid=90472) __init__ /opt/stack/neutron/neutron/api/extensions.py:156}}
Jun 26 20:43:48.508253 np0000003794 devstack@neutron-api.service[90472]: DEBUG neutron.api.extensions [None req-5632119b-7f00-43ed-b833-4445b669ed46 None None] Extended resource: rbac-policies {{(pid=90472) __init__ /opt/stack/neutron/neutron/api/extensions.py:156}}
Jun 26 20:43:48.508736 np0000003794 devstack@neutron-api.service[90472]: DEBUG neutron.api.extensions [None req-5632119b-7f00-43ed-b833-4445b669ed46 None None] Extended resource: default-security-group-rules {{(pid=90472) __init__ /opt/stack/neutron/neutron/api/extensions.py:156}}
Jun 26 20:43:48.509122 np0000003794 devstack@neutron-api.service[90472]: DEBUG neutron.api.extensions [None req-5632119b-7f00-43ed-b833-4445b669ed46 None None] Extended resource: security-groups-default-statefulness {{(pid=90472) __init__ /opt/stack/neutron/neutron/api/extensions.py:156}}
Jun 26 20:43:48.509579 np0000003794 devstack@neutron-api.service[90472]: DEBUG neutron.api.extensions [None req-5632119b-7f00-43ed-b833-4445b669ed46 None None] Extended resource: security-groups {{(pid=90472) __init__ /opt/stack/neutron/neutron/api/extensions.py:156}}
Jun 26 20:43:48.510025 np0000003794 devstack@neutron-api.service[90472]: DEBUG neutron.api.extensions [None req-5632119b-7f00-43ed-b833-4445b669ed46 None None] Extended resource: security-group-rules {{(pid=90472) __init__ /opt/stack/neutron/neutron/api/extensions.py:156}}
Jun 26 20:43:48.510448 np0000003794 devstack@neutron-api.service[90472]: DEBUG neutron.api.extensions [None req-5632119b-7f00-43ed-b833-4445b669ed46 None None] Extended resource: service-providers {{(pid=90472) __init__ /opt/stack/neutron/neutron/api/extensions.py:156}}
Jun 26 20:43:48.510876 np0000003794 devstack@neutron-api.service[90472]: DEBUG neutron.api.extensions [None req-5632119b-7f00-43ed-b833-4445b669ed46 None None] Extended resource: subnetpools {{(pid=90472) __init__ /opt/stack/neutron/neutron/api/extensions.py:156}}
Jun 26 20:43:48.511382 np0000003794 devstack@neutron-api.service[90472]: DEBUG neutron.api.extensions [None req-5632119b-7f00-43ed-b833-4445b669ed46 None None] Extended resource: subnetpools {{(pid=90472) __init__ /opt/stack/neutron/neutron/api/extensions.py:156}}
Jun 26 20:43:48.511871 np0000003794 devstack@neutron-api.service[90472]: DEBUG neutron.api.extensions [None req-5632119b-7f00-43ed-b833-4445b669ed46 None None] Extended resource: tags {{(pid=90472) __init__ /opt/stack/neutron/neutron/api/extensions.py:156}}
Jun 26 20:43:48.512439 np0000003794 devstack@neutron-api.service[90473]: DEBUG neutron_lib.callbacks.manager [None req-f11f5f61-5587-42cc-88cc-3f92aac252f7 None None] Publish callbacks ['neutron.plugins.ml2.drivers.ovn.mech_driver.mech_driver.OVNMechanismDriver.pre_fork_initialize-516251'] for process (None), before_spawn {{(pid=90473) _notify_loop /opt/stack/data/venv/lib/python3.12/site-packages/neutron_lib/callbacks/manager.py:184}}
Jun 26 20:43:48.512567 np0000003794 devstack@neutron-api.service[90472]: DEBUG neutron.api.extensions [None req-5632119b-7f00-43ed-b833-4445b669ed46 None None] Extended resource: tags {{(pid=90472) __init__ /opt/stack/neutron/neutron/api/extensions.py:156}}
Jun 26 20:43:48.512791 np0000003794 devstack@neutron-api.service[90473]: DEBUG oslo_concurrency.processutils [None req-f11f5f61-5587-42cc-88cc-3f92aac252f7 None None] Running cmd (subprocess): ovsdb-client transact ssl:10.4.3.122:6641 --timeout 180 -p /opt/stack/data/CA/int-ca/private/devstack-cert.key -c /opt/stack/data/CA/int-ca/devstack-cert.crt -C /opt/stack/data/CA/int-ca/ca-chain.pem ["OVN_Northbound", {"op": "wait", "timeout": 0, "table": "Port_Group", "where": [["name", "==", "neutron_pg_drop"]], "until": "==", "rows": []}, {"op": "insert", "table": "ACL", "row": {"action": "drop", "direction": "to-lport", "match": "outport == @neutron_pg_drop && ip", "priority": 1001}, "uuid-name": "droptoport"}, {"op": "insert", "table": "ACL", "row": {"action": "drop", "direction": "from-lport", "match": "inport == @neutron_pg_drop && ip", "priority": 1001}, "uuid-name": "dropfromport"}, {"op": "insert", "table": "Port_Group", "row": {"name": "neutron_pg_drop", "acls": ["set", [["named-uuid", "droptoport"], ["named-uuid", "dropfromport"]]]}}] {{(pid=90473) execute /opt/stack/data/venv/lib/python3.12/site-packages/oslo_concurrency/processutils.py:440}}
Jun 26 20:43:48.513150 np0000003794 devstack@neutron-api.service[90472]: DEBUG neutron.api.extensions [None req-5632119b-7f00-43ed-b833-4445b669ed46 None None] Extended resource: tags {{(pid=90472) __init__ /opt/stack/neutron/neutron/api/extensions.py:156}}
Jun 26 20:43:48.513753 np0000003794 devstack@neutron-api.service[90472]: DEBUG neutron.api.extensions [None req-5632119b-7f00-43ed-b833-4445b669ed46 None None] Extended resource: tags {{(pid=90472) __init__ /opt/stack/neutron/neutron/api/extensions.py:156}}
Jun 26 20:43:48.514425 np0000003794 devstack@neutron-api.service[90472]: DEBUG neutron.api.extensions [None req-5632119b-7f00-43ed-b833-4445b669ed46 None None] Extended resource: tags {{(pid=90472) __init__ /opt/stack/neutron/neutron/api/extensions.py:156}}
Jun 26 20:43:48.520098 np0000003794 devstack@neutron-api.service[90472]: DEBUG neutron.api.extensions [None req-5632119b-7f00-43ed-b833-4445b669ed46 None None] Extended resource: tags {{(pid=90472) __init__ /opt/stack/neutron/neutron/api/extensions.py:156}}
Jun 26 20:43:48.520098 np0000003794 devstack@neutron-api.service[90472]: DEBUG neutron.api.extensions [None req-5632119b-7f00-43ed-b833-4445b669ed46 None None] Extended resource: tags {{(pid=90472) __init__ /opt/stack/neutron/neutron/api/extensions.py:156}}
Jun 26 20:43:48.520098 np0000003794 devstack@neutron-api.service[90472]: DEBUG neutron.api.extensions [None req-5632119b-7f00-43ed-b833-4445b669ed46 None None] Extended resource: tags {{(pid=90472) __init__ /opt/stack/neutron/neutron/api/extensions.py:156}}
Jun 26 20:43:48.520098 np0000003794 devstack@neutron-api.service[90472]: DEBUG neutron.api.extensions [None req-5632119b-7f00-43ed-b833-4445b669ed46 None None] Extended resource: tags {{(pid=90472) __init__ /opt/stack/neutron/neutron/api/extensions.py:156}}
Jun 26 20:43:48.520098 np0000003794 devstack@neutron-api.service[90472]: DEBUG neutron.api.extensions [None req-5632119b-7f00-43ed-b833-4445b669ed46 None None] Extended resource: tags {{(pid=90472) __init__ /opt/stack/neutron/neutron/api/extensions.py:156}}
Jun 26 20:43:48.526257 np0000003794 devstack@neutron-api.service[90472]: DEBUG neutron_lib.callbacks.manager [None req-5632119b-7f00-43ed-b833-4445b669ed46 None None] Publish callbacks ['neutron.plugins.ml2.drivers.ovn.mech_driver.mech_driver.OVNMechanismDriver.pre_fork_initialize-466107'] for process (None), before_spawn {{(pid=90472) _notify_loop /opt/stack/data/venv/lib/python3.12/site-packages/neutron_lib/callbacks/manager.py:184}}
Jun 26 20:43:48.526585 np0000003794 devstack@neutron-api.service[90472]: DEBUG oslo_concurrency.processutils [None req-5632119b-7f00-43ed-b833-4445b669ed46 None None] Running cmd (subprocess): ovsdb-client transact ssl:10.4.3.122:6641 --timeout 180 -p /opt/stack/data/CA/int-ca/private/devstack-cert.key -c /opt/stack/data/CA/int-ca/devstack-cert.crt -C /opt/stack/data/CA/int-ca/ca-chain.pem ["OVN_Northbound", {"op": "wait", "timeout": 0, "table": "Port_Group", "where": [["name", "==", "neutron_pg_drop"]], "until": "==", "rows": []}, {"op": "insert", "table": "ACL", "row": {"action": "drop", "direction": "to-lport", "match": "outport == @neutron_pg_drop && ip", "priority": 1001}, "uuid-name": "droptoport"}, {"op": "insert", "table": "ACL", "row": {"action": "drop", "direction": "from-lport", "match": "inport == @neutron_pg_drop && ip", "priority": 1001}, "uuid-name": "dropfromport"}, {"op": "insert", "table": "Port_Group", "row": {"name": "neutron_pg_drop", "acls": ["set", [["named-uuid", "droptoport"], ["named-uuid", "dropfromport"]]]}}] {{(pid=90472) execute /opt/stack/data/venv/lib/python3.12/site-packages/oslo_concurrency/processutils.py:440}}
Jun 26 20:43:48.530772 np0000003794 devstack@neutron-api.service[90471]: DEBUG neutron.plugins.ml2.drivers.ovn.mech_driver.ovsdb.maintenance [None req-b3944d2f-049e-4bdc-8b6c-e4f9fe70625d None None] Periodic task found: HashRingHealthCheckPeriodics.touch_hash_ring_node {{(pid=90471) add_periodics /opt/stack/neutron/neutron/plugins/ml2/drivers/ovn/mech_driver/ovsdb/maintenance.py:146}}
Jun 26 20:43:48.531200 np0000003794 devstack@neutron-api.service[90471]: INFO neutron.plugins.ml2.drivers.ovn.mech_driver.mech_driver [None req-b3944d2f-049e-4bdc-8b6c-e4f9fe70625d None None] Hash Ring probing thread for node ef4bff8ad4cb54f88f20681099f605dc has started
Jun 26 20:43:48.532550 np0000003794 devstack@neutron-api.service[90471]: INFO neutron.plugins.ml2.drivers.ovn.mech_driver.ovsdb.impl_idl_ovn [None req-b3944d2f-049e-4bdc-8b6c-e4f9fe70625d None None] Getting OvsdbNbOvnIdl for WorkerService with retry
Jun 26 20:43:48.604783 np0000003794 devstack@neutron-api.service[90473]: DEBUG oslo_concurrency.processutils [None req-f11f5f61-5587-42cc-88cc-3f92aac252f7 None None] CMD "ovsdb-client transact ssl:10.4.3.122:6641 --timeout 180 -p /opt/stack/data/CA/int-ca/private/devstack-cert.key -c /opt/stack/data/CA/int-ca/devstack-cert.crt -C /opt/stack/data/CA/int-ca/ca-chain.pem ["OVN_Northbound", {"op": "wait", "timeout": 0, "table": "Port_Group", "where": [["name", "==", "neutron_pg_drop"]], "until": "==", "rows": []}, {"op": "insert", "table": "ACL", "row": {"action": "drop", "direction": "to-lport", "match": "outport == @neutron_pg_drop && ip", "priority": 1001}, "uuid-name": "droptoport"}, {"op": "insert", "table": "ACL", "row": {"action": "drop", "direction": "from-lport", "match": "inport == @neutron_pg_drop && ip", "priority": 1001}, "uuid-name": "dropfromport"}, {"op": "insert", "table": "Port_Group", "row": {"name": "neutron_pg_drop", "acls": ["set", [["named-uuid", "droptoport"], ["named-uuid", "dropfromport"]]]}}]" returned: 0 in 0.092s {{(pid=90473) execute /opt/stack/data/venv/lib/python3.12/site-packages/oslo_concurrency/processutils.py:468}}
Jun 26 20:43:48.605510 np0000003794 devstack@neutron-api.service[90473]: DEBUG neutron_lib.callbacks.manager [None req-f11f5f61-5587-42cc-88cc-3f92aac252f7 None None] Publish callbacks ['neutron.plugins.ml2.drivers.ovn.mech_driver.mech_driver.OVNMechanismDriver.post_fork_initialize-516339', 'neutron.services.pvlan.drivers.ovn.driver._initialize_pvlan_pg_drop-7807632561916', 'neutron.services.ovn_l3.plugin.OVNL3RouterPlugin._post_fork_initialize-1704917'] for process (None), after_init {{(pid=90473) _notify_loop /opt/stack/data/venv/lib/python3.12/site-packages/neutron_lib/callbacks/manager.py:184}}
Jun 26 20:43:48.605825 np0000003794 devstack@neutron-api.service[90473]: DEBUG oslo_concurrency.lockutils [None req-f11f5f61-5587-42cc-88cc-3f92aac252f7 None None] Acquiring lock "singleton_lock" {{(pid=90473) lock /opt/stack/data/venv/lib/python3.12/site-packages/oslo_concurrency/lockutils.py:395}}
Jun 26 20:43:48.605825 np0000003794 devstack@neutron-api.service[90473]: DEBUG oslo_concurrency.lockutils [None req-f11f5f61-5587-42cc-88cc-3f92aac252f7 None None] Acquired lock "singleton_lock" {{(pid=90473) lock /opt/stack/data/venv/lib/python3.12/site-packages/oslo_concurrency/lockutils.py:398}}
Jun 26 20:43:48.606247 np0000003794 devstack@neutron-api.service[90473]: DEBUG oslo_concurrency.lockutils [None req-f11f5f61-5587-42cc-88cc-3f92aac252f7 None None] Releasing lock "singleton_lock" {{(pid=90473) lock /opt/stack/data/venv/lib/python3.12/site-packages/oslo_concurrency/lockutils.py:418}}
Jun 26 20:43:48.608183 np0000003794 devstack@neutron-api.service[90473]: DEBUG neutron.plugins.ml2.drivers.ovn.mech_driver.mech_driver [None req-f11f5f61-5587-42cc-88cc-3f92aac252f7 None None] Hash Ring setup using WSGI start time 2026-06-26 20:43:42+00:00 {{(pid=90473) _init_hash_ring /opt/stack/neutron/neutron/plugins/ml2/drivers/ovn/mech_driver/mech_driver.py:404}}
Jun 26 20:43:48.613123 np0000003794 devstack@neutron-api.service[90473]: INFO neutron.db.ovn_hash_ring_db [None req-f11f5f61-5587-42cc-88cc-3f92aac252f7 None None] Nodes from host "np0000003794" and group "mechanism_driver" removed from the Hash Ring created at 2026-06-26 20:43:42+00:00
Jun 26 20:43:48.614225 np0000003794 devstack@neutron-api.service[90472]: DEBUG oslo_concurrency.processutils [None req-5632119b-7f00-43ed-b833-4445b669ed46 None None] CMD "ovsdb-client transact ssl:10.4.3.122:6641 --timeout 180 -p /opt/stack/data/CA/int-ca/private/devstack-cert.key -c /opt/stack/data/CA/int-ca/devstack-cert.crt -C /opt/stack/data/CA/int-ca/ca-chain.pem ["OVN_Northbound", {"op": "wait", "timeout": 0, "table": "Port_Group", "where": [["name", "==", "neutron_pg_drop"]], "until": "==", "rows": []}, {"op": "insert", "table": "ACL", "row": {"action": "drop", "direction": "to-lport", "match": "outport == @neutron_pg_drop && ip", "priority": 1001}, "uuid-name": "droptoport"}, {"op": "insert", "table": "ACL", "row": {"action": "drop", "direction": "from-lport", "match": "inport == @neutron_pg_drop && ip", "priority": 1001}, "uuid-name": "dropfromport"}, {"op": "insert", "table": "Port_Group", "row": {"name": "neutron_pg_drop", "acls": ["set", [["named-uuid", "droptoport"], ["named-uuid", "dropfromport"]]]}}]" returned: 0 in 0.087s {{(pid=90472) execute /opt/stack/data/venv/lib/python3.12/site-packages/oslo_concurrency/processutils.py:468}}
Jun 26 20:43:48.614609 np0000003794 devstack@neutron-api.service[90472]: DEBUG neutron_lib.callbacks.manager [None req-5632119b-7f00-43ed-b833-4445b669ed46 None None] Publish callbacks ['neutron.plugins.ml2.drivers.ovn.mech_driver.mech_driver.OVNMechanismDriver.post_fork_initialize-466067', 'neutron.services.pvlan.drivers.ovn.driver._initialize_pvlan_pg_drop-7807632559768', 'neutron.services.ovn_l3.plugin.OVNL3RouterPlugin._post_fork_initialize-1713707'] for process (None), after_init {{(pid=90472) _notify_loop /opt/stack/data/venv/lib/python3.12/site-packages/neutron_lib/callbacks/manager.py:184}}
Jun 26 20:43:48.615064 np0000003794 devstack@neutron-api.service[90472]: DEBUG oslo_concurrency.lockutils [None req-5632119b-7f00-43ed-b833-4445b669ed46 None None] Acquiring lock "singleton_lock" {{(pid=90472) lock /opt/stack/data/venv/lib/python3.12/site-packages/oslo_concurrency/lockutils.py:395}}
Jun 26 20:43:48.615064 np0000003794 devstack@neutron-api.service[90472]: DEBUG oslo_concurrency.lockutils [None req-5632119b-7f00-43ed-b833-4445b669ed46 None None] Acquired lock "singleton_lock" {{(pid=90472) lock /opt/stack/data/venv/lib/python3.12/site-packages/oslo_concurrency/lockutils.py:398}}
Jun 26 20:43:48.615376 np0000003794 devstack@neutron-api.service[90472]: DEBUG oslo_concurrency.lockutils [None req-5632119b-7f00-43ed-b833-4445b669ed46 None None] Releasing lock "singleton_lock" {{(pid=90472) lock /opt/stack/data/venv/lib/python3.12/site-packages/oslo_concurrency/lockutils.py:418}}
Jun 26 20:43:48.617039 np0000003794 devstack@neutron-api.service[90473]: INFO neutron.db.ovn_hash_ring_db [None req-f11f5f61-5587-42cc-88cc-3f92aac252f7 None None] Node f93c35a7a77751e89a521234aab3a04f from host "np0000003794" and group "mechanism_driver" added to the Hash Ring
Jun 26 20:43:48.617380 np0000003794 devstack@neutron-api.service[90472]: DEBUG neutron.plugins.ml2.drivers.ovn.mech_driver.mech_driver [None req-5632119b-7f00-43ed-b833-4445b669ed46 None None] Hash Ring setup using WSGI start time 2026-06-26 20:43:42+00:00 {{(pid=90472) _init_hash_ring /opt/stack/neutron/neutron/plugins/ml2/drivers/ovn/mech_driver/mech_driver.py:404}}
Jun 26 20:43:48.621465 np0000003794 devstack@neutron-api.service[90473]: DEBUG neutron.plugins.ml2.drivers.ovn.mech_driver.mech_driver [None req-f11f5f61-5587-42cc-88cc-3f92aac252f7 None None] Hash Ring setup, this worker has detected 3 OVN hash ring registers in the database {{(pid=90473) _init_hash_ring /opt/stack/neutron/neutron/plugins/ml2/drivers/ovn/mech_driver/mech_driver.py:414}}
Jun 26 20:43:48.632553 np0000003794 devstack@neutron-api.service[90471]: DEBUG ovsdbapp.backend.ovs_idl [None req-b3944d2f-049e-4bdc-8b6c-e4f9fe70625d None None] Created lookup_table index Logical_Switch.name {{(pid=90471) autocreate_indices /opt/stack/data/venv/lib/python3.12/site-packages/ovsdbapp/backend/ovs_idl/__init__.py:87}}
