Jun 19 00:02:15.563666 np0000003206 devstack@g-api.service[102232]: DEBUG glance_store.capabilities [-] Store glance_store._drivers.swift.store.SingleTenantStore doesn't support updating dynamic storage capabilities. Please overwrite 'update_capabilities' method of the store to implement updating logics if needed. {{(pid=102232) update_capabilities /opt/stack/data/venv/lib/python3.12/site-packages/glance_store/capabilities.py:91}}
Jun 19 00:02:15.563721 np0000003206 devstack@g-api.service[102232]: DEBUG glance_store.backend [-] Registering store swift with schemes ('swift+https', 'swift', 'swift+http', 'swift+config') {{(pid=102232) create_stores /opt/stack/data/venv/lib/python3.12/site-packages/glance_store/backend.py:261}}
Jun 19 00:02:15.563778 np0000003206 devstack@g-api.service[102232]: DEBUG glance_store.driver [-] Late loading location class glance_store._drivers.swift.store.StoreLocation {{(pid=102232) get_store_location_class /opt/stack/data/venv/lib/python3.12/site-packages/glance_store/driver.py:134}}
Jun 19 00:02:15.563833 np0000003206 devstack@g-api.service[102232]: DEBUG glance_store.location [-] Registering scheme swift+https with {'store': , 'location_class': , 'store_entry': 'swift'} {{(pid=102232) register_scheme_map /opt/stack/data/venv/lib/python3.12/site-packages/glance_store/location.py:146}}
Jun 19 00:02:15.563884 np0000003206 devstack@g-api.service[102232]: DEBUG glance_store.location [-] Registering scheme swift with {'store': , 'location_class': , 'store_entry': 'swift'} {{(pid=102232) register_scheme_map /opt/stack/data/venv/lib/python3.12/site-packages/glance_store/location.py:146}}
Jun 19 00:02:15.563933 np0000003206 devstack@g-api.service[102232]: DEBUG glance_store.location [-] Registering scheme swift+http with {'store': , 'location_class': , 'store_entry': 'swift'} {{(pid=102232) register_scheme_map /opt/stack/data/venv/lib/python3.12/site-packages/glance_store/location.py:146}}
Jun 19 00:02:15.563985 np0000003206 devstack@g-api.service[102232]: DEBUG glance_store.location [-] Registering scheme swift+config with {'store': , 'location_class': , 'store_entry': 'swift'} {{(pid=102232) register_scheme_map /opt/stack/data/venv/lib/python3.12/site-packages/glance_store/location.py:146}}
Jun 19 00:02:15.564022 np0000003206 devstack@g-api.service[102232]: DEBUG glance_store.backend [-] Attempting to import store file {{(pid=102232) _load_store /opt/stack/data/venv/lib/python3.12/site-packages/glance_store/backend.py:215}}
Jun 19 00:02:15.564505 np0000003206 devstack@g-api.service[102232]: DEBUG glance_store.capabilities [-] Store glance_store._drivers.filesystem.Store doesn't support updating dynamic storage capabilities. Please overwrite 'update_capabilities' method of the store to implement updating logics if needed. {{(pid=102232) update_capabilities /opt/stack/data/venv/lib/python3.12/site-packages/glance_store/capabilities.py:91}}
Jun 19 00:02:15.564562 np0000003206 devstack@g-api.service[102232]: DEBUG glance_store.backend [-] Registering store file with schemes ('file', 'filesystem') {{(pid=102232) create_stores /opt/stack/data/venv/lib/python3.12/site-packages/glance_store/backend.py:261}}
Jun 19 00:02:15.564603 np0000003206 devstack@g-api.service[102232]: DEBUG glance_store.driver [-] Late loading location class glance_store._drivers.filesystem.StoreLocation {{(pid=102232) get_store_location_class /opt/stack/data/venv/lib/python3.12/site-packages/glance_store/driver.py:134}}
Jun 19 00:02:15.564661 np0000003206 devstack@g-api.service[102232]: DEBUG glance_store.location [-] Registering scheme file with {'store': , 'location_class': , 'store_entry': 'file'} {{(pid=102232) register_scheme_map /opt/stack/data/venv/lib/python3.12/site-packages/glance_store/location.py:146}}
Jun 19 00:02:15.564694 np0000003206 devstack@g-api.service[102232]: DEBUG glance_store.location [-] Registering scheme filesystem with {'store': , 'location_class': , 'store_entry': 'file'} {{(pid=102232) register_scheme_map /opt/stack/data/venv/lib/python3.12/site-packages/glance_store/location.py:146}}
Jun 19 00:02:15.564796 np0000003206 devstack@g-api.service[102232]: DEBUG glance_store.backend [-] Attempting to import store swift {{(pid=102232) _load_store /opt/stack/data/venv/lib/python3.12/site-packages/glance_store/backend.py:215}}
Jun 19 00:02:15.565766 np0000003206 devstack@g-api.service[102232]: DEBUG glance_store.capabilities [-] Store glance_store._drivers.swift.store.SingleTenantStore doesn't support updating dynamic storage capabilities. Please overwrite 'update_capabilities' method of the store to implement updating logics if needed. {{(pid=102232) update_capabilities /opt/stack/data/venv/lib/python3.12/site-packages/glance_store/capabilities.py:91}}
Jun 19 00:02:15.565825 np0000003206 devstack@g-api.service[102232]: DEBUG glance_store.driver [-] Late loading location class glance_store._drivers.swift.store.StoreLocation {{(pid=102232) get_store_location_class /opt/stack/data/venv/lib/python3.12/site-packages/glance_store/driver.py:134}}
Jun 19 00:02:15.565878 np0000003206 devstack@g-api.service[102232]: DEBUG glance_store.location [-] Registering scheme swift+https with {'store': , 'location_class': , 'store_entry': 'swift'} {{(pid=102232) register_scheme_map /opt/stack/data/venv/lib/python3.12/site-packages/glance_store/location.py:146}}
Jun 19 00:02:15.565938 np0000003206 devstack@g-api.service[102232]: DEBUG glance_store.location [-] Registering scheme swift+https with {'store': , 'location_class': , 'store_entry': 'swift'} {{(pid=102232) register_scheme_map /opt/stack/data/venv/lib/python3.12/site-packages/glance_store/location.py:146}}
Jun 19 00:02:15.566027 np0000003206 devstack@g-api.service[102232]: DEBUG glance_store.location [-] Registering scheme swift with {'store': , 'location_class': , 'store_entry': 'swift'} {{(pid=102232) register_scheme_map /opt/stack/data/venv/lib/python3.12/site-packages/glance_store/location.py:146}}
Jun 19 00:02:15.566085 np0000003206 devstack@g-api.service[102232]: DEBUG glance_store.location [-] Registering scheme swift+https with {'store': , 'location_class': , 'store_entry': 'swift'} {{(pid=102232) register_scheme_map /opt/stack/data/venv/lib/python3.12/site-packages/glance_store/location.py:146}}
Jun 19 00:02:15.566121 np0000003206 devstack@g-api.service[102232]: DEBUG glance_store.location [-] Registering scheme swift with {'store': , 'location_class': , 'store_entry': 'swift'} {{(pid=102232) register_scheme_map /opt/stack/data/venv/lib/python3.12/site-packages/glance_store/location.py:146}}
Jun 19 00:02:15.566167 np0000003206 devstack@g-api.service[102232]: DEBUG glance_store.location [-] Registering scheme swift+http with {'store': , 'location_class': , 'store_entry': 'swift'} {{(pid=102232) register_scheme_map /opt/stack/data/venv/lib/python3.12/site-packages/glance_store/location.py:146}}
Jun 19 00:02:15.566205 np0000003206 devstack@g-api.service[102232]: DEBUG glance_store.location [-] Registering scheme swift+https with {'store': , 'location_class': , 'store_entry': 'swift'} {{(pid=102232) register_scheme_map /opt/stack/data/venv/lib/python3.12/site-packages/glance_store/location.py:146}}
Jun 19 00:02:15.566255 np0000003206 devstack@g-api.service[102232]: DEBUG glance_store.location [-] Registering scheme swift with {'store': , 'location_class': , 'store_entry': 'swift'} {{(pid=102232) register_scheme_map /opt/stack/data/venv/lib/python3.12/site-packages/glance_store/location.py:146}}
Jun 19 00:02:15.566307 np0000003206 devstack@g-api.service[102232]: DEBUG glance_store.location [-] Registering scheme swift+http with {'store': , 'location_class': , 'store_entry': 'swift'} {{(pid=102232) register_scheme_map /opt/stack/data/venv/lib/python3.12/site-packages/glance_store/location.py:146}}
Jun 19 00:02:15.566351 np0000003206 devstack@g-api.service[102232]: DEBUG glance_store.location [-] Registering scheme swift+config with {'store': , 'location_class': , 'store_entry': 'swift'} {{(pid=102232) register_scheme_map /opt/stack/data/venv/lib/python3.12/site-packages/glance_store/location.py:146}}
Jun 19 00:02:15.566617 np0000003206 devstack@g-api.service[102232]: DEBUG glance.sqlite_migration [-] SQLite caching database not located, skipping migration {{(pid=102232) get_db_path /opt/stack/glance/glance/sqlite_migration.py:68}}
Jun 19 00:02:15.566777 np0000003206 devstack@g-api.service[102232]: WARNING glance.common.wsgi_app [-] Import methods are enabled but staging directory /tmp/staging/ does not exist; Imports will fail!
Jun 19 00:02:15.763442 np0000003206 devstack@g-api.service[102231]: DEBUG glance.common.config [None req-f5ce48fa-8975-46ab-9837-f39fb8e86bcb None None] Loading glance-api-keystone+cachemanagement from /etc/glance/glance-api-paste.ini {{(pid=102231) load_paste_app /opt/stack/glance/glance/common/config.py:758}}
Jun 19 00:02:15.776756 np0000003206 devstack@g-api.service[102233]: DEBUG glance.common.config [None req-2fc9b233-49d7-4258-bc30-f75010c37097 None None] Loading glance-api-keystone+cachemanagement from /etc/glance/glance-api-paste.ini {{(pid=102233) load_paste_app /opt/stack/glance/glance/common/config.py:758}}
Jun 19 00:02:15.811753 np0000003206 devstack@g-api.service[102232]: DEBUG glance.common.config [None req-99b890aa-fe6b-41b6-be58-3746544c2a37 None None] Loading glance-api-keystone+cachemanagement from /etc/glance/glance-api-paste.ini {{(pid=102232) load_paste_app /opt/stack/glance/glance/common/config.py:758}}
Jun 19 00:02:16.324551 np0000003206 devstack@g-api.service[102233]: INFO glance.image_cache [None req-2fc9b233-49d7-4258-bc30-f75010c37097 None None] Image cache loaded driver 'centralized_db'.
Jun 19 00:02:16.332836 np0000003206 devstack@g-api.service[102232]: INFO glance.image_cache [None req-99b890aa-fe6b-41b6-be58-3746544c2a37 None None] Image cache loaded driver 'centralized_db'.
Jun 19 00:02:16.332899 np0000003206 devstack@g-api.service[102231]: INFO glance.image_cache [None req-f5ce48fa-8975-46ab-9837-f39fb8e86bcb None None] Image cache loaded driver 'centralized_db'.
Jun 19 00:02:16.366228 np0000003206 devstack@g-api.service[102233]: INFO dbcounter [None req-2fc9b233-49d7-4258-bc30-f75010c37097 None None] Registered counter for database glance
Jun 19 00:02:16.380389 np0000003206 devstack@g-api.service[102232]: INFO dbcounter [None req-99b890aa-fe6b-41b6-be58-3746544c2a37 None None] Registered counter for database glance
Jun 19 00:02:16.381920 np0000003206 devstack@g-api.service[102231]: INFO dbcounter [None req-f5ce48fa-8975-46ab-9837-f39fb8e86bcb None None] Registered counter for database glance
Jun 19 00:02:16.407037 np0000003206 devstack@g-api.service[102233]: DEBUG oslo_db.sqlalchemy.engines [None req-2fc9b233-49d7-4258-bc30-f75010c37097 None None] MySQL server mode set to STRICT_TRANS_TABLES,STRICT_ALL_TABLES,NO_ZERO_IN_DATE,NO_ZERO_DATE,ERROR_FOR_DIVISION_BY_ZERO,TRADITIONAL,NO_ENGINE_SUBSTITUTION {{(pid=102233) _check_effective_sql_mode /opt/stack/data/venv/lib/python3.12/site-packages/oslo_db/sqlalchemy/engines.py:325}}
Jun 19 00:02:16.427444 np0000003206 devstack@g-api.service[102233]: DEBUG dbcounter [-] [102233] Writer thread running {{(pid=102233) stat_writer /opt/stack/data/venv/lib/python3.12/site-packages/dbcounter.py:102}}
Jun 19 00:02:16.429144 np0000003206 devstack@g-api.service[102232]: DEBUG oslo_db.sqlalchemy.engines [None req-99b890aa-fe6b-41b6-be58-3746544c2a37 None None] MySQL server mode set to STRICT_TRANS_TABLES,STRICT_ALL_TABLES,NO_ZERO_IN_DATE,NO_ZERO_DATE,ERROR_FOR_DIVISION_BY_ZERO,TRADITIONAL,NO_ENGINE_SUBSTITUTION {{(pid=102232) _check_effective_sql_mode /opt/stack/data/venv/lib/python3.12/site-packages/oslo_db/sqlalchemy/engines.py:325}}
Jun 19 00:02:16.433207 np0000003206 devstack@g-api.service[102231]: DEBUG oslo_db.sqlalchemy.engines [None req-f5ce48fa-8975-46ab-9837-f39fb8e86bcb None None] MySQL server mode set to STRICT_TRANS_TABLES,STRICT_ALL_TABLES,NO_ZERO_IN_DATE,NO_ZERO_DATE,ERROR_FOR_DIVISION_BY_ZERO,TRADITIONAL,NO_ENGINE_SUBSTITUTION {{(pid=102231) _check_effective_sql_mode /opt/stack/data/venv/lib/python3.12/site-packages/oslo_db/sqlalchemy/engines.py:325}}
Jun 19 00:02:16.438306 np0000003206 devstack@g-api.service[102233]: INFO glance.image_cache [None req-2fc9b233-49d7-4258-bc30-f75010c37097 None None] Image cache loaded driver 'centralized_db'.
Jun 19 00:02:16.444593 np0000003206 devstack@g-api.service[102233]: DEBUG glance.image_cache.drivers.centralized_db [None req-2fc9b233-49d7-4258-bc30-f75010c37097 None None] Node reference is already recorded, ignoring it {{(pid=102233) configure /opt/stack/glance/glance/image_cache/drivers/centralized_db.py:71}}
Jun 19 00:02:16.448561 np0000003206 devstack@g-api.service[102232]: DEBUG dbcounter [-] [102232] Writer thread running {{(pid=102232) stat_writer /opt/stack/data/venv/lib/python3.12/site-packages/dbcounter.py:102}}
Jun 19 00:02:16.448775 np0000003206 devstack@g-api.service[102233]: DEBUG glance.api.v2.cached_images [None req-2fc9b233-49d7-4258-bc30-f75010c37097 None None] Started cache worker thread {{(pid=102233) __init__ /opt/stack/glance/glance/api/v2/cached_images.py:69}}
Jun 19 00:02:16.449387 np0000003206 devstack@g-api.service[102233]: INFO glance.image_cache [None req-2fc9b233-49d7-4258-bc30-f75010c37097 None None] Image cache loaded driver 'centralized_db'.
Jun 19 00:02:16.450850 np0000003206 devstack@g-api.service[102232]: DEBUG glance.image_cache.drivers.centralized_db [None req-99b890aa-fe6b-41b6-be58-3746544c2a37 None None] Node reference is already recorded, ignoring it {{(pid=102232) configure /opt/stack/glance/glance/image_cache/drivers/centralized_db.py:71}}
Jun 19 00:02:16.452917 np0000003206 devstack@g-api.service[102231]: DEBUG dbcounter [-] [102231] Writer thread running {{(pid=102231) stat_writer /opt/stack/data/venv/lib/python3.12/site-packages/dbcounter.py:102}}
Jun 19 00:02:16.455159 np0000003206 devstack@g-api.service[102231]: DEBUG glance.image_cache.drivers.centralized_db [None req-f5ce48fa-8975-46ab-9837-f39fb8e86bcb None None] Node reference is already recorded, ignoring it {{(pid=102231) configure /opt/stack/glance/glance/image_cache/drivers/centralized_db.py:71}}
Jun 19 00:02:16.455945 np0000003206 devstack@g-api.service[102232]: INFO glance.image_cache [None req-99b890aa-fe6b-41b6-be58-3746544c2a37 None None] Image cache loaded driver 'centralized_db'.
Jun 19 00:02:16.456265 np0000003206 devstack@g-api.service[102233]: DEBUG glance.image_cache.drivers.centralized_db [None req-2fc9b233-49d7-4258-bc30-f75010c37097 None None] Node reference is already recorded, ignoring it {{(pid=102233) configure /opt/stack/glance/glance/image_cache/drivers/centralized_db.py:71}}
Jun 19 00:02:16.459918 np0000003206 devstack@g-api.service[102231]: INFO glance.image_cache [None req-f5ce48fa-8975-46ab-9837-f39fb8e86bcb None None] Image cache loaded driver 'centralized_db'.
Jun 19 00:02:16.463671 np0000003206 devstack@g-api.service[102232]: DEBUG glance.image_cache.drivers.centralized_db [None req-99b890aa-fe6b-41b6-be58-3746544c2a37 None None] Node reference is already recorded, ignoring it {{(pid=102232) configure /opt/stack/glance/glance/image_cache/drivers/centralized_db.py:71}}
Jun 19 00:02:16.467100 np0000003206 devstack@g-api.service[102231]: DEBUG glance.image_cache.drivers.centralized_db [None req-f5ce48fa-8975-46ab-9837-f39fb8e86bcb None None] Node reference is already recorded, ignoring it {{(pid=102231) configure /opt/stack/glance/glance/image_cache/drivers/centralized_db.py:71}}
Jun 19 00:02:16.544054 np0000003206 devstack@g-api.service[102233]: INFO glance.api.middleware.cache_manage [None req-2fc9b233-49d7-4258-bc30-f75010c37097 None None] Initialized image cache management middleware
Jun 19 00:02:16.544220 np0000003206 devstack@g-api.service[102233]: INFO glance.image_cache [None req-2fc9b233-49d7-4258-bc30-f75010c37097 None None] Image cache loaded driver 'centralized_db'.
Jun 19 00:02:16.550619 np0000003206 devstack@g-api.service[102233]: DEBUG glance.image_cache.drivers.centralized_db [None req-2fc9b233-49d7-4258-bc30-f75010c37097 None None] Node reference is already recorded, ignoring it {{(pid=102233) configure /opt/stack/glance/glance/image_cache/drivers/centralized_db.py:71}}
Jun 19 00:02:16.553963 np0000003206 devstack@g-api.service[102233]: INFO glance.api.middleware.cache [None req-2fc9b233-49d7-4258-bc30-f75010c37097 None None] Initialized image cache middleware
Jun 19 00:02:16.558988 np0000003206 devstack@g-api.service[102232]: DEBUG glance.api.v2.cached_images [None req-99b890aa-fe6b-41b6-be58-3746544c2a37 None None] Started cache worker thread {{(pid=102232) __init__ /opt/stack/glance/glance/api/v2/cached_images.py:69}}
Jun 19 00:02:16.559654 np0000003206 devstack@g-api.service[102232]: INFO glance.image_cache [None req-99b890aa-fe6b-41b6-be58-3746544c2a37 None None] Image cache loaded driver 'centralized_db'.
Jun 19 00:02:16.561070 np0000003206 devstack@g-api.service[102231]: DEBUG glance.api.v2.cached_images [None req-f5ce48fa-8975-46ab-9837-f39fb8e86bcb None None] Started cache worker thread {{(pid=102231) __init__ /opt/stack/glance/glance/api/v2/cached_images.py:69}}
Jun 19 00:02:16.561691 np0000003206 devstack@g-api.service[102231]: INFO glance.image_cache [None req-f5ce48fa-8975-46ab-9837-f39fb8e86bcb None None] Image cache loaded driver 'centralized_db'.
Jun 19 00:02:16.563608 np0000003206 devstack@g-api.service[102233]: DEBUG glance.common.config [None req-2fc9b233-49d7-4258-bc30-f75010c37097 None None] ******************************************************************************** {{(pid=102233) log_opt_values /opt/stack/data/venv/lib/python3.12/site-packages/oslo_config/cfg.py:3226}}
Jun 19 00:02:16.563692 np0000003206 devstack@g-api.service[102233]: DEBUG glance.common.config [None req-2fc9b233-49d7-4258-bc30-f75010c37097 None None] Configuration options gathered from: {{(pid=102233) log_opt_values /opt/stack/data/venv/lib/python3.12/site-packages/oslo_config/cfg.py:3227}}
Jun 19 00:02:16.564076 np0000003206 devstack@g-api.service[102233]: DEBUG glance.common.config [None req-2fc9b233-49d7-4258-bc30-f75010c37097 None None] command line args: [] {{(pid=102233) log_opt_values /opt/stack/data/venv/lib/python3.12/site-packages/oslo_config/cfg.py:3228}}
Jun 19 00:02:16.564201 np0000003206 devstack@g-api.service[102233]: DEBUG glance.common.config [None req-2fc9b233-49d7-4258-bc30-f75010c37097 None None] config files: ['/etc/glance/glance-image-import.conf', '/etc/glance/glance-api.conf'] {{(pid=102233) log_opt_values /opt/stack/data/venv/lib/python3.12/site-packages/oslo_config/cfg.py:3229}}
Jun 19 00:02:16.564266 np0000003206 devstack@g-api.service[102233]: DEBUG glance.common.config [None req-2fc9b233-49d7-4258-bc30-f75010c37097 None None] ================================================================================ {{(pid=102233) log_opt_values /opt/stack/data/venv/lib/python3.12/site-packages/oslo_config/cfg.py:3234}}
Jun 19 00:02:16.564403 np0000003206 devstack@g-api.service[102233]: DEBUG glance.common.config [None req-2fc9b233-49d7-4258-bc30-f75010c37097 None None] allow_anonymous_access = False {{(pid=102233) log_opt_values /opt/stack/data/venv/lib/python3.12/site-packages/oslo_config/cfg.py:3242}}
Jun 19 00:02:16.564514 np0000003206 devstack@g-api.service[102233]: DEBUG glance.common.config [None req-2fc9b233-49d7-4258-bc30-f75010c37097 None None] api_limit_max = 1000 {{(pid=102233) log_opt_values /opt/stack/data/venv/lib/python3.12/site-packages/oslo_config/cfg.py:3242}}
Jun 19 00:02:16.564615 np0000003206 devstack@g-api.service[102233]: DEBUG glance.common.config [None req-2fc9b233-49d7-4258-bc30-f75010c37097 None None] backlog = 4096 {{(pid=102233) log_opt_values /opt/stack/data/venv/lib/python3.12/site-packages/oslo_config/cfg.py:3242}}
Jun 19 00:02:16.564731 np0000003206 devstack@g-api.service[102233]: DEBUG glance.common.config [None req-2fc9b233-49d7-4258-bc30-f75010c37097 None None] bind_host = 0.0.0.0 {{(pid=102233) log_opt_values /opt/stack/data/venv/lib/python3.12/site-packages/oslo_config/cfg.py:3242}}
Jun 19 00:02:16.564839 np0000003206 devstack@g-api.service[102233]: DEBUG glance.common.config [None req-2fc9b233-49d7-4258-bc30-f75010c37097 None None] bind_port = 19292 {{(pid=102233) log_opt_values /opt/stack/data/venv/lib/python3.12/site-packages/oslo_config/cfg.py:3242}}
Jun 19 00:02:16.564965 np0000003206 devstack@g-api.service[102233]: DEBUG glance.common.config [None req-2fc9b233-49d7-4258-bc30-f75010c37097 None None] client_socket_timeout = 900 {{(pid=102233) log_opt_values /opt/stack/data/venv/lib/python3.12/site-packages/oslo_config/cfg.py:3242}}
Jun 19 00:02:16.565061 np0000003206 devstack@g-api.service[102233]: DEBUG glance.common.config [None req-2fc9b233-49d7-4258-bc30-f75010c37097 None None] config_dir = [] {{(pid=102233) log_opt_values /opt/stack/data/venv/lib/python3.12/site-packages/oslo_config/cfg.py:3242}}
Jun 19 00:02:16.565133 np0000003206 devstack@g-api.service[102233]: DEBUG glance.common.config [None req-2fc9b233-49d7-4258-bc30-f75010c37097 None None] config_file = ['/etc/glance/glance-image-import.conf', '/etc/glance/glance-api.conf'] {{(pid=102233) log_opt_values /opt/stack/data/venv/lib/python3.12/site-packages/oslo_config/cfg.py:3242}}
Jun 19 00:02:16.565223 np0000003206 devstack@g-api.service[102233]: DEBUG glance.common.config [None req-2fc9b233-49d7-4258-bc30-f75010c37097 None None] config_source = [] {{(pid=102233) log_opt_values /opt/stack/data/venv/lib/python3.12/site-packages/oslo_config/cfg.py:3242}}
Jun 19 00:02:16.565317 np0000003206 devstack@g-api.service[102233]: DEBUG glance.common.config [None req-2fc9b233-49d7-4258-bc30-f75010c37097 None None] control_exchange = glance {{(pid=102233) log_opt_values /opt/stack/data/venv/lib/python3.12/site-packages/oslo_config/cfg.py:3242}}
Jun 19 00:02:16.565415 np0000003206 devstack@g-api.service[102233]: DEBUG glance.common.config [None req-2fc9b233-49d7-4258-bc30-f75010c37097 None None] debug = True {{(pid=102233) log_opt_values /opt/stack/data/venv/lib/python3.12/site-packages/oslo_config/cfg.py:3242}}
Jun 19 00:02:16.565560 np0000003206 devstack@g-api.service[102233]: DEBUG glance.common.config [None req-2fc9b233-49d7-4258-bc30-f75010c37097 None None] default_log_levels = ['amqp=WARN', 'boto=WARN', 'sqlalchemy=WARN', 'suds=INFO', 'oslo.messaging=INFO', 'oslo_messaging=INFO', 'iso8601=WARN', 'requests.packages.urllib3.connectionpool=WARN', 'urllib3.connectionpool=WARN', 'websocket=WARN', 'requests.packages.urllib3.util.retry=WARN', 'urllib3.util.retry=WARN', 'keystonemiddleware=WARN', 'routes.middleware=WARN', 'stevedore=WARN', 'taskflow=WARN', 'keystoneauth=WARN', 'oslo.cache=INFO', 'oslo_policy=INFO', 'dogpile.core.dogpile=INFO'] {{(pid=102233) log_opt_values /opt/stack/data/venv/lib/python3.12/site-packages/oslo_config/cfg.py:3242}}
Jun 19 00:02:16.565662 np0000003206 devstack@g-api.service[102233]: DEBUG glance.common.config [None req-2fc9b233-49d7-4258-bc30-f75010c37097 None None] default_publisher_id = image.localhost {{(pid=102233) log_opt_values /opt/stack/data/venv/lib/python3.12/site-packages/oslo_config/cfg.py:3242}}
Jun 19 00:02:16.565736 np0000003206 devstack@g-api.service[102233]: DEBUG glance.common.config [None req-2fc9b233-49d7-4258-bc30-f75010c37097 None None] delayed_delete = False {{(pid=102233) log_opt_values /opt/stack/data/venv/lib/python3.12/site-packages/oslo_config/cfg.py:3242}}
Jun 19 00:02:16.565826 np0000003206 devstack@g-api.service[102233]: DEBUG glance.common.config [None req-2fc9b233-49d7-4258-bc30-f75010c37097 None None] digest_algorithm = sha256 {{(pid=102233) log_opt_values /opt/stack/data/venv/lib/python3.12/site-packages/oslo_config/cfg.py:3242}}
Jun 19 00:02:16.565936 np0000003206 devstack@g-api.service[102233]: DEBUG glance.common.config [None req-2fc9b233-49d7-4258-bc30-f75010c37097 None None] disabled_notifications = [] {{(pid=102233) log_opt_values /opt/stack/data/venv/lib/python3.12/site-packages/oslo_config/cfg.py:3242}}
Jun 19 00:02:16.566026 np0000003206 devstack@g-api.service[102233]: DEBUG glance.common.config [None req-2fc9b233-49d7-4258-bc30-f75010c37097 None None] do_secure_hash = True {{(pid=102233) log_opt_values /opt/stack/data/venv/lib/python3.12/site-packages/oslo_config/cfg.py:3242}}
Jun 19 00:02:16.566112 np0000003206 devstack@g-api.service[102233]: DEBUG glance.common.config [None req-2fc9b233-49d7-4258-bc30-f75010c37097 None None] enabled_backends = None {{(pid=102233) log_opt_values /opt/stack/data/venv/lib/python3.12/site-packages/oslo_config/cfg.py:3242}}
Jun 19 00:02:16.566155 np0000003206 devstack@g-api.service[102232]: DEBUG glance.image_cache.drivers.centralized_db [None req-99b890aa-fe6b-41b6-be58-3746544c2a37 None None] Node reference is already recorded, ignoring it {{(pid=102232) configure /opt/stack/glance/glance/image_cache/drivers/centralized_db.py:71}}
Jun 19 00:02:16.566214 np0000003206 devstack@g-api.service[102233]: DEBUG glance.common.config [None req-2fc9b233-49d7-4258-bc30-f75010c37097 None None] enabled_import_methods = ['glance-direct', 'web-download', 'copy-image'] {{(pid=102233) log_opt_values /opt/stack/data/venv/lib/python3.12/site-packages/oslo_config/cfg.py:3242}}
Jun 19 00:02:16.566302 np0000003206 devstack@g-api.service[102233]: DEBUG glance.common.config [None req-2fc9b233-49d7-4258-bc30-f75010c37097 None None] fatal_deprecations = False {{(pid=102233) log_opt_values /opt/stack/data/venv/lib/python3.12/site-packages/oslo_config/cfg.py:3242}}
Jun 19 00:02:16.566420 np0000003206 devstack@g-api.service[102233]: DEBUG glance.common.config [None req-2fc9b233-49d7-4258-bc30-f75010c37097 None None] hashing_algorithm = sha512 {{(pid=102233) log_opt_values /opt/stack/data/venv/lib/python3.12/site-packages/oslo_config/cfg.py:3242}}
Jun 19 00:02:16.566510 np0000003206 devstack@g-api.service[102233]: DEBUG glance.common.config [None req-2fc9b233-49d7-4258-bc30-f75010c37097 None None] http_keepalive = True {{(pid=102233) log_opt_values /opt/stack/data/venv/lib/python3.12/site-packages/oslo_config/cfg.py:3242}}
Jun 19 00:02:16.566596 np0000003206 devstack@g-api.service[102233]: DEBUG glance.common.config [None req-2fc9b233-49d7-4258-bc30-f75010c37097 None None] http_retries = 3 {{(pid=102233) log_opt_values /opt/stack/data/venv/lib/python3.12/site-packages/oslo_config/cfg.py:3242}}
Jun 19 00:02:16.566687 np0000003206 devstack@g-api.service[102233]: DEBUG glance.common.config [None req-2fc9b233-49d7-4258-bc30-f75010c37097 None None] image_cache_dir = /opt/stack/data/glance/cache/ {{(pid=102233) log_opt_values /opt/stack/data/venv/lib/python3.12/site-packages/oslo_config/cfg.py:3242}}
Jun 19 00:02:16.566777 np0000003206 devstack@g-api.service[102233]: DEBUG glance.common.config [None req-2fc9b233-49d7-4258-bc30-f75010c37097 None None] image_cache_driver = centralized_db {{(pid=102233) log_opt_values /opt/stack/data/venv/lib/python3.12/site-packages/oslo_config/cfg.py:3242}}
Jun 19 00:02:16.566863 np0000003206 devstack@g-api.service[102233]: DEBUG glance.common.config [None req-2fc9b233-49d7-4258-bc30-f75010c37097 None None] image_cache_max_size = 10737418240 {{(pid=102233) log_opt_values /opt/stack/data/venv/lib/python3.12/site-packages/oslo_config/cfg.py:3242}}
Jun 19 00:02:16.566954 np0000003206 devstack@g-api.service[102233]: DEBUG glance.common.config [None req-2fc9b233-49d7-4258-bc30-f75010c37097 None None] image_cache_sqlite_db = cache.db {{(pid=102233) log_opt_values /opt/stack/data/venv/lib/python3.12/site-packages/oslo_config/cfg.py:3242}}
Jun 19 00:02:16.567044 np0000003206 devstack@g-api.service[102233]: DEBUG glance.common.config [None req-2fc9b233-49d7-4258-bc30-f75010c37097 None None] image_cache_stall_time = 86400 {{(pid=102233) log_opt_values /opt/stack/data/venv/lib/python3.12/site-packages/oslo_config/cfg.py:3242}}
Jun 19 00:02:16.567128 np0000003206 devstack@g-api.service[102233]: DEBUG glance.common.config [None req-2fc9b233-49d7-4258-bc30-f75010c37097 None None] image_location_quota = 10 {{(pid=102233) log_opt_values /opt/stack/data/venv/lib/python3.12/site-packages/oslo_config/cfg.py:3242}}
Jun 19 00:02:16.567213 np0000003206 devstack@g-api.service[102233]: DEBUG glance.common.config [None req-2fc9b233-49d7-4258-bc30-f75010c37097 None None] image_member_quota = 128 {{(pid=102233) log_opt_values /opt/stack/data/venv/lib/python3.12/site-packages/oslo_config/cfg.py:3242}}
Jun 19 00:02:16.567300 np0000003206 devstack@g-api.service[102233]: DEBUG glance.common.config [None req-2fc9b233-49d7-4258-bc30-f75010c37097 None None] image_property_quota = 128 {{(pid=102233) log_opt_values /opt/stack/data/venv/lib/python3.12/site-packages/oslo_config/cfg.py:3242}}
Jun 19 00:02:16.567407 np0000003206 devstack@g-api.service[102233]: DEBUG glance.common.config [None req-2fc9b233-49d7-4258-bc30-f75010c37097 None None] image_size_cap = 1099511627776 {{(pid=102233) log_opt_values /opt/stack/data/venv/lib/python3.12/site-packages/oslo_config/cfg.py:3242}}
Jun 19 00:02:16.567500 np0000003206 devstack@g-api.service[102233]: DEBUG glance.common.config [None req-2fc9b233-49d7-4258-bc30-f75010c37097 None None] image_tag_quota = 128 {{(pid=102233) log_opt_values /opt/stack/data/venv/lib/python3.12/site-packages/oslo_config/cfg.py:3242}}
Jun 19 00:02:16.567591 np0000003206 devstack@g-api.service[102233]: DEBUG glance.common.config [None req-2fc9b233-49d7-4258-bc30-f75010c37097 None None] instance_format = [instance: %(uuid)s] {{(pid=102233) log_opt_values /opt/stack/data/venv/lib/python3.12/site-packages/oslo_config/cfg.py:3242}}
Jun 19 00:02:16.567680 np0000003206 devstack@g-api.service[102233]: DEBUG glance.common.config [None req-2fc9b233-49d7-4258-bc30-f75010c37097 None None] instance_uuid_format = [instance: %(uuid)s] {{(pid=102233) log_opt_values /opt/stack/data/venv/lib/python3.12/site-packages/oslo_config/cfg.py:3242}}
Jun 19 00:02:16.567765 np0000003206 devstack@g-api.service[102233]: DEBUG glance.common.config [None req-2fc9b233-49d7-4258-bc30-f75010c37097 None None] limit_param_default = 25 {{(pid=102233) log_opt_values /opt/stack/data/venv/lib/python3.12/site-packages/oslo_config/cfg.py:3242}}
Jun 19 00:02:16.567857 np0000003206 devstack@g-api.service[102233]: DEBUG glance.common.config [None req-2fc9b233-49d7-4258-bc30-f75010c37097 None None] log_color = False {{(pid=102233) log_opt_values /opt/stack/data/venv/lib/python3.12/site-packages/oslo_config/cfg.py:3242}}
Jun 19 00:02:16.567948 np0000003206 devstack@g-api.service[102233]: DEBUG glance.common.config [None req-2fc9b233-49d7-4258-bc30-f75010c37097 None None] log_config_append = None {{(pid=102233) log_opt_values /opt/stack/data/venv/lib/python3.12/site-packages/oslo_config/cfg.py:3242}}
Jun 19 00:02:16.568038 np0000003206 devstack@g-api.service[102233]: DEBUG glance.common.config [None req-2fc9b233-49d7-4258-bc30-f75010c37097 None None] log_date_format = %Y-%m-%d %H:%M:%S {{(pid=102233) log_opt_values /opt/stack/data/venv/lib/python3.12/site-packages/oslo_config/cfg.py:3242}}
Jun 19 00:02:16.568127 np0000003206 devstack@g-api.service[102233]: DEBUG glance.common.config [None req-2fc9b233-49d7-4258-bc30-f75010c37097 None None] log_dir = None {{(pid=102233) log_opt_values /opt/stack/data/venv/lib/python3.12/site-packages/oslo_config/cfg.py:3242}}
Jun 19 00:02:16.568214 np0000003206 devstack@g-api.service[102233]: DEBUG glance.common.config [None req-2fc9b233-49d7-4258-bc30-f75010c37097 None None] log_file = None {{(pid=102233) log_opt_values /opt/stack/data/venv/lib/python3.12/site-packages/oslo_config/cfg.py:3242}}
Jun 19 00:02:16.568255 np0000003206 devstack@g-api.service[102231]: DEBUG glance.image_cache.drivers.centralized_db [None req-f5ce48fa-8975-46ab-9837-f39fb8e86bcb None None] Node reference is already recorded, ignoring it {{(pid=102231) configure /opt/stack/glance/glance/image_cache/drivers/centralized_db.py:71}}
Jun 19 00:02:16.568293 np0000003206 devstack@g-api.service[102233]: DEBUG glance.common.config [None req-2fc9b233-49d7-4258-bc30-f75010c37097 None None] log_rotate_interval = 1 {{(pid=102233) log_opt_values /opt/stack/data/venv/lib/python3.12/site-packages/oslo_config/cfg.py:3242}}
Jun 19 00:02:16.568414 np0000003206 devstack@g-api.service[102233]: DEBUG glance.common.config [None req-2fc9b233-49d7-4258-bc30-f75010c37097 None None] log_rotate_interval_type = days {{(pid=102233) log_opt_values /opt/stack/data/venv/lib/python3.12/site-packages/oslo_config/cfg.py:3242}}
Jun 19 00:02:16.568511 np0000003206 devstack@g-api.service[102233]: DEBUG glance.common.config [None req-2fc9b233-49d7-4258-bc30-f75010c37097 None None] log_rotation_type = none {{(pid=102233) log_opt_values /opt/stack/data/venv/lib/python3.12/site-packages/oslo_config/cfg.py:3242}}
Jun 19 00:02:16.568581 np0000003206 devstack@g-api.service[102233]: DEBUG glance.common.config [None req-2fc9b233-49d7-4258-bc30-f75010c37097 None None] logging_context_format_string = %(color)s%(levelname)s %(name)s [%(global_request_id)s %(request_id)s %(project_name)s %(user_name)s%(color)s] %(instance)s%(color)s%(message)s {{(pid=102233) log_opt_values /opt/stack/data/venv/lib/python3.12/site-packages/oslo_config/cfg.py:3242}}
Jun 19 00:02:16.568647 np0000003206 devstack@g-api.service[102233]: DEBUG glance.common.config [None req-2fc9b233-49d7-4258-bc30-f75010c37097 None None] logging_debug_format_suffix = {{(pid=%(process)d) %(funcName)s %(pathname)s:%(lineno)d}} {{(pid=102233) log_opt_values /opt/stack/data/venv/lib/python3.12/site-packages/oslo_config/cfg.py:3242}}
Jun 19 00:02:16.568738 np0000003206 devstack@g-api.service[102233]: DEBUG glance.common.config [None req-2fc9b233-49d7-4258-bc30-f75010c37097 None None] logging_default_format_string = %(color)s%(levelname)s %(name)s [-%(color)s] %(instance)s%(color)s%(message)s {{(pid=102233) log_opt_values /opt/stack/data/venv/lib/python3.12/site-packages/oslo_config/cfg.py:3242}}
Jun 19 00:02:16.568828 np0000003206 devstack@g-api.service[102233]: DEBUG glance.common.config [None req-2fc9b233-49d7-4258-bc30-f75010c37097 None None] logging_exception_prefix = ERROR %(name)s %(instance)s {{(pid=102233) log_opt_values /opt/stack/data/venv/lib/python3.12/site-packages/oslo_config/cfg.py:3242}}
Jun 19 00:02:16.568893 np0000003206 devstack@g-api.service[102233]: DEBUG glance.common.config [None req-2fc9b233-49d7-4258-bc30-f75010c37097 None None] logging_user_identity_format = %(user)s %(project)s %(domain)s %(system_scope)s %(user_domain)s %(project_domain)s {{(pid=102233) log_opt_values /opt/stack/data/venv/lib/python3.12/site-packages/oslo_config/cfg.py:3242}}
Jun 19 00:02:16.568978 np0000003206 devstack@g-api.service[102233]: DEBUG glance.common.config [None req-2fc9b233-49d7-4258-bc30-f75010c37097 None None] max_header_line = 16384 {{(pid=102233) log_opt_values /opt/stack/data/venv/lib/python3.12/site-packages/oslo_config/cfg.py:3242}}
Jun 19 00:02:16.569062 np0000003206 devstack@g-api.service[102233]: DEBUG glance.common.config [None req-2fc9b233-49d7-4258-bc30-f75010c37097 None None] max_logfile_count = 30 {{(pid=102233) log_opt_values /opt/stack/data/venv/lib/python3.12/site-packages/oslo_config/cfg.py:3242}}
Jun 19 00:02:16.569148 np0000003206 devstack@g-api.service[102233]: DEBUG glance.common.config [None req-2fc9b233-49d7-4258-bc30-f75010c37097 None None] max_logfile_size_mb = 200 {{(pid=102233) log_opt_values /opt/stack/data/venv/lib/python3.12/site-packages/oslo_config/cfg.py:3242}}
Jun 19 00:02:16.569232 np0000003206 devstack@g-api.service[102233]: DEBUG glance.common.config [None req-2fc9b233-49d7-4258-bc30-f75010c37097 None None] max_request_id_length = 64 {{(pid=102233) log_opt_values /opt/stack/data/venv/lib/python3.12/site-packages/oslo_config/cfg.py:3242}}
Jun 19 00:02:16.569315 np0000003206 devstack@g-api.service[102233]: DEBUG glance.common.config [None req-2fc9b233-49d7-4258-bc30-f75010c37097 None None] metadata_encryption_key = **** {{(pid=102233) log_opt_values /opt/stack/data/venv/lib/python3.12/site-packages/oslo_config/cfg.py:3242}}
Jun 19 00:02:16.569432 np0000003206 devstack@g-api.service[102233]: DEBUG glance.common.config [None req-2fc9b233-49d7-4258-bc30-f75010c37097 None None] node_staging_uri = file:///tmp/staging/ {{(pid=102233) log_opt_values /opt/stack/data/venv/lib/python3.12/site-packages/oslo_config/cfg.py:3242}}
Jun 19 00:02:16.569520 np0000003206 devstack@g-api.service[102233]: DEBUG glance.common.config [None req-2fc9b233-49d7-4258-bc30-f75010c37097 None None] property_protection_file = None {{(pid=102233) log_opt_values /opt/stack/data/venv/lib/python3.12/site-packages/oslo_config/cfg.py:3242}}
Jun 19 00:02:16.569614 np0000003206 devstack@g-api.service[102233]: DEBUG glance.common.config [None req-2fc9b233-49d7-4258-bc30-f75010c37097 None None] property_protection_rule_format = roles {{(pid=102233) log_opt_values /opt/stack/data/venv/lib/python3.12/site-packages/oslo_config/cfg.py:3242}}
Jun 19 00:02:16.569705 np0000003206 devstack@g-api.service[102233]: DEBUG glance.common.config [None req-2fc9b233-49d7-4258-bc30-f75010c37097 None None] public_endpoint = https://10.4.3.143/image {{(pid=102233) log_opt_values /opt/stack/data/venv/lib/python3.12/site-packages/oslo_config/cfg.py:3242}}
Jun 19 00:02:16.569791 np0000003206 devstack@g-api.service[102233]: DEBUG glance.common.config [None req-2fc9b233-49d7-4258-bc30-f75010c37097 None None] publish_errors = False {{(pid=102233) log_opt_values /opt/stack/data/venv/lib/python3.12/site-packages/oslo_config/cfg.py:3242}}
Jun 19 00:02:16.569876 np0000003206 devstack@g-api.service[102233]: DEBUG glance.common.config [None req-2fc9b233-49d7-4258-bc30-f75010c37097 None None] pydev_worker_debug_host = None {{(pid=102233) log_opt_values /opt/stack/data/venv/lib/python3.12/site-packages/oslo_config/cfg.py:3242}}
Jun 19 00:02:16.569960 np0000003206 devstack@g-api.service[102233]: DEBUG glance.common.config [None req-2fc9b233-49d7-4258-bc30-f75010c37097 None None] pydev_worker_debug_port = 5678 {{(pid=102233) log_opt_values /opt/stack/data/venv/lib/python3.12/site-packages/oslo_config/cfg.py:3242}}
Jun 19 00:02:16.570045 np0000003206 devstack@g-api.service[102233]: DEBUG glance.common.config [None req-2fc9b233-49d7-4258-bc30-f75010c37097 None None] rate_limit_burst = 0 {{(pid=102233) log_opt_values /opt/stack/data/venv/lib/python3.12/site-packages/oslo_config/cfg.py:3242}}
Jun 19 00:02:16.570135 np0000003206 devstack@g-api.service[102233]: DEBUG glance.common.config [None req-2fc9b233-49d7-4258-bc30-f75010c37097 None None] rate_limit_except_level = CRITICAL {{(pid=102233) log_opt_values /opt/stack/data/venv/lib/python3.12/site-packages/oslo_config/cfg.py:3242}}
Jun 19 00:02:16.570205 np0000003206 devstack@g-api.service[102232]: INFO glance.api.middleware.cache_manage [None req-99b890aa-fe6b-41b6-be58-3746544c2a37 None None] Initialized image cache management middleware
Jun 19 00:02:16.570247 np0000003206 devstack@g-api.service[102233]: DEBUG glance.common.config [None req-2fc9b233-49d7-4258-bc30-f75010c37097 None None] rate_limit_interval = 0 {{(pid=102233) log_opt_values /opt/stack/data/venv/lib/python3.12/site-packages/oslo_config/cfg.py:3242}}
Jun 19 00:02:16.570320 np0000003206 devstack@g-api.service[102233]: DEBUG glance.common.config [None req-2fc9b233-49d7-4258-bc30-f75010c37097 None None] scrub_pool_size = 1 {{(pid=102233) log_opt_values /opt/stack/data/venv/lib/python3.12/site-packages/oslo_config/cfg.py:3242}}
Jun 19 00:02:16.570377 np0000003206 devstack@g-api.service[102232]: INFO glance.image_cache [None req-99b890aa-fe6b-41b6-be58-3746544c2a37 None None] Image cache loaded driver 'centralized_db'.
Jun 19 00:02:16.570477 np0000003206 devstack@g-api.service[102233]: DEBUG glance.common.config [None req-2fc9b233-49d7-4258-bc30-f75010c37097 None None] scrub_time = 0 {{(pid=102233) log_opt_values /opt/stack/data/venv/lib/python3.12/site-packages/oslo_config/cfg.py:3242}}
Jun 19 00:02:16.570579 np0000003206 devstack@g-api.service[102233]: DEBUG glance.common.config [None req-2fc9b233-49d7-4258-bc30-f75010c37097 None None] shell_completion = None {{(pid=102233) log_opt_values /opt/stack/data/venv/lib/python3.12/site-packages/oslo_config/cfg.py:3242}}
Jun 19 00:02:16.570674 np0000003206 devstack@g-api.service[102233]: DEBUG glance.common.config [None req-2fc9b233-49d7-4258-bc30-f75010c37097 None None] show_image_direct_url = False {{(pid=102233) log_opt_values /opt/stack/data/venv/lib/python3.12/site-packages/oslo_config/cfg.py:3242}}
Jun 19 00:02:16.570880 np0000003206 devstack@g-api.service[102233]: WARNING oslo_config.cfg [None req-2fc9b233-49d7-4258-bc30-f75010c37097 None None] Deprecated: Option "show_multiple_locations" from group "DEFAULT" is deprecated for removal (Use of this option, deprecated since Newton, is a security risk and will be removed once we figure out a way to satisfy those use cases that currently require it. An earlier announcement that the same functionality can be achieved with greater granularity by using policies is incorrect. You cannot work around this option via policy configuration at the present time, though that is the direction we believe the fix will take. Please keep an eye on the Glance release notes to stay up to date on progress in addressing this issue.). Its value may be silently ignored in the future.
Jun 19 00:02:16.570979 np0000003206 devstack@g-api.service[102233]: DEBUG glance.common.config [None req-2fc9b233-49d7-4258-bc30-f75010c37097 None None] show_multiple_locations = False {{(pid=102233) log_opt_values /opt/stack/data/venv/lib/python3.12/site-packages/oslo_config/cfg.py:3242}}
Jun 19 00:02:16.571074 np0000003206 devstack@g-api.service[102233]: DEBUG glance.common.config [None req-2fc9b233-49d7-4258-bc30-f75010c37097 None None] syslog_log_facility = LOG_USER {{(pid=102233) log_opt_values /opt/stack/data/venv/lib/python3.12/site-packages/oslo_config/cfg.py:3242}}
Jun 19 00:02:16.571180 np0000003206 devstack@g-api.service[102233]: DEBUG glance.common.config [None req-2fc9b233-49d7-4258-bc30-f75010c37097 None None] tcp_keepidle = 600 {{(pid=102233) log_opt_values /opt/stack/data/venv/lib/python3.12/site-packages/oslo_config/cfg.py:3242}}
Jun 19 00:02:16.571307 np0000003206 devstack@g-api.service[102233]: DEBUG glance.common.config [None req-2fc9b233-49d7-4258-bc30-f75010c37097 None None] transport_url = **** {{(pid=102233) log_opt_values /opt/stack/data/venv/lib/python3.12/site-packages/oslo_config/cfg.py:3242}}
Jun 19 00:02:16.571434 np0000003206 devstack@g-api.service[102233]: DEBUG glance.common.config [None req-2fc9b233-49d7-4258-bc30-f75010c37097 None None] use_journal = False {{(pid=102233) log_opt_values /opt/stack/data/venv/lib/python3.12/site-packages/oslo_config/cfg.py:3242}}
Jun 19 00:02:16.571526 np0000003206 devstack@g-api.service[102233]: DEBUG glance.common.config [None req-2fc9b233-49d7-4258-bc30-f75010c37097 None None] use_json = False {{(pid=102233) log_opt_values /opt/stack/data/venv/lib/python3.12/site-packages/oslo_config/cfg.py:3242}}
Jun 19 00:02:16.571621 np0000003206 devstack@g-api.service[102233]: DEBUG glance.common.config [None req-2fc9b233-49d7-4258-bc30-f75010c37097 None None] use_keystone_limits = True {{(pid=102233) log_opt_values /opt/stack/data/venv/lib/python3.12/site-packages/oslo_config/cfg.py:3242}}
Jun 19 00:02:16.571735 np0000003206 devstack@g-api.service[102233]: DEBUG glance.common.config [None req-2fc9b233-49d7-4258-bc30-f75010c37097 None None] use_stderr = False {{(pid=102233) log_opt_values /opt/stack/data/venv/lib/python3.12/site-packages/oslo_config/cfg.py:3242}}
Jun 19 00:02:16.571840 np0000003206 devstack@g-api.service[102233]: DEBUG glance.common.config [None req-2fc9b233-49d7-4258-bc30-f75010c37097 None None] use_syslog = False {{(pid=102233) log_opt_values /opt/stack/data/venv/lib/python3.12/site-packages/oslo_config/cfg.py:3242}}
Jun 19 00:02:16.571932 np0000003206 devstack@g-api.service[102233]: DEBUG glance.common.config [None req-2fc9b233-49d7-4258-bc30-f75010c37097 None None] user_storage_quota = 0 {{(pid=102233) log_opt_values /opt/stack/data/venv/lib/python3.12/site-packages/oslo_config/cfg.py:3242}}
Jun 19 00:02:16.572022 np0000003206 devstack@g-api.service[102233]: DEBUG glance.common.config [None req-2fc9b233-49d7-4258-bc30-f75010c37097 None None] worker_self_reference_url = http://127.0.0.1:60999 {{(pid=102233) log_opt_values /opt/stack/data/venv/lib/python3.12/site-packages/oslo_config/cfg.py:3242}}
Jun 19 00:02:16.572106 np0000003206 devstack@g-api.service[102233]: DEBUG glance.common.config [None req-2fc9b233-49d7-4258-bc30-f75010c37097 None None] workers = None {{(pid=102233) log_opt_values /opt/stack/data/venv/lib/python3.12/site-packages/oslo_config/cfg.py:3242}}
Jun 19 00:02:16.572209 np0000003206 devstack@g-api.service[102233]: DEBUG glance.common.config [None req-2fc9b233-49d7-4258-bc30-f75010c37097 None None] oslo_concurrency.disable_process_locking = False {{(pid=102233) log_opt_values /opt/stack/data/venv/lib/python3.12/site-packages/oslo_config/cfg.py:3253}}
Jun 19 00:02:16.572306 np0000003206 devstack@g-api.service[102233]: DEBUG glance.common.config [None req-2fc9b233-49d7-4258-bc30-f75010c37097 None None] oslo_concurrency.lock_path = /opt/stack/data/glance/locks {{(pid=102233) log_opt_values /opt/stack/data/venv/lib/python3.12/site-packages/oslo_config/cfg.py:3253}}
Jun 19 00:02:16.572425 np0000003206 devstack@g-api.service[102233]: DEBUG glance.common.config [None req-2fc9b233-49d7-4258-bc30-f75010c37097 None None] oslo_middleware.enable_proxy_headers_parsing = False {{(pid=102233) log_opt_values /opt/stack/data/venv/lib/python3.12/site-packages/oslo_config/cfg.py:3253}}
Jun 19 00:02:16.572521 np0000003206 devstack@g-api.service[102233]: DEBUG glance.common.config [None req-2fc9b233-49d7-4258-bc30-f75010c37097 None None] oslo_middleware.http_basic_auth_user_file = /etc/htpasswd {{(pid=102233) log_opt_values /opt/stack/data/venv/lib/python3.12/site-packages/oslo_config/cfg.py:3253}}
Jun 19 00:02:16.572617 np0000003206 devstack@g-api.service[102233]: DEBUG glance.common.config [None req-2fc9b233-49d7-4258-bc30-f75010c37097 None None] paste_deploy.config_file = None {{(pid=102233) log_opt_values /opt/stack/data/venv/lib/python3.12/site-packages/oslo_config/cfg.py:3253}}
Jun 19 00:02:16.572711 np0000003206 devstack@g-api.service[102231]: INFO glance.api.middleware.cache_manage [None req-f5ce48fa-8975-46ab-9837-f39fb8e86bcb None None] Initialized image cache management middleware
Jun 19 00:02:16.572751 np0000003206 devstack@g-api.service[102233]: DEBUG glance.common.config [None req-2fc9b233-49d7-4258-bc30-f75010c37097 None None] paste_deploy.flavor = keystone+cachemanagement {{(pid=102233) log_opt_values /opt/stack/data/venv/lib/python3.12/site-packages/oslo_config/cfg.py:3253}}
Jun 19 00:02:16.572836 np0000003206 devstack@g-api.service[102233]: DEBUG glance.common.config [None req-2fc9b233-49d7-4258-bc30-f75010c37097 None None] image_format.container_formats = ['ami', 'ari', 'aki', 'bare', 'ovf', 'ova', 'docker', 'compressed'] {{(pid=102233) log_opt_values /opt/stack/data/venv/lib/python3.12/site-packages/oslo_config/cfg.py:3253}}
Jun 19 00:02:16.572877 np0000003206 devstack@g-api.service[102231]: INFO glance.image_cache [None req-f5ce48fa-8975-46ab-9837-f39fb8e86bcb None None] Image cache loaded driver 'centralized_db'.
Jun 19 00:02:16.572961 np0000003206 devstack@g-api.service[102233]: DEBUG glance.common.config [None req-2fc9b233-49d7-4258-bc30-f75010c37097 None None] image_format.disk_formats = ['ami', 'ari', 'aki', 'vhd', 'vhdx', 'vmdk', 'raw', 'qcow2', 'vdi', 'iso', 'ploop'] {{(pid=102233) log_opt_values /opt/stack/data/venv/lib/python3.12/site-packages/oslo_config/cfg.py:3253}}
Jun 19 00:02:16.573052 np0000003206 devstack@g-api.service[102233]: DEBUG glance.common.config [None req-2fc9b233-49d7-4258-bc30-f75010c37097 None None] image_format.gpt_safety_checks_nonfatal = [] {{(pid=102233) log_opt_values /opt/stack/data/venv/lib/python3.12/site-packages/oslo_config/cfg.py:3253}}
Jun 19 00:02:16.573145 np0000003206 devstack@g-api.service[102233]: DEBUG glance.common.config [None req-2fc9b233-49d7-4258-bc30-f75010c37097 None None] image_format.require_image_format_match = True {{(pid=102233) log_opt_values /opt/stack/data/venv/lib/python3.12/site-packages/oslo_config/cfg.py:3253}}
Jun 19 00:02:16.573250 np0000003206 devstack@g-api.service[102233]: DEBUG glance.common.config [None req-2fc9b233-49d7-4258-bc30-f75010c37097 None None] image_format.vmdk_allowed_types = ['streamOptimized', 'monolithicSparse'] {{(pid=102233) log_opt_values /opt/stack/data/venv/lib/python3.12/site-packages/oslo_config/cfg.py:3253}}
Jun 19 00:02:16.573339 np0000003206 devstack@g-api.service[102233]: DEBUG glance.common.config [None req-2fc9b233-49d7-4258-bc30-f75010c37097 None None] task.task_executor = taskflow {{(pid=102233) log_opt_values /opt/stack/data/venv/lib/python3.12/site-packages/oslo_config/cfg.py:3253}}
Jun 19 00:02:16.573456 np0000003206 devstack@g-api.service[102233]: DEBUG glance.common.config [None req-2fc9b233-49d7-4258-bc30-f75010c37097 None None] task.task_time_to_live = 48 {{(pid=102233) log_opt_values /opt/stack/data/venv/lib/python3.12/site-packages/oslo_config/cfg.py:3253}}
Jun 19 00:02:16.573544 np0000003206 devstack@g-api.service[102233]: DEBUG glance.common.config [None req-2fc9b233-49d7-4258-bc30-f75010c37097 None None] task.work_dir = None {{(pid=102233) log_opt_values /opt/stack/data/venv/lib/python3.12/site-packages/oslo_config/cfg.py:3253}}
Jun 19 00:02:16.573643 np0000003206 devstack@g-api.service[102233]: DEBUG glance.common.config [None req-2fc9b233-49d7-4258-bc30-f75010c37097 None None] wsgi.python_interpreter = /opt/stack/data/venv/bin/python3 {{(pid=102233) log_opt_values /opt/stack/data/venv/lib/python3.12/site-packages/oslo_config/cfg.py:3253}}
