Jun 19 00:11:46.157514 np0000003206 devstack@g-api.service[102232]: DEBUG glance.api.middleware.version_negotiation [None req-a8ff4335-9252-48c8-ab1b-c594b13d2742 tempest-ServerBootFromVolumeStableRescueTest-1323138040 tempest-ServerBootFromVolumeStableRescueTest-1323138040-project-member] Determining version of request: GET /v2/images/e21c2f94-b3d3-4a99-92a5-d639f39367f2 Accept: application/json {{(pid=102232) process_request /opt/stack/glance/glance/api/middleware/version_negotiation.py:44}}
Jun 19 00:11:46.158897 np0000003206 devstack@g-api.service[102232]: DEBUG glance.api.middleware.version_negotiation [None req-a8ff4335-9252-48c8-ab1b-c594b13d2742 tempest-ServerBootFromVolumeStableRescueTest-1323138040 tempest-ServerBootFromVolumeStableRescueTest-1323138040-project-member] Using url versioning {{(pid=102232) process_request /opt/stack/glance/glance/api/middleware/version_negotiation.py:57}}
Jun 19 00:11:46.159081 np0000003206 devstack@g-api.service[102232]: DEBUG glance.api.middleware.version_negotiation [None req-a8ff4335-9252-48c8-ab1b-c594b13d2742 tempest-ServerBootFromVolumeStableRescueTest-1323138040 tempest-ServerBootFromVolumeStableRescueTest-1323138040-project-member] Matched version: v2 {{(pid=102232) process_request /opt/stack/glance/glance/api/middleware/version_negotiation.py:69}}
Jun 19 00:11:46.159279 np0000003206 devstack@g-api.service[102232]: DEBUG glance.api.middleware.version_negotiation [None req-a8ff4335-9252-48c8-ab1b-c594b13d2742 tempest-ServerBootFromVolumeStableRescueTest-1323138040 tempest-ServerBootFromVolumeStableRescueTest-1323138040-project-member] new path /v2/images/e21c2f94-b3d3-4a99-92a5-d639f39367f2 {{(pid=102232) process_request /opt/stack/glance/glance/api/middleware/version_negotiation.py:70}}
Jun 19 00:11:46.180838 np0000003206 devstack@g-api.service[102232]: [pid: 102232|app: 0|req: 147/422] 127.0.0.1 () {40 vars in 838 bytes} [Fri Jun 19 00:11:46 2026] GET /v2/images/e21c2f94-b3d3-4a99-92a5-d639f39367f2 => generated 650 bytes in 23 msecs (HTTP/1.1 200) 4 headers in 157 bytes (1 switches on core 0)
Jun 19 00:11:46.835403 np0000003206 devstack@g-api.service[102233]: DEBUG swiftclient [None req-154ec6d6-55e7-48af-bb6d-03516f787787 tempest-VolumesActionsTest-1104355188 tempest-VolumesActionsTest-1104355188-project-member] REQ: curl -i https://10.4.3.143:8080/v1/AUTH_20be531f21ed4815900f23f557ac90b9/glance/e21c2f94-b3d3-4a99-92a5-d639f39367f2-00005 -X PUT -H "X-Auth-Token: gAAAAABqNIk3Weer..." {{(pid=102233) http_log /opt/stack/data/venv/lib/python3.12/site-packages/swiftclient/client.py:160}}
Jun 19 00:11:46.835403 np0000003206 devstack@g-api.service[102233]: DEBUG swiftclient [None req-154ec6d6-55e7-48af-bb6d-03516f787787 tempest-VolumesActionsTest-1104355188 tempest-VolumesActionsTest-1104355188-project-member] RESP STATUS: 201 Created {{(pid=102233) http_log /opt/stack/data/venv/lib/python3.12/site-packages/swiftclient/client.py:161}}
Jun 19 00:11:46.835403 np0000003206 devstack@g-api.service[102233]: DEBUG swiftclient [None req-154ec6d6-55e7-48af-bb6d-03516f787787 tempest-VolumesActionsTest-1104355188 tempest-VolumesActionsTest-1104355188-project-member] RESP HEADERS: {'Date': 'Fri, 19 Jun 2026 00:11:46 GMT', 'Server': 'Apache/2.4.58 (Ubuntu)', 'Content-Type': 'text/html; charset=UTF-8', 'Content-Length': '0', 'Etag': 'eda9a9889837ac4bc81d6387d92c1bec', 'Last-Modified': 'Fri, 19 Jun 2026 00:11:45 GMT', 'X-Trans-Id': 'txeb9cb5c899294913b8b60-006a348940', 'X-Openstack-Request-Id': 'txeb9cb5c899294913b8b60-006a348940', 'Connection': 'close'} {{(pid=102233) http_log /opt/stack/data/venv/lib/python3.12/site-packages/swiftclient/client.py:162}}
Jun 19 00:11:46.835821 np0000003206 devstack@g-api.service[102233]: DEBUG glance_store._drivers.swift.store [None req-154ec6d6-55e7-48af-bb6d-03516f787787 tempest-VolumesActionsTest-1104355188 tempest-VolumesActionsTest-1104355188-project-member] Wrote chunk e21c2f94-b3d3-4a99-92a5-d639f39367f2-00005 (5/?) of length 204800000 to Swift returning MD5 of content: eda9a9889837ac4bc81d6387d92c1bec {{(pid=102233) add /opt/stack/data/venv/lib/python3.12/site-packages/glance_store/_drivers/swift/store.py:1059}}
Jun 19 00:11:47.195342 np0000003206 devstack@g-api.service[102231]: DEBUG glance.api.middleware.version_negotiation [None req-c00d7d68-a397-41ab-b804-6cd315fe9eb7 tempest-VolumesActionsTest-1104355188 tempest-VolumesActionsTest-1104355188-project-member] Determining version of request: GET /v2/images/e21c2f94-b3d3-4a99-92a5-d639f39367f2 Accept: application/json {{(pid=102231) process_request /opt/stack/glance/glance/api/middleware/version_negotiation.py:44}}
Jun 19 00:11:47.195825 np0000003206 devstack@g-api.service[102231]: DEBUG glance.api.middleware.version_negotiation [None req-c00d7d68-a397-41ab-b804-6cd315fe9eb7 tempest-VolumesActionsTest-1104355188 tempest-VolumesActionsTest-1104355188-project-member] Using url versioning {{(pid=102231) process_request /opt/stack/glance/glance/api/middleware/version_negotiation.py:57}}
Jun 19 00:11:47.195825 np0000003206 devstack@g-api.service[102231]: DEBUG glance.api.middleware.version_negotiation [None req-c00d7d68-a397-41ab-b804-6cd315fe9eb7 tempest-VolumesActionsTest-1104355188 tempest-VolumesActionsTest-1104355188-project-member] Matched version: v2 {{(pid=102231) process_request /opt/stack/glance/glance/api/middleware/version_negotiation.py:69}}
Jun 19 00:11:47.195825 np0000003206 devstack@g-api.service[102231]: DEBUG glance.api.middleware.version_negotiation [None req-c00d7d68-a397-41ab-b804-6cd315fe9eb7 tempest-VolumesActionsTest-1104355188 tempest-VolumesActionsTest-1104355188-project-member] new path /v2/images/e21c2f94-b3d3-4a99-92a5-d639f39367f2 {{(pid=102231) process_request /opt/stack/glance/glance/api/middleware/version_negotiation.py:70}}
Jun 19 00:11:47.195985 np0000003206 devstack@g-api.service[102232]: DEBUG glance.api.middleware.version_negotiation [None req-c5627952-3bc9-4021-87cf-d61a8e79193d tempest-VolumesActionsTest-1104355188 tempest-VolumesActionsTest-1104355188-project-member] Determining version of request: GET /v2/images/9bee5dc1-2acc-4454-8f67-43eca8ca0210 Accept: */* {{(pid=102232) process_request /opt/stack/glance/glance/api/middleware/version_negotiation.py:44}}
Jun 19 00:11:47.196470 np0000003206 devstack@g-api.service[102232]: DEBUG glance.api.middleware.version_negotiation [None req-c5627952-3bc9-4021-87cf-d61a8e79193d tempest-VolumesActionsTest-1104355188 tempest-VolumesActionsTest-1104355188-project-member] Using url versioning {{(pid=102232) process_request /opt/stack/glance/glance/api/middleware/version_negotiation.py:57}}
Jun 19 00:11:47.196781 np0000003206 devstack@g-api.service[102232]: DEBUG glance.api.middleware.version_negotiation [None req-c5627952-3bc9-4021-87cf-d61a8e79193d tempest-VolumesActionsTest-1104355188 tempest-VolumesActionsTest-1104355188-project-member] Matched version: v2 {{(pid=102232) process_request /opt/stack/glance/glance/api/middleware/version_negotiation.py:69}}
Jun 19 00:11:47.196989 np0000003206 devstack@g-api.service[102232]: DEBUG glance.api.middleware.version_negotiation [None req-c5627952-3bc9-4021-87cf-d61a8e79193d tempest-VolumesActionsTest-1104355188 tempest-VolumesActionsTest-1104355188-project-member] new path /v2/images/9bee5dc1-2acc-4454-8f67-43eca8ca0210 {{(pid=102232) process_request /opt/stack/glance/glance/api/middleware/version_negotiation.py:70}}
Jun 19 00:11:47.212625 np0000003206 devstack@g-api.service[102232]: [pid: 102232|app: 0|req: 148/423] 127.0.0.1 () {44 vars in 1115 bytes} [Fri Jun 19 00:11:47 2026] GET /v2/images/9bee5dc1-2acc-4454-8f67-43eca8ca0210 => generated 1696 bytes in 17 msecs (HTTP/1.1 200) 4 headers in 158 bytes (1 switches on core 0)
Jun 19 00:11:47.215468 np0000003206 devstack@g-api.service[102231]: [pid: 102231|app: 0|req: 146/424] 127.0.0.1 () {40 vars in 838 bytes} [Fri Jun 19 00:11:47 2026] GET /v2/images/e21c2f94-b3d3-4a99-92a5-d639f39367f2 => generated 650 bytes in 20 msecs (HTTP/1.1 200) 4 headers in 157 bytes (1 switches on core 0)
Jun 19 00:11:47.263071 np0000003206 devstack@g-api.service[102232]: DEBUG glance.api.middleware.version_negotiation [None req-a8ff4335-9252-48c8-ab1b-c594b13d2742 tempest-ServerBootFromVolumeStableRescueTest-1323138040 tempest-ServerBootFromVolumeStableRescueTest-1323138040-project-member] Determining version of request: GET /v2/schemas/image Accept: */* {{(pid=102232) process_request /opt/stack/glance/glance/api/middleware/version_negotiation.py:44}}
Jun 19 00:11:47.264043 np0000003206 devstack@g-api.service[102232]: DEBUG glance.api.middleware.version_negotiation [None req-a8ff4335-9252-48c8-ab1b-c594b13d2742 tempest-ServerBootFromVolumeStableRescueTest-1323138040 tempest-ServerBootFromVolumeStableRescueTest-1323138040-project-member] Using url versioning {{(pid=102232) process_request /opt/stack/glance/glance/api/middleware/version_negotiation.py:57}}
Jun 19 00:11:47.264218 np0000003206 devstack@g-api.service[102232]: DEBUG glance.api.middleware.version_negotiation [None req-a8ff4335-9252-48c8-ab1b-c594b13d2742 tempest-ServerBootFromVolumeStableRescueTest-1323138040 tempest-ServerBootFromVolumeStableRescueTest-1323138040-project-member] Matched version: v2 {{(pid=102232) process_request /opt/stack/glance/glance/api/middleware/version_negotiation.py:69}}
Jun 19 00:11:47.264326 np0000003206 devstack@g-api.service[102232]: DEBUG glance.api.middleware.version_negotiation [None req-a8ff4335-9252-48c8-ab1b-c594b13d2742 tempest-ServerBootFromVolumeStableRescueTest-1323138040 tempest-ServerBootFromVolumeStableRescueTest-1323138040-project-member] new path /v2/schemas/image {{(pid=102232) process_request /opt/stack/glance/glance/api/middleware/version_negotiation.py:70}}
Jun 19 00:11:47.267439 np0000003206 devstack@g-api.service[102232]: [pid: 102232|app: 0|req: 149/425] 127.0.0.1 () {44 vars in 1055 bytes} [Fri Jun 19 00:11:47 2026] GET /v2/schemas/image => generated 6083 bytes in 4 msecs (HTTP/1.1 200) 4 headers in 158 bytes (1 switches on core 0)
Jun 19 00:11:47.350973 np0000003206 devstack@g-api.service[102233]: DEBUG swiftclient [None req-154ec6d6-55e7-48af-bb6d-03516f787787 tempest-VolumesActionsTest-1104355188 tempest-VolumesActionsTest-1104355188-project-member] REQ: curl -i https://10.4.3.143:8080/v1/AUTH_20be531f21ed4815900f23f557ac90b9/glance/e21c2f94-b3d3-4a99-92a5-d639f39367f2-00006 -X PUT -H "X-Auth-Token: gAAAAABqNIk3Weer..." {{(pid=102233) http_log /opt/stack/data/venv/lib/python3.12/site-packages/swiftclient/client.py:160}}
Jun 19 00:11:47.351074 np0000003206 devstack@g-api.service[102233]: DEBUG swiftclient [None req-154ec6d6-55e7-48af-bb6d-03516f787787 tempest-VolumesActionsTest-1104355188 tempest-VolumesActionsTest-1104355188-project-member] RESP STATUS: 201 Created {{(pid=102233) http_log /opt/stack/data/venv/lib/python3.12/site-packages/swiftclient/client.py:161}}
Jun 19 00:11:47.351180 np0000003206 devstack@g-api.service[102233]: DEBUG swiftclient [None req-154ec6d6-55e7-48af-bb6d-03516f787787 tempest-VolumesActionsTest-1104355188 tempest-VolumesActionsTest-1104355188-project-member] RESP HEADERS: {'Date': 'Fri, 19 Jun 2026 00:11:47 GMT', 'Server': 'Apache/2.4.58 (Ubuntu)', 'Content-Type': 'text/html; charset=UTF-8', 'Content-Length': '0', 'Etag': '708761f3b8777ec77058e63da08eeeb6', 'Last-Modified': 'Fri, 19 Jun 2026 00:11:47 GMT', 'X-Trans-Id': 'txdd0f921a7d884d5897216-006a348942', 'X-Openstack-Request-Id': 'txdd0f921a7d884d5897216-006a348942', 'Connection': 'close'} {{(pid=102233) http_log /opt/stack/data/venv/lib/python3.12/site-packages/swiftclient/client.py:162}}
Jun 19 00:11:47.351307 np0000003206 devstack@g-api.service[102233]: DEBUG glance_store._drivers.swift.store [None req-154ec6d6-55e7-48af-bb6d-03516f787787 tempest-VolumesActionsTest-1104355188 tempest-VolumesActionsTest-1104355188-project-member] Wrote chunk e21c2f94-b3d3-4a99-92a5-d639f39367f2-00006 (6/?) of length 49741824 to Swift returning MD5 of content: 708761f3b8777ec77058e63da08eeeb6 {{(pid=102233) add /opt/stack/data/venv/lib/python3.12/site-packages/glance_store/_drivers/swift/store.py:1059}}
Jun 19 00:11:47.351629 np0000003206 devstack@g-api.service[102233]: DEBUG glance_store._drivers.swift.store [None req-154ec6d6-55e7-48af-bb6d-03516f787787 tempest-VolumesActionsTest-1104355188 tempest-VolumesActionsTest-1104355188-project-member] Not writing zero-length chunk. {{(pid=102233) add /opt/stack/data/venv/lib/python3.12/site-packages/glance_store/_drivers/swift/store.py:1028}}
Jun 19 00:11:47.371152 np0000003206 devstack@g-api.service[102233]: DEBUG swiftclient [None req-154ec6d6-55e7-48af-bb6d-03516f787787 tempest-VolumesActionsTest-1104355188 tempest-VolumesActionsTest-1104355188-project-member] REQ: curl -i https://10.4.3.143:8080/v1/AUTH_20be531f21ed4815900f23f557ac90b9/glance/e21c2f94-b3d3-4a99-92a5-d639f39367f2 -X PUT -H "X-Object-Manifest: glance/e21c2f94-b3d3-4a99-92a5-d639f39367f2-" -H "X-Auth-Token: gAAAAABqNIk3Weer..." -H "Content-Length: 0" {{(pid=102233) http_log /opt/stack/data/venv/lib/python3.12/site-packages/swiftclient/client.py:160}}
Jun 19 00:11:47.371289 np0000003206 devstack@g-api.service[102233]: DEBUG swiftclient [None req-154ec6d6-55e7-48af-bb6d-03516f787787 tempest-VolumesActionsTest-1104355188 tempest-VolumesActionsTest-1104355188-project-member] RESP STATUS: 201 Created {{(pid=102233) http_log /opt/stack/data/venv/lib/python3.12/site-packages/swiftclient/client.py:161}}
Jun 19 00:11:47.371382 np0000003206 devstack@g-api.service[102233]: DEBUG swiftclient [None req-154ec6d6-55e7-48af-bb6d-03516f787787 tempest-VolumesActionsTest-1104355188 tempest-VolumesActionsTest-1104355188-project-member] RESP HEADERS: {'Date': 'Fri, 19 Jun 2026 00:11:47 GMT', 'Server': 'Apache/2.4.58 (Ubuntu)', 'Content-Type': 'text/html; charset=UTF-8', 'Content-Length': '0', 'Etag': 'd41d8cd98f00b204e9800998ecf8427e', 'Last-Modified': 'Fri, 19 Jun 2026 00:11:48 GMT', 'X-Trans-Id': 'txc10ebcbc3e8d4f018275a-006a348943', 'X-Openstack-Request-Id': 'txc10ebcbc3e8d4f018275a-006a348943', 'Connection': 'close'} {{(pid=102233) http_log /opt/stack/data/venv/lib/python3.12/site-packages/swiftclient/client.py:162}}
Jun 19 00:11:47.371803 np0000003206 devstack@g-api.service[102233]: INFO glance.location [None req-154ec6d6-55e7-48af-bb6d-03516f787787 tempest-VolumesActionsTest-1104355188 tempest-VolumesActionsTest-1104355188-project-member] Image format matched and virtual size computed: 1073741824
Jun 19 00:11:47.395256 np0000003206 devstack@g-api.service[102233]: DEBUG glance_store.backend [None req-154ec6d6-55e7-48af-bb6d-03516f787787 tempest-VolumesActionsTest-1104355188 tempest-VolumesActionsTest-1104355188-project-member] Attempting to import store swift {{(pid=102233) _load_store /opt/stack/data/venv/lib/python3.12/site-packages/glance_store/backend.py:215}}
Jun 19 00:11:47.396906 np0000003206 devstack@g-api.service[102233]: DEBUG glance_store.capabilities [None req-154ec6d6-55e7-48af-bb6d-03516f787787 tempest-VolumesActionsTest-1104355188 tempest-VolumesActionsTest-1104355188-project-member] Store glance_store._drivers.swift.store.SingleTenantStore doesn't support updating dynamic storage capabilities. Please overwrite 'update_capabilities' method of the store to implement updating logics if needed. {{(pid=102233) update_capabilities /opt/stack/data/venv/lib/python3.12/site-packages/glance_store/capabilities.py:91}}
Jun 19 00:11:47.397036 np0000003206 devstack@g-api.service[102233]: DEBUG glance_store.driver [None req-154ec6d6-55e7-48af-bb6d-03516f787787 tempest-VolumesActionsTest-1104355188 tempest-VolumesActionsTest-1104355188-project-member] Late loading location class glance_store._drivers.swift.store.StoreLocation {{(pid=102233) get_store_location_class /opt/stack/data/venv/lib/python3.12/site-packages/glance_store/driver.py:134}}
Jun 19 00:11:47.397166 np0000003206 devstack@g-api.service[102233]: DEBUG glance_store.location [None req-154ec6d6-55e7-48af-bb6d-03516f787787 tempest-VolumesActionsTest-1104355188 tempest-VolumesActionsTest-1104355188-project-member] Registering scheme swift+https with {'store': , 'location_class': , 'store_entry': 'swift'} {{(pid=102233) register_scheme_map /opt/stack/data/venv/lib/python3.12/site-packages/glance_store/location.py:146}}
Jun 19 00:11:47.397380 np0000003206 devstack@g-api.service[102233]: DEBUG glance_store.location [None req-154ec6d6-55e7-48af-bb6d-03516f787787 tempest-VolumesActionsTest-1104355188 tempest-VolumesActionsTest-1104355188-project-member] Registering scheme swift+https with {'store': , 'location_class': , 'store_entry': 'swift'} {{(pid=102233) register_scheme_map /opt/stack/data/venv/lib/python3.12/site-packages/glance_store/location.py:146}}
Jun 19 00:11:47.397380 np0000003206 devstack@g-api.service[102233]: DEBUG glance_store.location [None req-154ec6d6-55e7-48af-bb6d-03516f787787 tempest-VolumesActionsTest-1104355188 tempest-VolumesActionsTest-1104355188-project-member] Registering scheme swift with {'store': , 'location_class': , 'store_entry': 'swift'} {{(pid=102233) register_scheme_map /opt/stack/data/venv/lib/python3.12/site-packages/glance_store/location.py:146}}
Jun 19 00:11:47.397571 np0000003206 devstack@g-api.service[102233]: DEBUG glance_store.location [None req-154ec6d6-55e7-48af-bb6d-03516f787787 tempest-VolumesActionsTest-1104355188 tempest-VolumesActionsTest-1104355188-project-member] Registering scheme swift+https with {'store': , 'location_class': , 'store_entry': 'swift'} {{(pid=102233) register_scheme_map /opt/stack/data/venv/lib/python3.12/site-packages/glance_store/location.py:146}}
Jun 19 00:11:47.397571 np0000003206 devstack@g-api.service[102233]: DEBUG glance_store.location [None req-154ec6d6-55e7-48af-bb6d-03516f787787 tempest-VolumesActionsTest-1104355188 tempest-VolumesActionsTest-1104355188-project-member] Registering scheme swift with {'store': , 'location_class': , 'store_entry': 'swift'} {{(pid=102233) register_scheme_map /opt/stack/data/venv/lib/python3.12/site-packages/glance_store/location.py:146}}
Jun 19 00:11:47.397571 np0000003206 devstack@g-api.service[102233]: DEBUG glance_store.location [None req-154ec6d6-55e7-48af-bb6d-03516f787787 tempest-VolumesActionsTest-1104355188 tempest-VolumesActionsTest-1104355188-project-member] Registering scheme swift+http with {'store': , 'location_class': , 'store_entry': 'swift'} {{(pid=102233) register_scheme_map /opt/stack/data/venv/lib/python3.12/site-packages/glance_store/location.py:146}}
Jun 19 00:11:47.397728 np0000003206 devstack@g-api.service[102233]: DEBUG glance_store.location [None req-154ec6d6-55e7-48af-bb6d-03516f787787 tempest-VolumesActionsTest-1104355188 tempest-VolumesActionsTest-1104355188-project-member] Registering scheme swift+https with {'store': , 'location_class': , 'store_entry': 'swift'} {{(pid=102233) register_scheme_map /opt/stack/data/venv/lib/python3.12/site-packages/glance_store/location.py:146}}
Jun 19 00:11:47.397728 np0000003206 devstack@g-api.service[102233]: DEBUG glance_store.location [None req-154ec6d6-55e7-48af-bb6d-03516f787787 tempest-VolumesActionsTest-1104355188 tempest-VolumesActionsTest-1104355188-project-member] Registering scheme swift with {'store': , 'location_class': , 'store_entry': 'swift'} {{(pid=102233) register_scheme_map /opt/stack/data/venv/lib/python3.12/site-packages/glance_store/location.py:146}}
Jun 19 00:11:47.397814 np0000003206 devstack@g-api.service[102233]: DEBUG glance_store.location [None req-154ec6d6-55e7-48af-bb6d-03516f787787 tempest-VolumesActionsTest-1104355188 tempest-VolumesActionsTest-1104355188-project-member] Registering scheme swift+http with {'store': , 'location_class': , 'store_entry': 'swift'} {{(pid=102233) register_scheme_map /opt/stack/data/venv/lib/python3.12/site-packages/glance_store/location.py:146}}
Jun 19 00:11:47.397814 np0000003206 devstack@g-api.service[102233]: DEBUG glance_store.location [None req-154ec6d6-55e7-48af-bb6d-03516f787787 tempest-VolumesActionsTest-1104355188 tempest-VolumesActionsTest-1104355188-project-member] Registering scheme swift+config with {'store': , 'location_class': , 'store_entry': 'swift'} {{(pid=102233) register_scheme_map /opt/stack/data/venv/lib/python3.12/site-packages/glance_store/location.py:146}}
Jun 19 00:11:47.397904 np0000003206 devstack@g-api.service[102233]: DEBUG glance_store.backend [None req-154ec6d6-55e7-48af-bb6d-03516f787787 tempest-VolumesActionsTest-1104355188 tempest-VolumesActionsTest-1104355188-project-member] Skipping store.set_acls... not implemented. {{(pid=102233) set_acls /opt/stack/data/venv/lib/python3.12/site-packages/glance_store/backend.py:507}}
Jun 19 00:11:47.399915 np0000003206 devstack@g-api.service[102233]: [pid: 102233|app: 0|req: 131/426] 127.0.0.1 () {46 vars in 1158 bytes} [Fri Jun 19 00:11:34 2026] PUT /v2/images/e21c2f94-b3d3-4a99-92a5-d639f39367f2/file => generated 0 bytes in 12750 msecs (HTTP/1.1 204) 4 headers in 171 bytes (1 switches on core 0)
Jun 19 00:11:47.408058 np0000003206 devstack@g-api.service[102231]: DEBUG glance.api.middleware.version_negotiation [None req-2c02d190-7d0b-4dc0-9164-9baa82fa627c tempest-VolumesActionsTest-1104355188 tempest-VolumesActionsTest-1104355188-project-member] Determining version of request: GET /v2/images/e21c2f94-b3d3-4a99-92a5-d639f39367f2 Accept: */* {{(pid=102231) process_request /opt/stack/glance/glance/api/middleware/version_negotiation.py:44}}
Jun 19 00:11:47.408234 np0000003206 devstack@g-api.service[102231]: DEBUG glance.api.middleware.version_negotiation [None req-2c02d190-7d0b-4dc0-9164-9baa82fa627c tempest-VolumesActionsTest-1104355188 tempest-VolumesActionsTest-1104355188-project-member] Using url versioning {{(pid=102231) process_request /opt/stack/glance/glance/api/middleware/version_negotiation.py:57}}
Jun 19 00:11:47.408415 np0000003206 devstack@g-api.service[102231]: DEBUG glance.api.middleware.version_negotiation [None req-2c02d190-7d0b-4dc0-9164-9baa82fa627c tempest-VolumesActionsTest-1104355188 tempest-VolumesActionsTest-1104355188-project-member] Matched version: v2 {{(pid=102231) process_request /opt/stack/glance/glance/api/middleware/version_negotiation.py:69}}
Jun 19 00:11:47.408587 np0000003206 devstack@g-api.service[102231]: DEBUG glance.api.middleware.version_negotiation [None req-2c02d190-7d0b-4dc0-9164-9baa82fa627c tempest-VolumesActionsTest-1104355188 tempest-VolumesActionsTest-1104355188-project-member] new path /v2/images/e21c2f94-b3d3-4a99-92a5-d639f39367f2 {{(pid=102231) process_request /opt/stack/glance/glance/api/middleware/version_negotiation.py:70}}
Jun 19 00:11:47.419562 np0000003206 devstack@g-api.service[102231]: [pid: 102231|app: 0|req: 147/427] 127.0.0.1 () {44 vars in 1115 bytes} [Fri Jun 19 00:11:47 2026] GET /v2/images/e21c2f94-b3d3-4a99-92a5-d639f39367f2 => generated 822 bytes in 12 msecs (HTTP/1.1 200) 4 headers in 157 bytes (1 switches on core 0)
Jun 19 00:11:47.426353 np0000003206 devstack@g-api.service[102232]: DEBUG glance.api.middleware.version_negotiation [None req-a8ff4335-9252-48c8-ab1b-c594b13d2742 tempest-ServerBootFromVolumeStableRescueTest-1323138040 tempest-ServerBootFromVolumeStableRescueTest-1323138040-project-member] Determining version of request: GET /v2/schemas/image Accept: */* {{(pid=102232) process_request /opt/stack/glance/glance/api/middleware/version_negotiation.py:44}}
Jun 19 00:11:47.426609 np0000003206 devstack@g-api.service[102232]: DEBUG glance.api.middleware.version_negotiation [None req-a8ff4335-9252-48c8-ab1b-c594b13d2742 tempest-ServerBootFromVolumeStableRescueTest-1323138040 tempest-ServerBootFromVolumeStableRescueTest-1323138040-project-member] Using url versioning {{(pid=102232) process_request /opt/stack/glance/glance/api/middleware/version_negotiation.py:57}}
Jun 19 00:11:47.426761 np0000003206 devstack@g-api.service[102232]: DEBUG glance.api.middleware.version_negotiation [None req-a8ff4335-9252-48c8-ab1b-c594b13d2742 tempest-ServerBootFromVolumeStableRescueTest-1323138040 tempest-ServerBootFromVolumeStableRescueTest-1323138040-project-member] Matched version: v2 {{(pid=102232) process_request /opt/stack/glance/glance/api/middleware/version_negotiation.py:69}}
Jun 19 00:11:47.426869 np0000003206 devstack@g-api.service[102232]: DEBUG glance.api.middleware.version_negotiation [None req-a8ff4335-9252-48c8-ab1b-c594b13d2742 tempest-ServerBootFromVolumeStableRescueTest-1323138040 tempest-ServerBootFromVolumeStableRescueTest-1323138040-project-member] new path /v2/schemas/image {{(pid=102232) process_request /opt/stack/glance/glance/api/middleware/version_negotiation.py:70}}
Jun 19 00:11:47.429870 np0000003206 devstack@g-api.service[102232]: [pid: 102232|app: 0|req: 150/428] 127.0.0.1 () {44 vars in 1055 bytes} [Fri Jun 19 00:11:47 2026] GET /v2/schemas/image => generated 6083 bytes in 3 msecs (HTTP/1.1 200) 4 headers in 158 bytes (1 switches on core 0)
Jun 19 00:11:47.437342 np0000003206 devstack@g-api.service[102233]: DEBUG glance.api.middleware.version_negotiation [None req-154ec6d6-55e7-48af-bb6d-03516f787787 tempest-VolumesActionsTest-1104355188 tempest-VolumesActionsTest-1104355188-project-member] Determining version of request: GET /v2/schemas/image Accept: */* {{(pid=102233) process_request /opt/stack/glance/glance/api/middleware/version_negotiation.py:44}}
Jun 19 00:11:47.437517 np0000003206 devstack@g-api.service[102233]: DEBUG glance.api.middleware.version_negotiation [None req-154ec6d6-55e7-48af-bb6d-03516f787787 tempest-VolumesActionsTest-1104355188 tempest-VolumesActionsTest-1104355188-project-member] Using url versioning {{(pid=102233) process_request /opt/stack/glance/glance/api/middleware/version_negotiation.py:57}}
Jun 19 00:11:47.437636 np0000003206 devstack@g-api.service[102233]: DEBUG glance.api.middleware.version_negotiation [None req-154ec6d6-55e7-48af-bb6d-03516f787787 tempest-VolumesActionsTest-1104355188 tempest-VolumesActionsTest-1104355188-project-member] Matched version: v2 {{(pid=102233) process_request /opt/stack/glance/glance/api/middleware/version_negotiation.py:69}}
Jun 19 00:11:47.437710 np0000003206 devstack@g-api.service[102233]: DEBUG glance.api.middleware.version_negotiation [None req-154ec6d6-55e7-48af-bb6d-03516f787787 tempest-VolumesActionsTest-1104355188 tempest-VolumesActionsTest-1104355188-project-member] new path /v2/schemas/image {{(pid=102233) process_request /opt/stack/glance/glance/api/middleware/version_negotiation.py:70}}
Jun 19 00:11:47.439828 np0000003206 devstack@g-api.service[102233]: [pid: 102233|app: 0|req: 132/429] 127.0.0.1 () {44 vars in 1055 bytes} [Fri Jun 19 00:11:47 2026] GET /v2/schemas/image => generated 6083 bytes in 3 msecs (HTTP/1.1 200) 4 headers in 158 bytes (1 switches on core 0)
Jun 19 00:11:48.223674 np0000003206 devstack@g-api.service[102231]: DEBUG glance.api.middleware.version_negotiation [None req-154ec6d6-55e7-48af-bb6d-03516f787787 tempest-VolumesActionsTest-1104355188 tempest-VolumesActionsTest-1104355188-project-member] Determining version of request: GET /v2/images/e21c2f94-b3d3-4a99-92a5-d639f39367f2 Accept: application/json {{(pid=102231) process_request /opt/stack/glance/glance/api/middleware/version_negotiation.py:44}}
Jun 19 00:11:48.224078 np0000003206 devstack@g-api.service[102231]: DEBUG glance.api.middleware.version_negotiation [None req-154ec6d6-55e7-48af-bb6d-03516f787787 tempest-VolumesActionsTest-1104355188 tempest-VolumesActionsTest-1104355188-project-member] Using url versioning {{(pid=102231) process_request /opt/stack/glance/glance/api/middleware/version_negotiation.py:57}}
Jun 19 00:11:48.224078 np0000003206 devstack@g-api.service[102231]: DEBUG glance.api.middleware.version_negotiation [None req-154ec6d6-55e7-48af-bb6d-03516f787787 tempest-VolumesActionsTest-1104355188 tempest-VolumesActionsTest-1104355188-project-member] Matched version: v2 {{(pid=102231) process_request /opt/stack/glance/glance/api/middleware/version_negotiation.py:69}}
Jun 19 00:11:48.224078 np0000003206 devstack@g-api.service[102231]: DEBUG glance.api.middleware.version_negotiation [None req-154ec6d6-55e7-48af-bb6d-03516f787787 tempest-VolumesActionsTest-1104355188 tempest-VolumesActionsTest-1104355188-project-member] new path /v2/images/e21c2f94-b3d3-4a99-92a5-d639f39367f2 {{(pid=102231) process_request /opt/stack/glance/glance/api/middleware/version_negotiation.py:70}}
Jun 19 00:11:48.231659 np0000003206 devstack@g-api.service[102231]: [pid: 102231|app: 0|req: 148/430] 127.0.0.1 () {40 vars in 838 bytes} [Fri Jun 19 00:11:48 2026] GET /v2/images/e21c2f94-b3d3-4a99-92a5-d639f39367f2 => generated 822 bytes in 8 msecs (HTTP/1.1 200) 4 headers in 157 bytes (1 switches on core 0)
Jun 19 00:11:49.685576 np0000003206 devstack@g-api.service[102232]: DEBUG glance.api.middleware.version_negotiation [None req-154ec6d6-55e7-48af-bb6d-03516f787787 tempest-VolumesActionsTest-1104355188 tempest-VolumesActionsTest-1104355188-project-member] Determining version of request: GET /v2/images/b82208c8-8e3a-44b0-9c43-4cb511daa8ec Accept: */* {{(pid=102232) process_request /opt/stack/glance/glance/api/middleware/version_negotiation.py:44}}
Jun 19 00:11:49.686947 np0000003206 devstack@g-api.service[102232]: DEBUG glance.api.middleware.version_negotiation [None req-154ec6d6-55e7-48af-bb6d-03516f787787 tempest-VolumesActionsTest-1104355188 tempest-VolumesActionsTest-1104355188-project-member] Using url versioning {{(pid=102232) process_request /opt/stack/glance/glance/api/middleware/version_negotiation.py:57}}
Jun 19 00:11:49.686947 np0000003206 devstack@g-api.service[102232]: DEBUG glance.api.middleware.version_negotiation [None req-154ec6d6-55e7-48af-bb6d-03516f787787 tempest-VolumesActionsTest-1104355188 tempest-VolumesActionsTest-1104355188-project-member] Matched version: v2 {{(pid=102232) process_request /opt/stack/glance/glance/api/middleware/version_negotiation.py:69}}
Jun 19 00:11:49.686947 np0000003206 devstack@g-api.service[102232]: DEBUG glance.api.middleware.version_negotiation [None req-154ec6d6-55e7-48af-bb6d-03516f787787 tempest-VolumesActionsTest-1104355188 tempest-VolumesActionsTest-1104355188-project-member] new path /v2/images/b82208c8-8e3a-44b0-9c43-4cb511daa8ec {{(pid=102232) process_request /opt/stack/glance/glance/api/middleware/version_negotiation.py:70}}
Jun 19 00:11:49.702638 np0000003206 devstack@g-api.service[102232]: [pid: 102232|app: 0|req: 151/431] 127.0.0.1 () {44 vars in 1115 bytes} [Fri Jun 19 00:11:49 2026] GET /v2/images/b82208c8-8e3a-44b0-9c43-4cb511daa8ec => generated 1044 bytes in 17 msecs (HTTP/1.1 200) 4 headers in 158 bytes (1 switches on core 0)
Jun 19 00:11:49.743232 np0000003206 devstack@g-api.service[102233]: DEBUG glance.api.middleware.version_negotiation [None req-154ec6d6-55e7-48af-bb6d-03516f787787 tempest-VolumesActionsTest-1104355188 tempest-VolumesActionsTest-1104355188-project-member] Determining version of request: GET /v2/schemas/image Accept: */* {{(pid=102233) process_request /opt/stack/glance/glance/api/middleware/version_negotiation.py:44}}
Jun 19 00:11:49.743544 np0000003206 devstack@g-api.service[102233]: DEBUG glance.api.middleware.version_negotiation [None req-154ec6d6-55e7-48af-bb6d-03516f787787 tempest-VolumesActionsTest-1104355188 tempest-VolumesActionsTest-1104355188-project-member] Using url versioning {{(pid=102233) process_request /opt/stack/glance/glance/api/middleware/version_negotiation.py:57}}
Jun 19 00:11:49.743703 np0000003206 devstack@g-api.service[102233]: DEBUG glance.api.middleware.version_negotiation [None req-154ec6d6-55e7-48af-bb6d-03516f787787 tempest-VolumesActionsTest-1104355188 tempest-VolumesActionsTest-1104355188-project-member] Matched version: v2 {{(pid=102233) process_request /opt/stack/glance/glance/api/middleware/version_negotiation.py:69}}
Jun 19 00:11:49.743851 np0000003206 devstack@g-api.service[102233]: DEBUG glance.api.middleware.version_negotiation [None req-154ec6d6-55e7-48af-bb6d-03516f787787 tempest-VolumesActionsTest-1104355188 tempest-VolumesActionsTest-1104355188-project-member] new path /v2/schemas/image {{(pid=102233) process_request /opt/stack/glance/glance/api/middleware/version_negotiation.py:70}}
Jun 19 00:11:49.749996 np0000003206 devstack@g-api.service[102233]: [pid: 102233|app: 0|req: 133/432] 127.0.0.1 () {44 vars in 1055 bytes} [Fri Jun 19 00:11:49 2026] GET /v2/schemas/image => generated 6083 bytes in 7 msecs (HTTP/1.1 200) 4 headers in 158 bytes (1 switches on core 0)
Jun 19 00:11:50.305363 np0000003206 devstack@g-api.service[102231]: DEBUG glance.api.middleware.version_negotiation [None req-dd301737-bb94-4761-b5c0-2d95d14c965f tempest-VolumesActionsTest-1104355188 tempest-VolumesActionsTest-1104355188-project-member] Determining version of request: GET /v2/images/9bee5dc1-2acc-4454-8f67-43eca8ca0210 Accept: */* {{(pid=102231) process_request /opt/stack/glance/glance/api/middleware/version_negotiation.py:44}}
Jun 19 00:11:50.305701 np0000003206 devstack@g-api.service[102231]: DEBUG glance.api.middleware.version_negotiation [None req-dd301737-bb94-4761-b5c0-2d95d14c965f tempest-VolumesActionsTest-1104355188 tempest-VolumesActionsTest-1104355188-project-member] Using url versioning {{(pid=102231) process_request /opt/stack/glance/glance/api/middleware/version_negotiation.py:57}}
Jun 19 00:11:50.305745 np0000003206 devstack@g-api.service[102231]: DEBUG glance.api.middleware.version_negotiation [None req-dd301737-bb94-4761-b5c0-2d95d14c965f tempest-VolumesActionsTest-1104355188 tempest-VolumesActionsTest-1104355188-project-member] Matched version: v2 {{(pid=102231) process_request /opt/stack/glance/glance/api/middleware/version_negotiation.py:69}}
Jun 19 00:11:50.305836 np0000003206 devstack@g-api.service[102231]: DEBUG glance.api.middleware.version_negotiation [None req-dd301737-bb94-4761-b5c0-2d95d14c965f tempest-VolumesActionsTest-1104355188 tempest-VolumesActionsTest-1104355188-project-member] new path /v2/images/9bee5dc1-2acc-4454-8f67-43eca8ca0210 {{(pid=102231) process_request /opt/stack/glance/glance/api/middleware/version_negotiation.py:70}}
Jun 19 00:11:50.318213 np0000003206 devstack@g-api.service[102231]: [pid: 102231|app: 0|req: 149/433] 127.0.0.1 () {44 vars in 1115 bytes} [Fri Jun 19 00:11:50 2026] GET /v2/images/9bee5dc1-2acc-4454-8f67-43eca8ca0210 => generated 1696 bytes in 13 msecs (HTTP/1.1 200) 4 headers in 158 bytes (1 switches on core 0)
Jun 19 00:11:50.373423 np0000003206 devstack@g-api.service[102232]: DEBUG glance.api.middleware.version_negotiation [None req-a8ff4335-9252-48c8-ab1b-c594b13d2742 tempest-ServerBootFromVolumeStableRescueTest-1323138040 tempest-ServerBootFromVolumeStableRescueTest-1323138040-project-member] Determining version of request: GET /v2/images/e21c2f94-b3d3-4a99-92a5-d639f39367f2 Accept: application/json {{(pid=102232) process_request /opt/stack/glance/glance/api/middleware/version_negotiation.py:44}}
Jun 19 00:11:50.373423 np0000003206 devstack@g-api.service[102232]: DEBUG glance.api.middleware.version_negotiation [None req-a8ff4335-9252-48c8-ab1b-c594b13d2742 tempest-ServerBootFromVolumeStableRescueTest-1323138040 tempest-ServerBootFromVolumeStableRescueTest-1323138040-project-member] Using url versioning {{(pid=102232) process_request /opt/stack/glance/glance/api/middleware/version_negotiation.py:57}}
Jun 19 00:11:50.373423 np0000003206 devstack@g-api.service[102232]: DEBUG glance.api.middleware.version_negotiation [None req-a8ff4335-9252-48c8-ab1b-c594b13d2742 tempest-ServerBootFromVolumeStableRescueTest-1323138040 tempest-ServerBootFromVolumeStableRescueTest-1323138040-project-member] Matched version: v2 {{(pid=102232) process_request /opt/stack/glance/glance/api/middleware/version_negotiation.py:69}}
Jun 19 00:11:50.373423 np0000003206 devstack@g-api.service[102232]: DEBUG glance.api.middleware.version_negotiation [None req-a8ff4335-9252-48c8-ab1b-c594b13d2742 tempest-ServerBootFromVolumeStableRescueTest-1323138040 tempest-ServerBootFromVolumeStableRescueTest-1323138040-project-member] new path /v2/images/e21c2f94-b3d3-4a99-92a5-d639f39367f2 {{(pid=102232) process_request /opt/stack/glance/glance/api/middleware/version_negotiation.py:70}}
Jun 19 00:11:50.375282 np0000003206 devstack@g-api.service[102233]: DEBUG glance.api.middleware.version_negotiation [None req-a8ff4335-9252-48c8-ab1b-c594b13d2742 tempest-ServerBootFromVolumeStableRescueTest-1323138040 tempest-ServerBootFromVolumeStableRescueTest-1323138040-project-member] Determining version of request: GET /v2/images/9bee5dc1-2acc-4454-8f67-43eca8ca0210/file Accept: */* {{(pid=102233) process_request /opt/stack/glance/glance/api/middleware/version_negotiation.py:44}}
Jun 19 00:11:50.375452 np0000003206 devstack@g-api.service[102233]: DEBUG glance.api.middleware.version_negotiation [None req-a8ff4335-9252-48c8-ab1b-c594b13d2742 tempest-ServerBootFromVolumeStableRescueTest-1323138040 tempest-ServerBootFromVolumeStableRescueTest-1323138040-project-member] Using url versioning {{(pid=102233) process_request /opt/stack/glance/glance/api/middleware/version_negotiation.py:57}}
Jun 19 00:11:50.375679 np0000003206 devstack@g-api.service[102233]: DEBUG glance.api.middleware.version_negotiation [None req-a8ff4335-9252-48c8-ab1b-c594b13d2742 tempest-ServerBootFromVolumeStableRescueTest-1323138040 tempest-ServerBootFromVolumeStableRescueTest-1323138040-project-member] Matched version: v2 {{(pid=102233) process_request /opt/stack/glance/glance/api/middleware/version_negotiation.py:69}}
Jun 19 00:11:50.375762 np0000003206 devstack@g-api.service[102233]: DEBUG glance.api.middleware.version_negotiation [None req-a8ff4335-9252-48c8-ab1b-c594b13d2742 tempest-ServerBootFromVolumeStableRescueTest-1323138040 tempest-ServerBootFromVolumeStableRescueTest-1323138040-project-member] new path /v2/images/9bee5dc1-2acc-4454-8f67-43eca8ca0210/file {{(pid=102233) process_request /opt/stack/glance/glance/api/middleware/version_negotiation.py:70}}
Jun 19 00:11:50.382391 np0000003206 devstack@g-api.service[102232]: [pid: 102232|app: 0|req: 152/434] 127.0.0.1 () {40 vars in 838 bytes} [Fri Jun 19 00:11:50 2026] GET /v2/images/e21c2f94-b3d3-4a99-92a5-d639f39367f2 => generated 822 bytes in 11 msecs (HTTP/1.1 200) 4 headers in 157 bytes (1 switches on core 0)
Jun 19 00:11:50.388392 np0000003206 devstack@g-api.service[102233]: DEBUG glance_store.backend [None req-a8ff4335-9252-48c8-ab1b-c594b13d2742 tempest-ServerBootFromVolumeStableRescueTest-1323138040 tempest-ServerBootFromVolumeStableRescueTest-1323138040-project-member] Attempting to import store swift {{(pid=102233) _load_store /opt/stack/data/venv/lib/python3.12/site-packages/glance_store/backend.py:215}}
Jun 19 00:11:50.388784 np0000003206 devstack@g-api.service[102233]: DEBUG glance_store.capabilities [None req-a8ff4335-9252-48c8-ab1b-c594b13d2742 tempest-ServerBootFromVolumeStableRescueTest-1323138040 tempest-ServerBootFromVolumeStableRescueTest-1323138040-project-member] Store glance_store._drivers.swift.store.SingleTenantStore doesn't support updating dynamic storage capabilities. Please overwrite 'update_capabilities' method of the store to implement updating logics if needed. {{(pid=102233) update_capabilities /opt/stack/data/venv/lib/python3.12/site-packages/glance_store/capabilities.py:91}}
Jun 19 00:11:50.388869 np0000003206 devstack@g-api.service[102233]: DEBUG glance_store.driver [None req-a8ff4335-9252-48c8-ab1b-c594b13d2742 tempest-ServerBootFromVolumeStableRescueTest-1323138040 tempest-ServerBootFromVolumeStableRescueTest-1323138040-project-member] Late loading location class glance_store._drivers.swift.store.StoreLocation {{(pid=102233) get_store_location_class /opt/stack/data/venv/lib/python3.12/site-packages/glance_store/driver.py:134}}
Jun 19 00:11:50.388908 np0000003206 devstack@g-api.service[102233]: DEBUG glance_store.location [None req-a8ff4335-9252-48c8-ab1b-c594b13d2742 tempest-ServerBootFromVolumeStableRescueTest-1323138040 tempest-ServerBootFromVolumeStableRescueTest-1323138040-project-member] Registering scheme swift+https with {'store': , 'location_class': , 'store_entry': 'swift'} {{(pid=102233) register_scheme_map /opt/stack/data/venv/lib/python3.12/site-packages/glance_store/location.py:146}}
Jun 19 00:11:50.388975 np0000003206 devstack@g-api.service[102233]: DEBUG glance_store.location [None req-a8ff4335-9252-48c8-ab1b-c594b13d2742 tempest-ServerBootFromVolumeStableRescueTest-1323138040 tempest-ServerBootFromVolumeStableRescueTest-1323138040-project-member] Registering scheme swift+https with {'store': , 'location_class': , 'store_entry': 'swift'} {{(pid=102233) register_scheme_map /opt/stack/data/venv/lib/python3.12/site-packages/glance_store/location.py:146}}
Jun 19 00:11:50.389034 np0000003206 devstack@g-api.service[102233]: DEBUG glance_store.location [None req-a8ff4335-9252-48c8-ab1b-c594b13d2742 tempest-ServerBootFromVolumeStableRescueTest-1323138040 tempest-ServerBootFromVolumeStableRescueTest-1323138040-project-member] Registering scheme swift with {'store': , 'location_class': , 'store_entry': 'swift'} {{(pid=102233) register_scheme_map /opt/stack/data/venv/lib/python3.12/site-packages/glance_store/location.py:146}}
Jun 19 00:11:50.389104 np0000003206 devstack@g-api.service[102233]: DEBUG glance_store.location [None req-a8ff4335-9252-48c8-ab1b-c594b13d2742 tempest-ServerBootFromVolumeStableRescueTest-1323138040 tempest-ServerBootFromVolumeStableRescueTest-1323138040-project-member] Registering scheme swift+https with {'store': , 'location_class': , 'store_entry': 'swift'} {{(pid=102233) register_scheme_map /opt/stack/data/venv/lib/python3.12/site-packages/glance_store/location.py:146}}
Jun 19 00:11:50.389202 np0000003206 devstack@g-api.service[102233]: DEBUG glance_store.location [None req-a8ff4335-9252-48c8-ab1b-c594b13d2742 tempest-ServerBootFromVolumeStableRescueTest-1323138040 tempest-ServerBootFromVolumeStableRescueTest-1323138040-project-member] Registering scheme swift with {'store': , 'location_class': , 'store_entry': 'swift'} {{(pid=102233) register_scheme_map /opt/stack/data/venv/lib/python3.12/site-packages/glance_store/location.py:146}}
Jun 19 00:11:50.389321 np0000003206 devstack@g-api.service[102233]: DEBUG glance_store.location [None req-a8ff4335-9252-48c8-ab1b-c594b13d2742 tempest-ServerBootFromVolumeStableRescueTest-1323138040 tempest-ServerBootFromVolumeStableRescueTest-1323138040-project-member] Registering scheme swift+http with {'store': , 'location_class': , 'store_entry': 'swift'} {{(pid=102233) register_scheme_map /opt/stack/data/venv/lib/python3.12/site-packages/glance_store/location.py:146}}
Jun 19 00:11:50.389560 np0000003206 devstack@g-api.service[102233]: DEBUG glance_store.location [None req-a8ff4335-9252-48c8-ab1b-c594b13d2742 tempest-ServerBootFromVolumeStableRescueTest-1323138040 tempest-ServerBootFromVolumeStableRescueTest-1323138040-project-member] Registering scheme swift+https with {'store': , 'location_class': , 'store_entry': 'swift'} {{(pid=102233) register_scheme_map /opt/stack/data/venv/lib/python3.12/site-packages/glance_store/location.py:146}}
Jun 19 00:11:50.389690 np0000003206 devstack@g-api.service[102233]: DEBUG glance_store.location [None req-a8ff4335-9252-48c8-ab1b-c594b13d2742 tempest-ServerBootFromVolumeStableRescueTest-1323138040 tempest-ServerBootFromVolumeStableRescueTest-1323138040-project-member] Registering scheme swift with {'store': , 'location_class': , 'store_entry': 'swift'} {{(pid=102233) register_scheme_map /opt/stack/data/venv/lib/python3.12/site-packages/glance_store/location.py:146}}
Jun 19 00:11:50.390055 np0000003206 devstack@g-api.service[102233]: DEBUG glance_store.location [None req-a8ff4335-9252-48c8-ab1b-c594b13d2742 tempest-ServerBootFromVolumeStableRescueTest-1323138040 tempest-ServerBootFromVolumeStableRescueTest-1323138040-project-member] Registering scheme swift+http with {'store': , 'location_class': , 'store_entry': 'swift'} {{(pid=102233) register_scheme_map /opt/stack/data/venv/lib/python3.12/site-packages/glance_store/location.py:146}}
Jun 19 00:11:50.390055 np0000003206 devstack@g-api.service[102233]: DEBUG glance_store.location [None req-a8ff4335-9252-48c8-ab1b-c594b13d2742 tempest-ServerBootFromVolumeStableRescueTest-1323138040 tempest-ServerBootFromVolumeStableRescueTest-1323138040-project-member] Registering scheme swift+config with {'store': , 'location_class': , 'store_entry': 'swift'} {{(pid=102233) register_scheme_map /opt/stack/data/venv/lib/python3.12/site-packages/glance_store/location.py:146}}
Jun 19 00:11:50.430294 np0000003206 devstack@g-api.service[102231]: DEBUG glance.api.middleware.version_negotiation [None req-a8ff4335-9252-48c8-ab1b-c594b13d2742 tempest-ServerBootFromVolumeStableRescueTest-1323138040 tempest-ServerBootFromVolumeStableRescueTest-1323138040-project-member] Determining version of request: GET /v2/schemas/image Accept: */* {{(pid=102231) process_request /opt/stack/glance/glance/api/middleware/version_negotiation.py:44}}
Jun 19 00:11:50.430294 np0000003206 devstack@g-api.service[102231]: DEBUG glance.api.middleware.version_negotiation [None req-a8ff4335-9252-48c8-ab1b-c594b13d2742 tempest-ServerBootFromVolumeStableRescueTest-1323138040 tempest-ServerBootFromVolumeStableRescueTest-1323138040-project-member] Using url versioning {{(pid=102231) process_request /opt/stack/glance/glance/api/middleware/version_negotiation.py:57}}
Jun 19 00:11:50.430294 np0000003206 devstack@g-api.service[102231]: DEBUG glance.api.middleware.version_negotiation [None req-a8ff4335-9252-48c8-ab1b-c594b13d2742 tempest-ServerBootFromVolumeStableRescueTest-1323138040 tempest-ServerBootFromVolumeStableRescueTest-1323138040-project-member] Matched version: v2 {{(pid=102231) process_request /opt/stack/glance/glance/api/middleware/version_negotiation.py:69}}
Jun 19 00:11:50.430294 np0000003206 devstack@g-api.service[102231]: DEBUG glance.api.middleware.version_negotiation [None req-a8ff4335-9252-48c8-ab1b-c594b13d2742 tempest-ServerBootFromVolumeStableRescueTest-1323138040 tempest-ServerBootFromVolumeStableRescueTest-1323138040-project-member] new path /v2/schemas/image {{(pid=102231) process_request /opt/stack/glance/glance/api/middleware/version_negotiation.py:70}}
Jun 19 00:11:50.434021 np0000003206 devstack@g-api.service[102231]: [pid: 102231|app: 0|req: 150/435] 127.0.0.1 () {44 vars in 1055 bytes} [Fri Jun 19 00:11:50 2026] GET /v2/schemas/image => generated 6083 bytes in 5 msecs (HTTP/1.1 200) 4 headers in 158 bytes (1 switches on core 0)
Jun 19 00:11:50.440960 np0000003206 devstack@g-api.service[102232]: DEBUG glance.api.middleware.version_negotiation [None req-351f4988-9ca9-4795-a11a-f0359bd43cd1 tempest-VolumesActionsTest-1104355188 tempest-VolumesActionsTest-1104355188-project-member] Determining version of request: POST /v2/images Accept: */* {{(pid=102232) process_request /opt/stack/glance/glance/api/middleware/version_negotiation.py:44}}
Jun 19 00:11:50.441152 np0000003206 devstack@g-api.service[102232]: DEBUG glance.api.middleware.version_negotiation [None req-351f4988-9ca9-4795-a11a-f0359bd43cd1 tempest-VolumesActionsTest-1104355188 tempest-VolumesActionsTest-1104355188-project-member] Using url versioning {{(pid=102232) process_request /opt/stack/glance/glance/api/middleware/version_negotiation.py:57}}
Jun 19 00:11:50.441290 np0000003206 devstack@g-api.service[102232]: DEBUG glance.api.middleware.version_negotiation [None req-351f4988-9ca9-4795-a11a-f0359bd43cd1 tempest-VolumesActionsTest-1104355188 tempest-VolumesActionsTest-1104355188-project-member] Matched version: v2 {{(pid=102232) process_request /opt/stack/glance/glance/api/middleware/version_negotiation.py:69}}
Jun 19 00:11:50.441423 np0000003206 devstack@g-api.service[102232]: DEBUG glance.api.middleware.version_negotiation [None req-351f4988-9ca9-4795-a11a-f0359bd43cd1 tempest-VolumesActionsTest-1104355188 tempest-VolumesActionsTest-1104355188-project-member] new path /v2/images {{(pid=102232) process_request /opt/stack/glance/glance/api/middleware/version_negotiation.py:70}}
Jun 19 00:11:50.490701 np0000003206 devstack@g-api.service[102233]: DEBUG swiftclient [None req-a8ff4335-9252-48c8-ab1b-c594b13d2742 tempest-ServerBootFromVolumeStableRescueTest-1323138040 tempest-ServerBootFromVolumeStableRescueTest-1323138040-project-member] REQ: curl -i https://10.4.3.143:8080/v1/AUTH_20be531f21ed4815900f23f557ac90b9/glance/9bee5dc1-2acc-4454-8f67-43eca8ca0210 -X GET -H "X-Auth-Token: gAAAAABqNIlGETDl..." {{(pid=102233) http_log /opt/stack/data/venv/lib/python3.12/site-packages/swiftclient/client.py:160}}
Jun 19 00:11:50.490833 np0000003206 devstack@g-api.service[102233]: DEBUG swiftclient [None req-a8ff4335-9252-48c8-ab1b-c594b13d2742 tempest-ServerBootFromVolumeStableRescueTest-1323138040 tempest-ServerBootFromVolumeStableRescueTest-1323138040-project-member] RESP STATUS: 200 OK {{(pid=102233) http_log /opt/stack/data/venv/lib/python3.12/site-packages/swiftclient/client.py:161}}
Jun 19 00:11:50.491042 np0000003206 devstack@g-api.service[102233]: DEBUG swiftclient [None req-a8ff4335-9252-48c8-ab1b-c594b13d2742 tempest-ServerBootFromVolumeStableRescueTest-1323138040 tempest-ServerBootFromVolumeStableRescueTest-1323138040-project-member] RESP HEADERS: {'Date': 'Fri, 19 Jun 2026 00:11:50 GMT', 'Server': 'Apache/2.4.58 (Ubuntu)', 'Content-Type': 'application/octet-stream', 'X-Object-Manifest': 'glance/9bee5dc1-2acc-4454-8f67-43eca8ca0210-', 'Last-Modified': 'Fri, 19 Jun 2026 00:11:21 GMT', 'X-Timestamp': '1781827880.61035', 'Accept-Ranges': 'bytes', 'Content-Length': '23527424', 'Etag': '"9c424351ecc3b84373f916fa8ecd34a2"', 'X-Trans-Id': 'tx31ad6eaf0c6c401c9c5c8-006a348946', 'X-Openstack-Request-Id': 'tx31ad6eaf0c6c401c9c5c8-006a348946', 'Connection': 'close'} {{(pid=102233) http_log /opt/stack/data/venv/lib/python3.12/site-packages/swiftclient/client.py:162}}
