May 14 09:27:09.475678 np0000000765 nova-scheduler[95374]: DEBUG cotyledon.oslo_config_glue [-] oslo_messaging_notifications.driver = ['messagingv2'] {{(pid=95374) log_opt_values /opt/stack/data/venv/lib/python3.12/site-packages/oslo_config/cfg.py:3006}}
May 14 09:27:09.475678 np0000000765 nova-scheduler[95374]: DEBUG cotyledon.oslo_config_glue [-] oslo_messaging_notifications.retry = -1 {{(pid=95374) log_opt_values /opt/stack/data/venv/lib/python3.12/site-packages/oslo_config/cfg.py:3006}}
May 14 09:27:09.475678 np0000000765 nova-scheduler[95374]: DEBUG cotyledon.oslo_config_glue [-] oslo_messaging_notifications.topics = ['notifications'] {{(pid=95374) log_opt_values /opt/stack/data/venv/lib/python3.12/site-packages/oslo_config/cfg.py:3006}}
May 14 09:27:09.475678 np0000000765 nova-scheduler[95374]: DEBUG cotyledon.oslo_config_glue [-] oslo_messaging_notifications.transport_url = **** {{(pid=95374) log_opt_values /opt/stack/data/venv/lib/python3.12/site-packages/oslo_config/cfg.py:3006}}
May 14 09:27:09.475678 np0000000765 nova-scheduler[95374]: DEBUG cotyledon.oslo_config_glue [-] oslo_limit.auth_section = None {{(pid=95374) log_opt_values /opt/stack/data/venv/lib/python3.12/site-packages/oslo_config/cfg.py:3006}}
May 14 09:27:09.475965 np0000000765 nova-scheduler[95374]: DEBUG cotyledon.oslo_config_glue [-] oslo_limit.auth_type = None {{(pid=95374) log_opt_values /opt/stack/data/venv/lib/python3.12/site-packages/oslo_config/cfg.py:3006}}
May 14 09:27:09.475965 np0000000765 nova-scheduler[95374]: DEBUG cotyledon.oslo_config_glue [-] oslo_limit.cafile = None {{(pid=95374) log_opt_values /opt/stack/data/venv/lib/python3.12/site-packages/oslo_config/cfg.py:3006}}
May 14 09:27:09.475965 np0000000765 nova-scheduler[95374]: DEBUG cotyledon.oslo_config_glue [-] oslo_limit.certfile = None {{(pid=95374) log_opt_values /opt/stack/data/venv/lib/python3.12/site-packages/oslo_config/cfg.py:3006}}
May 14 09:27:09.475965 np0000000765 nova-scheduler[95374]: DEBUG cotyledon.oslo_config_glue [-] oslo_limit.collect_timing = False {{(pid=95374) log_opt_values /opt/stack/data/venv/lib/python3.12/site-packages/oslo_config/cfg.py:3006}}
May 14 09:27:09.475965 np0000000765 nova-scheduler[95374]: DEBUG cotyledon.oslo_config_glue [-] oslo_limit.connect_retries = None {{(pid=95374) log_opt_values /opt/stack/data/venv/lib/python3.12/site-packages/oslo_config/cfg.py:3006}}
May 14 09:27:09.475965 np0000000765 nova-scheduler[95374]: DEBUG cotyledon.oslo_config_glue [-] oslo_limit.connect_retry_delay = None {{(pid=95374) log_opt_values /opt/stack/data/venv/lib/python3.12/site-packages/oslo_config/cfg.py:3006}}
May 14 09:27:09.475965 np0000000765 nova-scheduler[95374]: DEBUG cotyledon.oslo_config_glue [-] oslo_limit.endpoint_id = None {{(pid=95374) log_opt_values /opt/stack/data/venv/lib/python3.12/site-packages/oslo_config/cfg.py:3006}}
May 14 09:27:09.475965 np0000000765 nova-scheduler[95374]: DEBUG cotyledon.oslo_config_glue [-] oslo_limit.endpoint_interface = public {{(pid=95374) log_opt_values /opt/stack/data/venv/lib/python3.12/site-packages/oslo_config/cfg.py:3006}}
May 14 09:27:09.475965 np0000000765 nova-scheduler[95374]: DEBUG cotyledon.oslo_config_glue [-] oslo_limit.endpoint_override = None {{(pid=95374) log_opt_values /opt/stack/data/venv/lib/python3.12/site-packages/oslo_config/cfg.py:3006}}
May 14 09:27:09.476245 np0000000765 nova-scheduler[95374]: DEBUG cotyledon.oslo_config_glue [-] oslo_limit.endpoint_region_name = None {{(pid=95374) log_opt_values /opt/stack/data/venv/lib/python3.12/site-packages/oslo_config/cfg.py:3006}}
May 14 09:27:09.476245 np0000000765 nova-scheduler[95374]: DEBUG cotyledon.oslo_config_glue [-] oslo_limit.endpoint_service_name = None {{(pid=95374) log_opt_values /opt/stack/data/venv/lib/python3.12/site-packages/oslo_config/cfg.py:3006}}
May 14 09:27:09.476245 np0000000765 nova-scheduler[95374]: DEBUG cotyledon.oslo_config_glue [-] oslo_limit.endpoint_service_type = None {{(pid=95374) log_opt_values /opt/stack/data/venv/lib/python3.12/site-packages/oslo_config/cfg.py:3006}}
May 14 09:27:09.476245 np0000000765 nova-scheduler[95374]: DEBUG cotyledon.oslo_config_glue [-] oslo_limit.insecure = False {{(pid=95374) log_opt_values /opt/stack/data/venv/lib/python3.12/site-packages/oslo_config/cfg.py:3006}}
May 14 09:27:09.476245 np0000000765 nova-scheduler[95374]: DEBUG cotyledon.oslo_config_glue [-] oslo_limit.keyfile = None {{(pid=95374) log_opt_values /opt/stack/data/venv/lib/python3.12/site-packages/oslo_config/cfg.py:3006}}
May 14 09:27:09.476245 np0000000765 nova-scheduler[95374]: DEBUG cotyledon.oslo_config_glue [-] oslo_limit.max_version = None {{(pid=95374) log_opt_values /opt/stack/data/venv/lib/python3.12/site-packages/oslo_config/cfg.py:3006}}
May 14 09:27:09.476245 np0000000765 nova-scheduler[95374]: DEBUG cotyledon.oslo_config_glue [-] oslo_limit.min_version = None {{(pid=95374) log_opt_values /opt/stack/data/venv/lib/python3.12/site-packages/oslo_config/cfg.py:3006}}
May 14 09:27:09.476245 np0000000765 nova-scheduler[95374]: DEBUG cotyledon.oslo_config_glue [-] oslo_limit.region_name = None {{(pid=95374) log_opt_values /opt/stack/data/venv/lib/python3.12/site-packages/oslo_config/cfg.py:3006}}
May 14 09:27:09.476245 np0000000765 nova-scheduler[95374]: DEBUG cotyledon.oslo_config_glue [-] oslo_limit.retriable_status_codes = None {{(pid=95374) log_opt_values /opt/stack/data/venv/lib/python3.12/site-packages/oslo_config/cfg.py:3006}}
May 14 09:27:09.476530 np0000000765 nova-scheduler[95374]: DEBUG cotyledon.oslo_config_glue [-] oslo_limit.service_name = None {{(pid=95374) log_opt_values /opt/stack/data/venv/lib/python3.12/site-packages/oslo_config/cfg.py:3006}}
May 14 09:27:09.476530 np0000000765 nova-scheduler[95374]: DEBUG cotyledon.oslo_config_glue [-] oslo_limit.service_type = None {{(pid=95374) log_opt_values /opt/stack/data/venv/lib/python3.12/site-packages/oslo_config/cfg.py:3006}}
May 14 09:27:09.476530 np0000000765 nova-scheduler[95374]: DEBUG cotyledon.oslo_config_glue [-] oslo_limit.split_loggers = False {{(pid=95374) log_opt_values /opt/stack/data/venv/lib/python3.12/site-packages/oslo_config/cfg.py:3006}}
May 14 09:27:09.476530 np0000000765 nova-scheduler[95374]: DEBUG cotyledon.oslo_config_glue [-] oslo_limit.status_code_retries = None {{(pid=95374) log_opt_values /opt/stack/data/venv/lib/python3.12/site-packages/oslo_config/cfg.py:3006}}
May 14 09:27:09.476530 np0000000765 nova-scheduler[95374]: DEBUG cotyledon.oslo_config_glue [-] oslo_limit.status_code_retry_delay = None {{(pid=95374) log_opt_values /opt/stack/data/venv/lib/python3.12/site-packages/oslo_config/cfg.py:3006}}
May 14 09:27:09.476530 np0000000765 nova-scheduler[95374]: DEBUG cotyledon.oslo_config_glue [-] oslo_limit.timeout = None {{(pid=95374) log_opt_values /opt/stack/data/venv/lib/python3.12/site-packages/oslo_config/cfg.py:3006}}
May 14 09:27:09.476530 np0000000765 nova-scheduler[95374]: DEBUG cotyledon.oslo_config_glue [-] oslo_limit.valid_interfaces = None {{(pid=95374) log_opt_values /opt/stack/data/venv/lib/python3.12/site-packages/oslo_config/cfg.py:3006}}
May 14 09:27:09.476530 np0000000765 nova-scheduler[95374]: DEBUG cotyledon.oslo_config_glue [-] oslo_limit.version = None {{(pid=95374) log_opt_values /opt/stack/data/venv/lib/python3.12/site-packages/oslo_config/cfg.py:3006}}
May 14 09:27:09.476530 np0000000765 nova-scheduler[95374]: DEBUG cotyledon.oslo_config_glue [-] oslo_reports.file_event_handler = None {{(pid=95374) log_opt_values /opt/stack/data/venv/lib/python3.12/site-packages/oslo_config/cfg.py:3006}}
May 14 09:27:09.476842 np0000000765 nova-scheduler[95374]: DEBUG cotyledon.oslo_config_glue [-] oslo_reports.file_event_handler_interval = 1 {{(pid=95374) log_opt_values /opt/stack/data/venv/lib/python3.12/site-packages/oslo_config/cfg.py:3006}}
May 14 09:27:09.476842 np0000000765 nova-scheduler[95374]: DEBUG cotyledon.oslo_config_glue [-] oslo_reports.log_dir = None {{(pid=95374) log_opt_values /opt/stack/data/venv/lib/python3.12/site-packages/oslo_config/cfg.py:3006}}
May 14 09:27:09.476842 np0000000765 nova-scheduler[95374]: DEBUG cotyledon.oslo_config_glue [-] ******************************************************************************** {{(pid=95374) log_opt_values /opt/stack/data/venv/lib/python3.12/site-packages/oslo_config/cfg.py:3013}}
May 14 09:27:09.476842 np0000000765 nova-scheduler[95374]: DEBUG cotyledon._service_worker [-] Run service ServiceWrapper(1) [95374] {{(pid=95374) wait_forever /opt/stack/data/venv/lib/python3.12/site-packages/cotyledon/_service_worker.py:218}}
May 14 09:27:09.476842 np0000000765 nova-scheduler[95374]: INFO nova.service [-] Starting scheduler node (version 33.1.0)
May 14 09:27:09.477022 np0000000765 nova-scheduler[95376]: DEBUG oslo_db.sqlalchemy.engines [None req-8a22fe4a-ddbd-4b5c-8882-7cc903e17ae1 None None] MySQL server mode set to STRICT_TRANS_TABLES,STRICT_ALL_TABLES,NO_ZERO_IN_DATE,NO_ZERO_DATE,ERROR_FOR_DIVISION_BY_ZERO,TRADITIONAL,NO_ENGINE_SUBSTITUTION {{(pid=95376) _check_effective_sql_mode /opt/stack/data/venv/lib/python3.12/site-packages/oslo_db/sqlalchemy/engines.py:325}}
May 14 09:27:09.477070 np0000000765 nova-scheduler[95374]: INFO dbcounter [None req-7ebb845d-1e81-446a-bf9c-1305ee9b3f51 None None] Registered counter for database nova_cell0
May 14 09:27:09.477109 np0000000765 nova-scheduler[95376]: DEBUG dbcounter [-] [95376] Writer thread running {{(pid=95376) stat_writer /opt/stack/data/venv/lib/python3.12/site-packages/dbcounter.py:102}}
May 14 09:27:09.477145 np0000000765 nova-scheduler[95376]: DEBUG nova.service [None req-8a22fe4a-ddbd-4b5c-8882-7cc903e17ae1 None None] Creating RPC server for service: nova-scheduler on topic: scheduler {{(pid=95376) start /opt/stack/nova/nova/service.py:195}}
May 14 09:27:09.481697 np0000000765 nova-scheduler[95374]: DEBUG oslo_db.sqlalchemy.engines [None req-7ebb845d-1e81-446a-bf9c-1305ee9b3f51 None None] MySQL server mode set to STRICT_TRANS_TABLES,STRICT_ALL_TABLES,NO_ZERO_IN_DATE,NO_ZERO_DATE,ERROR_FOR_DIVISION_BY_ZERO,TRADITIONAL,NO_ENGINE_SUBSTITUTION {{(pid=95374) _check_effective_sql_mode /opt/stack/data/venv/lib/python3.12/site-packages/oslo_db/sqlalchemy/engines.py:325}}
May 14 09:27:09.490648 np0000000765 nova-scheduler[95374]: DEBUG dbcounter [-] [95374] Writer thread running {{(pid=95374) stat_writer /opt/stack/data/venv/lib/python3.12/site-packages/dbcounter.py:102}}
May 14 09:27:09.493161 np0000000765 nova-scheduler[95374]: DEBUG nova.service [None req-7ebb845d-1e81-446a-bf9c-1305ee9b3f51 None None] Creating RPC server for service: nova-scheduler on topic: scheduler {{(pid=95374) start /opt/stack/nova/nova/service.py:195}}
May 14 09:27:09.497476 np0000000765 nova-scheduler[95376]: DEBUG nova.service [None req-8a22fe4a-ddbd-4b5c-8882-7cc903e17ae1 None None] Join ServiceGroup membership for this service scheduler {{(pid=95376) start /opt/stack/nova/nova/service.py:221}}
May 14 09:27:09.497579 np0000000765 nova-scheduler[95372]: DEBUG nova.service [None req-00fff826-1502-4a5f-86e6-62cd5f4da26a None None] Join ServiceGroup membership for this service scheduler {{(pid=95372) start /opt/stack/nova/nova/service.py:221}}
May 14 09:27:09.497625 np0000000765 nova-scheduler[95376]: DEBUG nova.servicegroup.drivers.db [None req-8a22fe4a-ddbd-4b5c-8882-7cc903e17ae1 None None] DB_Driver: join new ServiceGroup member np0000000765 to the scheduler group, service = {{(pid=95376) join /opt/stack/nova/nova/servicegroup/drivers/db.py:44}}
May 14 09:27:09.497663 np0000000765 nova-scheduler[95372]: DEBUG nova.servicegroup.drivers.db [None req-00fff826-1502-4a5f-86e6-62cd5f4da26a None None] DB_Driver: join new ServiceGroup member np0000000765 to the scheduler group, service = {{(pid=95372) join /opt/stack/nova/nova/servicegroup/drivers/db.py:44}}
May 14 09:27:09.508401 np0000000765 nova-scheduler[95374]: DEBUG nova.service [None req-7ebb845d-1e81-446a-bf9c-1305ee9b3f51 None None] Join ServiceGroup membership for this service scheduler {{(pid=95374) start /opt/stack/nova/nova/service.py:221}}
May 14 09:27:09.508589 np0000000765 nova-scheduler[95374]: DEBUG nova.servicegroup.drivers.db [None req-7ebb845d-1e81-446a-bf9c-1305ee9b3f51 None None] DB_Driver: join new ServiceGroup member np0000000765 to the scheduler group, service = {{(pid=95374) join /opt/stack/nova/nova/servicegroup/drivers/db.py:44}}
May 14 09:27:14.521646 np0000000765 nova-scheduler[95372]: DEBUG oslo.service.backend._threading.loopingcall [-] Fixed interval looping call 'nova.servicegroup.drivers.db.DbDriver._report_state' sleeping for 119.98 seconds {{(pid=95372) _run_loop /opt/stack/data/venv/lib/python3.12/site-packages/oslo_service/backend/_threading/loopingcall.py:125}}
May 14 09:27:14.525460 np0000000765 nova-scheduler[95374]: DEBUG oslo.service.backend._threading.loopingcall [-] Fixed interval looping call 'nova.servicegroup.drivers.db.DbDriver._report_state' sleeping for 119.99 seconds {{(pid=95374) _run_loop /opt/stack/data/venv/lib/python3.12/site-packages/oslo_service/backend/_threading/loopingcall.py:125}}
May 14 09:27:14.526944 np0000000765 nova-scheduler[95376]: DEBUG oslo.service.backend._threading.loopingcall [-] Fixed interval looping call 'nova.servicegroup.drivers.db.DbDriver._report_state' sleeping for 119.97 seconds {{(pid=95376) _run_loop /opt/stack/data/venv/lib/python3.12/site-packages/oslo_service/backend/_threading/loopingcall.py:125}}
May 14 09:27:18.148436 np0000000765 nova-scheduler[94167]: DEBUG dbcounter [-] [94167] Writing DB stats nova_api:SELECT=3 {{(pid=94167) stat_writer /opt/stack/data/venv/lib/python3.12/site-packages/dbcounter.py:115}}
May 14 09:27:18.253690 np0000000765 nova-scheduler[94167]: DEBUG dbcounter [-] [94167] Writing DB stats nova_cell0:SELECT=1 {{(pid=94167) stat_writer /opt/stack/data/venv/lib/python3.12/site-packages/dbcounter.py:115}}
May 14 09:27:18.257518 np0000000765 nova-scheduler[94167]: DEBUG dbcounter [-] [94167] Writing DB stats nova_cell1:SELECT=1 {{(pid=94167) stat_writer /opt/stack/data/venv/lib/python3.12/site-packages/dbcounter.py:115}}
May 14 09:27:24.509122 np0000000765 nova-scheduler[95376]: DEBUG dbcounter [-] [95376] Writing DB stats nova_cell0:SELECT=3,nova_cell0:UPDATE=1 {{(pid=95376) stat_writer /opt/stack/data/venv/lib/python3.12/site-packages/dbcounter.py:115}}
May 14 09:27:24.509457 np0000000765 nova-scheduler[95372]: DEBUG dbcounter [-] [95372] Writing DB stats nova_cell0:SELECT=4,nova_cell0:INSERT=1,nova_cell0:UPDATE=1 {{(pid=95372) stat_writer /opt/stack/data/venv/lib/python3.12/site-packages/dbcounter.py:115}}
May 14 09:27:24.521780 np0000000765 nova-scheduler[95374]: DEBUG dbcounter [-] [95374] Writing DB stats nova_cell0:SELECT=3 {{(pid=95374) stat_writer /opt/stack/data/venv/lib/python3.12/site-packages/dbcounter.py:115}}
May 14 09:27:26.511057 np0000000765 nova-scheduler[95374]: DEBUG oslo.service.backend._threading.loopingcall [None req-f32332d7-2e5c-4afe-982d-6a57cd528b8e None None] Dynamic interval looping call 'nova.service.Service.periodic_tasks' sleeping for 60.00 seconds {{(pid=95374) _run_loop /opt/stack/data/venv/lib/python3.12/site-packages/oslo_service/backend/_threading/loopingcall.py:125}}
May 14 09:27:50.499350 np0000000765 nova-scheduler[95376]: DEBUG oslo.service.backend._threading.loopingcall [None req-e3b8c79f-3968-478b-b17c-40264cadc8de None None] Dynamic interval looping call 'nova.service.Service.periodic_tasks' sleeping for 60.00 seconds {{(pid=95376) _run_loop /opt/stack/data/venv/lib/python3.12/site-packages/oslo_service/backend/_threading/loopingcall.py:125}}
May 14 09:28:04.499570 np0000000765 nova-scheduler[95372]: DEBUG oslo.service.backend._threading.loopingcall [None req-679cb78f-5610-46f3-9e48-f60a0ad575fc None None] Dynamic interval looping call 'nova.service.Service.periodic_tasks' sleeping for 60.00 seconds {{(pid=95372) _run_loop /opt/stack/data/venv/lib/python3.12/site-packages/oslo_service/backend/_threading/loopingcall.py:125}}
May 14 09:28:26.511535 np0000000765 nova-scheduler[95374]: DEBUG oslo.service.backend._threading.loopingcall [None req-f32332d7-2e5c-4afe-982d-6a57cd528b8e None None] Dynamic interval looping call 'nova.service.Service.periodic_tasks' sleeping for 60.00 seconds {{(pid=95374) _run_loop /opt/stack/data/venv/lib/python3.12/site-packages/oslo_service/backend/_threading/loopingcall.py:125}}
May 14 09:28:50.499855 np0000000765 nova-scheduler[95376]: DEBUG oslo.service.backend._threading.loopingcall [None req-e3b8c79f-3968-478b-b17c-40264cadc8de None None] Dynamic interval looping call 'nova.service.Service.periodic_tasks' sleeping for 60.00 seconds {{(pid=95376) _run_loop /opt/stack/data/venv/lib/python3.12/site-packages/oslo_service/backend/_threading/loopingcall.py:125}}
May 14 09:29:04.499993 np0000000765 nova-scheduler[95372]: DEBUG oslo.service.backend._threading.loopingcall [None req-679cb78f-5610-46f3-9e48-f60a0ad575fc None None] Dynamic interval looping call 'nova.service.Service.periodic_tasks' sleeping for 60.00 seconds {{(pid=95372) _run_loop /opt/stack/data/venv/lib/python3.12/site-packages/oslo_service/backend/_threading/loopingcall.py:125}}
May 14 09:29:14.502740 np0000000765 nova-scheduler[95376]: DEBUG oslo.service.backend._threading.loopingcall [-] Fixed interval looping call 'nova.servicegroup.drivers.db.DbDriver._report_state' sleeping for 119.99 seconds {{(pid=95376) _run_loop /opt/stack/data/venv/lib/python3.12/site-packages/oslo_service/backend/_threading/loopingcall.py:125}}
May 14 09:29:14.505153 np0000000765 nova-scheduler[95372]: DEBUG oslo.service.backend._threading.loopingcall [-] Fixed interval looping call 'nova.servicegroup.drivers.db.DbDriver._report_state' sleeping for 120.00 seconds {{(pid=95372) _run_loop /opt/stack/data/venv/lib/python3.12/site-packages/oslo_service/backend/_threading/loopingcall.py:125}}
May 14 09:29:14.518578 np0000000765 nova-scheduler[95374]: DEBUG oslo.service.backend._threading.loopingcall [-] Fixed interval looping call 'nova.servicegroup.drivers.db.DbDriver._report_state' sleeping for 120.00 seconds {{(pid=95374) _run_loop /opt/stack/data/venv/lib/python3.12/site-packages/oslo_service/backend/_threading/loopingcall.py:125}}
May 14 09:29:24.500209 np0000000765 nova-scheduler[95376]: DEBUG dbcounter [-] [95376] Writing DB stats nova_cell0:SELECT=1,nova_cell0:UPDATE=1 {{(pid=95376) stat_writer /opt/stack/data/venv/lib/python3.12/site-packages/dbcounter.py:115}}
May 14 09:29:24.503579 np0000000765 nova-scheduler[95372]: DEBUG dbcounter [-] [95372] Writing DB stats nova_cell0:SELECT=1 {{(pid=95372) stat_writer /opt/stack/data/venv/lib/python3.12/site-packages/dbcounter.py:115}}
May 14 09:29:24.518295 np0000000765 nova-scheduler[95374]: DEBUG dbcounter [-] [95374] Writing DB stats nova_cell0:SELECT=1 {{(pid=95374) stat_writer /opt/stack/data/venv/lib/python3.12/site-packages/dbcounter.py:115}}
May 14 09:29:26.512179 np0000000765 nova-scheduler[95374]: DEBUG oslo.service.backend._threading.loopingcall [None req-f32332d7-2e5c-4afe-982d-6a57cd528b8e None None] Dynamic interval looping call 'nova.service.Service.periodic_tasks' sleeping for 60.00 seconds {{(pid=95374) _run_loop /opt/stack/data/venv/lib/python3.12/site-packages/oslo_service/backend/_threading/loopingcall.py:125}}
May 14 09:29:48.224539 np0000000765 nova-scheduler[95376]: DEBUG nova.scheduler.manager [None req-f0f6211a-a406-4d8e-b056-ecebeaa541ac tempest-ServersNegativeTestJSON-774054220 tempest-ServersNegativeTestJSON-774054220-project-member] Starting to schedule for instances: ['b36f0c3d-77f0-47c4-bb28-2edad5aa1533'] {{(pid=95376) select_destinations /opt/stack/nova/nova/scheduler/manager.py:210}}
May 14 09:29:48.225261 np0000000765 nova-scheduler[95376]: DEBUG nova.scheduler.request_filter [None req-f0f6211a-a406-4d8e-b056-ecebeaa541ac tempest-ServersNegativeTestJSON-774054220 tempest-ServersNegativeTestJSON-774054220-project-member] compute_status_filter request filter added forbidden trait COMPUTE_STATUS_DISABLED {{(pid=95376) compute_status_filter /opt/stack/nova/nova/scheduler/request_filter.py:253}}
May 14 09:29:48.225424 np0000000765 nova-scheduler[95376]: DEBUG nova.scheduler.request_filter [None req-f0f6211a-a406-4d8e-b056-ecebeaa541ac tempest-ServersNegativeTestJSON-774054220 tempest-ServersNegativeTestJSON-774054220-project-member] Request filter 'compute_status_filter' took 0.0 seconds {{(pid=95376) wrapper /opt/stack/nova/nova/scheduler/request_filter.py:46}}
May 14 09:29:48.225696 np0000000765 nova-scheduler[95376]: DEBUG nova.scheduler.request_filter [None req-f0f6211a-a406-4d8e-b056-ecebeaa541ac tempest-ServersNegativeTestJSON-774054220 tempest-ServersNegativeTestJSON-774054220-project-member] Request filter 'accelerators_filter' took 0.0 seconds {{(pid=95376) wrapper /opt/stack/nova/nova/scheduler/request_filter.py:46}}
May 14 09:29:48.225931 np0000000765 nova-scheduler[95376]: DEBUG nova.scheduler.request_filter [None req-f0f6211a-a406-4d8e-b056-ecebeaa541ac tempest-ServersNegativeTestJSON-774054220 tempest-ServersNegativeTestJSON-774054220-project-member] Request filter 'packed_virtqueue_filter' took 0.0 seconds {{(pid=95376) wrapper /opt/stack/nova/nova/scheduler/request_filter.py:46}}
May 14 09:29:48.226250 np0000000765 nova-scheduler[95376]: DEBUG nova.scheduler.request_filter [None req-f0f6211a-a406-4d8e-b056-ecebeaa541ac tempest-ServersNegativeTestJSON-774054220 tempest-ServersNegativeTestJSON-774054220-project-member] Request filter 'remote_managed_ports_filter' took 0.0 seconds {{(pid=95376) wrapper /opt/stack/nova/nova/scheduler/request_filter.py:46}}
May 14 09:29:48.226424 np0000000765 nova-scheduler[95376]: DEBUG nova.scheduler.request_filter [None req-f0f6211a-a406-4d8e-b056-ecebeaa541ac tempest-ServersNegativeTestJSON-774054220 tempest-ServersNegativeTestJSON-774054220-project-member] ephemeral_encryption_filter skipped {{(pid=95376) ephemeral_encryption_filter /opt/stack/nova/nova/scheduler/request_filter.py:426}}
May 14 09:29:48.226607 np0000000765 nova-scheduler[95376]: DEBUG nova.scheduler.request_filter [None req-f0f6211a-a406-4d8e-b056-ecebeaa541ac tempest-ServersNegativeTestJSON-774054220 tempest-ServersNegativeTestJSON-774054220-project-member] virtio_sound_filter skipped {{(pid=95376) virtio_sound_filter /opt/stack/nova/nova/scheduler/request_filter.py:460}}
May 14 09:29:48.226770 np0000000765 nova-scheduler[95376]: DEBUG nova.scheduler.request_filter [None req-f0f6211a-a406-4d8e-b056-ecebeaa541ac tempest-ServersNegativeTestJSON-774054220 tempest-ServersNegativeTestJSON-774054220-project-member] tpm_secret_security_filter skipped {{(pid=95376) tpm_secret_security_filter /opt/stack/nova/nova/scheduler/request_filter.py:477}}
May 14 09:29:48.726923 np0000000765 nova-scheduler[95376]: INFO nova.utils [None req-f0f6211a-a406-4d8e-b056-ecebeaa541ac tempest-ServersNegativeTestJSON-774054220 tempest-ServersNegativeTestJSON-774054220-project-member] The cell worker thread pool ForkProcess-3.cell_worker is initialized
May 14 09:29:48.726923 np0000000765 nova-scheduler[95376]: DEBUG oslo_concurrency.lockutils [None req-f0f6211a-a406-4d8e-b056-ecebeaa541ac tempest-ServersNegativeTestJSON-774054220 tempest-ServersNegativeTestJSON-774054220-project-member] Acquiring lock "60c5cbec-78f6-4100-bef0-4d3a57a898b4" by "nova.context.set_target_cell..get_or_set_cached_cell_and_set_connections" {{(pid=95376) inner /opt/stack/data/venv/lib/python3.12/site-packages/oslo_concurrency/lockutils.py:506}}
May 14 09:29:48.726923 np0000000765 nova-scheduler[95376]: DEBUG oslo_concurrency.lockutils [None req-f0f6211a-a406-4d8e-b056-ecebeaa541ac tempest-ServersNegativeTestJSON-774054220 tempest-ServersNegativeTestJSON-774054220-project-member] Lock "60c5cbec-78f6-4100-bef0-4d3a57a898b4" acquired by "nova.context.set_target_cell..get_or_set_cached_cell_and_set_connections" :: waited 0.000s {{(pid=95376) inner /opt/stack/data/venv/lib/python3.12/site-packages/oslo_concurrency/lockutils.py:519}}
May 14 09:29:48.726923 np0000000765 nova-scheduler[95376]: DEBUG oslo_concurrency.lockutils [None req-f0f6211a-a406-4d8e-b056-ecebeaa541ac tempest-ServersNegativeTestJSON-774054220 tempest-ServersNegativeTestJSON-774054220-project-member] Lock "60c5cbec-78f6-4100-bef0-4d3a57a898b4" "released" by "nova.context.set_target_cell..get_or_set_cached_cell_and_set_connections" :: held 0.001s {{(pid=95376) inner /opt/stack/data/venv/lib/python3.12/site-packages/oslo_concurrency/lockutils.py:538}}
May 14 09:29:48.729640 np0000000765 nova-scheduler[95376]: INFO dbcounter [None req-f0f6211a-a406-4d8e-b056-ecebeaa541ac tempest-ServersNegativeTestJSON-774054220 tempest-ServersNegativeTestJSON-774054220-project-member] Registered counter for database nova_cell1
May 14 09:29:48.735731 np0000000765 nova-scheduler[95376]: DEBUG oslo_db.sqlalchemy.engines [None req-f0f6211a-a406-4d8e-b056-ecebeaa541ac tempest-ServersNegativeTestJSON-774054220 tempest-ServersNegativeTestJSON-774054220-project-member] MySQL server mode set to STRICT_TRANS_TABLES,STRICT_ALL_TABLES,NO_ZERO_IN_DATE,NO_ZERO_DATE,ERROR_FOR_DIVISION_BY_ZERO,TRADITIONAL,NO_ENGINE_SUBSTITUTION {{(pid=95376) _check_effective_sql_mode /opt/stack/data/venv/lib/python3.12/site-packages/oslo_db/sqlalchemy/engines.py:325}}
May 14 09:29:48.740724 np0000000765 nova-scheduler[95376]: DEBUG dbcounter [-] [95376] Writer thread running {{(pid=95376) stat_writer /opt/stack/data/venv/lib/python3.12/site-packages/dbcounter.py:102}}
May 14 09:29:48.750604 np0000000765 nova-scheduler[95376]: DEBUG oslo_db.sqlalchemy.engines [None req-f0f6211a-a406-4d8e-b056-ecebeaa541ac tempest-ServersNegativeTestJSON-774054220 tempest-ServersNegativeTestJSON-774054220-project-member] Parent process 94167 forked (95376) with an open database connection, which is being discarded and recreated. {{(pid=95376) checkout /opt/stack/data/venv/lib/python3.12/site-packages/oslo_db/sqlalchemy/engines.py:402}}
May 14 09:29:48.755772 np0000000765 nova-scheduler[95376]: DEBUG dbcounter [-] [95376] Writer thread running {{(pid=95376) stat_writer /opt/stack/data/venv/lib/python3.12/site-packages/dbcounter.py:102}}
May 14 09:29:48.758293 np0000000765 nova-scheduler[95376]: DEBUG oslo_concurrency.lockutils [None req-f0f6211a-a406-4d8e-b056-ecebeaa541ac tempest-ServersNegativeTestJSON-774054220 tempest-ServersNegativeTestJSON-774054220-project-member] Acquiring lock "60c5cbec-78f6-4100-bef0-4d3a57a898b4" by "nova.context.set_target_cell..get_or_set_cached_cell_and_set_connections" {{(pid=95376) inner /opt/stack/data/venv/lib/python3.12/site-packages/oslo_concurrency/lockutils.py:506}}
May 14 09:29:48.758514 np0000000765 nova-scheduler[95376]: DEBUG oslo_concurrency.lockutils [None req-f0f6211a-a406-4d8e-b056-ecebeaa541ac tempest-ServersNegativeTestJSON-774054220 tempest-ServersNegativeTestJSON-774054220-project-member] Lock "60c5cbec-78f6-4100-bef0-4d3a57a898b4" acquired by "nova.context.set_target_cell..get_or_set_cached_cell_and_set_connections" :: waited 0.000s {{(pid=95376) inner /opt/stack/data/venv/lib/python3.12/site-packages/oslo_concurrency/lockutils.py:519}}
May 14 09:29:48.758716 np0000000765 nova-scheduler[95376]: DEBUG oslo_concurrency.lockutils [None req-f0f6211a-a406-4d8e-b056-ecebeaa541ac tempest-ServersNegativeTestJSON-774054220 tempest-ServersNegativeTestJSON-774054220-project-member] Lock "60c5cbec-78f6-4100-bef0-4d3a57a898b4" "released" by "nova.context.set_target_cell..get_or_set_cached_cell_and_set_connections" :: held 0.000s {{(pid=95376) inner /opt/stack/data/venv/lib/python3.12/site-packages/oslo_concurrency/lockutils.py:538}}
May 14 09:29:48.762147 np0000000765 nova-scheduler[95376]: DEBUG oslo_concurrency.lockutils [None req-f0f6211a-a406-4d8e-b056-ecebeaa541ac tempest-ServersNegativeTestJSON-774054220 tempest-ServersNegativeTestJSON-774054220-project-member] Acquiring lock "('np0000000765', 'np0000000765')" by "nova.scheduler.host_manager.HostState.update.._locked_update" {{(pid=95376) inner /opt/stack/data/venv/lib/python3.12/site-packages/oslo_concurrency/lockutils.py:506}}
May 14 09:29:48.762473 np0000000765 nova-scheduler[95376]: DEBUG oslo_concurrency.lockutils [None req-f0f6211a-a406-4d8e-b056-ecebeaa541ac tempest-ServersNegativeTestJSON-774054220 tempest-ServersNegativeTestJSON-774054220-project-member] Lock "('np0000000765', 'np0000000765')" acquired by "nova.scheduler.host_manager.HostState.update.._locked_update" :: waited 0.000s {{(pid=95376) inner /opt/stack/data/venv/lib/python3.12/site-packages/oslo_concurrency/lockutils.py:519}}
May 14 09:29:48.763643 np0000000765 nova-scheduler[95376]: DEBUG nova.scheduler.host_manager [None req-f0f6211a-a406-4d8e-b056-ecebeaa541ac tempest-ServersNegativeTestJSON-774054220 tempest-ServersNegativeTestJSON-774054220-project-member] Update host state from compute node: ComputeNode(cpu_allocation_ratio=4.0,cpu_info='{"arch": "x86_64", "model": "EPYC-Milan", "vendor": "AMD", "topology": {"cells": 1, "sockets": 12, "cores": 1, "threads": 1}, "maxphysaddr": {"mode": "emulate", "bits": 40}, "features": ["flushbyasid", "ibrs", "pause-filter", "no-nested-data-bp", "cmov", "xsaves", "cx8", "f16c", "mtrr", "syscall", "gds-no", "sse4.2", "vme", "lahf_lm", "clflushopt", "nrip-save", "mca", "xsave", "rdtscp", "rdctl-no", "msr", "sha-ni", "misalignsse", "adx", "pse", "pku", "fxsr_opt", "cmp_legacy", "xsavec", "fsgsbase", "pschange-mc-no", "vmcb-clean", "cx16", "abm", "pdpe1gb", "amd-ssbd", "de", "mmx", "hypervisor", "svme-addr-chk", "spec-ctrl", "3dnowprefetch", "svm", "fma", "popcnt", "lm", "stibp-always-on", "clflush", "tsc-scale", "fxsr", "mmxext", "arat", "avx", "mce", "virt-ssbd", "clzero", "pse36", "xgetbv1", "pclmuldq", "sse4.1", "vpclmulqdq", "clwb", "pcid", "topoext", "mds-no", "pfthreshold", "ssbd", "sep", "lfence-always-serializing", "xsaveopt", "tsc_adjust", "erms", "sse2", "pni", "bmi2", "rdrand", "sse4a", "bmi1", "sse", "cr8legacy", "fpu", "smep", "x2apic", "amd-stibp", "null-sel-clr-base", "tsc-deadline", "rdpid", "avx2", "rdseed", "npt", "lbrv", "movbe", "pat", "ibpb", "osvw", "invpcid", "fsrm", "aes", "ssse3", "wbnoinvd", "skip-l1dfl-vmentry", "umip", "xsaveerptr", "perfctr_core", "vgif", "nx", "pge", "amd-psfd", "apic", "v-vmsave-vmload", "vaes", "pae", "stibp", "arch-capabilities", "tsc", "smap"]}',created_at=2026-05-14T09:27:34Z,current_workload=0,deleted=False,deleted_at=None,disk_allocation_ratio=1.0,disk_available_least=74,free_disk_gb=95,free_ram_mb=23518,host='np0000000765',host_ip=10.4.3.177,hypervisor_hostname='np0000000765',hypervisor_type='QEMU',hypervisor_version=8002002,id=1,local_gb=95,local_gb_used=0,mapped=1,memory_mb=24030,memory_mb_used=512,metrics='[]',numa_topology='{"nova_object.name": "NUMATopology", "nova_object.namespace": "nova", "nova_object.version": "1.2", "nova_object.data": {"cells": [{"nova_object.name": "NUMACell", "nova_object.namespace": "nova", "nova_object.version": "1.5", "nova_object.data": {"id": 0, "cpuset": [0, 1, 2, 3, 4, 5, 6, 7, 8, 9, 10, 11], "pcpuset": [0, 1, 2, 3, 4, 5, 6, 7, 8, 9, 10, 11], "memory": 24030, "cpu_usage": 0, "memory_usage": 0, "pinned_cpus": [], "siblings": [[6], [2], [5], [11], [8], [4], [1], [7], [10], [0], [3], [9]], "mempages": [{"nova_object.name": "NUMAPagesTopology", "nova_object.namespace": "nova", "nova_object.version": "1.1", "nova_object.data": {"size_kb": 4, "total": 6151797, "used": 0, "reserved": 0}, "nova_object.changes": ["total", "size_kb", "reserved", "used"]}, {"nova_object.name": "NUMAPagesTopology", "nova_object.namespace": "nova", "nova_object.version": "1.1", "nova_object.data": {"size_kb": 2048, "total": 0, "used": 0, "reserved": 0}, "nova_object.changes": ["total", "size_kb", "reserved", "used"]}, {"nova_object.name": "NUMAPagesTopology", "nova_object.namespace": "nova", "nova_object.version": "1.1", "nova_object.data": {"size_kb": 1048576, "total": 0, "used": 0, "reserved": 0}, "nova_object.changes": ["total", "size_kb", "reserved", "used"]}], "network_metadata": {"nova_object.name": "NetworkMetadata", "nova_object.namespace": "nova", "nova_object.version": "1.0", "nova_object.data": {"physnets": [], "tunneled": false}, "nova_object.changes": ["physnets", "tunneled"]}, "socket": null}, "nova_object.changes": ["pcpuset", "socket", "id", "cpuset", "siblings", "cpu_usage", "memory", "mempages", "pinned_cpus", "memory_usage", "network_metadata"]}]}, "nova_object.changes": ["cells"]}',pci_device_pools=PciDevicePoolList,ram_allocation_ratio=1.0,running_vms=0,service_id=2,stats={failed_builds='0',uptime=' 09:29:20 up 24 min, 2 users, load average: 1.10, 1.19, 0.71
May 14 09:29:48.763643 np0000000765 nova-scheduler[95376]: '},supported_hv_specs=[HVSpec,HVSpec,HVSpec,HVSpec,HVSpec,HVSpec,HVSpec,HVSpec,HVSpec,HVSpec,HVSpec,HVSpec,HVSpec,HVSpec,HVSpec,HVSpec,HVSpec,HVSpec,HVSpec,HVSpec,HVSpec,HVSpec,HVSpec,HVSpec,HVSpec],updated_at=2026-05-14T09:29:22Z,uuid=dfc8d517-f70a-44ca-aeba-ed8c7866aca3,vcpus=12,vcpus_used=0) {{(pid=95376) _locked_update /opt/stack/nova/nova/scheduler/host_manager.py:168}}
May 14 09:29:48.764720 np0000000765 nova-scheduler[95376]: DEBUG nova.scheduler.host_manager [None req-f0f6211a-a406-4d8e-b056-ecebeaa541ac tempest-ServersNegativeTestJSON-774054220 tempest-ServersNegativeTestJSON-774054220-project-member] Update host state with aggregates: [] {{(pid=95376) _locked_update /opt/stack/nova/nova/scheduler/host_manager.py:171}}
May 14 09:29:48.764949 np0000000765 nova-scheduler[95376]: DEBUG nova.scheduler.host_manager [None req-f0f6211a-a406-4d8e-b056-ecebeaa541ac tempest-ServersNegativeTestJSON-774054220 tempest-ServersNegativeTestJSON-774054220-project-member] Update host state with service dict: {'id': 2, 'uuid': '1b0624fc-92e8-42d6-8b3f-971700c6ffb5', 'host': 'np0000000765', 'binary': 'nova-compute', 'topic': 'compute', 'report_count': 2, 'disabled': False, 'disabled_reason': None, 'last_seen_up': datetime.datetime(2026, 5, 14, 9, 29, 43, tzinfo=datetime.timezone.utc), 'forced_down': False, 'version': 72, 'created_at': datetime.datetime(2026, 5, 14, 9, 27, 32, tzinfo=datetime.timezone.utc), 'updated_at': datetime.datetime(2026, 5, 14, 9, 29, 43, tzinfo=datetime.timezone.utc), 'deleted_at': None, 'deleted': False} {{(pid=95376) _locked_update /opt/stack/nova/nova/scheduler/host_manager.py:174}}
May 14 09:29:48.765190 np0000000765 nova-scheduler[95376]: DEBUG nova.scheduler.host_manager [None req-f0f6211a-a406-4d8e-b056-ecebeaa541ac tempest-ServersNegativeTestJSON-774054220 tempest-ServersNegativeTestJSON-774054220-project-member] Update host state with instances: [] {{(pid=95376) _locked_update /opt/stack/nova/nova/scheduler/host_manager.py:177}}
May 14 09:29:48.765394 np0000000765 nova-scheduler[95376]: DEBUG oslo_concurrency.lockutils [None req-f0f6211a-a406-4d8e-b056-ecebeaa541ac tempest-ServersNegativeTestJSON-774054220 tempest-ServersNegativeTestJSON-774054220-project-member] Lock "('np0000000765', 'np0000000765')" "released" by "nova.scheduler.host_manager.HostState.update.._locked_update" :: held 0.003s {{(pid=95376) inner /opt/stack/data/venv/lib/python3.12/site-packages/oslo_concurrency/lockutils.py:538}}
May 14 09:29:48.765979 np0000000765 nova-scheduler[95376]: DEBUG nova.filters [None req-f0f6211a-a406-4d8e-b056-ecebeaa541ac tempest-ServersNegativeTestJSON-774054220 tempest-ServersNegativeTestJSON-774054220-project-member] Starting with 1 host(s) {{(pid=95376) get_filtered_objects /opt/stack/nova/nova/filters.py:70}}
May 14 09:29:48.766298 np0000000765 nova-scheduler[95376]: DEBUG nova.filters [None req-f0f6211a-a406-4d8e-b056-ecebeaa541ac tempest-ServersNegativeTestJSON-774054220 tempest-ServersNegativeTestJSON-774054220-project-member] Filter ComputeFilter returned 1 host(s) {{(pid=95376) get_filtered_objects /opt/stack/nova/nova/filters.py:102}}
May 14 09:29:48.766583 np0000000765 nova-scheduler[95376]: DEBUG nova.filters [None req-f0f6211a-a406-4d8e-b056-ecebeaa541ac tempest-ServersNegativeTestJSON-774054220 tempest-ServersNegativeTestJSON-774054220-project-member] Filter ComputeCapabilitiesFilter returned 1 host(s) {{(pid=95376) get_filtered_objects /opt/stack/nova/nova/filters.py:102}}
May 14 09:29:48.766934 np0000000765 nova-scheduler[95376]: DEBUG nova.filters [None req-f0f6211a-a406-4d8e-b056-ecebeaa541ac tempest-ServersNegativeTestJSON-774054220 tempest-ServersNegativeTestJSON-774054220-project-member] Filter ImagePropertiesFilter returned 1 host(s) {{(pid=95376) get_filtered_objects /opt/stack/nova/nova/filters.py:102}}
May 14 09:29:48.767172 np0000000765 nova-scheduler[95376]: DEBUG nova.filters [None req-f0f6211a-a406-4d8e-b056-ecebeaa541ac tempest-ServersNegativeTestJSON-774054220 tempest-ServersNegativeTestJSON-774054220-project-member] Filter ServerGroupAntiAffinityFilter returned 1 host(s) {{(pid=95376) get_filtered_objects /opt/stack/nova/nova/filters.py:102}}
May 14 09:29:48.767383 np0000000765 nova-scheduler[95376]: DEBUG nova.filters [None req-f0f6211a-a406-4d8e-b056-ecebeaa541ac tempest-ServersNegativeTestJSON-774054220 tempest-ServersNegativeTestJSON-774054220-project-member] Filter ServerGroupAffinityFilter returned 1 host(s) {{(pid=95376) get_filtered_objects /opt/stack/nova/nova/filters.py:102}}
May 14 09:29:48.767623 np0000000765 nova-scheduler[95376]: DEBUG nova.filters [None req-f0f6211a-a406-4d8e-b056-ecebeaa541ac tempest-ServersNegativeTestJSON-774054220 tempest-ServersNegativeTestJSON-774054220-project-member] Filter SameHostFilter returned 1 host(s) {{(pid=95376) get_filtered_objects /opt/stack/nova/nova/filters.py:102}}
May 14 09:29:48.767860 np0000000765 nova-scheduler[95376]: DEBUG nova.filters [None req-f0f6211a-a406-4d8e-b056-ecebeaa541ac tempest-ServersNegativeTestJSON-774054220 tempest-ServersNegativeTestJSON-774054220-project-member] Filter DifferentHostFilter returned 1 host(s) {{(pid=95376) get_filtered_objects /opt/stack/nova/nova/filters.py:102}}
May 14 09:29:48.768268 np0000000765 nova-scheduler[95376]: DEBUG nova.scheduler.manager [None req-f0f6211a-a406-4d8e-b056-ecebeaa541ac tempest-ServersNegativeTestJSON-774054220 tempest-ServersNegativeTestJSON-774054220-project-member] Filtered [(np0000000765, np0000000765) ram: 23518MB disk: 75776MB io_ops: 0 instances: 0, allocation_candidates: 1] {{(pid=95376) _get_sorted_hosts /opt/stack/nova/nova/scheduler/manager.py:743}}
May 14 09:29:48.768558 np0000000765 nova-scheduler[95376]: DEBUG nova.scheduler.manager [None req-f0f6211a-a406-4d8e-b056-ecebeaa541ac tempest-ServersNegativeTestJSON-774054220 tempest-ServersNegativeTestJSON-774054220-project-member] Weighed [WeighedHost [host: (np0000000765, np0000000765) ram: 23518MB disk: 75776MB io_ops: 0 instances: 0, allocation_candidates: 1, weight: 0.0]] {{(pid=95376) _get_sorted_hosts /opt/stack/nova/nova/scheduler/manager.py:765}}
May 14 09:29:48.768830 np0000000765 nova-scheduler[95376]: DEBUG nova.scheduler.utils [None req-f0f6211a-a406-4d8e-b056-ecebeaa541ac tempest-ServersNegativeTestJSON-774054220 tempest-ServersNegativeTestJSON-774054220-project-member] Attempting to claim resources in the placement API for instance b36f0c3d-77f0-47c4-bb28-2edad5aa1533 {{(pid=95376) claim_resources /opt/stack/nova/nova/scheduler/utils.py:1304}}
May 14 09:29:48.941073 np0000000765 nova-scheduler[95376]: DEBUG nova.scheduler.manager [None req-f0f6211a-a406-4d8e-b056-ecebeaa541ac tempest-ServersNegativeTestJSON-774054220 tempest-ServersNegativeTestJSON-774054220-project-member] [instance: b36f0c3d-77f0-47c4-bb28-2edad5aa1533] Selected host: (np0000000765, np0000000765) ram: 23518MB disk: 75776MB io_ops: 0 instances: 0, allocation_candidates: 1 {{(pid=95376) _consume_selected_host /opt/stack/nova/nova/scheduler/manager.py:625}}
May 14 09:29:48.942460 np0000000765 nova-scheduler[95376]: DEBUG oslo_concurrency.lockutils [None req-f0f6211a-a406-4d8e-b056-ecebeaa541ac tempest-ServersNegativeTestJSON-774054220 tempest-ServersNegativeTestJSON-774054220-project-member] Acquiring lock "('np0000000765', 'np0000000765')" by "nova.scheduler.host_manager.HostState.consume_from_request.._locked" {{(pid=95376) inner /opt/stack/data/venv/lib/python3.12/site-packages/oslo_concurrency/lockutils.py:506}}
May 14 09:29:48.942637 np0000000765 nova-scheduler[95376]: DEBUG oslo_concurrency.lockutils [None req-f0f6211a-a406-4d8e-b056-ecebeaa541ac tempest-ServersNegativeTestJSON-774054220 tempest-ServersNegativeTestJSON-774054220-project-member] Lock "('np0000000765', 'np0000000765')" acquired by "nova.scheduler.host_manager.HostState.consume_from_request.._locked" :: waited 0.001s {{(pid=95376) inner /opt/stack/data/venv/lib/python3.12/site-packages/oslo_concurrency/lockutils.py:519}}
May 14 09:29:48.942888 np0000000765 nova-scheduler[95376]: DEBUG oslo_concurrency.lockutils [None req-f0f6211a-a406-4d8e-b056-ecebeaa541ac tempest-ServersNegativeTestJSON-774054220 tempest-ServersNegativeTestJSON-774054220-project-member] Lock "('np0000000765', 'np0000000765')" "released" by "nova.scheduler.host_manager.HostState.consume_from_request.._locked" :: held 0.000s {{(pid=95376) inner /opt/stack/data/venv/lib/python3.12/site-packages/oslo_concurrency/lockutils.py:538}}
May 14 09:29:49.930110 np0000000765 nova-scheduler[95372]: DEBUG nova.scheduler.manager [None req-f37531ab-686d-4a6b-8a1b-f7f64f4b5559 tempest-AttachVolumeNegativeTest-1133076317 tempest-AttachVolumeNegativeTest-1133076317-project-member] Starting to schedule for instances: ['f0071d70-7aed-48e4-af72-76f8c5e17830'] {{(pid=95372) select_destinations /opt/stack/nova/nova/scheduler/manager.py:210}}
May 14 09:29:49.930110 np0000000765 nova-scheduler[95372]: DEBUG nova.scheduler.request_filter [None req-f37531ab-686d-4a6b-8a1b-f7f64f4b5559 tempest-AttachVolumeNegativeTest-1133076317 tempest-AttachVolumeNegativeTest-1133076317-project-member] compute_status_filter request filter added forbidden trait COMPUTE_STATUS_DISABLED {{(pid=95372) compute_status_filter /opt/stack/nova/nova/scheduler/request_filter.py:253}}
May 14 09:29:49.930110 np0000000765 nova-scheduler[95372]: DEBUG nova.scheduler.request_filter [None req-f37531ab-686d-4a6b-8a1b-f7f64f4b5559 tempest-AttachVolumeNegativeTest-1133076317 tempest-AttachVolumeNegativeTest-1133076317-project-member] Request filter 'compute_status_filter' took 0.0 seconds {{(pid=95372) wrapper /opt/stack/nova/nova/scheduler/request_filter.py:46}}
May 14 09:29:49.930110 np0000000765 nova-scheduler[95372]: DEBUG nova.scheduler.request_filter [None req-f37531ab-686d-4a6b-8a1b-f7f64f4b5559 tempest-AttachVolumeNegativeTest-1133076317 tempest-AttachVolumeNegativeTest-1133076317-project-member] Request filter 'accelerators_filter' took 0.0 seconds {{(pid=95372) wrapper /opt/stack/nova/nova/scheduler/request_filter.py:46}}
May 14 09:29:49.930110 np0000000765 nova-scheduler[95372]: DEBUG nova.scheduler.request_filter [None req-f37531ab-686d-4a6b-8a1b-f7f64f4b5559 tempest-AttachVolumeNegativeTest-1133076317 tempest-AttachVolumeNegativeTest-1133076317-project-member] Request filter 'packed_virtqueue_filter' took 0.0 seconds {{(pid=95372) wrapper /opt/stack/nova/nova/scheduler/request_filter.py:46}}
May 14 09:29:49.930110 np0000000765 nova-scheduler[95372]: DEBUG nova.scheduler.request_filter [None req-f37531ab-686d-4a6b-8a1b-f7f64f4b5559 tempest-AttachVolumeNegativeTest-1133076317 tempest-AttachVolumeNegativeTest-1133076317-project-member] Request filter 'remote_managed_ports_filter' took 0.0 seconds {{(pid=95372) wrapper /opt/stack/nova/nova/scheduler/request_filter.py:46}}
May 14 09:29:49.930110 np0000000765 nova-scheduler[95372]: DEBUG nova.scheduler.request_filter [None req-f37531ab-686d-4a6b-8a1b-f7f64f4b5559 tempest-AttachVolumeNegativeTest-1133076317 tempest-AttachVolumeNegativeTest-1133076317-project-member] ephemeral_encryption_filter skipped {{(pid=95372) ephemeral_encryption_filter /opt/stack/nova/nova/scheduler/request_filter.py:426}}
May 14 09:29:49.930813 np0000000765 nova-scheduler[95372]: DEBUG nova.scheduler.request_filter [None req-f37531ab-686d-4a6b-8a1b-f7f64f4b5559 tempest-AttachVolumeNegativeTest-1133076317 tempest-AttachVolumeNegativeTest-1133076317-project-member] virtio_sound_filter skipped {{(pid=95372) virtio_sound_filter /opt/stack/nova/nova/scheduler/request_filter.py:460}}
May 14 09:29:49.931338 np0000000765 nova-scheduler[95372]: DEBUG nova.scheduler.request_filter [None req-f37531ab-686d-4a6b-8a1b-f7f64f4b5559 tempest-AttachVolumeNegativeTest-1133076317 tempest-AttachVolumeNegativeTest-1133076317-project-member] tpm_secret_security_filter skipped {{(pid=95372) tpm_secret_security_filter /opt/stack/nova/nova/scheduler/request_filter.py:477}}
May 14 09:29:50.037148 np0000000765 nova-scheduler[95372]: INFO nova.utils [None req-f37531ab-686d-4a6b-8a1b-f7f64f4b5559 tempest-AttachVolumeNegativeTest-1133076317 tempest-AttachVolumeNegativeTest-1133076317-project-member] The cell worker thread pool ForkProcess-1.cell_worker is initialized
May 14 09:29:50.037480 np0000000765 nova-scheduler[95372]: DEBUG oslo_concurrency.lockutils [None req-f37531ab-686d-4a6b-8a1b-f7f64f4b5559 tempest-AttachVolumeNegativeTest-1133076317 tempest-AttachVolumeNegativeTest-1133076317-project-member] Acquiring lock "60c5cbec-78f6-4100-bef0-4d3a57a898b4" by "nova.context.set_target_cell..get_or_set_cached_cell_and_set_connections" {{(pid=95372) inner /opt/stack/data/venv/lib/python3.12/site-packages/oslo_concurrency/lockutils.py:506}}
May 14 09:29:50.037679 np0000000765 nova-scheduler[95372]: DEBUG oslo_concurrency.lockutils [None req-f37531ab-686d-4a6b-8a1b-f7f64f4b5559 tempest-AttachVolumeNegativeTest-1133076317 tempest-AttachVolumeNegativeTest-1133076317-project-member] Lock "60c5cbec-78f6-4100-bef0-4d3a57a898b4" acquired by "nova.context.set_target_cell..get_or_set_cached_cell_and_set_connections" :: waited 0.000s {{(pid=95372) inner /opt/stack/data/venv/lib/python3.12/site-packages/oslo_concurrency/lockutils.py:519}}
May 14 09:29:50.039368 np0000000765 nova-scheduler[95372]: DEBUG oslo_concurrency.lockutils [None req-f37531ab-686d-4a6b-8a1b-f7f64f4b5559 tempest-AttachVolumeNegativeTest-1133076317 tempest-AttachVolumeNegativeTest-1133076317-project-member] Lock "60c5cbec-78f6-4100-bef0-4d3a57a898b4" "released" by "nova.context.set_target_cell..get_or_set_cached_cell_and_set_connections" :: held 0.001s {{(pid=95372) inner /opt/stack/data/venv/lib/python3.12/site-packages/oslo_concurrency/lockutils.py:538}}
May 14 09:29:50.040638 np0000000765 nova-scheduler[95372]: INFO dbcounter [None req-f37531ab-686d-4a6b-8a1b-f7f64f4b5559 tempest-AttachVolumeNegativeTest-1133076317 tempest-AttachVolumeNegativeTest-1133076317-project-member] Registered counter for database nova_cell1
May 14 09:29:50.049098 np0000000765 nova-scheduler[95372]: DEBUG oslo_db.sqlalchemy.engines [None req-f37531ab-686d-4a6b-8a1b-f7f64f4b5559 tempest-AttachVolumeNegativeTest-1133076317 tempest-AttachVolumeNegativeTest-1133076317-project-member] MySQL server mode set to STRICT_TRANS_TABLES,STRICT_ALL_TABLES,NO_ZERO_IN_DATE,NO_ZERO_DATE,ERROR_FOR_DIVISION_BY_ZERO,TRADITIONAL,NO_ENGINE_SUBSTITUTION {{(pid=95372) _check_effective_sql_mode /opt/stack/data/venv/lib/python3.12/site-packages/oslo_db/sqlalchemy/engines.py:325}}
May 14 09:29:50.056144 np0000000765 nova-scheduler[95372]: DEBUG dbcounter [-] [95372] Writer thread running {{(pid=95372) stat_writer /opt/stack/data/venv/lib/python3.12/site-packages/dbcounter.py:102}}
May 14 09:29:50.073140 np0000000765 nova-scheduler[95372]: DEBUG dbcounter [-] [95372] Writer thread running {{(pid=95372) stat_writer /opt/stack/data/venv/lib/python3.12/site-packages/dbcounter.py:102}}
May 14 09:29:50.075726 np0000000765 nova-scheduler[95372]: DEBUG oslo_concurrency.lockutils [None req-f37531ab-686d-4a6b-8a1b-f7f64f4b5559 tempest-AttachVolumeNegativeTest-1133076317 tempest-AttachVolumeNegativeTest-1133076317-project-member] Acquiring lock "60c5cbec-78f6-4100-bef0-4d3a57a898b4" by "nova.context.set_target_cell..get_or_set_cached_cell_and_set_connections" {{(pid=95372) inner /opt/stack/data/venv/lib/python3.12/site-packages/oslo_concurrency/lockutils.py:506}}
May 14 09:29:50.075962 np0000000765 nova-scheduler[95372]: DEBUG oslo_concurrency.lockutils [None req-f37531ab-686d-4a6b-8a1b-f7f64f4b5559 tempest-AttachVolumeNegativeTest-1133076317 tempest-AttachVolumeNegativeTest-1133076317-project-member] Lock "60c5cbec-78f6-4100-bef0-4d3a57a898b4" acquired by "nova.context.set_target_cell..get_or_set_cached_cell_and_set_connections" :: waited 0.000s {{(pid=95372) inner /opt/stack/data/venv/lib/python3.12/site-packages/oslo_concurrency/lockutils.py:519}}
May 14 09:29:50.076170 np0000000765 nova-scheduler[95372]: DEBUG oslo_concurrency.lockutils [None req-f37531ab-686d-4a6b-8a1b-f7f64f4b5559 tempest-AttachVolumeNegativeTest-1133076317 tempest-AttachVolumeNegativeTest-1133076317-project-member] Lock "60c5cbec-78f6-4100-bef0-4d3a57a898b4" "released" by "nova.context.set_target_cell..get_or_set_cached_cell_and_set_connections" :: held 0.000s {{(pid=95372) inner /opt/stack/data/venv/lib/python3.12/site-packages/oslo_concurrency/lockutils.py:538}}
May 14 09:29:50.078794 np0000000765 nova-scheduler[95372]: DEBUG oslo_concurrency.lockutils [None req-f37531ab-686d-4a6b-8a1b-f7f64f4b5559 tempest-AttachVolumeNegativeTest-1133076317 tempest-AttachVolumeNegativeTest-1133076317-project-member] Acquiring lock "('np0000000765', 'np0000000765')" by "nova.scheduler.host_manager.HostState.update.._locked_update" {{(pid=95372) inner /opt/stack/data/venv/lib/python3.12/site-packages/oslo_concurrency/lockutils.py:506}}
May 14 09:29:50.079043 np0000000765 nova-scheduler[95372]: DEBUG oslo_concurrency.lockutils [None req-f37531ab-686d-4a6b-8a1b-f7f64f4b5559 tempest-AttachVolumeNegativeTest-1133076317 tempest-AttachVolumeNegativeTest-1133076317-project-member] Lock "('np0000000765', 'np0000000765')" acquired by "nova.scheduler.host_manager.HostState.update.._locked_update" :: waited 0.000s {{(pid=95372) inner /opt/stack/data/venv/lib/python3.12/site-packages/oslo_concurrency/lockutils.py:519}}
