May 14 09:26:46.182649 np0000000765 devstack@neutron-api.service[89691]: DEBUG neutron_lib.callbacks.manager [None req-8a31d2c8-85b0-48bb-b397-550b634a2d5c None None] Subscribe: > address_group after_delete 55550000, False {{(pid=89691) subscribe /opt/stack/data/venv/lib/python3.12/site-packages/neutron_lib/callbacks/manager.py:52}}
May 14 09:26:46.182791 np0000000765 devstack@neutron-api.service[89691]: DEBUG neutron.plugins.ml2.ovo_rpc [None req-8a31d2c8-85b0-48bb-b397-550b634a2d5c None None] ML2 OVO RPC backend initialized. {{(pid=89691) __init__ /opt/stack/neutron/neutron/plugins/ml2/ovo_rpc.py:117}}
May 14 09:26:46.183827 np0000000765 devstack@neutron-api.service[89691]: INFO neutron.quota [None req-8a31d2c8-85b0-48bb-b397-550b634a2d5c None None] Loaded quota_driver: .
May 14 09:26:46.184084 np0000000765 devstack@neutron-api.service[89691]: INFO neutron.plugins.ml2.plugin [None req-8a31d2c8-85b0-48bb-b397-550b634a2d5c None None] Modular L2 Plugin initialization complete
May 14 09:26:46.184259 np0000000765 devstack@neutron-api.service[89691]: DEBUG neutron.manager [None req-8a31d2c8-85b0-48bb-b397-550b634a2d5c None None] Loading services supported by the core plugin {{(pid=89691) _load_services_from_core_plugin /opt/stack/neutron/neutron/manager.py:170}}
May 14 09:26:46.184353 np0000000765 devstack@neutron-api.service[89691]: INFO neutron.plugins.ml2.managers [None req-8a31d2c8-85b0-48bb-b397-550b634a2d5c None None] Got port-security extension from driver 'port_security'
May 14 09:26:46.184624 np0000000765 devstack@neutron-api.service[89691]: DEBUG neutron.manager [None req-8a31d2c8-85b0-48bb-b397-550b634a2d5c None None] Loading service plugins: ['ovn-router', 'auto_allocate', 'tag', 'timestamp', 'network_ip_availability', 'flavors', 'revisions'] {{(pid=89691) _load_service_plugins /opt/stack/neutron/neutron/manager.py:195}}
May 14 09:26:46.184710 np0000000765 devstack@neutron-api.service[89691]: INFO neutron.manager [None req-8a31d2c8-85b0-48bb-b397-550b634a2d5c None None] Loading Plugin: ovn-router
May 14 09:26:46.195390 np0000000765 devstack@neutron-api.service[89691]: DEBUG neutron_lib.callbacks.manager [None req-8a31d2c8-85b0-48bb-b397-550b634a2d5c None None] Subscribe: > router before_delete 55550000, False {{(pid=89691) subscribe /opt/stack/data/venv/lib/python3.12/site-packages/neutron_lib/callbacks/manager.py:52}}
May 14 09:26:46.195586 np0000000765 devstack@neutron-api.service[89691]: DEBUG neutron_lib.callbacks.manager [None req-8a31d2c8-85b0-48bb-b397-550b634a2d5c None None] Subscribe: port before_update 55550000, False {{(pid=89691) subscribe /opt/stack/data/venv/lib/python3.12/site-packages/neutron_lib/callbacks/manager.py:52}}
May 14 09:26:46.195767 np0000000765 devstack@neutron-api.service[89691]: DEBUG neutron_lib.callbacks.manager [None req-8a31d2c8-85b0-48bb-b397-550b634a2d5c None None] Subscribe: port after_update 55550000, False {{(pid=89691) subscribe /opt/stack/data/venv/lib/python3.12/site-packages/neutron_lib/callbacks/manager.py:52}}
May 14 09:26:46.195858 np0000000765 devstack@neutron-api.service[89691]: DEBUG neutron_lib.callbacks.manager [None req-8a31d2c8-85b0-48bb-b397-550b634a2d5c None None] Subscribe: > port precommit_delete 55550000, False {{(pid=89691) subscribe /opt/stack/data/venv/lib/python3.12/site-packages/neutron_lib/callbacks/manager.py:52}}
May 14 09:26:46.195976 np0000000765 devstack@neutron-api.service[89691]: DEBUG neutron_lib.callbacks.manager [None req-8a31d2c8-85b0-48bb-b397-550b634a2d5c None None] Subscribe: port before_update 55550000, False {{(pid=89691) subscribe /opt/stack/data/venv/lib/python3.12/site-packages/neutron_lib/callbacks/manager.py:52}}
May 14 09:26:46.196118 np0000000765 devstack@neutron-api.service[89691]: DEBUG neutron_lib.callbacks.manager [None req-8a31d2c8-85b0-48bb-b397-550b634a2d5c None None] Subscribe: port before_delete 55550000, False {{(pid=89691) subscribe /opt/stack/data/venv/lib/python3.12/site-packages/neutron_lib/callbacks/manager.py:52}}
May 14 09:26:46.196225 np0000000765 devstack@neutron-api.service[89691]: DEBUG neutron_lib.callbacks.manager [None req-8a31d2c8-85b0-48bb-b397-550b634a2d5c None None] Subscribe: > router precommit_create 55550000, False {{(pid=89691) subscribe /opt/stack/data/venv/lib/python3.12/site-packages/neutron_lib/callbacks/manager.py:52}}
May 14 09:26:46.196317 np0000000765 devstack@neutron-api.service[89691]: DEBUG neutron_lib.callbacks.manager [None req-8a31d2c8-85b0-48bb-b397-550b634a2d5c None None] Subscribe: > router precommit_create 55550000, False {{(pid=89691) subscribe /opt/stack/data/venv/lib/python3.12/site-packages/neutron_lib/callbacks/manager.py:52}}
May 14 09:26:46.196405 np0000000765 devstack@neutron-api.service[89691]: DEBUG neutron_lib.callbacks.manager [None req-8a31d2c8-85b0-48bb-b397-550b634a2d5c None None] Subscribe: > router precommit_update 55550000, False {{(pid=89691) subscribe /opt/stack/data/venv/lib/python3.12/site-packages/neutron_lib/callbacks/manager.py:52}}
May 14 09:26:46.196519 np0000000765 devstack@neutron-api.service[89691]: DEBUG neutron_lib.callbacks.manager [None req-8a31d2c8-85b0-48bb-b397-550b634a2d5c None None] Subscribe: subnet after_update 55550000, False {{(pid=89691) subscribe /opt/stack/data/venv/lib/python3.12/site-packages/neutron_lib/callbacks/manager.py:52}}
May 14 09:26:46.196751 np0000000765 devstack@neutron-api.service[89691]: DEBUG neutron.quota.resource_registry [None req-8a31d2c8-85b0-48bb-b397-550b634a2d5c None None] Tracking information for resource: router configured {{(pid=89691) set_tracked_resource /opt/stack/neutron/neutron/quota/resource_registry.py:203}}
May 14 09:26:46.196861 np0000000765 devstack@neutron-api.service[89691]: DEBUG neutron.quota.resource_registry [None req-8a31d2c8-85b0-48bb-b397-550b634a2d5c None None] Tracking information for resource: floatingip configured {{(pid=89691) set_tracked_resource /opt/stack/neutron/neutron/quota/resource_registry.py:203}}
May 14 09:26:46.196967 np0000000765 devstack@neutron-api.service[89691]: INFO neutron.services.ovn_l3.plugin [None req-8a31d2c8-85b0-48bb-b397-550b634a2d5c None None] Starting OVNL3RouterPlugin
May 14 09:26:46.197232 np0000000765 devstack@neutron-api.service[89691]: DEBUG neutron_lib.callbacks.manager [None req-8a31d2c8-85b0-48bb-b397-550b634a2d5c None None] Subscribe: > port_forwarding_plugin after_init 55550000, False {{(pid=89691) subscribe /opt/stack/data/venv/lib/python3.12/site-packages/neutron_lib/callbacks/manager.py:52}}
May 14 09:26:46.197434 np0000000765 devstack@neutron-api.service[89691]: DEBUG neutron_lib.callbacks.manager [None req-8a31d2c8-85b0-48bb-b397-550b634a2d5c None None] Subscribe: > router before_create 55550100, False {{(pid=89691) subscribe /opt/stack/data/venv/lib/python3.12/site-packages/neutron_lib/callbacks/manager.py:52}}
May 14 09:26:46.197553 np0000000765 devstack@neutron-api.service[89691]: DEBUG neutron_lib.callbacks.manager [None req-8a31d2c8-85b0-48bb-b397-550b634a2d5c None None] Subscribe: > router precommit_delete 55550100, False {{(pid=89691) subscribe /opt/stack/data/venv/lib/python3.12/site-packages/neutron_lib/callbacks/manager.py:52}}
May 14 09:26:46.197680 np0000000765 devstack@neutron-api.service[89691]: DEBUG neutron_lib.callbacks.manager [None req-8a31d2c8-85b0-48bb-b397-550b634a2d5c None None] Subscribe: > router precommit_create 55550100, False {{(pid=89691) subscribe /opt/stack/data/venv/lib/python3.12/site-packages/neutron_lib/callbacks/manager.py:52}}
May 14 09:26:46.197790 np0000000765 devstack@neutron-api.service[89691]: DEBUG neutron_lib.callbacks.manager [None req-8a31d2c8-85b0-48bb-b397-550b634a2d5c None None] Subscribe: > router precommit_update 55550100, False {{(pid=89691) subscribe /opt/stack/data/venv/lib/python3.12/site-packages/neutron_lib/callbacks/manager.py:52}}
May 14 09:26:46.201867 np0000000765 devstack@neutron-api.service[89691]: DEBUG neutron.services.provider_configuration [None req-8a31d2c8-85b0-48bb-b397-550b634a2d5c None None] Service providers = [] {{(pid=89691) parse_service_provider_opt /opt/stack/neutron/neutron/services/provider_configuration.py:170}}
May 14 09:26:46.201867 np0000000765 devstack@neutron-api.service[89691]: DEBUG neutron.db.servicetype_db [None req-8a31d2c8-85b0-48bb-b397-550b634a2d5c None None] Adding provider configuration for service L3_ROUTER_NAT {{(pid=89691) add_provider_configuration /opt/stack/neutron/neutron/db/servicetype_db.py:45}}
May 14 09:26:46.203248 np0000000765 devstack@neutron-api.service[89691]: DEBUG neutron_lib.callbacks.manager [None req-8a31d2c8-85b0-48bb-b397-550b634a2d5c None None] Subscribe: > router precommit_create 55549900, False {{(pid=89691) subscribe /opt/stack/data/venv/lib/python3.12/site-packages/neutron_lib/callbacks/manager.py:52}}
May 14 09:26:46.203417 np0000000765 devstack@neutron-api.service[89691]: DEBUG neutron_lib.callbacks.manager [None req-8a31d2c8-85b0-48bb-b397-550b634a2d5c None None] Subscribe: > router_interface after_create 55550000, False {{(pid=89691) subscribe /opt/stack/data/venv/lib/python3.12/site-packages/neutron_lib/callbacks/manager.py:52}}
May 14 09:26:46.203542 np0000000765 devstack@neutron-api.service[89691]: DEBUG neutron_lib.callbacks.manager [None req-8a31d2c8-85b0-48bb-b397-550b634a2d5c None None] Subscribe: > floatingip after_create 55550000, False {{(pid=89691) subscribe /opt/stack/data/venv/lib/python3.12/site-packages/neutron_lib/callbacks/manager.py:52}}
May 14 09:26:46.203683 np0000000765 devstack@neutron-api.service[89691]: DEBUG neutron_lib.callbacks.manager [None req-8a31d2c8-85b0-48bb-b397-550b634a2d5c None None] Subscribe: > floatingip precommit_create 55550000, False {{(pid=89691) subscribe /opt/stack/data/venv/lib/python3.12/site-packages/neutron_lib/callbacks/manager.py:52}}
May 14 09:26:46.203728 np0000000765 devstack@neutron-api.service[89691]: DEBUG neutron_lib.callbacks.manager [None req-8a31d2c8-85b0-48bb-b397-550b634a2d5c None None] Subscribe: > floatingip precommit_update 55550000, False {{(pid=89691) subscribe /opt/stack/data/venv/lib/python3.12/site-packages/neutron_lib/callbacks/manager.py:52}}
May 14 09:26:46.203953 np0000000765 devstack@neutron-api.service[89691]: DEBUG neutron_lib.callbacks.manager [None req-8a31d2c8-85b0-48bb-b397-550b634a2d5c None None] Subscribe: > floatingip after_delete 55550000, False {{(pid=89691) subscribe /opt/stack/data/venv/lib/python3.12/site-packages/neutron_lib/callbacks/manager.py:52}}
May 14 09:26:46.203953 np0000000765 devstack@neutron-api.service[89691]: DEBUG neutron_lib.callbacks.manager [None req-8a31d2c8-85b0-48bb-b397-550b634a2d5c None None] Subscribe: > floatingip after_status_update 55550000, False {{(pid=89691) subscribe /opt/stack/data/venv/lib/python3.12/site-packages/neutron_lib/callbacks/manager.py:52}}
May 14 09:26:46.204328 np0000000765 devstack@neutron-api.service[89691]: DEBUG neutron_lib.callbacks.manager [None req-8a31d2c8-85b0-48bb-b397-550b634a2d5c None None] Subscribe: > floatingip after_update 55550000, False {{(pid=89691) subscribe /opt/stack/data/venv/lib/python3.12/site-packages/neutron_lib/callbacks/manager.py:52}}
May 14 09:26:46.204328 np0000000765 devstack@neutron-api.service[89691]: DEBUG neutron_lib.callbacks.manager [None req-8a31d2c8-85b0-48bb-b397-550b634a2d5c None None] Subscribe: > port_forwarding after_create 55550000, False {{(pid=89691) subscribe /opt/stack/data/venv/lib/python3.12/site-packages/neutron_lib/callbacks/manager.py:52}}
May 14 09:26:46.204328 np0000000765 devstack@neutron-api.service[89691]: DEBUG neutron_lib.callbacks.manager [None req-8a31d2c8-85b0-48bb-b397-550b634a2d5c None None] Subscribe: > router_interface after_delete 55550000, False {{(pid=89691) subscribe /opt/stack/data/venv/lib/python3.12/site-packages/neutron_lib/callbacks/manager.py:52}}
May 14 09:26:46.204483 np0000000765 devstack@neutron-api.service[89691]: DEBUG neutron_lib.callbacks.manager [None req-8a31d2c8-85b0-48bb-b397-550b634a2d5c None None] Subscribe: > router after_create 55550000, False {{(pid=89691) subscribe /opt/stack/data/venv/lib/python3.12/site-packages/neutron_lib/callbacks/manager.py:52}}
May 14 09:26:46.204483 np0000000765 devstack@neutron-api.service[89691]: DEBUG neutron_lib.callbacks.manager [None req-8a31d2c8-85b0-48bb-b397-550b634a2d5c None None] Subscribe: > router precommit_create 55550000, False {{(pid=89691) subscribe /opt/stack/data/venv/lib/python3.12/site-packages/neutron_lib/callbacks/manager.py:52}}
May 14 09:26:46.204617 np0000000765 devstack@neutron-api.service[89691]: DEBUG neutron_lib.callbacks.manager [None req-8a31d2c8-85b0-48bb-b397-550b634a2d5c None None] Subscribe: > router after_delete 55550000, False {{(pid=89691) subscribe /opt/stack/data/venv/lib/python3.12/site-packages/neutron_lib/callbacks/manager.py:52}}
May 14 09:26:46.204699 np0000000765 devstack@neutron-api.service[89691]: DEBUG neutron_lib.callbacks.manager [None req-8a31d2c8-85b0-48bb-b397-550b634a2d5c None None] Subscribe: > router after_update 55550000, False {{(pid=89691) subscribe /opt/stack/data/venv/lib/python3.12/site-packages/neutron_lib/callbacks/manager.py:52}}
May 14 09:26:46.204977 np0000000765 devstack@neutron-api.service[89691]: DEBUG neutron.services.service_base [None req-8a31d2c8-85b0-48bb-b397-550b634a2d5c None None] Loaded 'neutron.services.ovn_l3.service_providers.ovn.OvnDriver' provider for service L3_ROUTER_NAT {{(pid=89691) load_drivers /opt/stack/neutron/neutron/services/service_base.py:49}}
May 14 09:26:46.204977 np0000000765 devstack@neutron-api.service[89691]: DEBUG neutron_lib.callbacks.manager [None req-8a31d2c8-85b0-48bb-b397-550b634a2d5c None None] Subscribe: > process after_init 55550001, True {{(pid=89691) subscribe /opt/stack/data/venv/lib/python3.12/site-packages/neutron_lib/callbacks/manager.py:52}}
May 14 09:26:46.206023 np0000000765 devstack@neutron-api.service[89691]: DEBUG neutron.manager [None req-8a31d2c8-85b0-48bb-b397-550b634a2d5c None None] Successfully loaded L3_ROUTER_NAT plugin. Description: L3 Router Service Plugin for basic L3 forwarding using OVN {{(pid=89691) _create_and_add_service_plugin /opt/stack/neutron/neutron/manager.py:239}}
May 14 09:26:46.206023 np0000000765 devstack@neutron-api.service[89691]: INFO neutron.manager [None req-8a31d2c8-85b0-48bb-b397-550b634a2d5c None None] Loading Plugin: auto_allocate
May 14 09:26:46.206356 np0000000765 devstack@neutron-api.service[89691]: DEBUG neutron_lib.callbacks.manager [None req-8a31d2c8-85b0-48bb-b397-550b634a2d5c None None] Subscribe: network precommit_update 55550000, False {{(pid=89691) subscribe /opt/stack/data/venv/lib/python3.12/site-packages/neutron_lib/callbacks/manager.py:52}}
May 14 09:26:46.206482 np0000000765 devstack@neutron-api.service[89691]: DEBUG neutron_lib.callbacks.manager [None req-8a31d2c8-85b0-48bb-b397-550b634a2d5c None None] Subscribe: network precommit_create 55550000, False {{(pid=89691) subscribe /opt/stack/data/venv/lib/python3.12/site-packages/neutron_lib/callbacks/manager.py:52}}
May 14 09:26:46.206733 np0000000765 devstack@neutron-api.service[89691]: DEBUG neutron.manager [None req-8a31d2c8-85b0-48bb-b397-550b634a2d5c None None] Successfully loaded auto-allocated-topology plugin. Description: Auto Allocated Topology - aka get me a network. {{(pid=89691) _create_and_add_service_plugin /opt/stack/neutron/neutron/manager.py:239}}
May 14 09:26:46.206834 np0000000765 devstack@neutron-api.service[89691]: INFO neutron.manager [None req-8a31d2c8-85b0-48bb-b397-550b634a2d5c None None] Loading Plugin: tag
May 14 09:26:46.210089 np0000000765 devstack@neutron-api.service[89691]: DEBUG neutron.manager [None req-8a31d2c8-85b0-48bb-b397-550b634a2d5c None None] Successfully loaded TAG plugin. Description: Tag support {{(pid=89691) _create_and_add_service_plugin /opt/stack/neutron/neutron/manager.py:239}}
May 14 09:26:46.210207 np0000000765 devstack@neutron-api.service[89691]: INFO neutron.manager [None req-8a31d2c8-85b0-48bb-b397-550b634a2d5c None None] Loading Plugin: timestamp
May 14 09:26:46.211697 np0000000765 devstack@neutron-api.service[89691]: DEBUG neutron.manager [None req-8a31d2c8-85b0-48bb-b397-550b634a2d5c None None] Successfully loaded timestamp plugin. Description: Adds timestamps to Neutron resources with standard attributes {{(pid=89691) _create_and_add_service_plugin /opt/stack/neutron/neutron/manager.py:239}}
May 14 09:26:46.211755 np0000000765 devstack@neutron-api.service[89691]: INFO neutron.manager [None req-8a31d2c8-85b0-48bb-b397-550b634a2d5c None None] Loading Plugin: network_ip_availability
May 14 09:26:46.213519 np0000000765 devstack@neutron-api.service[89691]: DEBUG neutron.manager [None req-8a31d2c8-85b0-48bb-b397-550b634a2d5c None None] Successfully loaded network-ip-availability plugin. Description: Provides IP availability data for each network and subnet. {{(pid=89691) _create_and_add_service_plugin /opt/stack/neutron/neutron/manager.py:239}}
May 14 09:26:46.213642 np0000000765 devstack@neutron-api.service[89691]: INFO neutron.manager [None req-8a31d2c8-85b0-48bb-b397-550b634a2d5c None None] Loading Plugin: flavors
May 14 09:26:46.215285 np0000000765 devstack@neutron-api.service[89691]: DEBUG neutron.manager [None req-8a31d2c8-85b0-48bb-b397-550b634a2d5c None None] Successfully loaded FLAVORS plugin. Description: Neutron Flavors and Service Profiles manager plugin {{(pid=89691) _create_and_add_service_plugin /opt/stack/neutron/neutron/manager.py:239}}
May 14 09:26:46.215285 np0000000765 devstack@neutron-api.service[89691]: INFO neutron.manager [None req-8a31d2c8-85b0-48bb-b397-550b634a2d5c None None] Loading Plugin: revisions
May 14 09:26:46.215998 np0000000765 devstack@neutron-api.service[89691]: DEBUG neutron.manager [None req-8a31d2c8-85b0-48bb-b397-550b634a2d5c None None] Successfully loaded revision_plugin plugin. Description: Adds revision numbers to resources. {{(pid=89691) _create_and_add_service_plugin /opt/stack/neutron/neutron/manager.py:239}}
May 14 09:26:46.216150 np0000000765 devstack@neutron-api.service[89691]: DEBUG oslo_concurrency.lockutils [None req-8a31d2c8-85b0-48bb-b397-550b634a2d5c None None] Lock "manager" "released" by "neutron.manager.NeutronManager._create_instance" :: held 3.556s {{(pid=89691) inner /opt/stack/data/venv/lib/python3.12/site-packages/oslo_concurrency/lockutils.py:538}}
May 14 09:26:46.218484 np0000000765 devstack@neutron-api.service[89691]: DEBUG neutron.api.extensions [None req-8a31d2c8-85b0-48bb-b397-550b634a2d5c None None] get_extension_paths = OrderedDict({'/opt/stack/neutron/neutron/extensions': 1}) {{(pid=89691) get_extensions_path /opt/stack/neutron/neutron/api/extensions.py:640}}
May 14 09:26:46.218484 np0000000765 devstack@neutron-api.service[89691]: INFO neutron.api.extensions [None req-8a31d2c8-85b0-48bb-b397-550b634a2d5c None None] Initializing extension manager.
May 14 09:26:46.218484 np0000000765 devstack@neutron-api.service[89691]: DEBUG neutron.api.extensions [None req-8a31d2c8-85b0-48bb-b397-550b634a2d5c None None] Loading extension file: __init__.py {{(pid=89691) _load_all_extensions_from_path /opt/stack/neutron/neutron/api/extensions.py:449}}
May 14 09:26:46.218484 np0000000765 devstack@neutron-api.service[89691]: DEBUG neutron.api.extensions [None req-8a31d2c8-85b0-48bb-b397-550b634a2d5c None None] Loading extension file: __pycache__ {{(pid=89691) _load_all_extensions_from_path /opt/stack/neutron/neutron/api/extensions.py:449}}
May 14 09:26:46.218484 np0000000765 devstack@neutron-api.service[89691]: DEBUG neutron.api.extensions [None req-8a31d2c8-85b0-48bb-b397-550b634a2d5c None None] Loading extension file: address_group.py {{(pid=89691) _load_all_extensions_from_path /opt/stack/neutron/neutron/api/extensions.py:449}}
May 14 09:26:46.218484 np0000000765 devstack@neutron-api.service[89691]: DEBUG neutron.api.extensions [None req-8a31d2c8-85b0-48bb-b397-550b634a2d5c None None] Ext name="Address group" alias="address-group" description="Support address group" updated="2020-07-15T10:00:00-00:00" {{(pid=89691) _check_extension /opt/stack/neutron/neutron/api/extensions.py:415}}
May 14 09:26:46.218484 np0000000765 devstack@neutron-api.service[89691]: INFO neutron.api.extensions [None req-8a31d2c8-85b0-48bb-b397-550b634a2d5c None None] Loaded extension: address-group
May 14 09:26:46.218484 np0000000765 devstack@neutron-api.service[89691]: DEBUG neutron.api.extensions [None req-8a31d2c8-85b0-48bb-b397-550b634a2d5c None None] Loading extension file: address_scope.py {{(pid=89691) _load_all_extensions_from_path /opt/stack/neutron/neutron/api/extensions.py:449}}
May 14 09:26:46.219032 np0000000765 devstack@neutron-api.service[89691]: DEBUG neutron.api.extensions [None req-8a31d2c8-85b0-48bb-b397-550b634a2d5c None None] Ext name="Address scope" alias="address-scope" description="Address scopes extension." updated="2015-07-26T10:00:00-00:00" {{(pid=89691) _check_extension /opt/stack/neutron/neutron/api/extensions.py:415}}
May 14 09:26:46.219032 np0000000765 devstack@neutron-api.service[89691]: INFO neutron.api.extensions [None req-8a31d2c8-85b0-48bb-b397-550b634a2d5c None None] Loaded extension: address-scope
May 14 09:26:46.219032 np0000000765 devstack@neutron-api.service[89691]: DEBUG neutron.api.extensions [None req-8a31d2c8-85b0-48bb-b397-550b634a2d5c None None] Loading extension file: admin_state_down_before_update.py {{(pid=89691) _load_all_extensions_from_path /opt/stack/neutron/neutron/api/extensions.py:449}}
May 14 09:26:46.219032 np0000000765 devstack@neutron-api.service[89691]: DEBUG neutron.api.extensions [None req-8a31d2c8-85b0-48bb-b397-550b634a2d5c None None] Ext name="Enforce Router's Admin State Down Before Update Extension" alias="router-admin-state-down-before-update" description="Ensure that the admin state of a router is DOWN (admin_state_up=False) before updating the distributed attribute" updated="2019-07-02T15:56:00" {{(pid=89691) _check_extension /opt/stack/neutron/neutron/api/extensions.py:415}}
May 14 09:26:46.219032 np0000000765 devstack@neutron-api.service[89691]: INFO neutron.api.extensions [None req-8a31d2c8-85b0-48bb-b397-550b634a2d5c None None] Extension router-admin-state-down-before-update not supported by any of loaded plugins
May 14 09:26:46.219392 np0000000765 devstack@neutron-api.service[89691]: DEBUG neutron.api.extensions [None req-8a31d2c8-85b0-48bb-b397-550b634a2d5c None None] Loading extension file: agent.py {{(pid=89691) _load_all_extensions_from_path /opt/stack/neutron/neutron/api/extensions.py:449}}
May 14 09:26:46.219589 np0000000765 devstack@neutron-api.service[89691]: DEBUG neutron.api.extensions [None req-8a31d2c8-85b0-48bb-b397-550b634a2d5c None None] Ext name="agent" alias="agent" description="The agent management extension." updated="2013-02-03T10:00:00-00:00" {{(pid=89691) _check_extension /opt/stack/neutron/neutron/api/extensions.py:415}}
May 14 09:26:46.219643 np0000000765 devstack@neutron-api.service[89691]: INFO neutron.api.extensions [None req-8a31d2c8-85b0-48bb-b397-550b634a2d5c None None] Loaded extension: agent
May 14 09:26:46.219773 np0000000765 devstack@neutron-api.service[89691]: DEBUG neutron.api.extensions [None req-8a31d2c8-85b0-48bb-b397-550b634a2d5c None None] Loading extension file: agent_resources_synced.py {{(pid=89691) _load_all_extensions_from_path /opt/stack/neutron/neutron/api/extensions.py:449}}
May 14 09:26:46.220030 np0000000765 devstack@neutron-api.service[89691]: DEBUG neutron.api.extensions [None req-8a31d2c8-85b0-48bb-b397-550b634a2d5c None None] Ext name="Agent's Resource View Synced to Placement" alias="agent-resources-synced" description="Stores success/failure of last sync to Placement" updated="2018-12-19T00:00:00-00:00" {{(pid=89691) _check_extension /opt/stack/neutron/neutron/api/extensions.py:415}}
May 14 09:26:46.220199 np0000000765 devstack@neutron-api.service[89691]: INFO neutron.api.extensions [None req-8a31d2c8-85b0-48bb-b397-550b634a2d5c None None] Extension agent-resources-synced not supported by any of loaded plugins
May 14 09:26:46.220312 np0000000765 devstack@neutron-api.service[89691]: DEBUG neutron.api.extensions [None req-8a31d2c8-85b0-48bb-b397-550b634a2d5c None None] Loading extension file: agent_sort_key.py {{(pid=89691) _load_all_extensions_from_path /opt/stack/neutron/neutron/api/extensions.py:449}}
May 14 09:26:46.220559 np0000000765 devstack@neutron-api.service[89691]: DEBUG neutron.api.extensions [None req-8a31d2c8-85b0-48bb-b397-550b634a2d5c None None] Ext name="Agents Sort Key" alias="agent_sort_key" description="Enabling the keyword sort_key for sorting in agents." updated="2013-02-03T10:00:00-00:00" {{(pid=89691) _check_extension /opt/stack/neutron/neutron/api/extensions.py:415}}
May 14 09:26:46.220734 np0000000765 devstack@neutron-api.service[89691]: INFO neutron.api.extensions [None req-8a31d2c8-85b0-48bb-b397-550b634a2d5c None None] Extension agent_sort_key not supported by any of loaded plugins
May 14 09:26:46.220829 np0000000765 devstack@neutron-api.service[89691]: DEBUG neutron.api.extensions [None req-8a31d2c8-85b0-48bb-b397-550b634a2d5c None None] Loading extension file: allowedaddresspairs.py {{(pid=89691) _load_all_extensions_from_path /opt/stack/neutron/neutron/api/extensions.py:449}}
May 14 09:26:46.221592 np0000000765 devstack@neutron-api.service[89691]: DEBUG neutron.api.extensions [None req-8a31d2c8-85b0-48bb-b397-550b634a2d5c None None] Ext name="Allowed Address Pairs" alias="allowed-address-pairs" description="Provides allowed address pairs" updated="2013-07-23T10:00:00-00:00" {{(pid=89691) _check_extension /opt/stack/neutron/neutron/api/extensions.py:415}}
May 14 09:26:46.221784 np0000000765 devstack@neutron-api.service[89691]: INFO neutron.api.extensions [None req-8a31d2c8-85b0-48bb-b397-550b634a2d5c None None] Loaded extension: allowed-address-pairs
May 14 09:26:46.221887 np0000000765 devstack@neutron-api.service[89691]: DEBUG neutron.api.extensions [None req-8a31d2c8-85b0-48bb-b397-550b634a2d5c None None] Loading extension file: auto_allocated_topology.py {{(pid=89691) _load_all_extensions_from_path /opt/stack/neutron/neutron/api/extensions.py:449}}
May 14 09:26:46.222170 np0000000765 devstack@neutron-api.service[89693]: INFO neutron.plugins.ml2.drivers.type_vlan [None req-d791fe07-8946-4d39-81fb-bbf54e7a973f None None] VlanTypeDriver initialization complete
May 14 09:26:46.222217 np0000000765 devstack@neutron-api.service[89691]: DEBUG neutron.api.extensions [None req-8a31d2c8-85b0-48bb-b397-550b634a2d5c None None] Ext name="Auto Allocated Topology Services" alias="auto-allocated-topology" description="Auto Allocated Topology Services." updated="2016-01-01T00:00:00-00:00" {{(pid=89691) _check_extension /opt/stack/neutron/neutron/api/extensions.py:415}}
May 14 09:26:46.222350 np0000000765 devstack@neutron-api.service[89693]: INFO neutron.plugins.ml2.managers [None req-d791fe07-8946-4d39-81fb-bbf54e7a973f None None] Initializing extension driver 'port_security'
May 14 09:26:46.222387 np0000000765 devstack@neutron-api.service[89691]: INFO neutron.api.extensions [None req-8a31d2c8-85b0-48bb-b397-550b634a2d5c None None] Loaded extension: auto-allocated-topology
May 14 09:26:46.222454 np0000000765 devstack@neutron-api.service[89691]: DEBUG neutron.api.extensions [None req-8a31d2c8-85b0-48bb-b397-550b634a2d5c None None] Loading extension file: availability_zone.py {{(pid=89691) _load_all_extensions_from_path /opt/stack/neutron/neutron/api/extensions.py:449}}
May 14 09:26:46.222492 np0000000765 devstack@neutron-api.service[89693]: INFO neutron.plugins.ml2.extensions.port_security [None req-d791fe07-8946-4d39-81fb-bbf54e7a973f None None] PortSecurityExtensionDriver initialization complete
May 14 09:26:46.222559 np0000000765 devstack@neutron-api.service[89693]: INFO neutron.plugins.ml2.managers [None req-d791fe07-8946-4d39-81fb-bbf54e7a973f None None] Initializing extension driver 'qos'
May 14 09:26:46.222701 np0000000765 devstack@neutron-api.service[89693]: DEBUG neutron.plugins.ml2.extensions.qos [None req-d791fe07-8946-4d39-81fb-bbf54e7a973f None None] QosExtensionDriver initialization complete {{(pid=89693) initialize /opt/stack/neutron/neutron/plugins/ml2/extensions/qos.py:31}}
May 14 09:26:46.222777 np0000000765 devstack@neutron-api.service[89691]: DEBUG neutron.api.extensions [None req-8a31d2c8-85b0-48bb-b397-550b634a2d5c None None] Ext name="Availability Zone" alias="availability_zone" description="The availability zone extension." updated="2015-01-01T10:00:00-00:00" {{(pid=89691) _check_extension /opt/stack/neutron/neutron/api/extensions.py:415}}
May 14 09:26:46.222818 np0000000765 devstack@neutron-api.service[89693]: INFO neutron.plugins.ml2.managers [None req-d791fe07-8946-4d39-81fb-bbf54e7a973f None None] Initializing mechanism driver 'ovn'
May 14 09:26:46.222931 np0000000765 devstack@neutron-api.service[89693]: INFO neutron.plugins.ml2.drivers.ovn.mech_driver.mech_driver [None req-d791fe07-8946-4d39-81fb-bbf54e7a973f None None] Starting OVNMechanismDriver
May 14 09:26:46.222971 np0000000765 devstack@neutron-api.service[89691]: INFO neutron.api.extensions [None req-8a31d2c8-85b0-48bb-b397-550b634a2d5c None None] Loaded extension: availability_zone
May 14 09:26:46.223073 np0000000765 devstack@neutron-api.service[89691]: DEBUG neutron.api.extensions [None req-8a31d2c8-85b0-48bb-b397-550b634a2d5c None None] Loading extension file: availability_zone_filter.py {{(pid=89691) _load_all_extensions_from_path /opt/stack/neutron/neutron/api/extensions.py:449}}
May 14 09:26:46.223326 np0000000765 devstack@neutron-api.service[89691]: DEBUG neutron.api.extensions [None req-8a31d2c8-85b0-48bb-b397-550b634a2d5c None None] Ext name="Availability Zone Filter Extension" alias="availability_zone_filter" description="Add filter parameters to AvailabilityZone resource" updated="2018-06-22T10:00:00-00:00" {{(pid=89691) _check_extension /opt/stack/neutron/neutron/api/extensions.py:415}}
May 14 09:26:46.223501 np0000000765 devstack@neutron-api.service[89691]: INFO neutron.api.extensions [None req-8a31d2c8-85b0-48bb-b397-550b634a2d5c None None] Extension availability_zone_filter not supported by any of loaded plugins
May 14 09:26:46.223606 np0000000765 devstack@neutron-api.service[89691]: DEBUG neutron.api.extensions [None req-8a31d2c8-85b0-48bb-b397-550b634a2d5c None None] Loading extension file: data_plane_status.py {{(pid=89691) _load_all_extensions_from_path /opt/stack/neutron/neutron/api/extensions.py:449}}
May 14 09:26:46.223858 np0000000765 devstack@neutron-api.service[89691]: DEBUG neutron.api.extensions [None req-8a31d2c8-85b0-48bb-b397-550b634a2d5c None None] Ext name="Port data plane status extension" alias="data-plane-status" description="Expose status of underlying data plane" updated="2017-01-24T10:00:00-00:00" {{(pid=89691) _check_extension /opt/stack/neutron/neutron/api/extensions.py:415}}
May 14 09:26:46.224101 np0000000765 devstack@neutron-api.service[89691]: INFO neutron.api.extensions [None req-8a31d2c8-85b0-48bb-b397-550b634a2d5c None None] Extension data-plane-status not supported by any of loaded plugins
May 14 09:26:46.224140 np0000000765 devstack@neutron-api.service[89691]: DEBUG neutron.api.extensions [None req-8a31d2c8-85b0-48bb-b397-550b634a2d5c None None] Loading extension file: default_subnetpools.py {{(pid=89691) _load_all_extensions_from_path /opt/stack/neutron/neutron/api/extensions.py:449}}
May 14 09:26:46.224391 np0000000765 devstack@neutron-api.service[89691]: DEBUG neutron.api.extensions [None req-8a31d2c8-85b0-48bb-b397-550b634a2d5c None None] Ext name="Default Subnetpools" alias="default-subnetpools" description="Provides ability to mark and use a subnetpool as the default." updated="2016-02-18T18:00:00-00:00" {{(pid=89691) _check_extension /opt/stack/neutron/neutron/api/extensions.py:415}}
May 14 09:26:46.224546 np0000000765 devstack@neutron-api.service[89691]: INFO neutron.api.extensions [None req-8a31d2c8-85b0-48bb-b397-550b634a2d5c None None] Loaded extension: default-subnetpools
May 14 09:26:46.224655 np0000000765 devstack@neutron-api.service[89691]: DEBUG neutron.api.extensions [None req-8a31d2c8-85b0-48bb-b397-550b634a2d5c None None] Loading extension file: dhcpagentscheduler.py {{(pid=89691) _load_all_extensions_from_path /opt/stack/neutron/neutron/api/extensions.py:449}}
May 14 09:26:46.225106 np0000000765 devstack@neutron-api.service[89693]: DEBUG neutron_lib.callbacks.manager [None req-d791fe07-8946-4d39-81fb-bbf54e7a973f None None] Subscribe: > process before_spawn 55550000, False {{(pid=89693) subscribe /opt/stack/data/venv/lib/python3.12/site-packages/neutron_lib/callbacks/manager.py:52}}
May 14 09:26:46.225151 np0000000765 devstack@neutron-api.service[89691]: DEBUG neutron.api.extensions [None req-8a31d2c8-85b0-48bb-b397-550b634a2d5c None None] Ext name="DHCP Agent Scheduler" alias="dhcp_agent_scheduler" description="Schedule networks among dhcp agents" updated="2013-02-07T10:00:00-00:00" {{(pid=89691) _check_extension /opt/stack/neutron/neutron/api/extensions.py:415}}
May 14 09:26:46.225310 np0000000765 devstack@neutron-api.service[89691]: INFO neutron.api.extensions [None req-8a31d2c8-85b0-48bb-b397-550b634a2d5c None None] Loaded extension: dhcp_agent_scheduler
May 14 09:26:46.225346 np0000000765 devstack@neutron-api.service[89693]: DEBUG neutron_lib.callbacks.manager [None req-d791fe07-8946-4d39-81fb-bbf54e7a973f None None] Subscribe: > process after_init 55550000, True {{(pid=89693) subscribe /opt/stack/data/venv/lib/python3.12/site-packages/neutron_lib/callbacks/manager.py:52}}
May 14 09:26:46.225381 np0000000765 devstack@neutron-api.service[89691]: DEBUG neutron.api.extensions [None req-8a31d2c8-85b0-48bb-b397-550b634a2d5c None None] Loading extension file: dns.py {{(pid=89691) _load_all_extensions_from_path /opt/stack/neutron/neutron/api/extensions.py:449}}
May 14 09:26:46.225465 np0000000765 devstack@neutron-api.service[89693]: DEBUG neutron_lib.callbacks.manager [None req-d791fe07-8946-4d39-81fb-bbf54e7a973f None None] Subscribe: > segment after_create 55550000, False {{(pid=89693) subscribe /opt/stack/data/venv/lib/python3.12/site-packages/neutron_lib/callbacks/manager.py:52}}
May 14 09:26:46.225629 np0000000765 devstack@neutron-api.service[89693]: DEBUG neutron_lib.callbacks.manager [None req-d791fe07-8946-4d39-81fb-bbf54e7a973f None None] Subscribe: > segment after_create 55550000, False {{(pid=89693) subscribe /opt/stack/data/venv/lib/python3.12/site-packages/neutron_lib/callbacks/manager.py:52}}
May 14 09:26:46.225681 np0000000765 devstack@neutron-api.service[89691]: DEBUG neutron.api.extensions [None req-8a31d2c8-85b0-48bb-b397-550b634a2d5c None None] Ext name="DNS Integration" alias="dns-integration" description="Provides integration with DNS." updated="2015-08-15T18:00:00-00:00" {{(pid=89691) _check_extension /opt/stack/neutron/neutron/api/extensions.py:415}}
May 14 09:26:46.225772 np0000000765 devstack@neutron-api.service[89693]: DEBUG neutron_lib.callbacks.manager [None req-d791fe07-8946-4d39-81fb-bbf54e7a973f None None] Subscribe: > segment after_delete 55550000, False {{(pid=89693) subscribe /opt/stack/data/venv/lib/python3.12/site-packages/neutron_lib/callbacks/manager.py:52}}
May 14 09:26:46.225853 np0000000765 devstack@neutron-api.service[89691]: INFO neutron.api.extensions [None req-8a31d2c8-85b0-48bb-b397-550b634a2d5c None None] Loaded extension: dns-integration
May 14 09:26:46.225888 np0000000765 devstack@neutron-api.service[89693]: DEBUG neutron_lib.callbacks.manager [None req-d791fe07-8946-4d39-81fb-bbf54e7a973f None None] Subscribe: > allowed_address_pair before_create 55550000, False {{(pid=89693) subscribe /opt/stack/data/venv/lib/python3.12/site-packages/neutron_lib/callbacks/manager.py:52}}
May 14 09:26:46.226000 np0000000765 devstack@neutron-api.service[89691]: DEBUG neutron.api.extensions [None req-8a31d2c8-85b0-48bb-b397-550b634a2d5c None None] Loading extension file: dns_domain_ports.py {{(pid=89691) _load_all_extensions_from_path /opt/stack/neutron/neutron/api/extensions.py:449}}
May 14 09:26:46.226086 np0000000765 devstack@neutron-api.service[89693]: DEBUG neutron_lib.callbacks.manager [None req-d791fe07-8946-4d39-81fb-bbf54e7a973f None None] Subscribe: > security_group precommit_create 55550000, False {{(pid=89693) subscribe /opt/stack/data/venv/lib/python3.12/site-packages/neutron_lib/callbacks/manager.py:52}}
May 14 09:26:46.226086 np0000000765 devstack@neutron-api.service[89693]: DEBUG neutron_lib.callbacks.manager [None req-d791fe07-8946-4d39-81fb-bbf54e7a973f None None] Subscribe: > security_group after_update 55550000, False {{(pid=89693) subscribe /opt/stack/data/venv/lib/python3.12/site-packages/neutron_lib/callbacks/manager.py:52}}
May 14 09:26:46.226199 np0000000765 devstack@neutron-api.service[89691]: DEBUG neutron.api.extensions [None req-8a31d2c8-85b0-48bb-b397-550b634a2d5c None None] Ext name="dns_domain for ports" alias="dns-domain-ports" description="Allows the DNS domain to be specified for a network port." updated="2017-04-24T10:00:00-00:00" {{(pid=89691) _check_extension /opt/stack/neutron/neutron/api/extensions.py:415}}
May 14 09:26:46.226236 np0000000765 devstack@neutron-api.service[89693]: DEBUG neutron_lib.callbacks.manager [None req-d791fe07-8946-4d39-81fb-bbf54e7a973f None None] Subscribe: > security_group after_create 55550000, False {{(pid=89693) subscribe /opt/stack/data/venv/lib/python3.12/site-packages/neutron_lib/callbacks/manager.py:52}}
May 14 09:26:46.226236 np0000000765 devstack@neutron-api.service[89693]: DEBUG neutron_lib.callbacks.manager [None req-d791fe07-8946-4d39-81fb-bbf54e7a973f None None] Subscribe: > security_group precommit_delete 55550000, False {{(pid=89693) subscribe /opt/stack/data/venv/lib/python3.12/site-packages/neutron_lib/callbacks/manager.py:52}}
May 14 09:26:46.226348 np0000000765 devstack@neutron-api.service[89691]: INFO neutron.api.extensions [None req-8a31d2c8-85b0-48bb-b397-550b634a2d5c None None] Loaded extension: dns-domain-ports
May 14 09:26:46.226385 np0000000765 devstack@neutron-api.service[89693]: DEBUG neutron_lib.callbacks.manager [None req-d791fe07-8946-4d39-81fb-bbf54e7a973f None None] Subscribe: > security_group after_delete 55550000, False {{(pid=89693) subscribe /opt/stack/data/venv/lib/python3.12/site-packages/neutron_lib/callbacks/manager.py:52}}
May 14 09:26:46.226424 np0000000765 devstack@neutron-api.service[89691]: DEBUG neutron.api.extensions [None req-8a31d2c8-85b0-48bb-b397-550b634a2d5c None None] Loading extension file: dns_integration_domain_keywords.py {{(pid=89691) _load_all_extensions_from_path /opt/stack/neutron/neutron/api/extensions.py:449}}
May 14 09:26:46.226498 np0000000765 devstack@neutron-api.service[89693]: DEBUG neutron_lib.callbacks.manager [None req-d791fe07-8946-4d39-81fb-bbf54e7a973f None None] Subscribe: > security_group_rule precommit_create 55550000, False {{(pid=89693) subscribe /opt/stack/data/venv/lib/python3.12/site-packages/neutron_lib/callbacks/manager.py:52}}
May 14 09:26:46.226535 np0000000765 devstack@neutron-api.service[89693]: DEBUG neutron_lib.callbacks.manager [None req-d791fe07-8946-4d39-81fb-bbf54e7a973f None None] Subscribe: > security_group_rule after_create 55550000, False {{(pid=89693) subscribe /opt/stack/data/venv/lib/python3.12/site-packages/neutron_lib/callbacks/manager.py:52}}
May 14 09:26:46.226644 np0000000765 devstack@neutron-api.service[89693]: DEBUG neutron_lib.callbacks.manager [None req-d791fe07-8946-4d39-81fb-bbf54e7a973f None None] Subscribe: > security_group_rule before_delete 55550000, False {{(pid=89693) subscribe /opt/stack/data/venv/lib/python3.12/site-packages/neutron_lib/callbacks/manager.py:52}}
May 14 09:26:46.226689 np0000000765 devstack@neutron-api.service[89691]: DEBUG neutron.api.extensions [None req-8a31d2c8-85b0-48bb-b397-550b634a2d5c None None] Ext name="DNS domain names with keywords allowed" alias="dns-integration-domain-keywords" description="Allows to use keywords like , , and as DNS domain name" updated="2020-06-15T18:00:00-00:00" {{(pid=89691) _check_extension /opt/stack/neutron/neutron/api/extensions.py:415}}
May 14 09:26:46.226729 np0000000765 devstack@neutron-api.service[89693]: DEBUG neutron_lib.callbacks.manager [None req-d791fe07-8946-4d39-81fb-bbf54e7a973f None None] Subscribe: > address_group after_create 55550000, False {{(pid=89693) subscribe /opt/stack/data/venv/lib/python3.12/site-packages/neutron_lib/callbacks/manager.py:52}}
May 14 09:26:46.226818 np0000000765 devstack@neutron-api.service[89693]: DEBUG neutron_lib.callbacks.manager [None req-d791fe07-8946-4d39-81fb-bbf54e7a973f None None] Subscribe: > address_group after_update 55550000, False {{(pid=89693) subscribe /opt/stack/data/venv/lib/python3.12/site-packages/neutron_lib/callbacks/manager.py:52}}
May 14 09:26:46.226856 np0000000765 devstack@neutron-api.service[89691]: INFO neutron.api.extensions [None req-8a31d2c8-85b0-48bb-b397-550b634a2d5c None None] Loaded extension: dns-integration-domain-keywords
May 14 09:26:46.226951 np0000000765 devstack@neutron-api.service[89693]: DEBUG neutron_lib.callbacks.manager [None req-d791fe07-8946-4d39-81fb-bbf54e7a973f None None] Subscribe: > address_group after_delete 55550000, False {{(pid=89693) subscribe /opt/stack/data/venv/lib/python3.12/site-packages/neutron_lib/callbacks/manager.py:52}}
May 14 09:26:46.226995 np0000000765 devstack@neutron-api.service[89691]: DEBUG neutron.api.extensions [None req-8a31d2c8-85b0-48bb-b397-550b634a2d5c None None] Loading extension file: dvr.py {{(pid=89691) _load_all_extensions_from_path /opt/stack/neutron/neutron/api/extensions.py:449}}
May 14 09:26:46.227192 np0000000765 devstack@neutron-api.service[89693]: DEBUG neutron_lib.callbacks.manager [None req-d791fe07-8946-4d39-81fb-bbf54e7a973f None None] Subscribe: > qos_plugin after_init 55550000, False {{(pid=89693) subscribe /opt/stack/data/venv/lib/python3.12/site-packages/neutron_lib/callbacks/manager.py:52}}
May 14 09:26:46.227246 np0000000765 devstack@neutron-api.service[89691]: DEBUG neutron.api.extensions [None req-8a31d2c8-85b0-48bb-b397-550b634a2d5c None None] Ext name="Distributed Virtual Router" alias="dvr" description="Enables configuration of Distributed Virtual Routers." updated="2014-06-1T10:00:00-00:00" {{(pid=89691) _check_extension /opt/stack/neutron/neutron/api/extensions.py:415}}
May 14 09:26:46.227401 np0000000765 devstack@neutron-api.service[89691]: INFO neutron.api.extensions [None req-8a31d2c8-85b0-48bb-b397-550b634a2d5c None None] Extension dvr not supported by any of loaded plugins
May 14 09:26:46.227444 np0000000765 devstack@neutron-api.service[89693]: DEBUG neutron_lib.callbacks.manager [None req-d791fe07-8946-4d39-81fb-bbf54e7a973f None None] Subscribe: > trunk_plugin after_init 55550000, False {{(pid=89693) subscribe /opt/stack/data/venv/lib/python3.12/site-packages/neutron_lib/callbacks/manager.py:52}}
May 14 09:26:46.227500 np0000000765 devstack@neutron-api.service[89691]: DEBUG neutron.api.extensions [None req-8a31d2c8-85b0-48bb-b397-550b634a2d5c None None] Loading extension file: ecmp_routes.py {{(pid=89691) _load_all_extensions_from_path /opt/stack/neutron/neutron/api/extensions.py:449}}
May 14 09:26:46.227721 np0000000765 devstack@neutron-api.service[89693]: DEBUG neutron_lib.callbacks.manager [None req-d791fe07-8946-4d39-81fb-bbf54e7a973f None None] Subscribe: > logging-plugin after_init 55550000, False {{(pid=89693) subscribe /opt/stack/data/venv/lib/python3.12/site-packages/neutron_lib/callbacks/manager.py:52}}
May 14 09:26:46.227766 np0000000765 devstack@neutron-api.service[89691]: DEBUG neutron.api.extensions [None req-8a31d2c8-85b0-48bb-b397-550b634a2d5c None None] Ext name="Equal Cost Multipath Routing" alias="ecmp_routes" description="Allows traffic to reach thesame destination via multiple different links " updated="2020-11-26T18:00:00-00:00" {{(pid=89691) _check_extension /opt/stack/neutron/neutron/api/extensions.py:415}}
May 14 09:26:46.227942 np0000000765 devstack@neutron-api.service[89691]: INFO neutron.api.extensions [None req-8a31d2c8-85b0-48bb-b397-550b634a2d5c None None] Extension ecmp_routes not supported by any of loaded plugins
May 14 09:26:46.228041 np0000000765 devstack@neutron-api.service[89691]: DEBUG neutron.api.extensions [None req-8a31d2c8-85b0-48bb-b397-550b634a2d5c None None] Loading extension file: empty_string_filtering.py {{(pid=89691) _load_all_extensions_from_path /opt/stack/neutron/neutron/api/extensions.py:449}}
May 14 09:26:46.228288 np0000000765 devstack@neutron-api.service[89691]: DEBUG neutron.api.extensions [None req-8a31d2c8-85b0-48bb-b397-550b634a2d5c None None] Ext name="Empty String Filtering Extension" alias="empty-string-filtering" description="Allow filtering by attributes with empty string value" updated="2018-05-01T10:00:00-00:00" {{(pid=89691) _check_extension /opt/stack/neutron/neutron/api/extensions.py:415}}
May 14 09:26:46.228437 np0000000765 devstack@neutron-api.service[89693]: INFO neutron.services.logapi.drivers.ovn.driver [None req-d791fe07-8946-4d39-81fb-bbf54e7a973f None None] OVN logging driver registered
May 14 09:26:46.228490 np0000000765 devstack@neutron-api.service[89691]: INFO neutron.api.extensions [None req-8a31d2c8-85b0-48bb-b397-550b634a2d5c None None] Loaded extension: empty-string-filtering
May 14 09:26:46.228575 np0000000765 devstack@neutron-api.service[89691]: DEBUG neutron.api.extensions [None req-8a31d2c8-85b0-48bb-b397-550b634a2d5c None None] Loading extension file: expose_l3_conntrack_helper.py {{(pid=89691) _load_all_extensions_from_path /opt/stack/neutron/neutron/api/extensions.py:449}}
May 14 09:26:46.228818 np0000000765 devstack@neutron-api.service[89691]: DEBUG neutron.api.extensions [None req-8a31d2c8-85b0-48bb-b397-550b634a2d5c None None] Ext name="Expose CT target rules for conntrack helper" alias="expose-l3-conntrack-helper" description="Expose allow adding CT target rules for conntrack helper" updated="2019-04-04T10:00:00-00:00" {{(pid=89691) _check_extension /opt/stack/neutron/neutron/api/extensions.py:415}}
May 14 09:26:46.229035 np0000000765 devstack@neutron-api.service[89691]: INFO neutron.api.extensions [None req-8a31d2c8-85b0-48bb-b397-550b634a2d5c None None] Extension expose-l3-conntrack-helper not supported by any of loaded plugins
May 14 09:26:46.229101 np0000000765 devstack@neutron-api.service[89691]: DEBUG neutron.api.extensions [None req-8a31d2c8-85b0-48bb-b397-550b634a2d5c None None] Loading extension file: expose_port_forwarding_in_fip.py {{(pid=89691) _load_all_extensions_from_path /opt/stack/neutron/neutron/api/extensions.py:449}}
May 14 09:26:46.229347 np0000000765 devstack@neutron-api.service[89691]: DEBUG neutron.api.extensions [None req-8a31d2c8-85b0-48bb-b397-550b634a2d5c None None] Ext name="Expose Floating IP port forwardings" alias="expose-port-forwarding-in-fip" description="Expose port forwarding fields in floating IP response" updated="2018-06-28T16:00:00-00:00" {{(pid=89691) _check_extension /opt/stack/neutron/neutron/api/extensions.py:415}}
May 14 09:26:46.229537 np0000000765 devstack@neutron-api.service[89691]: INFO neutron.api.extensions [None req-8a31d2c8-85b0-48bb-b397-550b634a2d5c None None] Extension expose-port-forwarding-in-fip not supported by any of loaded plugins
May 14 09:26:46.229620 np0000000765 devstack@neutron-api.service[89691]: DEBUG neutron.api.extensions [None req-8a31d2c8-85b0-48bb-b397-550b634a2d5c None None] Loading extension file: external_net.py {{(pid=89691) _load_all_extensions_from_path /opt/stack/neutron/neutron/api/extensions.py:449}}
May 14 09:26:46.229864 np0000000765 devstack@neutron-api.service[89691]: DEBUG neutron.api.extensions [None req-8a31d2c8-85b0-48bb-b397-550b634a2d5c None None] Ext name="Neutron external network" alias="external-net" description="Adds external network attribute to network resource." updated="2013-01-14T10:00:00-00:00" {{(pid=89691) _check_extension /opt/stack/neutron/neutron/api/extensions.py:415}}
May 14 09:26:46.230012 np0000000765 devstack@neutron-api.service[89693]: DEBUG neutron.plugins.ml2.plugin [None req-d791fe07-8946-4d39-81fb-bbf54e7a973f None None] neutron.plugins.ml2.plugin.Ml2Plugin method _start_rpc_notifiers called with arguments () {} {{(pid=89693) wrapper /opt/stack/data/venv/lib/python3.12/site-packages/oslo_log/helpers.py:77}}
May 14 09:26:46.230051 np0000000765 devstack@neutron-api.service[89691]: INFO neutron.api.extensions [None req-8a31d2c8-85b0-48bb-b397-550b634a2d5c None None] Loaded extension: external-net
May 14 09:26:46.230155 np0000000765 devstack@neutron-api.service[89691]: DEBUG neutron.api.extensions [None req-8a31d2c8-85b0-48bb-b397-550b634a2d5c None None] Loading extension file: extra_dhcp_opt.py {{(pid=89691) _load_all_extensions_from_path /opt/stack/neutron/neutron/api/extensions.py:449}}
May 14 09:26:46.230257 np0000000765 devstack@neutron-api.service[89693]: DEBUG neutron_lib.callbacks.manager [None req-d791fe07-8946-4d39-81fb-bbf54e7a973f None None] Subscribe: > port after_create 55550000, False {{(pid=89693) subscribe /opt/stack/data/venv/lib/python3.12/site-packages/neutron_lib/callbacks/manager.py:52}}
May 14 09:26:46.230369 np0000000765 devstack@neutron-api.service[89693]: DEBUG neutron_lib.callbacks.manager [None req-d791fe07-8946-4d39-81fb-bbf54e7a973f None None] Subscribe: > port after_update 55550000, False {{(pid=89693) subscribe /opt/stack/data/venv/lib/python3.12/site-packages/neutron_lib/callbacks/manager.py:52}}
May 14 09:26:46.230417 np0000000765 devstack@neutron-api.service[89691]: DEBUG neutron.api.extensions [None req-8a31d2c8-85b0-48bb-b397-550b634a2d5c None None] Ext name="Neutron Extra DHCP options" alias="extra_dhcp_opt" description="Extra options configuration for DHCP. For example PXE boot options to DHCP clients can be specified (e.g. tftp-server, server-ip-address, bootfile-name)" updated="2013-03-17T12:00:00-00:00" {{(pid=89691) _check_extension /opt/stack/neutron/neutron/api/extensions.py:415}}
