Jul 13 15:36:00.307781 np0000005129 nova-scheduler[96540]: DEBUG cotyledon.oslo_config_glue [-] workarounds.disable_deep_image_inspection = False {{(pid=96540) log_opt_values /opt/stack/data/venv/lib/python3.12/site-packages/oslo_config/cfg.py:3253}}
Jul 13 15:36:00.307955 np0000005129 nova-scheduler[96521]: DEBUG oslo_db.sqlalchemy.engines [None req-b32a2075-7e50-425e-94e6-07aa074e6396 None None] MySQL server mode set to STRICT_TRANS_TABLES,STRICT_ALL_TABLES,NO_ZERO_IN_DATE,NO_ZERO_DATE,ERROR_FOR_DIVISION_BY_ZERO,TRADITIONAL,NO_ENGINE_SUBSTITUTION {{(pid=96521) _check_effective_sql_mode /opt/stack/data/venv/lib/python3.12/site-packages/oslo_db/sqlalchemy/engines.py:325}}
Jul 13 15:36:00.308010 np0000005129 nova-scheduler[96540]: DEBUG cotyledon.oslo_config_glue [-] workarounds.disable_fallback_pcpu_query = False {{(pid=96540) log_opt_values /opt/stack/data/venv/lib/python3.12/site-packages/oslo_config/cfg.py:3253}}
Jul 13 15:36:00.308010 np0000005129 nova-scheduler[96540]: DEBUG cotyledon.oslo_config_glue [-] workarounds.disable_group_policy_check_upcall = False {{(pid=96540) log_opt_values /opt/stack/data/venv/lib/python3.12/site-packages/oslo_config/cfg.py:3253}}
Jul 13 15:36:00.308010 np0000005129 nova-scheduler[96540]: DEBUG cotyledon.oslo_config_glue [-] workarounds.disable_libvirt_livesnapshot = False {{(pid=96540) log_opt_values /opt/stack/data/venv/lib/python3.12/site-packages/oslo_config/cfg.py:3253}}
Jul 13 15:36:00.308010 np0000005129 nova-scheduler[96540]: DEBUG cotyledon.oslo_config_glue [-] workarounds.disable_rootwrap = False {{(pid=96540) log_opt_values /opt/stack/data/venv/lib/python3.12/site-packages/oslo_config/cfg.py:3253}}
Jul 13 15:36:00.308010 np0000005129 nova-scheduler[96540]: DEBUG cotyledon.oslo_config_glue [-] workarounds.enable_numa_live_migration = False {{(pid=96540) log_opt_values /opt/stack/data/venv/lib/python3.12/site-packages/oslo_config/cfg.py:3253}}
Jul 13 15:36:00.308010 np0000005129 nova-scheduler[96540]: DEBUG cotyledon.oslo_config_glue [-] workarounds.enable_qemu_monitor_announce_self = False {{(pid=96540) log_opt_values /opt/stack/data/venv/lib/python3.12/site-packages/oslo_config/cfg.py:3253}}
Jul 13 15:36:00.308010 np0000005129 nova-scheduler[96540]: DEBUG cotyledon.oslo_config_glue [-] workarounds.ensure_libvirt_rbd_instance_dir_cleanup = False {{(pid=96540) log_opt_values /opt/stack/data/venv/lib/python3.12/site-packages/oslo_config/cfg.py:3253}}
Jul 13 15:36:00.308010 np0000005129 nova-scheduler[96540]: DEBUG cotyledon.oslo_config_glue [-] workarounds.handle_virt_lifecycle_events = True {{(pid=96540) log_opt_values /opt/stack/data/venv/lib/python3.12/site-packages/oslo_config/cfg.py:3253}}
Jul 13 15:36:00.308010 np0000005129 nova-scheduler[96540]: DEBUG cotyledon.oslo_config_glue [-] workarounds.libvirt_disable_apic = False {{(pid=96540) log_opt_values /opt/stack/data/venv/lib/python3.12/site-packages/oslo_config/cfg.py:3253}}
Jul 13 15:36:00.308247 np0000005129 nova-scheduler[96540]: DEBUG cotyledon.oslo_config_glue [-] workarounds.never_download_image_if_on_rbd = False {{(pid=96540) log_opt_values /opt/stack/data/venv/lib/python3.12/site-packages/oslo_config/cfg.py:3253}}
Jul 13 15:36:00.308247 np0000005129 nova-scheduler[96540]: DEBUG cotyledon.oslo_config_glue [-] workarounds.qemu_monitor_announce_self_count = 3 {{(pid=96540) log_opt_values /opt/stack/data/venv/lib/python3.12/site-packages/oslo_config/cfg.py:3253}}
Jul 13 15:36:00.308247 np0000005129 nova-scheduler[96540]: DEBUG cotyledon.oslo_config_glue [-] workarounds.qemu_monitor_announce_self_interval = 1 {{(pid=96540) log_opt_values /opt/stack/data/venv/lib/python3.12/site-packages/oslo_config/cfg.py:3253}}
Jul 13 15:36:00.308247 np0000005129 nova-scheduler[96540]: DEBUG cotyledon.oslo_config_glue [-] workarounds.reserve_disk_resource_for_image_cache = False {{(pid=96540) log_opt_values /opt/stack/data/venv/lib/python3.12/site-packages/oslo_config/cfg.py:3253}}
Jul 13 15:36:00.308247 np0000005129 nova-scheduler[96540]: DEBUG cotyledon.oslo_config_glue [-] workarounds.skip_cpu_compare_at_startup = False {{(pid=96540) log_opt_values /opt/stack/data/venv/lib/python3.12/site-packages/oslo_config/cfg.py:3253}}
Jul 13 15:36:00.308247 np0000005129 nova-scheduler[96540]: DEBUG cotyledon.oslo_config_glue [-] workarounds.skip_cpu_compare_on_dest = False {{(pid=96540) log_opt_values /opt/stack/data/venv/lib/python3.12/site-packages/oslo_config/cfg.py:3253}}
Jul 13 15:36:00.308247 np0000005129 nova-scheduler[96540]: DEBUG cotyledon.oslo_config_glue [-] workarounds.skip_hypervisor_version_check_on_lm = False {{(pid=96540) log_opt_values /opt/stack/data/venv/lib/python3.12/site-packages/oslo_config/cfg.py:3253}}
Jul 13 15:36:00.308247 np0000005129 nova-scheduler[96540]: DEBUG cotyledon.oslo_config_glue [-] workarounds.skip_reserve_in_use_ironic_nodes = False {{(pid=96540) log_opt_values /opt/stack/data/venv/lib/python3.12/site-packages/oslo_config/cfg.py:3253}}
Jul 13 15:36:00.308247 np0000005129 nova-scheduler[96540]: DEBUG cotyledon.oslo_config_glue [-] workarounds.unified_limits_count_pcpu_as_vcpu = False {{(pid=96540) log_opt_values /opt/stack/data/venv/lib/python3.12/site-packages/oslo_config/cfg.py:3253}}
Jul 13 15:36:00.308509 np0000005129 nova-scheduler[96540]: DEBUG cotyledon.oslo_config_glue [-] workarounds.wait_for_vif_plugged_event_during_hard_reboot = [] {{(pid=96540) log_opt_values /opt/stack/data/venv/lib/python3.12/site-packages/oslo_config/cfg.py:3253}}
Jul 13 15:36:00.308509 np0000005129 nova-scheduler[96540]: DEBUG cotyledon.oslo_config_glue [-] wsgi.api_paste_config = /etc/nova/api-paste.ini {{(pid=96540) log_opt_values /opt/stack/data/venv/lib/python3.12/site-packages/oslo_config/cfg.py:3253}}
Jul 13 15:36:00.308509 np0000005129 nova-scheduler[96540]: DEBUG cotyledon.oslo_config_glue [-] wsgi.secure_proxy_ssl_header = None {{(pid=96540) log_opt_values /opt/stack/data/venv/lib/python3.12/site-packages/oslo_config/cfg.py:3253}}
Jul 13 15:36:00.308509 np0000005129 nova-scheduler[96540]: DEBUG cotyledon.oslo_config_glue [-] zvm.ca_file = None {{(pid=96540) log_opt_values /opt/stack/data/venv/lib/python3.12/site-packages/oslo_config/cfg.py:3253}}
Jul 13 15:36:00.308509 np0000005129 nova-scheduler[96540]: DEBUG cotyledon.oslo_config_glue [-] zvm.cloud_connector_url = None {{(pid=96540) log_opt_values /opt/stack/data/venv/lib/python3.12/site-packages/oslo_config/cfg.py:3253}}
Jul 13 15:36:00.308509 np0000005129 nova-scheduler[96540]: DEBUG cotyledon.oslo_config_glue [-] zvm.image_tmp_path = /opt/stack/data/nova/images {{(pid=96540) log_opt_values /opt/stack/data/venv/lib/python3.12/site-packages/oslo_config/cfg.py:3253}}
Jul 13 15:36:00.308509 np0000005129 nova-scheduler[96540]: DEBUG cotyledon.oslo_config_glue [-] zvm.reachable_timeout = 300 {{(pid=96540) log_opt_values /opt/stack/data/venv/lib/python3.12/site-packages/oslo_config/cfg.py:3253}}
Jul 13 15:36:00.308509 np0000005129 nova-scheduler[96540]: DEBUG cotyledon.oslo_config_glue [-] oslo_versionedobjects.fatal_exception_format_errors = False {{(pid=96540) log_opt_values /opt/stack/data/venv/lib/python3.12/site-packages/oslo_config/cfg.py:3253}}
Jul 13 15:36:00.308509 np0000005129 nova-scheduler[96540]: DEBUG cotyledon.oslo_config_glue [-] oslo_middleware.http_basic_auth_user_file = /etc/htpasswd {{(pid=96540) log_opt_values /opt/stack/data/venv/lib/python3.12/site-packages/oslo_config/cfg.py:3253}}
Jul 13 15:36:00.308724 np0000005129 nova-scheduler[96540]: DEBUG cotyledon.oslo_config_glue [-] oslo_messaging_metrics.metrics_buffer_size = 1000 {{(pid=96540) log_opt_values /opt/stack/data/venv/lib/python3.12/site-packages/oslo_config/cfg.py:3253}}
Jul 13 15:36:00.308724 np0000005129 nova-scheduler[96540]: DEBUG cotyledon.oslo_config_glue [-] oslo_messaging_metrics.metrics_enabled = False {{(pid=96540) log_opt_values /opt/stack/data/venv/lib/python3.12/site-packages/oslo_config/cfg.py:3253}}
Jul 13 15:36:00.308724 np0000005129 nova-scheduler[96540]: DEBUG cotyledon.oslo_config_glue [-] oslo_messaging_metrics.metrics_process_name = {{(pid=96540) log_opt_values /opt/stack/data/venv/lib/python3.12/site-packages/oslo_config/cfg.py:3253}}
Jul 13 15:36:00.308724 np0000005129 nova-scheduler[96540]: DEBUG cotyledon.oslo_config_glue [-] oslo_messaging_metrics.metrics_socket_file = /var/tmp/metrics_collector.sock {{(pid=96540) log_opt_values /opt/stack/data/venv/lib/python3.12/site-packages/oslo_config/cfg.py:3253}}
Jul 13 15:36:00.308724 np0000005129 nova-scheduler[96540]: DEBUG cotyledon.oslo_config_glue [-] oslo_messaging_metrics.metrics_thread_stop_timeout = 10 {{(pid=96540) log_opt_values /opt/stack/data/venv/lib/python3.12/site-packages/oslo_config/cfg.py:3253}}
Jul 13 15:36:00.308724 np0000005129 nova-scheduler[96540]: DEBUG cotyledon.oslo_config_glue [-] profiler.connection_string = messaging:// {{(pid=96540) log_opt_values /opt/stack/data/venv/lib/python3.12/site-packages/oslo_config/cfg.py:3253}}
Jul 13 15:36:00.308724 np0000005129 nova-scheduler[96540]: DEBUG cotyledon.oslo_config_glue [-] profiler.enabled = False {{(pid=96540) log_opt_values /opt/stack/data/venv/lib/python3.12/site-packages/oslo_config/cfg.py:3253}}
Jul 13 15:36:00.308724 np0000005129 nova-scheduler[96540]: DEBUG cotyledon.oslo_config_glue [-] profiler.es_doc_type = notification {{(pid=96540) log_opt_values /opt/stack/data/venv/lib/python3.12/site-packages/oslo_config/cfg.py:3253}}
Jul 13 15:36:00.308724 np0000005129 nova-scheduler[96540]: DEBUG cotyledon.oslo_config_glue [-] profiler.es_scroll_size = 10000 {{(pid=96540) log_opt_values /opt/stack/data/venv/lib/python3.12/site-packages/oslo_config/cfg.py:3253}}
Jul 13 15:36:00.308893 np0000005129 nova-scheduler[96518]: DEBUG dbcounter [-] [96518] Writer thread running {{(pid=96518) stat_writer /opt/stack/data/venv/lib/python3.12/site-packages/dbcounter.py:102}}
Jul 13 15:36:00.308929 np0000005129 nova-scheduler[96540]: DEBUG cotyledon.oslo_config_glue [-] profiler.es_scroll_time = 2m {{(pid=96540) log_opt_values /opt/stack/data/venv/lib/python3.12/site-packages/oslo_config/cfg.py:3253}}
Jul 13 15:36:00.308929 np0000005129 nova-scheduler[96540]: DEBUG cotyledon.oslo_config_glue [-] profiler.filter_error_trace = False {{(pid=96540) log_opt_values /opt/stack/data/venv/lib/python3.12/site-packages/oslo_config/cfg.py:3253}}
Jul 13 15:36:00.308929 np0000005129 nova-scheduler[96540]: DEBUG cotyledon.oslo_config_glue [-] profiler.hmac_keys = **** {{(pid=96540) log_opt_values /opt/stack/data/venv/lib/python3.12/site-packages/oslo_config/cfg.py:3253}}
Jul 13 15:36:00.308929 np0000005129 nova-scheduler[96540]: DEBUG cotyledon.oslo_config_glue [-] profiler.sentinel_service_name = mymaster {{(pid=96540) log_opt_values /opt/stack/data/venv/lib/python3.12/site-packages/oslo_config/cfg.py:3253}}
Jul 13 15:36:00.308929 np0000005129 nova-scheduler[96540]: DEBUG cotyledon.oslo_config_glue [-] profiler.socket_timeout = 0.1 {{(pid=96540) log_opt_values /opt/stack/data/venv/lib/python3.12/site-packages/oslo_config/cfg.py:3253}}
Jul 13 15:36:00.308929 np0000005129 nova-scheduler[96540]: DEBUG cotyledon.oslo_config_glue [-] profiler.trace_requests = False {{(pid=96540) log_opt_values /opt/stack/data/venv/lib/python3.12/site-packages/oslo_config/cfg.py:3253}}
Jul 13 15:36:00.308929 np0000005129 nova-scheduler[96540]: DEBUG cotyledon.oslo_config_glue [-] profiler.trace_sqlalchemy = False {{(pid=96540) log_opt_values /opt/stack/data/venv/lib/python3.12/site-packages/oslo_config/cfg.py:3253}}
Jul 13 15:36:00.308929 np0000005129 nova-scheduler[96540]: DEBUG cotyledon.oslo_config_glue [-] profiler_jaeger.process_tags = {} {{(pid=96540) log_opt_values /opt/stack/data/venv/lib/python3.12/site-packages/oslo_config/cfg.py:3253}}
Jul 13 15:36:00.308929 np0000005129 nova-scheduler[96540]: DEBUG cotyledon.oslo_config_glue [-] profiler_jaeger.service_name_prefix = None {{(pid=96540) log_opt_values /opt/stack/data/venv/lib/python3.12/site-packages/oslo_config/cfg.py:3253}}
Jul 13 15:36:00.309128 np0000005129 nova-scheduler[96540]: DEBUG cotyledon.oslo_config_glue [-] profiler_otlp.service_name_prefix = None {{(pid=96540) log_opt_values /opt/stack/data/venv/lib/python3.12/site-packages/oslo_config/cfg.py:3253}}
Jul 13 15:36:00.309128 np0000005129 nova-scheduler[96540]: DEBUG cotyledon.oslo_config_glue [-] oslo_messaging_rabbit.amqp_auto_delete = False {{(pid=96540) log_opt_values /opt/stack/data/venv/lib/python3.12/site-packages/oslo_config/cfg.py:3253}}
Jul 13 15:36:00.309128 np0000005129 nova-scheduler[96540]: DEBUG cotyledon.oslo_config_glue [-] oslo_messaging_rabbit.amqp_durable_queues = False {{(pid=96540) log_opt_values /opt/stack/data/venv/lib/python3.12/site-packages/oslo_config/cfg.py:3253}}
Jul 13 15:36:00.309128 np0000005129 nova-scheduler[96540]: DEBUG cotyledon.oslo_config_glue [-] oslo_messaging_rabbit.conn_pool_min_size = 2 {{(pid=96540) log_opt_values /opt/stack/data/venv/lib/python3.12/site-packages/oslo_config/cfg.py:3253}}
Jul 13 15:36:00.309128 np0000005129 nova-scheduler[96540]: DEBUG cotyledon.oslo_config_glue [-] oslo_messaging_rabbit.conn_pool_ttl = 1200 {{(pid=96540) log_opt_values /opt/stack/data/venv/lib/python3.12/site-packages/oslo_config/cfg.py:3253}}
Jul 13 15:36:00.309128 np0000005129 nova-scheduler[96540]: DEBUG cotyledon.oslo_config_glue [-] oslo_messaging_rabbit.direct_mandatory_flag = True {{(pid=96540) log_opt_values /opt/stack/data/venv/lib/python3.12/site-packages/oslo_config/cfg.py:3253}}
Jul 13 15:36:00.309128 np0000005129 nova-scheduler[96540]: DEBUG cotyledon.oslo_config_glue [-] oslo_messaging_rabbit.enable_cancel_on_failover = False {{(pid=96540) log_opt_values /opt/stack/data/venv/lib/python3.12/site-packages/oslo_config/cfg.py:3253}}
Jul 13 15:36:00.309128 np0000005129 nova-scheduler[96540]: DEBUG cotyledon.oslo_config_glue [-] oslo_messaging_rabbit.heartbeat_rate = 3 {{(pid=96540) log_opt_values /opt/stack/data/venv/lib/python3.12/site-packages/oslo_config/cfg.py:3253}}
Jul 13 15:36:00.309128 np0000005129 nova-scheduler[96540]: DEBUG cotyledon.oslo_config_glue [-] oslo_messaging_rabbit.heartbeat_timeout_threshold = 60 {{(pid=96540) log_opt_values /opt/stack/data/venv/lib/python3.12/site-packages/oslo_config/cfg.py:3253}}
Jul 13 15:36:00.309354 np0000005129 nova-scheduler[96540]: DEBUG cotyledon.oslo_config_glue [-] oslo_messaging_rabbit.hostname = np0000005129 {{(pid=96540) log_opt_values /opt/stack/data/venv/lib/python3.12/site-packages/oslo_config/cfg.py:3253}}
Jul 13 15:36:00.309354 np0000005129 nova-scheduler[96540]: DEBUG cotyledon.oslo_config_glue [-] oslo_messaging_rabbit.kombu_compression = None {{(pid=96540) log_opt_values /opt/stack/data/venv/lib/python3.12/site-packages/oslo_config/cfg.py:3253}}
Jul 13 15:36:00.309354 np0000005129 nova-scheduler[96540]: DEBUG cotyledon.oslo_config_glue [-] oslo_messaging_rabbit.kombu_failover_strategy = round-robin {{(pid=96540) log_opt_values /opt/stack/data/venv/lib/python3.12/site-packages/oslo_config/cfg.py:3253}}
Jul 13 15:36:00.309354 np0000005129 nova-scheduler[96540]: DEBUG cotyledon.oslo_config_glue [-] oslo_messaging_rabbit.kombu_missing_consumer_retry_timeout = 60 {{(pid=96540) log_opt_values /opt/stack/data/venv/lib/python3.12/site-packages/oslo_config/cfg.py:3253}}
Jul 13 15:36:00.309354 np0000005129 nova-scheduler[96540]: DEBUG cotyledon.oslo_config_glue [-] oslo_messaging_rabbit.kombu_reconnect_delay = 1.0 {{(pid=96540) log_opt_values /opt/stack/data/venv/lib/python3.12/site-packages/oslo_config/cfg.py:3253}}
Jul 13 15:36:00.309354 np0000005129 nova-scheduler[96540]: DEBUG cotyledon.oslo_config_glue [-] oslo_messaging_rabbit.kombu_reconnect_splay = 0.0 {{(pid=96540) log_opt_values /opt/stack/data/venv/lib/python3.12/site-packages/oslo_config/cfg.py:3253}}
Jul 13 15:36:00.309354 np0000005129 nova-scheduler[96540]: DEBUG cotyledon.oslo_config_glue [-] oslo_messaging_rabbit.processname = nova-scheduler {{(pid=96540) log_opt_values /opt/stack/data/venv/lib/python3.12/site-packages/oslo_config/cfg.py:3253}}
Jul 13 15:36:00.309354 np0000005129 nova-scheduler[96540]: DEBUG cotyledon.oslo_config_glue [-] oslo_messaging_rabbit.rabbit_ha_queues = False {{(pid=96540) log_opt_values /opt/stack/data/venv/lib/python3.12/site-packages/oslo_config/cfg.py:3253}}
Jul 13 15:36:00.309354 np0000005129 nova-scheduler[96540]: DEBUG cotyledon.oslo_config_glue [-] oslo_messaging_rabbit.rabbit_interval_max = 30 {{(pid=96540) log_opt_values /opt/stack/data/venv/lib/python3.12/site-packages/oslo_config/cfg.py:3253}}
Jul 13 15:36:00.309578 np0000005129 nova-scheduler[96540]: DEBUG cotyledon.oslo_config_glue [-] oslo_messaging_rabbit.rabbit_login_method = AMQPLAIN {{(pid=96540) log_opt_values /opt/stack/data/venv/lib/python3.12/site-packages/oslo_config/cfg.py:3253}}
Jul 13 15:36:00.309578 np0000005129 nova-scheduler[96540]: DEBUG cotyledon.oslo_config_glue [-] oslo_messaging_rabbit.rabbit_qos_prefetch_count = 0 {{(pid=96540) log_opt_values /opt/stack/data/venv/lib/python3.12/site-packages/oslo_config/cfg.py:3253}}
Jul 13 15:36:00.309578 np0000005129 nova-scheduler[96540]: DEBUG cotyledon.oslo_config_glue [-] oslo_messaging_rabbit.rabbit_quorum_delivery_limit = 0 {{(pid=96540) log_opt_values /opt/stack/data/venv/lib/python3.12/site-packages/oslo_config/cfg.py:3253}}
Jul 13 15:36:00.309578 np0000005129 nova-scheduler[96540]: DEBUG cotyledon.oslo_config_glue [-] oslo_messaging_rabbit.rabbit_quorum_max_memory_bytes = 0 {{(pid=96540) log_opt_values /opt/stack/data/venv/lib/python3.12/site-packages/oslo_config/cfg.py:3253}}
Jul 13 15:36:00.309578 np0000005129 nova-scheduler[96540]: DEBUG cotyledon.oslo_config_glue [-] oslo_messaging_rabbit.rabbit_quorum_max_memory_length = 0 {{(pid=96540) log_opt_values /opt/stack/data/venv/lib/python3.12/site-packages/oslo_config/cfg.py:3253}}
Jul 13 15:36:00.309578 np0000005129 nova-scheduler[96540]: DEBUG cotyledon.oslo_config_glue [-] oslo_messaging_rabbit.rabbit_quorum_queue = False {{(pid=96540) log_opt_values /opt/stack/data/venv/lib/python3.12/site-packages/oslo_config/cfg.py:3253}}
Jul 13 15:36:00.309578 np0000005129 nova-scheduler[96540]: DEBUG cotyledon.oslo_config_glue [-] oslo_messaging_rabbit.rabbit_retry_backoff = 2 {{(pid=96540) log_opt_values /opt/stack/data/venv/lib/python3.12/site-packages/oslo_config/cfg.py:3253}}
Jul 13 15:36:00.309578 np0000005129 nova-scheduler[96540]: DEBUG cotyledon.oslo_config_glue [-] oslo_messaging_rabbit.rabbit_retry_interval = 1 {{(pid=96540) log_opt_values /opt/stack/data/venv/lib/python3.12/site-packages/oslo_config/cfg.py:3253}}
Jul 13 15:36:00.309578 np0000005129 nova-scheduler[96540]: DEBUG cotyledon.oslo_config_glue [-] oslo_messaging_rabbit.rabbit_stream_fanout = False {{(pid=96540) log_opt_values /opt/stack/data/venv/lib/python3.12/site-packages/oslo_config/cfg.py:3253}}
Jul 13 15:36:00.309758 np0000005129 nova-scheduler[96540]: DEBUG cotyledon.oslo_config_glue [-] oslo_messaging_rabbit.rabbit_transient_queues_ttl = 1800 {{(pid=96540) log_opt_values /opt/stack/data/venv/lib/python3.12/site-packages/oslo_config/cfg.py:3253}}
Jul 13 15:36:00.309758 np0000005129 nova-scheduler[96540]: DEBUG cotyledon.oslo_config_glue [-] oslo_messaging_rabbit.rabbit_transient_quorum_queue = False {{(pid=96540) log_opt_values /opt/stack/data/venv/lib/python3.12/site-packages/oslo_config/cfg.py:3253}}
Jul 13 15:36:00.309758 np0000005129 nova-scheduler[96540]: DEBUG cotyledon.oslo_config_glue [-] oslo_messaging_rabbit.rpc_conn_pool_size = 30 {{(pid=96540) log_opt_values /opt/stack/data/venv/lib/python3.12/site-packages/oslo_config/cfg.py:3253}}
Jul 13 15:36:00.309758 np0000005129 nova-scheduler[96540]: DEBUG cotyledon.oslo_config_glue [-] oslo_messaging_rabbit.ssl = False {{(pid=96540) log_opt_values /opt/stack/data/venv/lib/python3.12/site-packages/oslo_config/cfg.py:3253}}
Jul 13 15:36:00.309758 np0000005129 nova-scheduler[96540]: DEBUG cotyledon.oslo_config_glue [-] oslo_messaging_rabbit.ssl_ca_file = {{(pid=96540) log_opt_values /opt/stack/data/venv/lib/python3.12/site-packages/oslo_config/cfg.py:3253}}
Jul 13 15:36:00.309758 np0000005129 nova-scheduler[96540]: DEBUG cotyledon.oslo_config_glue [-] oslo_messaging_rabbit.ssl_cert_file = {{(pid=96540) log_opt_values /opt/stack/data/venv/lib/python3.12/site-packages/oslo_config/cfg.py:3253}}
Jul 13 15:36:00.309758 np0000005129 nova-scheduler[96540]: DEBUG cotyledon.oslo_config_glue [-] oslo_messaging_rabbit.ssl_enforce_fips_mode = False {{(pid=96540) log_opt_values /opt/stack/data/venv/lib/python3.12/site-packages/oslo_config/cfg.py:3253}}
Jul 13 15:36:00.309758 np0000005129 nova-scheduler[96540]: DEBUG cotyledon.oslo_config_glue [-] oslo_messaging_rabbit.ssl_enforce_hostname_verification = True {{(pid=96540) log_opt_values /opt/stack/data/venv/lib/python3.12/site-packages/oslo_config/cfg.py:3253}}
Jul 13 15:36:00.309758 np0000005129 nova-scheduler[96540]: DEBUG cotyledon.oslo_config_glue [-] oslo_messaging_rabbit.ssl_key_file = {{(pid=96540) log_opt_values /opt/stack/data/venv/lib/python3.12/site-packages/oslo_config/cfg.py:3253}}
Jul 13 15:36:00.309939 np0000005129 nova-scheduler[96540]: DEBUG cotyledon.oslo_config_glue [-] oslo_messaging_rabbit.ssl_version = {{(pid=96540) log_opt_values /opt/stack/data/venv/lib/python3.12/site-packages/oslo_config/cfg.py:3253}}
Jul 13 15:36:00.309939 np0000005129 nova-scheduler[96540]: DEBUG cotyledon.oslo_config_glue [-] oslo_messaging_rabbit.use_queue_manager = False {{(pid=96540) log_opt_values /opt/stack/data/venv/lib/python3.12/site-packages/oslo_config/cfg.py:3253}}
Jul 13 15:36:00.309939 np0000005129 nova-scheduler[96540]: DEBUG cotyledon.oslo_config_glue [-] oslo_messaging_notifications.driver = ['messagingv2'] {{(pid=96540) log_opt_values /opt/stack/data/venv/lib/python3.12/site-packages/oslo_config/cfg.py:3253}}
Jul 13 15:36:00.309939 np0000005129 nova-scheduler[96540]: DEBUG cotyledon.oslo_config_glue [-] oslo_messaging_notifications.retry = -1 {{(pid=96540) log_opt_values /opt/stack/data/venv/lib/python3.12/site-packages/oslo_config/cfg.py:3253}}
Jul 13 15:36:00.309939 np0000005129 nova-scheduler[96540]: DEBUG cotyledon.oslo_config_glue [-] oslo_messaging_notifications.topics = ['notifications'] {{(pid=96540) log_opt_values /opt/stack/data/venv/lib/python3.12/site-packages/oslo_config/cfg.py:3253}}
Jul 13 15:36:00.309939 np0000005129 nova-scheduler[96540]: DEBUG cotyledon.oslo_config_glue [-] oslo_messaging_notifications.transport_url = **** {{(pid=96540) log_opt_values /opt/stack/data/venv/lib/python3.12/site-packages/oslo_config/cfg.py:3253}}
Jul 13 15:36:00.309939 np0000005129 nova-scheduler[96540]: DEBUG cotyledon.oslo_config_glue [-] oslo_limit.auth_section = None {{(pid=96540) log_opt_values /opt/stack/data/venv/lib/python3.12/site-packages/oslo_config/cfg.py:3253}}
Jul 13 15:36:00.309939 np0000005129 nova-scheduler[96540]: DEBUG cotyledon.oslo_config_glue [-] oslo_limit.auth_type = None {{(pid=96540) log_opt_values /opt/stack/data/venv/lib/python3.12/site-packages/oslo_config/cfg.py:3253}}
Jul 13 15:36:00.309939 np0000005129 nova-scheduler[96540]: DEBUG cotyledon.oslo_config_glue [-] oslo_limit.cafile = None {{(pid=96540) log_opt_values /opt/stack/data/venv/lib/python3.12/site-packages/oslo_config/cfg.py:3253}}
Jul 13 15:36:00.310140 np0000005129 nova-scheduler[96540]: DEBUG cotyledon.oslo_config_glue [-] oslo_limit.certfile = None {{(pid=96540) log_opt_values /opt/stack/data/venv/lib/python3.12/site-packages/oslo_config/cfg.py:3253}}
Jul 13 15:36:00.310140 np0000005129 nova-scheduler[96540]: DEBUG cotyledon.oslo_config_glue [-] oslo_limit.collect_timing = False {{(pid=96540) log_opt_values /opt/stack/data/venv/lib/python3.12/site-packages/oslo_config/cfg.py:3253}}
Jul 13 15:36:00.310140 np0000005129 nova-scheduler[96540]: DEBUG cotyledon.oslo_config_glue [-] oslo_limit.connect_retries = None {{(pid=96540) log_opt_values /opt/stack/data/venv/lib/python3.12/site-packages/oslo_config/cfg.py:3253}}
Jul 13 15:36:00.310140 np0000005129 nova-scheduler[96540]: DEBUG cotyledon.oslo_config_glue [-] oslo_limit.connect_retry_delay = None {{(pid=96540) log_opt_values /opt/stack/data/venv/lib/python3.12/site-packages/oslo_config/cfg.py:3253}}
Jul 13 15:36:00.310140 np0000005129 nova-scheduler[96540]: DEBUG cotyledon.oslo_config_glue [-] oslo_limit.endpoint_id = None {{(pid=96540) log_opt_values /opt/stack/data/venv/lib/python3.12/site-packages/oslo_config/cfg.py:3253}}
Jul 13 15:36:00.310140 np0000005129 nova-scheduler[96540]: DEBUG cotyledon.oslo_config_glue [-] oslo_limit.endpoint_interface = public {{(pid=96540) log_opt_values /opt/stack/data/venv/lib/python3.12/site-packages/oslo_config/cfg.py:3253}}
Jul 13 15:36:00.310140 np0000005129 nova-scheduler[96540]: DEBUG cotyledon.oslo_config_glue [-] oslo_limit.endpoint_override = None {{(pid=96540) log_opt_values /opt/stack/data/venv/lib/python3.12/site-packages/oslo_config/cfg.py:3253}}
Jul 13 15:36:00.310140 np0000005129 nova-scheduler[96540]: DEBUG cotyledon.oslo_config_glue [-] oslo_limit.endpoint_region_name = None {{(pid=96540) log_opt_values /opt/stack/data/venv/lib/python3.12/site-packages/oslo_config/cfg.py:3253}}
Jul 13 15:36:00.310140 np0000005129 nova-scheduler[96540]: DEBUG cotyledon.oslo_config_glue [-] oslo_limit.endpoint_service_name = None {{(pid=96540) log_opt_values /opt/stack/data/venv/lib/python3.12/site-packages/oslo_config/cfg.py:3253}}
Jul 13 15:36:00.310318 np0000005129 nova-scheduler[96540]: DEBUG cotyledon.oslo_config_glue [-] oslo_limit.endpoint_service_type = None {{(pid=96540) log_opt_values /opt/stack/data/venv/lib/python3.12/site-packages/oslo_config/cfg.py:3253}}
Jul 13 15:36:00.310318 np0000005129 nova-scheduler[96540]: DEBUG cotyledon.oslo_config_glue [-] oslo_limit.insecure = False {{(pid=96540) log_opt_values /opt/stack/data/venv/lib/python3.12/site-packages/oslo_config/cfg.py:3253}}
Jul 13 15:36:00.310318 np0000005129 nova-scheduler[96540]: DEBUG cotyledon.oslo_config_glue [-] oslo_limit.keyfile = None {{(pid=96540) log_opt_values /opt/stack/data/venv/lib/python3.12/site-packages/oslo_config/cfg.py:3253}}
Jul 13 15:36:00.310318 np0000005129 nova-scheduler[96540]: DEBUG cotyledon.oslo_config_glue [-] oslo_limit.max_version = None {{(pid=96540) log_opt_values /opt/stack/data/venv/lib/python3.12/site-packages/oslo_config/cfg.py:3253}}
Jul 13 15:36:00.310318 np0000005129 nova-scheduler[96540]: DEBUG cotyledon.oslo_config_glue [-] oslo_limit.min_version = None {{(pid=96540) log_opt_values /opt/stack/data/venv/lib/python3.12/site-packages/oslo_config/cfg.py:3253}}
Jul 13 15:36:00.310318 np0000005129 nova-scheduler[96540]: DEBUG cotyledon.oslo_config_glue [-] oslo_limit.region_name = None {{(pid=96540) log_opt_values /opt/stack/data/venv/lib/python3.12/site-packages/oslo_config/cfg.py:3253}}
Jul 13 15:36:00.310318 np0000005129 nova-scheduler[96540]: DEBUG cotyledon.oslo_config_glue [-] oslo_limit.retriable_status_codes = None {{(pid=96540) log_opt_values /opt/stack/data/venv/lib/python3.12/site-packages/oslo_config/cfg.py:3253}}
Jul 13 15:36:00.310318 np0000005129 nova-scheduler[96540]: DEBUG cotyledon.oslo_config_glue [-] oslo_limit.service_name = None {{(pid=96540) log_opt_values /opt/stack/data/venv/lib/python3.12/site-packages/oslo_config/cfg.py:3253}}
Jul 13 15:36:00.310318 np0000005129 nova-scheduler[96540]: DEBUG cotyledon.oslo_config_glue [-] oslo_limit.service_type = None {{(pid=96540) log_opt_values /opt/stack/data/venv/lib/python3.12/site-packages/oslo_config/cfg.py:3253}}
Jul 13 15:36:00.310581 np0000005129 nova-scheduler[96540]: DEBUG cotyledon.oslo_config_glue [-] oslo_limit.split_loggers = False {{(pid=96540) log_opt_values /opt/stack/data/venv/lib/python3.12/site-packages/oslo_config/cfg.py:3253}}
Jul 13 15:36:00.310581 np0000005129 nova-scheduler[96540]: DEBUG cotyledon.oslo_config_glue [-] oslo_limit.status_code_retries = None {{(pid=96540) log_opt_values /opt/stack/data/venv/lib/python3.12/site-packages/oslo_config/cfg.py:3253}}
Jul 13 15:36:00.310581 np0000005129 nova-scheduler[96540]: DEBUG cotyledon.oslo_config_glue [-] oslo_limit.status_code_retry_delay = None {{(pid=96540) log_opt_values /opt/stack/data/venv/lib/python3.12/site-packages/oslo_config/cfg.py:3253}}
Jul 13 15:36:00.310581 np0000005129 nova-scheduler[96540]: DEBUG cotyledon.oslo_config_glue [-] oslo_limit.timeout = None {{(pid=96540) log_opt_values /opt/stack/data/venv/lib/python3.12/site-packages/oslo_config/cfg.py:3253}}
Jul 13 15:36:00.310581 np0000005129 nova-scheduler[96540]: DEBUG cotyledon.oslo_config_glue [-] oslo_limit.valid_interfaces = None {{(pid=96540) log_opt_values /opt/stack/data/venv/lib/python3.12/site-packages/oslo_config/cfg.py:3253}}
Jul 13 15:36:00.310581 np0000005129 nova-scheduler[96540]: DEBUG cotyledon.oslo_config_glue [-] oslo_limit.version = None {{(pid=96540) log_opt_values /opt/stack/data/venv/lib/python3.12/site-packages/oslo_config/cfg.py:3253}}
Jul 13 15:36:00.310581 np0000005129 nova-scheduler[96540]: DEBUG cotyledon.oslo_config_glue [-] oslo_reports.file_event_handler = None {{(pid=96540) log_opt_values /opt/stack/data/venv/lib/python3.12/site-packages/oslo_config/cfg.py:3253}}
Jul 13 15:36:00.310581 np0000005129 nova-scheduler[96540]: DEBUG cotyledon.oslo_config_glue [-] oslo_reports.file_event_handler_interval = 1 {{(pid=96540) log_opt_values /opt/stack/data/venv/lib/python3.12/site-packages/oslo_config/cfg.py:3253}}
Jul 13 15:36:00.310581 np0000005129 nova-scheduler[96540]: DEBUG cotyledon.oslo_config_glue [-] oslo_reports.log_dir = None {{(pid=96540) log_opt_values /opt/stack/data/venv/lib/python3.12/site-packages/oslo_config/cfg.py:3253}}
Jul 13 15:36:00.310756 np0000005129 nova-scheduler[96540]: DEBUG cotyledon.oslo_config_glue [-] ******************************************************************************** {{(pid=96540) log_opt_values /opt/stack/data/venv/lib/python3.12/site-packages/oslo_config/cfg.py:3260}}
Jul 13 15:36:00.310756 np0000005129 nova-scheduler[96540]: DEBUG cotyledon._service_worker [-] Run service ServiceWrapper(3) [96540] {{(pid=96540) wait_forever /opt/stack/data/venv/lib/python3.12/site-packages/cotyledon/_service_worker.py:218}}
Jul 13 15:36:00.310756 np0000005129 nova-scheduler[96540]: INFO nova.service [-] Starting scheduler node (version 33.1.0)
Jul 13 15:36:00.310817 np0000005129 nova-scheduler[96521]: DEBUG dbcounter [-] [96521] Writer thread running {{(pid=96521) stat_writer /opt/stack/data/venv/lib/python3.12/site-packages/dbcounter.py:102}}
Jul 13 15:36:00.310846 np0000005129 nova-scheduler[96540]: INFO dbcounter [None req-be57876c-40a1-48fc-bf6c-cb26d45532e2 None None] Registered counter for database nova_cell0
Jul 13 15:36:00.310876 np0000005129 nova-scheduler[96518]: DEBUG nova.service [None req-4930b769-cb87-4556-a829-a8a2a4677080 None None] Creating RPC server for service: nova-scheduler on topic: scheduler {{(pid=96518) start /opt/stack/nova/nova/service.py:196}}
Jul 13 15:36:00.310905 np0000005129 nova-scheduler[96521]: DEBUG nova.service [None req-b32a2075-7e50-425e-94e6-07aa074e6396 None None] Creating RPC server for service: nova-scheduler on topic: scheduler {{(pid=96521) start /opt/stack/nova/nova/service.py:196}}
Jul 13 15:36:00.310936 np0000005129 nova-scheduler[96523]: DEBUG oslo_db.sqlalchemy.engines [None req-51b16d75-b847-4871-aeb5-3f3a16e29fe8 None None] MySQL server mode set to STRICT_TRANS_TABLES,STRICT_ALL_TABLES,NO_ZERO_IN_DATE,NO_ZERO_DATE,ERROR_FOR_DIVISION_BY_ZERO,TRADITIONAL,NO_ENGINE_SUBSTITUTION {{(pid=96523) _check_effective_sql_mode /opt/stack/data/venv/lib/python3.12/site-packages/oslo_db/sqlalchemy/engines.py:325}}
Jul 13 15:36:00.310936 np0000005129 nova-scheduler[96523]: DEBUG dbcounter [-] [96523] Writer thread running {{(pid=96523) stat_writer /opt/stack/data/venv/lib/python3.12/site-packages/dbcounter.py:102}}
Jul 13 15:36:00.311000 np0000005129 nova-scheduler[96518]: DEBUG nova.service [None req-4930b769-cb87-4556-a829-a8a2a4677080 None None] Join ServiceGroup membership for this service scheduler {{(pid=96518) start /opt/stack/nova/nova/service.py:222}}
Jul 13 15:36:00.311000 np0000005129 nova-scheduler[96518]: DEBUG nova.servicegroup.drivers.db [None req-4930b769-cb87-4556-a829-a8a2a4677080 None None] DB_Driver: join new ServiceGroup member np0000005129 to the scheduler group, service = {{(pid=96518) join /opt/stack/nova/nova/servicegroup/drivers/db.py:44}}
Jul 13 15:36:00.311048 np0000005129 nova-scheduler[96521]: DEBUG nova.service [None req-b32a2075-7e50-425e-94e6-07aa074e6396 None None] Join ServiceGroup membership for this service scheduler {{(pid=96521) start /opt/stack/nova/nova/service.py:222}}
Jul 13 15:36:00.311048 np0000005129 nova-scheduler[96521]: DEBUG nova.servicegroup.drivers.db [None req-b32a2075-7e50-425e-94e6-07aa074e6396 None None] DB_Driver: join new ServiceGroup member np0000005129 to the scheduler group, service = {{(pid=96521) join /opt/stack/nova/nova/servicegroup/drivers/db.py:44}}
Jul 13 15:36:00.311097 np0000005129 nova-scheduler[96523]: DEBUG nova.service [None req-51b16d75-b847-4871-aeb5-3f3a16e29fe8 None None] Creating RPC server for service: nova-scheduler on topic: scheduler {{(pid=96523) start /opt/stack/nova/nova/service.py:196}}
Jul 13 15:36:00.320231 np0000005129 nova-scheduler[96540]: DEBUG oslo_db.sqlalchemy.engines [None req-be57876c-40a1-48fc-bf6c-cb26d45532e2 None None] MySQL server mode set to STRICT_TRANS_TABLES,STRICT_ALL_TABLES,NO_ZERO_IN_DATE,NO_ZERO_DATE,ERROR_FOR_DIVISION_BY_ZERO,TRADITIONAL,NO_ENGINE_SUBSTITUTION {{(pid=96540) _check_effective_sql_mode /opt/stack/data/venv/lib/python3.12/site-packages/oslo_db/sqlalchemy/engines.py:325}}
Jul 13 15:36:00.323735 np0000005129 nova-scheduler[96523]: DEBUG nova.service [None req-51b16d75-b847-4871-aeb5-3f3a16e29fe8 None None] Join ServiceGroup membership for this service scheduler {{(pid=96523) start /opt/stack/nova/nova/service.py:222}}
Jul 13 15:36:00.324065 np0000005129 nova-scheduler[96523]: DEBUG nova.servicegroup.drivers.db [None req-51b16d75-b847-4871-aeb5-3f3a16e29fe8 None None] DB_Driver: join new ServiceGroup member np0000005129 to the scheduler group, service = {{(pid=96523) join /opt/stack/nova/nova/servicegroup/drivers/db.py:44}}
Jul 13 15:36:00.329931 np0000005129 nova-scheduler[96540]: DEBUG dbcounter [-] [96540] Writer thread running {{(pid=96540) stat_writer /opt/stack/data/venv/lib/python3.12/site-packages/dbcounter.py:102}}
Jul 13 15:36:00.333303 np0000005129 nova-scheduler[96540]: DEBUG nova.service [None req-be57876c-40a1-48fc-bf6c-cb26d45532e2 None None] Creating RPC server for service: nova-scheduler on topic: scheduler {{(pid=96540) start /opt/stack/nova/nova/service.py:196}}
Jul 13 15:36:00.351142 np0000005129 nova-scheduler[96540]: DEBUG nova.service [None req-be57876c-40a1-48fc-bf6c-cb26d45532e2 None None] Join ServiceGroup membership for this service scheduler {{(pid=96540) start /opt/stack/nova/nova/service.py:222}}
Jul 13 15:36:00.351435 np0000005129 nova-scheduler[96540]: DEBUG nova.servicegroup.drivers.db [None req-be57876c-40a1-48fc-bf6c-cb26d45532e2 None None] DB_Driver: join new ServiceGroup member np0000005129 to the scheduler group, service = {{(pid=96540) join /opt/stack/nova/nova/servicegroup/drivers/db.py:44}}
Jul 13 15:36:03.307369 np0000005129 nova-scheduler[96521]: DEBUG oslo.service.backend._threading.loopingcall [None req-73100d84-b0e0-4a99-9d38-72df651540d4 None None] Dynamic interval looping call 'nova.service.Service.periodic_tasks' sleeping for 60.00 seconds {{(pid=96521) _run_loop /opt/stack/data/venv/lib/python3.12/site-packages/oslo_service/backend/_threading/loopingcall.py:125}}
Jul 13 15:36:05.318376 np0000005129 nova-scheduler[96518]: DEBUG oslo.service.backend._threading.loopingcall [-] Fixed interval looping call 'nova.servicegroup.drivers.db.DbDriver._report_state' sleeping for 119.99 seconds {{(pid=96518) _run_loop /opt/stack/data/venv/lib/python3.12/site-packages/oslo_service/backend/_threading/loopingcall.py:125}}
Jul 13 15:36:05.323212 np0000005129 nova-scheduler[96521]: DEBUG oslo.service.backend._threading.loopingcall [-] Fixed interval looping call 'nova.servicegroup.drivers.db.DbDriver._report_state' sleeping for 119.98 seconds {{(pid=96521) _run_loop /opt/stack/data/venv/lib/python3.12/site-packages/oslo_service/backend/_threading/loopingcall.py:125}}
Jul 13 15:36:05.336583 np0000005129 nova-scheduler[96523]: DEBUG oslo.service.backend._threading.loopingcall [-] Fixed interval looping call 'nova.servicegroup.drivers.db.DbDriver._report_state' sleeping for 119.99 seconds {{(pid=96523) _run_loop /opt/stack/data/venv/lib/python3.12/site-packages/oslo_service/backend/_threading/loopingcall.py:125}}
Jul 13 15:36:05.361738 np0000005129 nova-scheduler[96540]: DEBUG oslo.service.backend._threading.loopingcall [-] Fixed interval looping call 'nova.servicegroup.drivers.db.DbDriver._report_state' sleeping for 119.99 seconds {{(pid=96540) _run_loop /opt/stack/data/venv/lib/python3.12/site-packages/oslo_service/backend/_threading/loopingcall.py:125}}
Jul 13 15:36:08.811578 np0000005129 nova-scheduler[95321]: DEBUG dbcounter [-] [95321] Writing DB stats nova_api:SELECT=3 {{(pid=95321) stat_writer /opt/stack/data/venv/lib/python3.12/site-packages/dbcounter.py:115}}
Jul 13 15:36:08.949160 np0000005129 nova-scheduler[95321]: DEBUG dbcounter [-] [95321] Writing DB stats nova_cell1:SELECT=1 {{(pid=95321) stat_writer /opt/stack/data/venv/lib/python3.12/site-packages/dbcounter.py:115}}
Jul 13 15:36:08.955436 np0000005129 nova-scheduler[95321]: DEBUG dbcounter [-] [95321] Writing DB stats nova_cell0:SELECT=1 {{(pid=95321) stat_writer /opt/stack/data/venv/lib/python3.12/site-packages/dbcounter.py:115}}
Jul 13 15:36:15.314249 np0000005129 nova-scheduler[96518]: DEBUG dbcounter [-] [96518] Writing DB stats nova_cell0:SELECT=4,nova_cell0:INSERT=1,nova_cell0:UPDATE=1 {{(pid=96518) stat_writer /opt/stack/data/venv/lib/python3.12/site-packages/dbcounter.py:115}}
Jul 13 15:36:15.321431 np0000005129 nova-scheduler[96521]: DEBUG dbcounter [-] [96521] Writing DB stats nova_cell0:SELECT=5,nova_cell0:INSERT=1 {{(pid=96521) stat_writer /opt/stack/data/venv/lib/python3.12/site-packages/dbcounter.py:115}}
Jul 13 15:36:15.332312 np0000005129 nova-scheduler[96523]: DEBUG dbcounter [-] [96523] Writing DB stats nova_cell0:SELECT=3 {{(pid=96523) stat_writer /opt/stack/data/venv/lib/python3.12/site-packages/dbcounter.py:115}}
Jul 13 15:36:15.359652 np0000005129 nova-scheduler[96540]: DEBUG dbcounter [-] [96540] Writing DB stats nova_cell0:SELECT=3 {{(pid=96540) stat_writer /opt/stack/data/venv/lib/python3.12/site-packages/dbcounter.py:115}}
Jul 13 15:36:18.307886 np0000005129 nova-scheduler[96518]: DEBUG oslo.service.backend._threading.loopingcall [None req-e03ff9a5-ba23-462b-b7c3-a466dbe71238 None None] Dynamic interval looping call 'nova.service.Service.periodic_tasks' sleeping for 60.00 seconds {{(pid=96518) _run_loop /opt/stack/data/venv/lib/python3.12/site-packages/oslo_service/backend/_threading/loopingcall.py:125}}
Jul 13 15:36:34.326375 np0000005129 nova-scheduler[96523]: DEBUG oslo.service.backend._threading.loopingcall [None req-2ef35204-30e8-4139-b759-9a479d2f74fb None None] Dynamic interval looping call 'nova.service.Service.periodic_tasks' sleeping for 60.00 seconds {{(pid=96523) _run_loop /opt/stack/data/venv/lib/python3.12/site-packages/oslo_service/backend/_threading/loopingcall.py:125}}
Jul 13 15:36:57.353268 np0000005129 nova-scheduler[96540]: DEBUG oslo.service.backend._threading.loopingcall [None req-363a7326-8891-4ba1-a7ff-05b1b4e90c94 None None] Dynamic interval looping call 'nova.service.Service.periodic_tasks' sleeping for 60.00 seconds {{(pid=96540) _run_loop /opt/stack/data/venv/lib/python3.12/site-packages/oslo_service/backend/_threading/loopingcall.py:125}}
Jul 13 15:37:03.307863 np0000005129 nova-scheduler[96521]: DEBUG oslo.service.backend._threading.loopingcall [None req-73100d84-b0e0-4a99-9d38-72df651540d4 None None] Dynamic interval looping call 'nova.service.Service.periodic_tasks' sleeping for 60.00 seconds {{(pid=96521) _run_loop /opt/stack/data/venv/lib/python3.12/site-packages/oslo_service/backend/_threading/loopingcall.py:125}}
Jul 13 15:37:18.308877 np0000005129 nova-scheduler[96518]: DEBUG oslo.service.backend._threading.loopingcall [None req-e03ff9a5-ba23-462b-b7c3-a466dbe71238 None None] Dynamic interval looping call 'nova.service.Service.periodic_tasks' sleeping for 60.00 seconds {{(pid=96518) _run_loop /opt/stack/data/venv/lib/python3.12/site-packages/oslo_service/backend/_threading/loopingcall.py:125}}
Jul 13 15:37:34.326800 np0000005129 nova-scheduler[96523]: DEBUG oslo.service.backend._threading.loopingcall [None req-2ef35204-30e8-4139-b759-9a479d2f74fb None None] Dynamic interval looping call 'nova.service.Service.periodic_tasks' sleeping for 60.00 seconds {{(pid=96523) _run_loop /opt/stack/data/venv/lib/python3.12/site-packages/oslo_service/backend/_threading/loopingcall.py:125}}
Jul 13 15:37:57.353784 np0000005129 nova-scheduler[96540]: DEBUG oslo.service.backend._threading.loopingcall [None req-363a7326-8891-4ba1-a7ff-05b1b4e90c94 None None] Dynamic interval looping call 'nova.service.Service.periodic_tasks' sleeping for 60.00 seconds {{(pid=96540) _run_loop /opt/stack/data/venv/lib/python3.12/site-packages/oslo_service/backend/_threading/loopingcall.py:125}}
Jul 13 15:38:03.308425 np0000005129 nova-scheduler[96521]: DEBUG oslo.service.backend._threading.loopingcall [None req-73100d84-b0e0-4a99-9d38-72df651540d4 None None] Dynamic interval looping call 'nova.service.Service.periodic_tasks' sleeping for 60.00 seconds {{(pid=96521) _run_loop /opt/stack/data/venv/lib/python3.12/site-packages/oslo_service/backend/_threading/loopingcall.py:125}}
Jul 13 15:38:05.312258 np0000005129 nova-scheduler[96521]: DEBUG oslo.service.backend._threading.loopingcall [-] Fixed interval looping call 'nova.servicegroup.drivers.db.DbDriver._report_state' sleeping for 119.99 seconds {{(pid=96521) _run_loop /opt/stack/data/venv/lib/python3.12/site-packages/oslo_service/backend/_threading/loopingcall.py:125}}
Jul 13 15:38:05.312897 np0000005129 nova-scheduler[96518]: DEBUG oslo.service.backend._threading.loopingcall [-] Fixed interval looping call 'nova.servicegroup.drivers.db.DbDriver._report_state' sleeping for 120.00 seconds {{(pid=96518) _run_loop /opt/stack/data/venv/lib/python3.12/site-packages/oslo_service/backend/_threading/loopingcall.py:125}}
Jul 13 15:38:05.330024 np0000005129 nova-scheduler[96523]: DEBUG oslo.service.backend._threading.loopingcall [-] Fixed interval looping call 'nova.servicegroup.drivers.db.DbDriver._report_state' sleeping for 120.00 seconds {{(pid=96523) _run_loop /opt/stack/data/venv/lib/python3.12/site-packages/oslo_service/backend/_threading/loopingcall.py:125}}
Jul 13 15:38:05.356540 np0000005129 nova-scheduler[96540]: DEBUG oslo.service.backend._threading.loopingcall [-] Fixed interval looping call 'nova.servicegroup.drivers.db.DbDriver._report_state' sleeping for 120.00 seconds {{(pid=96540) _run_loop /opt/stack/data/venv/lib/python3.12/site-packages/oslo_service/backend/_threading/loopingcall.py:125}}
Jul 13 15:38:15.308769 np0000005129 nova-scheduler[96521]: DEBUG dbcounter [-] [96521] Writing DB stats nova_cell0:SELECT=1,nova_cell0:UPDATE=1 {{(pid=96521) stat_writer /opt/stack/data/venv/lib/python3.12/site-packages/dbcounter.py:115}}
Jul 13 15:38:15.312126 np0000005129 nova-scheduler[96518]: DEBUG dbcounter [-] [96518] Writing DB stats nova_cell0:SELECT=1,nova_cell0:UPDATE=1 {{(pid=96518) stat_writer /opt/stack/data/venv/lib/python3.12/site-packages/dbcounter.py:115}}
Jul 13 15:38:15.330048 np0000005129 nova-scheduler[96523]: DEBUG dbcounter [-] [96523] Writing DB stats nova_cell0:SELECT=1 {{(pid=96523) stat_writer /opt/stack/data/venv/lib/python3.12/site-packages/dbcounter.py:115}}
Jul 13 15:38:15.354025 np0000005129 nova-scheduler[96540]: DEBUG dbcounter [-] [96540] Writing DB stats nova_cell0:SELECT=1 {{(pid=96540) stat_writer /opt/stack/data/venv/lib/python3.12/site-packages/dbcounter.py:115}}
Jul 13 15:38:18.309437 np0000005129 nova-scheduler[96518]: DEBUG oslo.service.backend._threading.loopingcall [None req-e03ff9a5-ba23-462b-b7c3-a466dbe71238 None None] Dynamic interval looping call 'nova.service.Service.periodic_tasks' sleeping for 60.00 seconds {{(pid=96518) _run_loop /opt/stack/data/venv/lib/python3.12/site-packages/oslo_service/backend/_threading/loopingcall.py:125}}
Jul 13 15:38:31.263514 np0000005129 nova-scheduler[96518]: DEBUG nova.scheduler.manager [None req-51472d06-c6d2-498f-a996-d335d75dea01 tempest-ServerBootFromVolumeStableRescueTest-931916759 tempest-ServerBootFromVolumeStableRescueTest-931916759-project-member] Starting to schedule for instances: ['68ec211e-4a86-4187-a059-d36f842a30d6'] {{(pid=96518) select_destinations /opt/stack/nova/nova/scheduler/manager.py:209}}
Jul 13 15:38:31.264110 np0000005129 nova-scheduler[96518]: DEBUG nova.scheduler.request_filter [None req-51472d06-c6d2-498f-a996-d335d75dea01 tempest-ServerBootFromVolumeStableRescueTest-931916759 tempest-ServerBootFromVolumeStableRescueTest-931916759-project-member] compute_status_filter request filter added forbidden trait COMPUTE_STATUS_DISABLED {{(pid=96518) compute_status_filter /opt/stack/nova/nova/scheduler/request_filter.py:253}}
Jul 13 15:38:31.264110 np0000005129 nova-scheduler[96518]: DEBUG nova.scheduler.request_filter [None req-51472d06-c6d2-498f-a996-d335d75dea01 tempest-ServerBootFromVolumeStableRescueTest-931916759 tempest-ServerBootFromVolumeStableRescueTest-931916759-project-member] Request filter 'compute_status_filter' took 0.0 seconds {{(pid=96518) wrapper /opt/stack/nova/nova/scheduler/request_filter.py:46}}
Jul 13 15:38:31.264543 np0000005129 nova-scheduler[96518]: DEBUG nova.scheduler.request_filter [None req-51472d06-c6d2-498f-a996-d335d75dea01 tempest-ServerBootFromVolumeStableRescueTest-931916759 tempest-ServerBootFromVolumeStableRescueTest-931916759-project-member] Request filter 'accelerators_filter' took 0.0 seconds {{(pid=96518) wrapper /opt/stack/nova/nova/scheduler/request_filter.py:46}}
Jul 13 15:38:31.264872 np0000005129 nova-scheduler[96518]: DEBUG nova.scheduler.request_filter [None req-51472d06-c6d2-498f-a996-d335d75dea01 tempest-ServerBootFromVolumeStableRescueTest-931916759 tempest-ServerBootFromVolumeStableRescueTest-931916759-project-member] Request filter 'packed_virtqueue_filter' took 0.0 seconds {{(pid=96518) wrapper /opt/stack/nova/nova/scheduler/request_filter.py:46}}
Jul 13 15:38:31.265664 np0000005129 nova-scheduler[96518]: DEBUG nova.scheduler.request_filter [None req-51472d06-c6d2-498f-a996-d335d75dea01 tempest-ServerBootFromVolumeStableRescueTest-931916759 tempest-ServerBootFromVolumeStableRescueTest-931916759-project-member] Request filter 'remote_managed_ports_filter' took 0.0 seconds {{(pid=96518) wrapper /opt/stack/nova/nova/scheduler/request_filter.py:46}}
Jul 13 15:38:31.265664 np0000005129 nova-scheduler[96518]: DEBUG nova.scheduler.request_filter [None req-51472d06-c6d2-498f-a996-d335d75dea01 tempest-ServerBootFromVolumeStableRescueTest-931916759 tempest-ServerBootFromVolumeStableRescueTest-931916759-project-member] ephemeral_encryption_filter skipped {{(pid=96518) ephemeral_encryption_filter /opt/stack/nova/nova/scheduler/request_filter.py:426}}
Jul 13 15:38:31.265797 np0000005129 nova-scheduler[96518]: DEBUG nova.scheduler.request_filter [None req-51472d06-c6d2-498f-a996-d335d75dea01 tempest-ServerBootFromVolumeStableRescueTest-931916759 tempest-ServerBootFromVolumeStableRescueTest-931916759-project-member] virtio_sound_filter skipped {{(pid=96518) virtio_sound_filter /opt/stack/nova/nova/scheduler/request_filter.py:460}}
Jul 13 15:38:31.266105 np0000005129 nova-scheduler[96518]: DEBUG nova.scheduler.request_filter [None req-51472d06-c6d2-498f-a996-d335d75dea01 tempest-ServerBootFromVolumeStableRescueTest-931916759 tempest-ServerBootFromVolumeStableRescueTest-931916759-project-member] tpm_secret_security_filter skipped {{(pid=96518) tpm_secret_security_filter /opt/stack/nova/nova/scheduler/request_filter.py:477}}
Jul 13 15:38:32.058733 np0000005129 nova-scheduler[96518]: INFO nova.utils [None req-51472d06-c6d2-498f-a996-d335d75dea01 tempest-ServerBootFromVolumeStableRescueTest-931916759 tempest-ServerBootFromVolumeStableRescueTest-931916759-project-member] The cell worker thread pool ForkProcess-1.cell_worker is initialized
Jul 13 15:38:32.059157 np0000005129 nova-scheduler[96518]: DEBUG oslo_concurrency.lockutils [None req-51472d06-c6d2-498f-a996-d335d75dea01 tempest-ServerBootFromVolumeStableRescueTest-931916759 tempest-ServerBootFromVolumeStableRescueTest-931916759-project-member] Acquiring lock "f65eb01a-ec31-406a-9942-129f066f11fa" by "nova.context.set_target_cell..get_or_set_cached_cell_and_set_connections" {{(pid=96518) inner /opt/stack/data/venv/lib/python3.12/site-packages/oslo_concurrency/lockutils.py:511}}
Jul 13 15:38:32.059630 np0000005129 nova-scheduler[96518]: DEBUG oslo_concurrency.lockutils [None req-51472d06-c6d2-498f-a996-d335d75dea01 tempest-ServerBootFromVolumeStableRescueTest-931916759 tempest-ServerBootFromVolumeStableRescueTest-931916759-project-member] Lock "f65eb01a-ec31-406a-9942-129f066f11fa" acquired by "nova.context.set_target_cell..get_or_set_cached_cell_and_set_connections" :: waited 0.000s {{(pid=96518) inner /opt/stack/data/venv/lib/python3.12/site-packages/oslo_concurrency/lockutils.py:524}}
Jul 13 15:38:32.061060 np0000005129 nova-scheduler[96518]: DEBUG oslo_concurrency.lockutils [None req-51472d06-c6d2-498f-a996-d335d75dea01 tempest-ServerBootFromVolumeStableRescueTest-931916759 tempest-ServerBootFromVolumeStableRescueTest-931916759-project-member] Lock "f65eb01a-ec31-406a-9942-129f066f11fa" "released" by "nova.context.set_target_cell..get_or_set_cached_cell_and_set_connections" :: held 0.002s {{(pid=96518) inner /opt/stack/data/venv/lib/python3.12/site-packages/oslo_concurrency/lockutils.py:543}}
