Jun 16 02:54:34.957509 np0000002906 devstack@g-api.service[98924]: DEBUG glance.common.config [None req-670d02d8-c160-4d03-8e2a-e5c7f23fb010 None None] database.db_max_retries = 20 {{(pid=98924) log_opt_values /opt/stack/data/venv/lib/python3.12/site-packages/oslo_config/cfg.py:3253}}
Jun 16 02:54:34.957575 np0000002906 devstack@g-api.service[98923]: DEBUG glance.common.config [None req-af6334b6-d611-42f1-964f-749c4df5dcbd None None] database.max_retries = 10 {{(pid=98923) log_opt_values /opt/stack/data/venv/lib/python3.12/site-packages/oslo_config/cfg.py:3253}}
Jun 16 02:54:34.957632 np0000002906 devstack@g-api.service[98924]: DEBUG glance.common.config [None req-670d02d8-c160-4d03-8e2a-e5c7f23fb010 None None] database.db_max_retry_interval = 10 {{(pid=98924) log_opt_values /opt/stack/data/venv/lib/python3.12/site-packages/oslo_config/cfg.py:3253}}
Jun 16 02:54:34.957684 np0000002906 devstack@g-api.service[98923]: DEBUG glance.common.config [None req-af6334b6-d611-42f1-964f-749c4df5dcbd None None] database.mysql_sql_mode = TRADITIONAL {{(pid=98923) log_opt_values /opt/stack/data/venv/lib/python3.12/site-packages/oslo_config/cfg.py:3253}}
Jun 16 02:54:34.957737 np0000002906 devstack@g-api.service[98923]: DEBUG glance.common.config [None req-af6334b6-d611-42f1-964f-749c4df5dcbd None None] database.mysql_wsrep_sync_wait = None {{(pid=98923) log_opt_values /opt/stack/data/venv/lib/python3.12/site-packages/oslo_config/cfg.py:3253}}
Jun 16 02:54:34.957793 np0000002906 devstack@g-api.service[98924]: DEBUG glance.common.config [None req-670d02d8-c160-4d03-8e2a-e5c7f23fb010 None None] database.db_retry_interval = 1 {{(pid=98924) log_opt_values /opt/stack/data/venv/lib/python3.12/site-packages/oslo_config/cfg.py:3253}}
Jun 16 02:54:34.957839 np0000002906 devstack@g-api.service[98923]: DEBUG glance.common.config [None req-af6334b6-d611-42f1-964f-749c4df5dcbd None None] database.pool_timeout = None {{(pid=98923) log_opt_values /opt/stack/data/venv/lib/python3.12/site-packages/oslo_config/cfg.py:3253}}
Jun 16 02:54:34.957911 np0000002906 devstack@g-api.service[98923]: DEBUG glance.common.config [None req-af6334b6-d611-42f1-964f-749c4df5dcbd None None] database.retry_interval = 10 {{(pid=98923) log_opt_values /opt/stack/data/venv/lib/python3.12/site-packages/oslo_config/cfg.py:3253}}
Jun 16 02:54:34.957962 np0000002906 devstack@g-api.service[98924]: DEBUG glance.common.config [None req-670d02d8-c160-4d03-8e2a-e5c7f23fb010 None None] database.max_overflow = 50 {{(pid=98924) log_opt_values /opt/stack/data/venv/lib/python3.12/site-packages/oslo_config/cfg.py:3253}}
Jun 16 02:54:34.958003 np0000002906 devstack@g-api.service[98923]: DEBUG glance.common.config [None req-af6334b6-d611-42f1-964f-749c4df5dcbd None None] database.slave_connection = **** {{(pid=98923) log_opt_values /opt/stack/data/venv/lib/python3.12/site-packages/oslo_config/cfg.py:3253}}
Jun 16 02:54:34.958054 np0000002906 devstack@g-api.service[98924]: DEBUG glance.common.config [None req-670d02d8-c160-4d03-8e2a-e5c7f23fb010 None None] database.max_pool_size = 5 {{(pid=98924) log_opt_values /opt/stack/data/venv/lib/python3.12/site-packages/oslo_config/cfg.py:3253}}
Jun 16 02:54:34.958105 np0000002906 devstack@g-api.service[98923]: DEBUG glance.common.config [None req-af6334b6-d611-42f1-964f-749c4df5dcbd None None] database.sqlite_synchronous = True {{(pid=98923) log_opt_values /opt/stack/data/venv/lib/python3.12/site-packages/oslo_config/cfg.py:3253}}
Jun 16 02:54:34.958178 np0000002906 devstack@g-api.service[98923]: DEBUG glance.common.config [None req-af6334b6-d611-42f1-964f-749c4df5dcbd None None] database.synchronous_reader = True {{(pid=98923) log_opt_values /opt/stack/data/venv/lib/python3.12/site-packages/oslo_config/cfg.py:3253}}
Jun 16 02:54:34.958237 np0000002906 devstack@g-api.service[98924]: DEBUG glance.common.config [None req-670d02d8-c160-4d03-8e2a-e5c7f23fb010 None None] database.max_retries = 10 {{(pid=98924) log_opt_values /opt/stack/data/venv/lib/python3.12/site-packages/oslo_config/cfg.py:3253}}
Jun 16 02:54:34.958329 np0000002906 devstack@g-api.service[98923]: DEBUG glance.common.config [None req-af6334b6-d611-42f1-964f-749c4df5dcbd None None] database.use_db_reconnect = False {{(pid=98923) log_opt_values /opt/stack/data/venv/lib/python3.12/site-packages/oslo_config/cfg.py:3253}}
Jun 16 02:54:34.958389 np0000002906 devstack@g-api.service[98924]: DEBUG glance.common.config [None req-670d02d8-c160-4d03-8e2a-e5c7f23fb010 None None] database.mysql_sql_mode = TRADITIONAL {{(pid=98924) log_opt_values /opt/stack/data/venv/lib/python3.12/site-packages/oslo_config/cfg.py:3253}}
Jun 16 02:54:34.958473 np0000002906 devstack@g-api.service[98923]: DEBUG glance.common.config [None req-af6334b6-d611-42f1-964f-749c4df5dcbd None None] healthcheck.allowed_source_ranges = [] {{(pid=98923) log_opt_values /opt/stack/data/venv/lib/python3.12/site-packages/oslo_config/cfg.py:3253}}
Jun 16 02:54:34.958559 np0000002906 devstack@g-api.service[98924]: DEBUG glance.common.config [None req-670d02d8-c160-4d03-8e2a-e5c7f23fb010 None None] database.mysql_wsrep_sync_wait = None {{(pid=98924) log_opt_values /opt/stack/data/venv/lib/python3.12/site-packages/oslo_config/cfg.py:3253}}
Jun 16 02:54:34.958607 np0000002906 devstack@g-api.service[98923]: DEBUG glance.common.config [None req-af6334b6-d611-42f1-964f-749c4df5dcbd None None] healthcheck.backends = ['disable_by_file'] {{(pid=98923) log_opt_values /opt/stack/data/venv/lib/python3.12/site-packages/oslo_config/cfg.py:3253}}
Jun 16 02:54:34.958665 np0000002906 devstack@g-api.service[98924]: DEBUG glance.common.config [None req-670d02d8-c160-4d03-8e2a-e5c7f23fb010 None None] database.pool_timeout = None {{(pid=98924) log_opt_values /opt/stack/data/venv/lib/python3.12/site-packages/oslo_config/cfg.py:3253}}
Jun 16 02:54:34.958720 np0000002906 devstack@g-api.service[98923]: DEBUG glance.common.config [None req-af6334b6-d611-42f1-964f-749c4df5dcbd None None] healthcheck.detailed = False {{(pid=98923) log_opt_values /opt/stack/data/venv/lib/python3.12/site-packages/oslo_config/cfg.py:3253}}
Jun 16 02:54:34.958786 np0000002906 devstack@g-api.service[98923]: DEBUG glance.common.config [None req-af6334b6-d611-42f1-964f-749c4df5dcbd None None] healthcheck.disable_by_file_path = None {{(pid=98923) log_opt_values /opt/stack/data/venv/lib/python3.12/site-packages/oslo_config/cfg.py:3253}}
Jun 16 02:54:34.958834 np0000002906 devstack@g-api.service[98924]: DEBUG glance.common.config [None req-670d02d8-c160-4d03-8e2a-e5c7f23fb010 None None] database.retry_interval = 10 {{(pid=98924) log_opt_values /opt/stack/data/venv/lib/python3.12/site-packages/oslo_config/cfg.py:3253}}
Jun 16 02:54:34.958894 np0000002906 devstack@g-api.service[98923]: DEBUG glance.common.config [None req-af6334b6-d611-42f1-964f-749c4df5dcbd None None] healthcheck.ignore_proxied_requests = False {{(pid=98923) log_opt_values /opt/stack/data/venv/lib/python3.12/site-packages/oslo_config/cfg.py:3253}}
Jun 16 02:54:34.958944 np0000002906 devstack@g-api.service[98924]: DEBUG glance.common.config [None req-670d02d8-c160-4d03-8e2a-e5c7f23fb010 None None] database.slave_connection = **** {{(pid=98924) log_opt_values /opt/stack/data/venv/lib/python3.12/site-packages/oslo_config/cfg.py:3253}}
Jun 16 02:54:34.958987 np0000002906 devstack@g-api.service[98923]: DEBUG glance.common.config [None req-af6334b6-d611-42f1-964f-749c4df5dcbd None None] ******************************************************************************** {{(pid=98923) log_opt_values /opt/stack/data/venv/lib/python3.12/site-packages/oslo_config/cfg.py:3260}}
Jun 16 02:54:34.959068 np0000002906 devstack@g-api.service[98923]: WSGI app 0 (mountpoint='') ready in 2 seconds on interpreter 0x7db148ca3668 pid: 98923 (default app)
Jun 16 02:54:34.959120 np0000002906 devstack@g-api.service[98924]: DEBUG glance.common.config [None req-670d02d8-c160-4d03-8e2a-e5c7f23fb010 None None] database.sqlite_synchronous = True {{(pid=98924) log_opt_values /opt/stack/data/venv/lib/python3.12/site-packages/oslo_config/cfg.py:3253}}
Jun 16 02:54:34.959229 np0000002906 devstack@g-api.service[98924]: DEBUG glance.common.config [None req-670d02d8-c160-4d03-8e2a-e5c7f23fb010 None None] database.synchronous_reader = True {{(pid=98924) log_opt_values /opt/stack/data/venv/lib/python3.12/site-packages/oslo_config/cfg.py:3253}}
Jun 16 02:54:34.959371 np0000002906 devstack@g-api.service[98924]: DEBUG glance.common.config [None req-670d02d8-c160-4d03-8e2a-e5c7f23fb010 None None] database.use_db_reconnect = False {{(pid=98924) log_opt_values /opt/stack/data/venv/lib/python3.12/site-packages/oslo_config/cfg.py:3253}}
Jun 16 02:54:34.959521 np0000002906 devstack@g-api.service[98924]: DEBUG glance.common.config [None req-670d02d8-c160-4d03-8e2a-e5c7f23fb010 None None] healthcheck.allowed_source_ranges = [] {{(pid=98924) log_opt_values /opt/stack/data/venv/lib/python3.12/site-packages/oslo_config/cfg.py:3253}}
Jun 16 02:54:34.959664 np0000002906 devstack@g-api.service[98924]: DEBUG glance.common.config [None req-670d02d8-c160-4d03-8e2a-e5c7f23fb010 None None] healthcheck.backends = ['disable_by_file'] {{(pid=98924) log_opt_values /opt/stack/data/venv/lib/python3.12/site-packages/oslo_config/cfg.py:3253}}
Jun 16 02:54:34.959715 np0000002906 devstack@g-api.service[98923]: DEBUG glance.api.middleware.version_negotiation [None req-af6334b6-d611-42f1-964f-749c4df5dcbd None None] Determining version of request: GET / Accept: */* {{(pid=98923) process_request /opt/stack/glance/glance/api/middleware/version_negotiation.py:44}}
Jun 16 02:54:34.959794 np0000002906 devstack@g-api.service[98923]: DEBUG glance.api.middleware.version_negotiation [None req-af6334b6-d611-42f1-964f-749c4df5dcbd None None] Using url versioning {{(pid=98923) process_request /opt/stack/glance/glance/api/middleware/version_negotiation.py:57}}
Jun 16 02:54:34.959843 np0000002906 devstack@g-api.service[98924]: DEBUG glance.common.config [None req-670d02d8-c160-4d03-8e2a-e5c7f23fb010 None None] healthcheck.detailed = False {{(pid=98924) log_opt_values /opt/stack/data/venv/lib/python3.12/site-packages/oslo_config/cfg.py:3253}}
Jun 16 02:54:34.959948 np0000002906 devstack@g-api.service[98924]: DEBUG glance.common.config [None req-670d02d8-c160-4d03-8e2a-e5c7f23fb010 None None] healthcheck.disable_by_file_path = None {{(pid=98924) log_opt_values /opt/stack/data/venv/lib/python3.12/site-packages/oslo_config/cfg.py:3253}}
Jun 16 02:54:34.960012 np0000002906 devstack@g-api.service[98923]: DEBUG glance.api.middleware.version_negotiation [None req-af6334b6-d611-42f1-964f-749c4df5dcbd None None] Unknown version. Returning version choices. {{(pid=98923) process_request /opt/stack/glance/glance/api/middleware/version_negotiation.py:64}}
Jun 16 02:54:34.960099 np0000002906 devstack@g-api.service[98924]: DEBUG glance.common.config [None req-670d02d8-c160-4d03-8e2a-e5c7f23fb010 None None] healthcheck.ignore_proxied_requests = False {{(pid=98924) log_opt_values /opt/stack/data/venv/lib/python3.12/site-packages/oslo_config/cfg.py:3253}}
Jun 16 02:54:34.960212 np0000002906 devstack@g-api.service[98924]: DEBUG glance.common.config [None req-670d02d8-c160-4d03-8e2a-e5c7f23fb010 None None] ******************************************************************************** {{(pid=98924) log_opt_values /opt/stack/data/venv/lib/python3.12/site-packages/oslo_config/cfg.py:3260}}
Jun 16 02:54:34.960352 np0000002906 devstack@g-api.service[98924]: WSGI app 0 (mountpoint='') ready in 2 seconds on interpreter 0x7db148ca3668 pid: 98924 (default app)
Jun 16 02:54:34.960752 np0000002906 devstack@g-api.service[98923]: [pid: 98923|app: 0|req: 1/1] 127.0.0.1 () {34 vars in 451 bytes} [Tue Jun 16 02:54:34 2026] GET / => generated 1394 bytes in 1 msecs (HTTP/1.1 300) 3 headers in 106 bytes (1 switches on core 0)
Jun 16 02:54:37.390629 np0000002906 devstack@g-api.service[98924]: DEBUG glance.api.middleware.version_negotiation [None req-670d02d8-c160-4d03-8e2a-e5c7f23fb010 None None] Determining version of request: GET / Accept: application/json {{(pid=98924) process_request /opt/stack/glance/glance/api/middleware/version_negotiation.py:44}}
Jun 16 02:54:37.391003 np0000002906 devstack@g-api.service[98924]: DEBUG glance.api.middleware.version_negotiation [None req-670d02d8-c160-4d03-8e2a-e5c7f23fb010 None None] Using url versioning {{(pid=98924) process_request /opt/stack/glance/glance/api/middleware/version_negotiation.py:57}}
Jun 16 02:54:37.391003 np0000002906 devstack@g-api.service[98924]: DEBUG glance.api.middleware.version_negotiation [None req-670d02d8-c160-4d03-8e2a-e5c7f23fb010 None None] Unknown version. Returning version choices. {{(pid=98924) process_request /opt/stack/glance/glance/api/middleware/version_negotiation.py:64}}
Jun 16 02:54:37.391764 np0000002906 devstack@g-api.service[98924]: [pid: 98924|app: 0|req: 1/2] 127.0.0.1 () {36 vars in 569 bytes} [Tue Jun 16 02:54:37 2026] GET / => generated 1394 bytes in 1 msecs (HTTP/1.1 300) 3 headers in 106 bytes (1 switches on core 0)
Jun 16 02:54:37.401364 np0000002906 devstack@g-api.service[98923]: DEBUG glance.api.middleware.version_negotiation [None req-af6334b6-d611-42f1-964f-749c4df5dcbd None None] Determining version of request: POST /v2/images Accept: */* {{(pid=98923) process_request /opt/stack/glance/glance/api/middleware/version_negotiation.py:44}}
Jun 16 02:54:37.401740 np0000002906 devstack@g-api.service[98923]: DEBUG glance.api.middleware.version_negotiation [None req-af6334b6-d611-42f1-964f-749c4df5dcbd None None] Using url versioning {{(pid=98923) process_request /opt/stack/glance/glance/api/middleware/version_negotiation.py:57}}
Jun 16 02:54:37.401877 np0000002906 devstack@g-api.service[98923]: DEBUG glance.api.middleware.version_negotiation [None req-af6334b6-d611-42f1-964f-749c4df5dcbd None None] Matched version: v2 {{(pid=98923) process_request /opt/stack/glance/glance/api/middleware/version_negotiation.py:69}}
Jun 16 02:54:37.401983 np0000002906 devstack@g-api.service[98923]: DEBUG glance.api.middleware.version_negotiation [None req-af6334b6-d611-42f1-964f-749c4df5dcbd None None] new path /v2/images {{(pid=98923) process_request /opt/stack/glance/glance/api/middleware/version_negotiation.py:70}}
Jun 16 02:54:38.422358 np0000002906 devstack@g-api.service[98923]: [pid: 98923|app: 0|req: 2/3] 127.0.0.1 () {42 vars in 832 bytes} [Tue Jun 16 02:54:37 2026] POST /v2/images => generated 807 bytes in 1021 msecs (HTTP/1.1 201) 6 headers in 315 bytes (1 switches on core 0)
Jun 16 02:54:38.433219 np0000002906 devstack@g-api.service[98924]: DEBUG glance.api.middleware.version_negotiation [None req-670d02d8-c160-4d03-8e2a-e5c7f23fb010 None None] Determining version of request: PUT /v2/images/2c525fd6-a346-4360-a3d0-39234b00b9c5/stage Accept: {{(pid=98924) process_request /opt/stack/glance/glance/api/middleware/version_negotiation.py:44}}
Jun 16 02:54:38.433580 np0000002906 devstack@g-api.service[98924]: DEBUG glance.api.middleware.version_negotiation [None req-670d02d8-c160-4d03-8e2a-e5c7f23fb010 None None] Using url versioning {{(pid=98924) process_request /opt/stack/glance/glance/api/middleware/version_negotiation.py:57}}
Jun 16 02:54:38.433997 np0000002906 devstack@g-api.service[98924]: DEBUG glance.api.middleware.version_negotiation [None req-670d02d8-c160-4d03-8e2a-e5c7f23fb010 None None] Matched version: v2 {{(pid=98924) process_request /opt/stack/glance/glance/api/middleware/version_negotiation.py:69}}
Jun 16 02:54:38.434121 np0000002906 devstack@g-api.service[98924]: DEBUG glance.api.middleware.version_negotiation [None req-670d02d8-c160-4d03-8e2a-e5c7f23fb010 None None] new path /v2/images/2c525fd6-a346-4360-a3d0-39234b00b9c5/stage {{(pid=98924) process_request /opt/stack/glance/glance/api/middleware/version_negotiation.py:70}}
Jun 16 02:54:39.069205 np0000002906 devstack@g-api.service[98924]: DEBUG glance_store.backend [None req-8121a402-42fb-4156-937f-c3cf331662f0 admin admin] Attempting to import store cinder {{(pid=98924) _load_store /opt/stack/data/venv/lib/python3.12/site-packages/glance_store/backend.py:215}}
Jun 16 02:54:39.069394 np0000002906 devstack@g-api.service[98924]: DEBUG glance_store.backend [None req-8121a402-42fb-4156-937f-c3cf331662f0 admin admin] Attempting to import store file {{(pid=98924) _load_store /opt/stack/data/venv/lib/python3.12/site-packages/glance_store/backend.py:215}}
Jun 16 02:54:39.069553 np0000002906 devstack@g-api.service[98924]: DEBUG glance_store.backend [None req-8121a402-42fb-4156-937f-c3cf331662f0 admin admin] Attempting to import store glance.store.cinder.Store {{(pid=98924) _load_store /opt/stack/data/venv/lib/python3.12/site-packages/glance_store/backend.py:215}}
Jun 16 02:54:39.069694 np0000002906 devstack@g-api.service[98924]: DEBUG glance_store.backend [None req-8121a402-42fb-4156-937f-c3cf331662f0 admin admin] Attempting to import store glance.store.filesystem.Store {{(pid=98924) _load_store /opt/stack/data/venv/lib/python3.12/site-packages/glance_store/backend.py:215}}
Jun 16 02:54:39.069816 np0000002906 devstack@g-api.service[98924]: DEBUG glance_store.backend [None req-8121a402-42fb-4156-937f-c3cf331662f0 admin admin] Attempting to import store glance.store.http.Store {{(pid=98924) _load_store /opt/stack/data/venv/lib/python3.12/site-packages/glance_store/backend.py:215}}
Jun 16 02:54:39.069948 np0000002906 devstack@g-api.service[98924]: DEBUG glance_store.backend [None req-8121a402-42fb-4156-937f-c3cf331662f0 admin admin] Attempting to import store glance.store.rbd.Store {{(pid=98924) _load_store /opt/stack/data/venv/lib/python3.12/site-packages/glance_store/backend.py:215}}
Jun 16 02:54:39.070069 np0000002906 devstack@g-api.service[98924]: DEBUG glance_store.backend [None req-8121a402-42fb-4156-937f-c3cf331662f0 admin admin] Attempting to import store glance.store.s3.Store {{(pid=98924) _load_store /opt/stack/data/venv/lib/python3.12/site-packages/glance_store/backend.py:215}}
Jun 16 02:54:39.070186 np0000002906 devstack@g-api.service[98924]: DEBUG glance_store.backend [None req-8121a402-42fb-4156-937f-c3cf331662f0 admin admin] Attempting to import store glance.store.swift.Store {{(pid=98924) _load_store /opt/stack/data/venv/lib/python3.12/site-packages/glance_store/backend.py:215}}
Jun 16 02:54:39.070323 np0000002906 devstack@g-api.service[98924]: DEBUG glance_store.backend [None req-8121a402-42fb-4156-937f-c3cf331662f0 admin admin] Attempting to import store glance.store.vmware_datastore.Store {{(pid=98924) _load_store /opt/stack/data/venv/lib/python3.12/site-packages/glance_store/backend.py:215}}
Jun 16 02:54:39.070446 np0000002906 devstack@g-api.service[98924]: DEBUG glance_store.backend [None req-8121a402-42fb-4156-937f-c3cf331662f0 admin admin] Attempting to import store http {{(pid=98924) _load_store /opt/stack/data/venv/lib/python3.12/site-packages/glance_store/backend.py:215}}
Jun 16 02:54:39.070579 np0000002906 devstack@g-api.service[98924]: DEBUG glance_store.backend [None req-8121a402-42fb-4156-937f-c3cf331662f0 admin admin] Attempting to import store no_conf {{(pid=98924) _load_store /opt/stack/data/venv/lib/python3.12/site-packages/glance_store/backend.py:215}}
Jun 16 02:54:39.070700 np0000002906 devstack@g-api.service[98924]: DEBUG glance_store.backend [None req-8121a402-42fb-4156-937f-c3cf331662f0 admin admin] Attempting to import store rbd {{(pid=98924) _load_store /opt/stack/data/venv/lib/python3.12/site-packages/glance_store/backend.py:215}}
Jun 16 02:54:39.070812 np0000002906 devstack@g-api.service[98924]: DEBUG glance_store.backend [None req-8121a402-42fb-4156-937f-c3cf331662f0 admin admin] Attempting to import store s3 {{(pid=98924) _load_store /opt/stack/data/venv/lib/python3.12/site-packages/glance_store/backend.py:215}}
Jun 16 02:54:39.070933 np0000002906 devstack@g-api.service[98924]: DEBUG glance_store.backend [None req-8121a402-42fb-4156-937f-c3cf331662f0 admin admin] Attempting to import store swift {{(pid=98924) _load_store /opt/stack/data/venv/lib/python3.12/site-packages/glance_store/backend.py:215}}
Jun 16 02:54:39.071051 np0000002906 devstack@g-api.service[98924]: DEBUG glance_store.backend [None req-8121a402-42fb-4156-937f-c3cf331662f0 admin admin] Attempting to import store vmware {{(pid=98924) _load_store /opt/stack/data/venv/lib/python3.12/site-packages/glance_store/backend.py:215}}
Jun 16 02:54:39.071168 np0000002906 devstack@g-api.service[98924]: DEBUG glance_store.backend [None req-8121a402-42fb-4156-937f-c3cf331662f0 admin admin] Registering options for group glance_store {{(pid=98924) register_opts /opt/stack/data/venv/lib/python3.12/site-packages/glance_store/backend.py:144}}
Jun 16 02:54:39.071307 np0000002906 devstack@g-api.service[98924]: DEBUG glance_store.backend [None req-8121a402-42fb-4156-937f-c3cf331662f0 admin admin] Registering options for group glance_store {{(pid=98924) register_opts /opt/stack/data/venv/lib/python3.12/site-packages/glance_store/backend.py:144}}
Jun 16 02:54:39.071772 np0000002906 devstack@g-api.service[98924]: DEBUG glance_store.backend [None req-8121a402-42fb-4156-937f-c3cf331662f0 admin admin] Attempting to import store file {{(pid=98924) _load_store /opt/stack/data/venv/lib/python3.12/site-packages/glance_store/backend.py:215}}
Jun 16 02:54:39.072213 np0000002906 devstack@g-api.service[98924]: INFO glance_store._drivers.filesystem [None req-8121a402-42fb-4156-937f-c3cf331662f0 admin admin] Directory to write image files does not exist (/tmp/staging/). Creating.
Jun 16 02:54:39.072481 np0000002906 devstack@g-api.service[98924]: DEBUG glance_store.capabilities [None req-8121a402-42fb-4156-937f-c3cf331662f0 admin admin] Store glance_store._drivers.filesystem.Store doesn't support updating dynamic storage capabilities. Please overwrite 'update_capabilities' method of the store to implement updating logics if needed. {{(pid=98924) update_capabilities /opt/stack/data/venv/lib/python3.12/site-packages/glance_store/capabilities.py:91}}
Jun 16 02:54:39.718556 np0000002906 devstack@g-api.service[98924]: DEBUG glance_store._drivers.filesystem [None req-8121a402-42fb-4156-937f-c3cf331662f0 admin admin] Wrote 21430272 bytes to /tmp/staging/2c525fd6-a346-4360-a3d0-39234b00b9c5 with checksum c8fc807773e5354afe61636071771906 and multihash c8fc807773e5354afe61636071771906 {{(pid=98924) add /opt/stack/data/venv/lib/python3.12/site-packages/glance_store/_drivers/filesystem.py:899}}
Jun 16 02:54:39.735351 np0000002906 devstack@g-api.service[98924]: [pid: 98924|app: 0|req: 2/4] 127.0.0.1 () {42 vars in 927 bytes} [Tue Jun 16 02:54:38 2026] PUT /v2/images/2c525fd6-a346-4360-a3d0-39234b00b9c5/stage => generated 0 bytes in 1302 msecs (HTTP/1.1 204) 4 headers in 171 bytes (1 switches on core 0)
Jun 16 02:54:39.743825 np0000002906 devstack@g-api.service[98923]: DEBUG glance.api.middleware.version_negotiation [None req-d1d424bf-6bef-45e4-b1e5-f11dd49830c5 admin admin] Determining version of request: POST /v2/images/2c525fd6-a346-4360-a3d0-39234b00b9c5/import Accept: */* {{(pid=98923) process_request /opt/stack/glance/glance/api/middleware/version_negotiation.py:44}}
Jun 16 02:54:39.744166 np0000002906 devstack@g-api.service[98923]: DEBUG glance.api.middleware.version_negotiation [None req-d1d424bf-6bef-45e4-b1e5-f11dd49830c5 admin admin] Using url versioning {{(pid=98923) process_request /opt/stack/glance/glance/api/middleware/version_negotiation.py:57}}
Jun 16 02:54:39.744166 np0000002906 devstack@g-api.service[98923]: DEBUG glance.api.middleware.version_negotiation [None req-d1d424bf-6bef-45e4-b1e5-f11dd49830c5 admin admin] Matched version: v2 {{(pid=98923) process_request /opt/stack/glance/glance/api/middleware/version_negotiation.py:69}}
Jun 16 02:54:39.744253 np0000002906 devstack@g-api.service[98923]: DEBUG glance.api.middleware.version_negotiation [None req-d1d424bf-6bef-45e4-b1e5-f11dd49830c5 admin admin] new path /v2/images/2c525fd6-a346-4360-a3d0-39234b00b9c5/import {{(pid=98923) process_request /opt/stack/glance/glance/api/middleware/version_negotiation.py:70}}
Jun 16 02:54:40.216335 np0000002906 devstack@g-api.service[98923]: DEBUG glance.domain [None req-da0971c5-9312-4da0-9658-2baaff5da46f admin admin] Loading taskflow executor {{(pid=98923) new_task_executor /opt/stack/glance/glance/domain/__init__.py:530}}
Jun 16 02:54:40.402252 np0000002906 devstack@g-api.service[98923]: DEBUG oslo_concurrency.lockutils [None req-da0971c5-9312-4da0-9658-2baaff5da46f admin admin] Acquiring lock "tasks_pool" by "glance.api.common.memoize..memoizer_wrapper..memoizer" {{(pid=98923) inner /opt/stack/data/venv/lib/python3.12/site-packages/oslo_concurrency/lockutils.py:511}}
Jun 16 02:54:40.402491 np0000002906 devstack@g-api.service[98923]: DEBUG oslo_concurrency.lockutils [None req-da0971c5-9312-4da0-9658-2baaff5da46f admin admin] Lock "tasks_pool" acquired by "glance.api.common.memoize..memoizer_wrapper..memoizer" :: waited 0.000s {{(pid=98923) inner /opt/stack/data/venv/lib/python3.12/site-packages/oslo_concurrency/lockutils.py:524}}
Jun 16 02:54:40.402936 np0000002906 devstack@g-api.service[98923]: DEBUG glance.api.common [None req-da0971c5-9312-4da0-9658-2baaff5da46f admin admin] Initializing named threadpool 'tasks_pool' {{(pid=98923) _get_thread_pool /opt/stack/glance/glance/api/common.py:242}}
Jun 16 02:54:40.403046 np0000002906 devstack@g-api.service[98923]: DEBUG glance.async_ [None req-da0971c5-9312-4da0-9658-2baaff5da46f admin admin] Creating threadpool model 'ThreadPoolExecutor' with size 16 {{(pid=98923) __init__ /opt/stack/glance/glance/async_/__init__.py:100}}
Jun 16 02:54:40.403270 np0000002906 devstack@g-api.service[98923]: DEBUG oslo_concurrency.lockutils [None req-da0971c5-9312-4da0-9658-2baaff5da46f admin admin] Lock "tasks_pool" "released" by "glance.api.common.memoize..memoizer_wrapper..memoizer" :: held 0.001s {{(pid=98923) inner /opt/stack/data/venv/lib/python3.12/site-packages/oslo_concurrency/lockutils.py:543}}
Jun 16 02:54:40.403386 np0000002906 devstack@g-api.service[98923]: DEBUG glance.async_ [None req-da0971c5-9312-4da0-9658-2baaff5da46f admin admin] Spawning with ThreadPoolExecutor: >((,), {}) {{(pid=98923) spawn /opt/stack/glance/glance/async_/__init__.py:106}}
Jun 16 02:54:40.405309 np0000002906 devstack@g-api.service[98923]: [pid: 98923|app: 0|req: 3/5] 127.0.0.1 () {42 vars in 919 bytes} [Tue Jun 16 02:54:39 2026] POST /v2/images/2c525fd6-a346-4360-a3d0-39234b00b9c5/import => generated 0 bytes in 662 msecs (HTTP/1.1 202) 4 headers in 169 bytes (1 switches on core 0)
Jun 16 02:54:40.407650 np0000002906 devstack@g-api.service[98923]: INFO glance.domain [-] Task [ce745c8c-30d5-4565-adb8-10c658b9d4c5] status changing from pending to processing
Jun 16 02:54:40.414198 np0000002906 devstack@g-api.service[98924]: DEBUG glance.api.middleware.version_negotiation [None req-8121a402-42fb-4156-937f-c3cf331662f0 admin admin] Determining version of request: GET /v2/images/2c525fd6-a346-4360-a3d0-39234b00b9c5 Accept: */* {{(pid=98924) process_request /opt/stack/glance/glance/api/middleware/version_negotiation.py:44}}
Jun 16 02:54:40.414497 np0000002906 devstack@g-api.service[98924]: DEBUG glance.api.middleware.version_negotiation [None req-8121a402-42fb-4156-937f-c3cf331662f0 admin admin] Using url versioning {{(pid=98924) process_request /opt/stack/glance/glance/api/middleware/version_negotiation.py:57}}
Jun 16 02:54:40.414710 np0000002906 devstack@g-api.service[98924]: DEBUG glance.api.middleware.version_negotiation [None req-8121a402-42fb-4156-937f-c3cf331662f0 admin admin] Matched version: v2 {{(pid=98924) process_request /opt/stack/glance/glance/api/middleware/version_negotiation.py:69}}
Jun 16 02:54:40.414856 np0000002906 devstack@g-api.service[98924]: DEBUG glance.api.middleware.version_negotiation [None req-8121a402-42fb-4156-937f-c3cf331662f0 admin admin] new path /v2/images/2c525fd6-a346-4360-a3d0-39234b00b9c5 {{(pid=98924) process_request /opt/stack/glance/glance/api/middleware/version_negotiation.py:70}}
Jun 16 02:54:40.419140 np0000002906 devstack@g-api.service[98923]: DEBUG glance.async_.taskflow_executor [-] Taskflow executor picked up the execution of task ID ce745c8c-30d5-4565-adb8-10c658b9d4c5 of task type api_image_import {{(pid=98923) _run /opt/stack/glance/glance/async_/taskflow_executor.py:163}}
Jun 16 02:54:40.423964 np0000002906 devstack@g-api.service[98924]: [pid: 98924|app: 0|req: 3/6] 127.0.0.1 () {38 vars in 852 bytes} [Tue Jun 16 02:54:40 2026] GET /v2/images/2c525fd6-a346-4360-a3d0-39234b00b9c5 => generated 879 bytes in 10 msecs (HTTP/1.1 200) 4 headers in 157 bytes (1 switches on core 0)
Jun 16 02:54:40.435832 np0000002906 devstack@g-api.service[98923]: DEBUG glance_store.backend [-] Attempting to import store cinder {{(pid=98923) _load_store /opt/stack/data/venv/lib/python3.12/site-packages/glance_store/backend.py:215}}
Jun 16 02:54:40.435957 np0000002906 devstack@g-api.service[98923]: DEBUG glance_store.backend [-] Attempting to import store file {{(pid=98923) _load_store /opt/stack/data/venv/lib/python3.12/site-packages/glance_store/backend.py:215}}
Jun 16 02:54:40.436000 np0000002906 devstack@g-api.service[98923]: DEBUG glance_store.backend [-] Attempting to import store glance.store.cinder.Store {{(pid=98923) _load_store /opt/stack/data/venv/lib/python3.12/site-packages/glance_store/backend.py:215}}
Jun 16 02:54:40.436080 np0000002906 devstack@g-api.service[98923]: DEBUG glance_store.backend [-] Attempting to import store glance.store.filesystem.Store {{(pid=98923) _load_store /opt/stack/data/venv/lib/python3.12/site-packages/glance_store/backend.py:215}}
Jun 16 02:54:40.436147 np0000002906 devstack@g-api.service[98923]: DEBUG glance_store.backend [-] Attempting to import store glance.store.http.Store {{(pid=98923) _load_store /opt/stack/data/venv/lib/python3.12/site-packages/glance_store/backend.py:215}}
Jun 16 02:54:40.436234 np0000002906 devstack@g-api.service[98923]: DEBUG glance_store.backend [-] Attempting to import store glance.store.rbd.Store {{(pid=98923) _load_store /opt/stack/data/venv/lib/python3.12/site-packages/glance_store/backend.py:215}}
Jun 16 02:54:40.436321 np0000002906 devstack@g-api.service[98923]: DEBUG glance_store.backend [-] Attempting to import store glance.store.s3.Store {{(pid=98923) _load_store /opt/stack/data/venv/lib/python3.12/site-packages/glance_store/backend.py:215}}
Jun 16 02:54:40.436393 np0000002906 devstack@g-api.service[98923]: DEBUG glance_store.backend [-] Attempting to import store glance.store.swift.Store {{(pid=98923) _load_store /opt/stack/data/venv/lib/python3.12/site-packages/glance_store/backend.py:215}}
Jun 16 02:54:40.436489 np0000002906 devstack@g-api.service[98923]: DEBUG glance_store.backend [-] Attempting to import store glance.store.vmware_datastore.Store {{(pid=98923) _load_store /opt/stack/data/venv/lib/python3.12/site-packages/glance_store/backend.py:215}}
Jun 16 02:54:40.436610 np0000002906 devstack@g-api.service[98923]: DEBUG glance_store.backend [-] Attempting to import store http {{(pid=98923) _load_store /opt/stack/data/venv/lib/python3.12/site-packages/glance_store/backend.py:215}}
Jun 16 02:54:40.436682 np0000002906 devstack@g-api.service[98923]: DEBUG glance_store.backend [-] Attempting to import store no_conf {{(pid=98923) _load_store /opt/stack/data/venv/lib/python3.12/site-packages/glance_store/backend.py:215}}
Jun 16 02:54:40.436754 np0000002906 devstack@g-api.service[98923]: DEBUG glance_store.backend [-] Attempting to import store rbd {{(pid=98923) _load_store /opt/stack/data/venv/lib/python3.12/site-packages/glance_store/backend.py:215}}
Jun 16 02:54:40.436831 np0000002906 devstack@g-api.service[98923]: DEBUG glance_store.backend [-] Attempting to import store s3 {{(pid=98923) _load_store /opt/stack/data/venv/lib/python3.12/site-packages/glance_store/backend.py:215}}
Jun 16 02:54:40.436913 np0000002906 devstack@g-api.service[98923]: DEBUG glance_store.backend [-] Attempting to import store swift {{(pid=98923) _load_store /opt/stack/data/venv/lib/python3.12/site-packages/glance_store/backend.py:215}}
Jun 16 02:54:40.436981 np0000002906 devstack@g-api.service[98923]: DEBUG glance_store.backend [-] Attempting to import store vmware {{(pid=98923) _load_store /opt/stack/data/venv/lib/python3.12/site-packages/glance_store/backend.py:215}}
Jun 16 02:54:40.437057 np0000002906 devstack@g-api.service[98923]: DEBUG glance_store.backend [-] Registering options for group glance_store {{(pid=98923) register_opts /opt/stack/data/venv/lib/python3.12/site-packages/glance_store/backend.py:144}}
Jun 16 02:54:40.437132 np0000002906 devstack@g-api.service[98923]: DEBUG glance_store.backend [-] Registering options for group glance_store {{(pid=98923) register_opts /opt/stack/data/venv/lib/python3.12/site-packages/glance_store/backend.py:144}}
Jun 16 02:54:40.437389 np0000002906 devstack@g-api.service[98923]: DEBUG glance_store.backend [-] Attempting to import store file {{(pid=98923) _load_store /opt/stack/data/venv/lib/python3.12/site-packages/glance_store/backend.py:215}}
Jun 16 02:54:40.437739 np0000002906 devstack@g-api.service[98923]: DEBUG glance_store.capabilities [-] Store glance_store._drivers.filesystem.Store doesn't support updating dynamic storage capabilities. Please overwrite 'update_capabilities' method of the store to implement updating logics if needed. {{(pid=98923) update_capabilities /opt/stack/data/venv/lib/python3.12/site-packages/glance_store/capabilities.py:91}}
Jun 16 02:54:40.444046 np0000002906 devstack@g-api.service[98923]: DEBUG glance.async_.flows.api_image_import [-] Image 2c525fd6-a346-4360-a3d0-39234b00b9c5 os_glance_importing_to_stores= {{(pid=98923) merge_store_list /opt/stack/glance/glance/async_/flows/api_image_import.py:277}}
Jun 16 02:54:40.444141 np0000002906 devstack@g-api.service[98923]: DEBUG glance.async_.flows.api_image_import [-] Image 2c525fd6-a346-4360-a3d0-39234b00b9c5 os_glance_failed_import= {{(pid=98923) merge_store_list /opt/stack/glance/glance/async_/flows/api_image_import.py:277}}
Jun 16 02:54:40.448724 np0000002906 devstack@g-api.service[98923]: DEBUG glance.async_.flows.api_image_import [-] Image 2c525fd6-a346-4360-a3d0-39234b00b9c5 status changing from uploading to importing {{(pid=98923) __exit__ /opt/stack/glance/glance/async_/flows/api_image_import.py:166}}
Jun 16 02:54:40.955945 np0000002906 devstack@g-api.service[98923]: DEBUG glance.async_ [-] Creating threadpool model 'ThreadPoolExecutor' with size 10 {{(pid=98923) __init__ /opt/stack/glance/glance/async_/__init__.py:100}}
Jun 16 02:54:40.980004 np0000002906 devstack@g-api.service[98923]: DEBUG glance.async_.taskflow_executor [-] Flow 'api_image_import' (11f64750-4b98-46b2-b3f3-4811ed03126e) transitioned into state 'RUNNING' from state 'PENDING' {{(pid=98923) _flow_receiver /opt/stack/data/venv/lib/python3.12/site-packages/taskflow/listeners/logging.py:160}}
Jun 16 02:54:40.982479 np0000002906 devstack@g-api.service[98923]: DEBUG glance.async_.taskflow_executor [-] Task 'api_image_import-ImageLock-ce745c8c-30d5-4565-adb8-10c658b9d4c5' (b87b7602-0708-4a00-b054-1182460ae0cc) transitioned into state 'RUNNING' from state 'PENDING' {{(pid=98923) _task_receiver /opt/stack/data/venv/lib/python3.12/site-packages/taskflow/listeners/logging.py:242}}
Jun 16 02:54:40.991753 np0000002906 devstack@g-api.service[98923]: DEBUG glance.async_.flows.api_image_import [-] Image 2c525fd6-a346-4360-a3d0-39234b00b9c5 import task ce745c8c-30d5-4565-adb8-10c658b9d4c5 lock confirmed {{(pid=98923) execute /opt/stack/glance/glance/async_/flows/api_image_import.py:477}}
Jun 16 02:54:40.993189 np0000002906 devstack@g-api.service[98923]: DEBUG glance.async_.taskflow_executor [-] Task 'api_image_import-ImageLock-ce745c8c-30d5-4565-adb8-10c658b9d4c5' (b87b7602-0708-4a00-b054-1182460ae0cc) transitioned into state 'SUCCESS' from state 'RUNNING' with result 'None' {{(pid=98923) _task_receiver /opt/stack/data/venv/lib/python3.12/site-packages/taskflow/listeners/logging.py:218}}
Jun 16 02:54:40.994688 np0000002906 devstack@g-api.service[98923]: DEBUG glance.async_.taskflow_executor [-] Task 'api_image_import-ConfigureStaging-ce745c8c-30d5-4565-adb8-10c658b9d4c5' (22a85e07-29ce-4f78-bd0f-c7a43ee8c76b) transitioned into state 'RUNNING' from state 'PENDING' {{(pid=98923) _task_receiver /opt/stack/data/venv/lib/python3.12/site-packages/taskflow/listeners/logging.py:242}}
Jun 16 02:54:40.996439 np0000002906 devstack@g-api.service[98923]: DEBUG glance.async_.taskflow_executor [-] Task 'api_image_import-ConfigureStaging-ce745c8c-30d5-4565-adb8-10c658b9d4c5' (22a85e07-29ce-4f78-bd0f-c7a43ee8c76b) transitioned into state 'SUCCESS' from state 'RUNNING' with result 'file:///tmp/staging/2c525fd6-a346-4360-a3d0-39234b00b9c5' {{(pid=98923) _task_receiver /opt/stack/data/venv/lib/python3.12/site-packages/taskflow/listeners/logging.py:218}}
Jun 16 02:54:40.997682 np0000002906 devstack@g-api.service[98923]: DEBUG glance.async_.taskflow_executor [-] Task 'api_image_import--ImportToStore-ce745c8c-30d5-4565-adb8-10c658b9d4c5' (60eec7eb-92e8-4fbc-b186-2b8a90c28584) transitioned into state 'RUNNING' from state 'PENDING' {{(pid=98923) _task_receiver /opt/stack/data/venv/lib/python3.12/site-packages/taskflow/listeners/logging.py:242}}
Jun 16 02:54:41.004462 np0000002906 devstack@g-api.service[98923]: INFO glance.common.scripts.image_import.main [-] Task ce745c8c-30d5-4565-adb8-10c658b9d4c5: Got image data uri file:///tmp/staging/2c525fd6-a346-4360-a3d0-39234b00b9c5 to be imported
Jun 16 02:54:41.005825 np0000002906 devstack@g-api.service[98923]: DEBUG glance.location [-] Enabling in-flight format inspection for qcow2 {{(pid=98923) set_data /opt/stack/glance/glance/location.py:616}}
Jun 16 02:54:41.006149 np0000002906 devstack@g-api.service[98923]: DEBUG glance_store.backend [-] Attempting to import store swift {{(pid=98923) _load_store /opt/stack/data/venv/lib/python3.12/site-packages/glance_store/backend.py:215}}
Jun 16 02:54:41.007359 np0000002906 devstack@g-api.service[98923]: DEBUG glance_store.capabilities [-] Store glance_store._drivers.swift.store.SingleTenantStore doesn't support updating dynamic storage capabilities. Please overwrite 'update_capabilities' method of the store to implement updating logics if needed. {{(pid=98923) update_capabilities /opt/stack/data/venv/lib/python3.12/site-packages/glance_store/capabilities.py:91}}
Jun 16 02:54:41.007418 np0000002906 devstack@g-api.service[98923]: DEBUG glance_store.driver [-] Late loading location class glance_store._drivers.swift.store.StoreLocation {{(pid=98923) get_store_location_class /opt/stack/data/venv/lib/python3.12/site-packages/glance_store/driver.py:134}}
Jun 16 02:54:41.007541 np0000002906 devstack@g-api.service[98923]: DEBUG glance_store.location [-] Registering scheme swift+https with {'store': , 'location_class': , 'store_entry': 'swift'} {{(pid=98923) register_scheme_map /opt/stack/data/venv/lib/python3.12/site-packages/glance_store/location.py:146}}
Jun 16 02:54:41.007589 np0000002906 devstack@g-api.service[98923]: DEBUG glance_store.location [-] Registering scheme swift+https with {'store': , 'location_class': , 'store_entry': 'swift'} {{(pid=98923) register_scheme_map /opt/stack/data/venv/lib/python3.12/site-packages/glance_store/location.py:146}}
Jun 16 02:54:41.007688 np0000002906 devstack@g-api.service[98923]: DEBUG glance_store.location [-] Registering scheme swift with {'store': , 'location_class': , 'store_entry': 'swift'} {{(pid=98923) register_scheme_map /opt/stack/data/venv/lib/python3.12/site-packages/glance_store/location.py:146}}
Jun 16 02:54:41.007688 np0000002906 devstack@g-api.service[98923]: DEBUG glance_store.location [-] Registering scheme swift+https with {'store': , 'location_class': , 'store_entry': 'swift'} {{(pid=98923) register_scheme_map /opt/stack/data/venv/lib/python3.12/site-packages/glance_store/location.py:146}}
Jun 16 02:54:41.007763 np0000002906 devstack@g-api.service[98923]: DEBUG glance_store.location [-] Registering scheme swift with {'store': , 'location_class': , 'store_entry': 'swift'} {{(pid=98923) register_scheme_map /opt/stack/data/venv/lib/python3.12/site-packages/glance_store/location.py:146}}
Jun 16 02:54:41.007763 np0000002906 devstack@g-api.service[98923]: DEBUG glance_store.location [-] Registering scheme swift+http with {'store': , 'location_class': , 'store_entry': 'swift'} {{(pid=98923) register_scheme_map /opt/stack/data/venv/lib/python3.12/site-packages/glance_store/location.py:146}}
Jun 16 02:54:41.007838 np0000002906 devstack@g-api.service[98923]: DEBUG glance_store.location [-] Registering scheme swift+https with {'store': , 'location_class': , 'store_entry': 'swift'} {{(pid=98923) register_scheme_map /opt/stack/data/venv/lib/python3.12/site-packages/glance_store/location.py:146}}
Jun 16 02:54:41.007838 np0000002906 devstack@g-api.service[98923]: DEBUG glance_store.location [-] Registering scheme swift with {'store': , 'location_class': , 'store_entry': 'swift'} {{(pid=98923) register_scheme_map /opt/stack/data/venv/lib/python3.12/site-packages/glance_store/location.py:146}}
Jun 16 02:54:41.007886 np0000002906 devstack@g-api.service[98923]: DEBUG glance_store.location [-] Registering scheme swift+http with {'store': , 'location_class': , 'store_entry': 'swift'} {{(pid=98923) register_scheme_map /opt/stack/data/venv/lib/python3.12/site-packages/glance_store/location.py:146}}
Jun 16 02:54:41.007968 np0000002906 devstack@g-api.service[98923]: DEBUG glance_store.location [-] Registering scheme swift+config with {'store': , 'location_class': , 'store_entry': 'swift'} {{(pid=98923) register_scheme_map /opt/stack/data/venv/lib/python3.12/site-packages/glance_store/location.py:146}}
Jun 16 02:54:41.472551 np0000002906 devstack@g-api.service[98923]: INFO swiftclient [-] REQ: curl -i https://10.4.3.92:8080/v1/AUTH_9b377905f9a345cfbdf6e9d49eeeddfa/glance -I -H "X-Auth-Token: gAAAAABqMLrx5GqG..."
Jun 16 02:54:41.472635 np0000002906 devstack@g-api.service[98923]: INFO swiftclient [-] RESP STATUS: 404 Not Found
Jun 16 02:54:41.472744 np0000002906 devstack@g-api.service[98923]: INFO swiftclient [-] RESP HEADERS: {'Date': 'Tue, 16 Jun 2026 02:54:41 GMT', 'Server': 'Apache/2.4.58 (Ubuntu)', 'Content-Type': 'text/html; charset=UTF-8', 'X-Trans-Id': 'tx9c863b5cbb0a4a708e0e7-006a30baf1', 'X-Openstack-Request-Id': 'tx9c863b5cbb0a4a708e0e7-006a30baf1', 'Connection': 'close'}
Jun 16 02:54:41.472979 np0000002906 devstack@g-api.service[98923]: INFO glance_store._drivers.swift.store [-] Creating swift container glance
Jun 16 02:54:41.530955 np0000002906 devstack@g-api.service[98923]: DEBUG swiftclient [-] REQ: curl -i https://10.4.3.92:8080/v1/AUTH_9b377905f9a345cfbdf6e9d49eeeddfa/glance -X PUT -H "X-Auth-Token: gAAAAABqMLrx5GqG..." -H "Content-Length: 0" {{(pid=98923) http_log /opt/stack/data/venv/lib/python3.12/site-packages/swiftclient/client.py:160}}
Jun 16 02:54:41.531050 np0000002906 devstack@g-api.service[98923]: DEBUG swiftclient [-] RESP STATUS: 201 Created {{(pid=98923) http_log /opt/stack/data/venv/lib/python3.12/site-packages/swiftclient/client.py:161}}
Jun 16 02:54:41.531190 np0000002906 devstack@g-api.service[98923]: DEBUG swiftclient [-] RESP HEADERS: {'Date': 'Tue, 16 Jun 2026 02:54:41 GMT', 'Server': 'Apache/2.4.58 (Ubuntu)', 'Content-Type': 'text/html; charset=UTF-8', 'Content-Length': '0', 'X-Trans-Id': 'txfbac21ab99f64171ab257-006a30baf1', 'X-Openstack-Request-Id': 'txfbac21ab99f64171ab257-006a30baf1', 'Connection': 'close'} {{(pid=98923) http_log /opt/stack/data/venv/lib/python3.12/site-packages/swiftclient/client.py:162}}
Jun 16 02:54:41.531334 np0000002906 devstack@g-api.service[98923]: DEBUG glance_store._drivers.swift.store [-] Adding image object '2c525fd6-a346-4360-a3d0-39234b00b9c5' to Swift {{(pid=98923) add /opt/stack/data/venv/lib/python3.12/site-packages/glance_store/_drivers/swift/store.py:970}}
Jun 16 02:54:41.538159 np0000002906 devstack@g-api.service[98923]: DEBUG oslo_utils.imageutils.format_inspector [-] Format inspector for vmdk does not match, excluding from consideration (Signature KDMV not found: b'QFI\xfb') {{(pid=98923) _process_chunk /opt/stack/data/venv/lib/python3.12/site-packages/oslo_utils/imageutils/format_inspector.py:1758}}
Jun 16 02:54:41.541601 np0000002906 devstack@g-api.service[98923]: DEBUG oslo_utils.imageutils.format_inspector [-] Format inspector for vhdx does not match, excluding from consideration (Region signature not found at 30000) {{(pid=98923) _process_chunk /opt/stack/data/venv/lib/python3.12/site-packages/oslo_utils/imageutils/format_inspector.py:1758}}
Jun 16 02:54:41.826128 np0000002906 devstack@g-api.service[98923]: DEBUG swiftclient [-] REQ: curl -i https://10.4.3.92:8080/v1/AUTH_9b377905f9a345cfbdf6e9d49eeeddfa/glance/2c525fd6-a346-4360-a3d0-39234b00b9c5 -X PUT -H "X-Auth-Token: gAAAAABqMLrx5GqG..." -H "Content-Length: 21430272" {{(pid=98923) http_log /opt/stack/data/venv/lib/python3.12/site-packages/swiftclient/client.py:160}}
Jun 16 02:54:41.826201 np0000002906 devstack@g-api.service[98923]: DEBUG swiftclient [-] RESP STATUS: 201 Created {{(pid=98923) http_log /opt/stack/data/venv/lib/python3.12/site-packages/swiftclient/client.py:161}}
Jun 16 02:54:41.826356 np0000002906 devstack@g-api.service[98923]: DEBUG swiftclient [-] RESP HEADERS: {'Date': 'Tue, 16 Jun 2026 02:54:41 GMT', 'Server': 'Apache/2.4.58 (Ubuntu)', 'Content-Type': 'text/html; charset=UTF-8', 'Content-Length': '0', 'Etag': 'c8fc807773e5354afe61636071771906', 'Last-Modified': 'Tue, 16 Jun 2026 02:54:42 GMT', 'X-Trans-Id': 'txabb39ec9ce484d85b5782-006a30baf1', 'X-Openstack-Request-Id': 'txabb39ec9ce484d85b5782-006a30baf1', 'Connection': 'close'} {{(pid=98923) http_log /opt/stack/data/venv/lib/python3.12/site-packages/swiftclient/client.py:162}}
Jun 16 02:54:41.837915 np0000002906 devstack@g-api.service[98923]: INFO glance.location [-] Image format matched and virtual size computed: 117440512
Jun 16 02:54:41.844353 np0000002906 devstack@g-api.service[98923]: DEBUG glance.async_.flows.api_image_import [-] Image 2c525fd6-a346-4360-a3d0-39234b00b9c5 status changing from importing to active {{(pid=98923) __exit__ /opt/stack/glance/glance/async_/flows/api_image_import.py:166}}
Jun 16 02:54:41.865945 np0000002906 devstack@g-api.service[98923]: DEBUG glance_store.backend [-] Attempting to import store swift {{(pid=98923) _load_store /opt/stack/data/venv/lib/python3.12/site-packages/glance_store/backend.py:215}}
Jun 16 02:54:41.867084 np0000002906 devstack@g-api.service[98923]: DEBUG glance_store.capabilities [-] Store glance_store._drivers.swift.store.SingleTenantStore doesn't support updating dynamic storage capabilities. Please overwrite 'update_capabilities' method of the store to implement updating logics if needed. {{(pid=98923) update_capabilities /opt/stack/data/venv/lib/python3.12/site-packages/glance_store/capabilities.py:91}}
Jun 16 02:54:41.867147 np0000002906 devstack@g-api.service[98923]: DEBUG glance_store.driver [-] Late loading location class glance_store._drivers.swift.store.StoreLocation {{(pid=98923) get_store_location_class /opt/stack/data/venv/lib/python3.12/site-packages/glance_store/driver.py:134}}
Jun 16 02:54:41.867226 np0000002906 devstack@g-api.service[98923]: DEBUG glance_store.location [-] Registering scheme swift+https with {'store': , 'location_class': , 'store_entry': 'swift'} {{(pid=98923) register_scheme_map /opt/stack/data/venv/lib/python3.12/site-packages/glance_store/location.py:146}}
Jun 16 02:54:41.867281 np0000002906 devstack@g-api.service[98923]: DEBUG glance_store.location [-] Registering scheme swift+https with {'store': , 'location_class': , 'store_entry': 'swift'} {{(pid=98923) register_scheme_map /opt/stack/data/venv/lib/python3.12/site-packages/glance_store/location.py:146}}
Jun 16 02:54:41.867336 np0000002906 devstack@g-api.service[98923]: DEBUG glance_store.location [-] Registering scheme swift with {'store': , 'location_class': , 'store_entry': 'swift'} {{(pid=98923) register_scheme_map /opt/stack/data/venv/lib/python3.12/site-packages/glance_store/location.py:146}}
Jun 16 02:54:41.867387 np0000002906 devstack@g-api.service[98923]: DEBUG glance_store.location [-] Registering scheme swift+https with {'store': , 'location_class': , 'store_entry': 'swift'} {{(pid=98923) register_scheme_map /opt/stack/data/venv/lib/python3.12/site-packages/glance_store/location.py:146}}
Jun 16 02:54:41.867438 np0000002906 devstack@g-api.service[98923]: DEBUG glance_store.location [-] Registering scheme swift with {'store': , 'location_class': , 'store_entry': 'swift'} {{(pid=98923) register_scheme_map /opt/stack/data/venv/lib/python3.12/site-packages/glance_store/location.py:146}}
Jun 16 02:54:41.867477 np0000002906 devstack@g-api.service[98923]: DEBUG glance_store.location [-] Registering scheme swift+http with {'store': , 'location_class': , 'store_entry': 'swift'} {{(pid=98923) register_scheme_map /opt/stack/data/venv/lib/python3.12/site-packages/glance_store/location.py:146}}
Jun 16 02:54:41.867550 np0000002906 devstack@g-api.service[98923]: DEBUG glance_store.location [-] Registering scheme swift+https with {'store': , 'location_class': , 'store_entry': 'swift'} {{(pid=98923) register_scheme_map /opt/stack/data/venv/lib/python3.12/site-packages/glance_store/location.py:146}}
Jun 16 02:54:41.867609 np0000002906 devstack@g-api.service[98923]: DEBUG glance_store.location [-] Registering scheme swift with {'store': , 'location_class': , 'store_entry': 'swift'} {{(pid=98923) register_scheme_map /opt/stack/data/venv/lib/python3.12/site-packages/glance_store/location.py:146}}
Jun 16 02:54:41.867651 np0000002906 devstack@g-api.service[98923]: DEBUG glance_store.location [-] Registering scheme swift+http with {'store': , 'location_class': , 'store_entry': 'swift'} {{(pid=98923) register_scheme_map /opt/stack/data/venv/lib/python3.12/site-packages/glance_store/location.py:146}}
