Jul 10 16:56:41.823518 np0000005030 nova-conductor[98969]: DEBUG cotyledon.oslo_config_glue [-] workarounds.skip_cpu_compare_at_startup = False {{(pid=98969) log_opt_values /opt/stack/data/venv/lib/python3.12/site-packages/oslo_config/cfg.py:3253}}
Jul 10 16:56:41.823518 np0000005030 nova-conductor[98969]: DEBUG cotyledon.oslo_config_glue [-] workarounds.skip_cpu_compare_on_dest = False {{(pid=98969) log_opt_values /opt/stack/data/venv/lib/python3.12/site-packages/oslo_config/cfg.py:3253}}
Jul 10 16:56:41.823518 np0000005030 nova-conductor[98969]: DEBUG cotyledon.oslo_config_glue [-] workarounds.skip_hypervisor_version_check_on_lm = False {{(pid=98969) log_opt_values /opt/stack/data/venv/lib/python3.12/site-packages/oslo_config/cfg.py:3253}}
Jul 10 16:56:41.823518 np0000005030 nova-conductor[98969]: DEBUG cotyledon.oslo_config_glue [-] workarounds.skip_reserve_in_use_ironic_nodes = False {{(pid=98969) log_opt_values /opt/stack/data/venv/lib/python3.12/site-packages/oslo_config/cfg.py:3253}}
Jul 10 16:56:41.823518 np0000005030 nova-conductor[98969]: DEBUG cotyledon.oslo_config_glue [-] workarounds.unified_limits_count_pcpu_as_vcpu = False {{(pid=98969) log_opt_values /opt/stack/data/venv/lib/python3.12/site-packages/oslo_config/cfg.py:3253}}
Jul 10 16:56:41.823518 np0000005030 nova-conductor[98969]: DEBUG cotyledon.oslo_config_glue [-] workarounds.wait_for_vif_plugged_event_during_hard_reboot = [] {{(pid=98969) log_opt_values /opt/stack/data/venv/lib/python3.12/site-packages/oslo_config/cfg.py:3253}}
Jul 10 16:56:41.823518 np0000005030 nova-conductor[98969]: DEBUG cotyledon.oslo_config_glue [-] wsgi.api_paste_config = /etc/nova/api-paste.ini {{(pid=98969) log_opt_values /opt/stack/data/venv/lib/python3.12/site-packages/oslo_config/cfg.py:3253}}
Jul 10 16:56:41.823518 np0000005030 nova-conductor[98969]: DEBUG cotyledon.oslo_config_glue [-] wsgi.secure_proxy_ssl_header = None {{(pid=98969) log_opt_values /opt/stack/data/venv/lib/python3.12/site-packages/oslo_config/cfg.py:3253}}
Jul 10 16:56:41.823518 np0000005030 nova-conductor[98969]: DEBUG cotyledon.oslo_config_glue [-] zvm.ca_file = None {{(pid=98969) log_opt_values /opt/stack/data/venv/lib/python3.12/site-packages/oslo_config/cfg.py:3253}}
Jul 10 16:56:41.823693 np0000005030 nova-conductor[98969]: DEBUG cotyledon.oslo_config_glue [-] zvm.cloud_connector_url = None {{(pid=98969) log_opt_values /opt/stack/data/venv/lib/python3.12/site-packages/oslo_config/cfg.py:3253}}
Jul 10 16:56:41.823693 np0000005030 nova-conductor[98969]: DEBUG cotyledon.oslo_config_glue [-] zvm.image_tmp_path = /opt/stack/data/nova/images {{(pid=98969) log_opt_values /opt/stack/data/venv/lib/python3.12/site-packages/oslo_config/cfg.py:3253}}
Jul 10 16:56:41.823693 np0000005030 nova-conductor[98969]: DEBUG cotyledon.oslo_config_glue [-] zvm.reachable_timeout = 300 {{(pid=98969) log_opt_values /opt/stack/data/venv/lib/python3.12/site-packages/oslo_config/cfg.py:3253}}
Jul 10 16:56:41.823693 np0000005030 nova-conductor[98969]: DEBUG cotyledon.oslo_config_glue [-] oslo_versionedobjects.fatal_exception_format_errors = False {{(pid=98969) log_opt_values /opt/stack/data/venv/lib/python3.12/site-packages/oslo_config/cfg.py:3253}}
Jul 10 16:56:41.823693 np0000005030 nova-conductor[98969]: DEBUG cotyledon.oslo_config_glue [-] oslo_middleware.http_basic_auth_user_file = /etc/htpasswd {{(pid=98969) log_opt_values /opt/stack/data/venv/lib/python3.12/site-packages/oslo_config/cfg.py:3253}}
Jul 10 16:56:41.823693 np0000005030 nova-conductor[98969]: DEBUG cotyledon.oslo_config_glue [-] profiler.connection_string = messaging:// {{(pid=98969) log_opt_values /opt/stack/data/venv/lib/python3.12/site-packages/oslo_config/cfg.py:3253}}
Jul 10 16:56:41.823693 np0000005030 nova-conductor[98969]: DEBUG cotyledon.oslo_config_glue [-] profiler.enabled = False {{(pid=98969) log_opt_values /opt/stack/data/venv/lib/python3.12/site-packages/oslo_config/cfg.py:3253}}
Jul 10 16:56:41.823693 np0000005030 nova-conductor[98969]: DEBUG cotyledon.oslo_config_glue [-] profiler.es_doc_type = notification {{(pid=98969) log_opt_values /opt/stack/data/venv/lib/python3.12/site-packages/oslo_config/cfg.py:3253}}
Jul 10 16:56:41.823693 np0000005030 nova-conductor[98969]: DEBUG cotyledon.oslo_config_glue [-] profiler.es_scroll_size = 10000 {{(pid=98969) log_opt_values /opt/stack/data/venv/lib/python3.12/site-packages/oslo_config/cfg.py:3253}}
Jul 10 16:56:41.823861 np0000005030 nova-conductor[98969]: DEBUG cotyledon.oslo_config_glue [-] profiler.es_scroll_time = 2m {{(pid=98969) log_opt_values /opt/stack/data/venv/lib/python3.12/site-packages/oslo_config/cfg.py:3253}}
Jul 10 16:56:41.823861 np0000005030 nova-conductor[98969]: DEBUG cotyledon.oslo_config_glue [-] profiler.filter_error_trace = False {{(pid=98969) log_opt_values /opt/stack/data/venv/lib/python3.12/site-packages/oslo_config/cfg.py:3253}}
Jul 10 16:56:41.823861 np0000005030 nova-conductor[98969]: DEBUG cotyledon.oslo_config_glue [-] profiler.hmac_keys = **** {{(pid=98969) log_opt_values /opt/stack/data/venv/lib/python3.12/site-packages/oslo_config/cfg.py:3253}}
Jul 10 16:56:41.823861 np0000005030 nova-conductor[98969]: DEBUG cotyledon.oslo_config_glue [-] profiler.sentinel_service_name = mymaster {{(pid=98969) log_opt_values /opt/stack/data/venv/lib/python3.12/site-packages/oslo_config/cfg.py:3253}}
Jul 10 16:56:41.823861 np0000005030 nova-conductor[98969]: DEBUG cotyledon.oslo_config_glue [-] profiler.socket_timeout = 0.1 {{(pid=98969) log_opt_values /opt/stack/data/venv/lib/python3.12/site-packages/oslo_config/cfg.py:3253}}
Jul 10 16:56:41.823861 np0000005030 nova-conductor[98969]: DEBUG cotyledon.oslo_config_glue [-] profiler.trace_requests = False {{(pid=98969) log_opt_values /opt/stack/data/venv/lib/python3.12/site-packages/oslo_config/cfg.py:3253}}
Jul 10 16:56:41.823861 np0000005030 nova-conductor[98969]: DEBUG cotyledon.oslo_config_glue [-] profiler.trace_sqlalchemy = False {{(pid=98969) log_opt_values /opt/stack/data/venv/lib/python3.12/site-packages/oslo_config/cfg.py:3253}}
Jul 10 16:56:41.823861 np0000005030 nova-conductor[98969]: DEBUG cotyledon.oslo_config_glue [-] profiler_jaeger.process_tags = {} {{(pid=98969) log_opt_values /opt/stack/data/venv/lib/python3.12/site-packages/oslo_config/cfg.py:3253}}
Jul 10 16:56:41.823861 np0000005030 nova-conductor[98969]: DEBUG cotyledon.oslo_config_glue [-] profiler_jaeger.service_name_prefix = None {{(pid=98969) log_opt_values /opt/stack/data/venv/lib/python3.12/site-packages/oslo_config/cfg.py:3253}}
Jul 10 16:56:41.824064 np0000005030 nova-conductor[98969]: DEBUG cotyledon.oslo_config_glue [-] profiler_otlp.service_name_prefix = None {{(pid=98969) log_opt_values /opt/stack/data/venv/lib/python3.12/site-packages/oslo_config/cfg.py:3253}}
Jul 10 16:56:41.824064 np0000005030 nova-conductor[98969]: DEBUG cotyledon.oslo_config_glue [-] oslo_messaging_rabbit.amqp_auto_delete = False {{(pid=98969) log_opt_values /opt/stack/data/venv/lib/python3.12/site-packages/oslo_config/cfg.py:3253}}
Jul 10 16:56:41.824064 np0000005030 nova-conductor[98969]: DEBUG cotyledon.oslo_config_glue [-] oslo_messaging_rabbit.amqp_durable_queues = False {{(pid=98969) log_opt_values /opt/stack/data/venv/lib/python3.12/site-packages/oslo_config/cfg.py:3253}}
Jul 10 16:56:41.824064 np0000005030 nova-conductor[98969]: DEBUG cotyledon.oslo_config_glue [-] oslo_messaging_rabbit.conn_pool_min_size = 2 {{(pid=98969) log_opt_values /opt/stack/data/venv/lib/python3.12/site-packages/oslo_config/cfg.py:3253}}
Jul 10 16:56:41.824064 np0000005030 nova-conductor[98969]: DEBUG cotyledon.oslo_config_glue [-] oslo_messaging_rabbit.conn_pool_ttl = 1200 {{(pid=98969) log_opt_values /opt/stack/data/venv/lib/python3.12/site-packages/oslo_config/cfg.py:3253}}
Jul 10 16:56:41.824064 np0000005030 nova-conductor[98969]: DEBUG cotyledon.oslo_config_glue [-] oslo_messaging_rabbit.direct_mandatory_flag = True {{(pid=98969) log_opt_values /opt/stack/data/venv/lib/python3.12/site-packages/oslo_config/cfg.py:3253}}
Jul 10 16:56:41.824064 np0000005030 nova-conductor[98969]: DEBUG cotyledon.oslo_config_glue [-] oslo_messaging_rabbit.enable_cancel_on_failover = False {{(pid=98969) log_opt_values /opt/stack/data/venv/lib/python3.12/site-packages/oslo_config/cfg.py:3253}}
Jul 10 16:56:41.824064 np0000005030 nova-conductor[98969]: DEBUG cotyledon.oslo_config_glue [-] oslo_messaging_rabbit.heartbeat_rate = 3 {{(pid=98969) log_opt_values /opt/stack/data/venv/lib/python3.12/site-packages/oslo_config/cfg.py:3253}}
Jul 10 16:56:41.824064 np0000005030 nova-conductor[98969]: DEBUG cotyledon.oslo_config_glue [-] oslo_messaging_rabbit.heartbeat_timeout_threshold = 60 {{(pid=98969) log_opt_values /opt/stack/data/venv/lib/python3.12/site-packages/oslo_config/cfg.py:3253}}
Jul 10 16:56:41.824265 np0000005030 nova-conductor[98969]: DEBUG cotyledon.oslo_config_glue [-] oslo_messaging_rabbit.hostname = np0000005030 {{(pid=98969) log_opt_values /opt/stack/data/venv/lib/python3.12/site-packages/oslo_config/cfg.py:3253}}
Jul 10 16:56:41.824265 np0000005030 nova-conductor[98969]: DEBUG cotyledon.oslo_config_glue [-] oslo_messaging_rabbit.kombu_compression = None {{(pid=98969) log_opt_values /opt/stack/data/venv/lib/python3.12/site-packages/oslo_config/cfg.py:3253}}
Jul 10 16:56:41.824265 np0000005030 nova-conductor[98969]: DEBUG cotyledon.oslo_config_glue [-] oslo_messaging_rabbit.kombu_failover_strategy = round-robin {{(pid=98969) log_opt_values /opt/stack/data/venv/lib/python3.12/site-packages/oslo_config/cfg.py:3253}}
Jul 10 16:56:41.824265 np0000005030 nova-conductor[98969]: DEBUG cotyledon.oslo_config_glue [-] oslo_messaging_rabbit.kombu_missing_consumer_retry_timeout = 60 {{(pid=98969) log_opt_values /opt/stack/data/venv/lib/python3.12/site-packages/oslo_config/cfg.py:3253}}
Jul 10 16:56:41.824265 np0000005030 nova-conductor[98969]: DEBUG cotyledon.oslo_config_glue [-] oslo_messaging_rabbit.kombu_reconnect_delay = 1.0 {{(pid=98969) log_opt_values /opt/stack/data/venv/lib/python3.12/site-packages/oslo_config/cfg.py:3253}}
Jul 10 16:56:41.824265 np0000005030 nova-conductor[98969]: DEBUG cotyledon.oslo_config_glue [-] oslo_messaging_rabbit.kombu_reconnect_splay = 0.0 {{(pid=98969) log_opt_values /opt/stack/data/venv/lib/python3.12/site-packages/oslo_config/cfg.py:3253}}
Jul 10 16:56:41.824265 np0000005030 nova-conductor[98969]: DEBUG cotyledon.oslo_config_glue [-] oslo_messaging_rabbit.processname = nova-conductor {{(pid=98969) log_opt_values /opt/stack/data/venv/lib/python3.12/site-packages/oslo_config/cfg.py:3253}}
Jul 10 16:56:41.824265 np0000005030 nova-conductor[98969]: DEBUG cotyledon.oslo_config_glue [-] oslo_messaging_rabbit.rabbit_ha_queues = False {{(pid=98969) log_opt_values /opt/stack/data/venv/lib/python3.12/site-packages/oslo_config/cfg.py:3253}}
Jul 10 16:56:41.824265 np0000005030 nova-conductor[98969]: DEBUG cotyledon.oslo_config_glue [-] oslo_messaging_rabbit.rabbit_interval_max = 30 {{(pid=98969) log_opt_values /opt/stack/data/venv/lib/python3.12/site-packages/oslo_config/cfg.py:3253}}
Jul 10 16:56:41.824435 np0000005030 nova-conductor[98951]: DEBUG dbcounter [-] [98951] Writer thread running {{(pid=98951) stat_writer /opt/stack/data/venv/lib/python3.12/site-packages/dbcounter.py:102}}
Jul 10 16:56:41.824463 np0000005030 nova-conductor[98969]: DEBUG cotyledon.oslo_config_glue [-] oslo_messaging_rabbit.rabbit_login_method = AMQPLAIN {{(pid=98969) log_opt_values /opt/stack/data/venv/lib/python3.12/site-packages/oslo_config/cfg.py:3253}}
Jul 10 16:56:41.824463 np0000005030 nova-conductor[98969]: DEBUG cotyledon.oslo_config_glue [-] oslo_messaging_rabbit.rabbit_qos_prefetch_count = 0 {{(pid=98969) log_opt_values /opt/stack/data/venv/lib/python3.12/site-packages/oslo_config/cfg.py:3253}}
Jul 10 16:56:41.824463 np0000005030 nova-conductor[98969]: DEBUG cotyledon.oslo_config_glue [-] oslo_messaging_rabbit.rabbit_quorum_delivery_limit = 0 {{(pid=98969) log_opt_values /opt/stack/data/venv/lib/python3.12/site-packages/oslo_config/cfg.py:3253}}
Jul 10 16:56:41.824463 np0000005030 nova-conductor[98969]: DEBUG cotyledon.oslo_config_glue [-] oslo_messaging_rabbit.rabbit_quorum_max_memory_bytes = 0 {{(pid=98969) log_opt_values /opt/stack/data/venv/lib/python3.12/site-packages/oslo_config/cfg.py:3253}}
Jul 10 16:56:41.824463 np0000005030 nova-conductor[98969]: DEBUG cotyledon.oslo_config_glue [-] oslo_messaging_rabbit.rabbit_quorum_max_memory_length = 0 {{(pid=98969) log_opt_values /opt/stack/data/venv/lib/python3.12/site-packages/oslo_config/cfg.py:3253}}
Jul 10 16:56:41.824463 np0000005030 nova-conductor[98969]: DEBUG cotyledon.oslo_config_glue [-] oslo_messaging_rabbit.rabbit_quorum_queue = False {{(pid=98969) log_opt_values /opt/stack/data/venv/lib/python3.12/site-packages/oslo_config/cfg.py:3253}}
Jul 10 16:56:41.824463 np0000005030 nova-conductor[98969]: DEBUG cotyledon.oslo_config_glue [-] oslo_messaging_rabbit.rabbit_retry_backoff = 2 {{(pid=98969) log_opt_values /opt/stack/data/venv/lib/python3.12/site-packages/oslo_config/cfg.py:3253}}
Jul 10 16:56:41.824463 np0000005030 nova-conductor[98969]: DEBUG cotyledon.oslo_config_glue [-] oslo_messaging_rabbit.rabbit_retry_interval = 1 {{(pid=98969) log_opt_values /opt/stack/data/venv/lib/python3.12/site-packages/oslo_config/cfg.py:3253}}
Jul 10 16:56:41.824463 np0000005030 nova-conductor[98969]: DEBUG cotyledon.oslo_config_glue [-] oslo_messaging_rabbit.rabbit_stream_fanout = False {{(pid=98969) log_opt_values /opt/stack/data/venv/lib/python3.12/site-packages/oslo_config/cfg.py:3253}}
Jul 10 16:56:41.824632 np0000005030 nova-conductor[98969]: DEBUG cotyledon.oslo_config_glue [-] oslo_messaging_rabbit.rabbit_transient_queues_ttl = 1800 {{(pid=98969) log_opt_values /opt/stack/data/venv/lib/python3.12/site-packages/oslo_config/cfg.py:3253}}
Jul 10 16:56:41.824632 np0000005030 nova-conductor[98969]: DEBUG cotyledon.oslo_config_glue [-] oslo_messaging_rabbit.rabbit_transient_quorum_queue = False {{(pid=98969) log_opt_values /opt/stack/data/venv/lib/python3.12/site-packages/oslo_config/cfg.py:3253}}
Jul 10 16:56:41.824632 np0000005030 nova-conductor[98969]: DEBUG cotyledon.oslo_config_glue [-] oslo_messaging_rabbit.rpc_conn_pool_size = 30 {{(pid=98969) log_opt_values /opt/stack/data/venv/lib/python3.12/site-packages/oslo_config/cfg.py:3253}}
Jul 10 16:56:41.824632 np0000005030 nova-conductor[98969]: DEBUG cotyledon.oslo_config_glue [-] oslo_messaging_rabbit.ssl = False {{(pid=98969) log_opt_values /opt/stack/data/venv/lib/python3.12/site-packages/oslo_config/cfg.py:3253}}
Jul 10 16:56:41.824632 np0000005030 nova-conductor[98969]: DEBUG cotyledon.oslo_config_glue [-] oslo_messaging_rabbit.ssl_ca_file = {{(pid=98969) log_opt_values /opt/stack/data/venv/lib/python3.12/site-packages/oslo_config/cfg.py:3253}}
Jul 10 16:56:41.824632 np0000005030 nova-conductor[98969]: DEBUG cotyledon.oslo_config_glue [-] oslo_messaging_rabbit.ssl_cert_file = {{(pid=98969) log_opt_values /opt/stack/data/venv/lib/python3.12/site-packages/oslo_config/cfg.py:3253}}
Jul 10 16:56:41.824632 np0000005030 nova-conductor[98969]: DEBUG cotyledon.oslo_config_glue [-] oslo_messaging_rabbit.ssl_enforce_fips_mode = False {{(pid=98969) log_opt_values /opt/stack/data/venv/lib/python3.12/site-packages/oslo_config/cfg.py:3253}}
Jul 10 16:56:41.824632 np0000005030 nova-conductor[98969]: DEBUG cotyledon.oslo_config_glue [-] oslo_messaging_rabbit.ssl_enforce_hostname_verification = True {{(pid=98969) log_opt_values /opt/stack/data/venv/lib/python3.12/site-packages/oslo_config/cfg.py:3253}}
Jul 10 16:56:41.824632 np0000005030 nova-conductor[98969]: DEBUG cotyledon.oslo_config_glue [-] oslo_messaging_rabbit.ssl_key_file = {{(pid=98969) log_opt_values /opt/stack/data/venv/lib/python3.12/site-packages/oslo_config/cfg.py:3253}}
Jul 10 16:56:41.824859 np0000005030 nova-conductor[98969]: DEBUG cotyledon.oslo_config_glue [-] oslo_messaging_rabbit.ssl_version = {{(pid=98969) log_opt_values /opt/stack/data/venv/lib/python3.12/site-packages/oslo_config/cfg.py:3253}}
Jul 10 16:56:41.824859 np0000005030 nova-conductor[98969]: DEBUG cotyledon.oslo_config_glue [-] oslo_messaging_rabbit.use_queue_manager = False {{(pid=98969) log_opt_values /opt/stack/data/venv/lib/python3.12/site-packages/oslo_config/cfg.py:3253}}
Jul 10 16:56:41.824859 np0000005030 nova-conductor[98969]: DEBUG cotyledon.oslo_config_glue [-] oslo_messaging_notifications.driver = ['messagingv2'] {{(pid=98969) log_opt_values /opt/stack/data/venv/lib/python3.12/site-packages/oslo_config/cfg.py:3253}}
Jul 10 16:56:41.824859 np0000005030 nova-conductor[98969]: DEBUG cotyledon.oslo_config_glue [-] oslo_messaging_notifications.retry = -1 {{(pid=98969) log_opt_values /opt/stack/data/venv/lib/python3.12/site-packages/oslo_config/cfg.py:3253}}
Jul 10 16:56:41.824859 np0000005030 nova-conductor[98969]: DEBUG cotyledon.oslo_config_glue [-] oslo_messaging_notifications.topics = ['notifications'] {{(pid=98969) log_opt_values /opt/stack/data/venv/lib/python3.12/site-packages/oslo_config/cfg.py:3253}}
Jul 10 16:56:41.824859 np0000005030 nova-conductor[98969]: DEBUG cotyledon.oslo_config_glue [-] oslo_messaging_notifications.transport_url = **** {{(pid=98969) log_opt_values /opt/stack/data/venv/lib/python3.12/site-packages/oslo_config/cfg.py:3253}}
Jul 10 16:56:41.824859 np0000005030 nova-conductor[98969]: DEBUG cotyledon.oslo_config_glue [-] oslo_limit.auth_section = None {{(pid=98969) log_opt_values /opt/stack/data/venv/lib/python3.12/site-packages/oslo_config/cfg.py:3253}}
Jul 10 16:56:41.824859 np0000005030 nova-conductor[98969]: DEBUG cotyledon.oslo_config_glue [-] oslo_limit.auth_type = None {{(pid=98969) log_opt_values /opt/stack/data/venv/lib/python3.12/site-packages/oslo_config/cfg.py:3253}}
Jul 10 16:56:41.824859 np0000005030 nova-conductor[98969]: DEBUG cotyledon.oslo_config_glue [-] oslo_limit.cafile = None {{(pid=98969) log_opt_values /opt/stack/data/venv/lib/python3.12/site-packages/oslo_config/cfg.py:3253}}
Jul 10 16:56:41.825068 np0000005030 nova-conductor[98969]: DEBUG cotyledon.oslo_config_glue [-] oslo_limit.certfile = None {{(pid=98969) log_opt_values /opt/stack/data/venv/lib/python3.12/site-packages/oslo_config/cfg.py:3253}}
Jul 10 16:56:41.825068 np0000005030 nova-conductor[98969]: DEBUG cotyledon.oslo_config_glue [-] oslo_limit.collect_timing = False {{(pid=98969) log_opt_values /opt/stack/data/venv/lib/python3.12/site-packages/oslo_config/cfg.py:3253}}
Jul 10 16:56:41.825068 np0000005030 nova-conductor[98969]: DEBUG cotyledon.oslo_config_glue [-] oslo_limit.connect_retries = None {{(pid=98969) log_opt_values /opt/stack/data/venv/lib/python3.12/site-packages/oslo_config/cfg.py:3253}}
Jul 10 16:56:41.825068 np0000005030 nova-conductor[98969]: DEBUG cotyledon.oslo_config_glue [-] oslo_limit.connect_retry_delay = None {{(pid=98969) log_opt_values /opt/stack/data/venv/lib/python3.12/site-packages/oslo_config/cfg.py:3253}}
Jul 10 16:56:41.825068 np0000005030 nova-conductor[98969]: DEBUG cotyledon.oslo_config_glue [-] oslo_limit.endpoint_id = None {{(pid=98969) log_opt_values /opt/stack/data/venv/lib/python3.12/site-packages/oslo_config/cfg.py:3253}}
Jul 10 16:56:41.825068 np0000005030 nova-conductor[98969]: DEBUG cotyledon.oslo_config_glue [-] oslo_limit.endpoint_interface = public {{(pid=98969) log_opt_values /opt/stack/data/venv/lib/python3.12/site-packages/oslo_config/cfg.py:3253}}
Jul 10 16:56:41.825068 np0000005030 nova-conductor[98969]: DEBUG cotyledon.oslo_config_glue [-] oslo_limit.endpoint_override = None {{(pid=98969) log_opt_values /opt/stack/data/venv/lib/python3.12/site-packages/oslo_config/cfg.py:3253}}
Jul 10 16:56:41.825068 np0000005030 nova-conductor[98969]: DEBUG cotyledon.oslo_config_glue [-] oslo_limit.endpoint_region_name = None {{(pid=98969) log_opt_values /opt/stack/data/venv/lib/python3.12/site-packages/oslo_config/cfg.py:3253}}
Jul 10 16:56:41.825068 np0000005030 nova-conductor[98969]: DEBUG cotyledon.oslo_config_glue [-] oslo_limit.endpoint_service_name = None {{(pid=98969) log_opt_values /opt/stack/data/venv/lib/python3.12/site-packages/oslo_config/cfg.py:3253}}
Jul 10 16:56:41.825261 np0000005030 nova-conductor[98969]: DEBUG cotyledon.oslo_config_glue [-] oslo_limit.endpoint_service_type = None {{(pid=98969) log_opt_values /opt/stack/data/venv/lib/python3.12/site-packages/oslo_config/cfg.py:3253}}
Jul 10 16:56:41.825261 np0000005030 nova-conductor[98969]: DEBUG cotyledon.oslo_config_glue [-] oslo_limit.insecure = False {{(pid=98969) log_opt_values /opt/stack/data/venv/lib/python3.12/site-packages/oslo_config/cfg.py:3253}}
Jul 10 16:56:41.825261 np0000005030 nova-conductor[98969]: DEBUG cotyledon.oslo_config_glue [-] oslo_limit.keyfile = None {{(pid=98969) log_opt_values /opt/stack/data/venv/lib/python3.12/site-packages/oslo_config/cfg.py:3253}}
Jul 10 16:56:41.825261 np0000005030 nova-conductor[98969]: DEBUG cotyledon.oslo_config_glue [-] oslo_limit.max_version = None {{(pid=98969) log_opt_values /opt/stack/data/venv/lib/python3.12/site-packages/oslo_config/cfg.py:3253}}
Jul 10 16:56:41.825261 np0000005030 nova-conductor[98969]: DEBUG cotyledon.oslo_config_glue [-] oslo_limit.min_version = None {{(pid=98969) log_opt_values /opt/stack/data/venv/lib/python3.12/site-packages/oslo_config/cfg.py:3253}}
Jul 10 16:56:41.825261 np0000005030 nova-conductor[98969]: DEBUG cotyledon.oslo_config_glue [-] oslo_limit.region_name = None {{(pid=98969) log_opt_values /opt/stack/data/venv/lib/python3.12/site-packages/oslo_config/cfg.py:3253}}
Jul 10 16:56:41.825261 np0000005030 nova-conductor[98969]: DEBUG cotyledon.oslo_config_glue [-] oslo_limit.retriable_status_codes = None {{(pid=98969) log_opt_values /opt/stack/data/venv/lib/python3.12/site-packages/oslo_config/cfg.py:3253}}
Jul 10 16:56:41.825261 np0000005030 nova-conductor[98969]: DEBUG cotyledon.oslo_config_glue [-] oslo_limit.service_name = None {{(pid=98969) log_opt_values /opt/stack/data/venv/lib/python3.12/site-packages/oslo_config/cfg.py:3253}}
Jul 10 16:56:41.825261 np0000005030 nova-conductor[98969]: DEBUG cotyledon.oslo_config_glue [-] oslo_limit.service_type = None {{(pid=98969) log_opt_values /opt/stack/data/venv/lib/python3.12/site-packages/oslo_config/cfg.py:3253}}
Jul 10 16:56:41.825432 np0000005030 nova-conductor[98969]: DEBUG cotyledon.oslo_config_glue [-] oslo_limit.split_loggers = False {{(pid=98969) log_opt_values /opt/stack/data/venv/lib/python3.12/site-packages/oslo_config/cfg.py:3253}}
Jul 10 16:56:41.825432 np0000005030 nova-conductor[98969]: DEBUG cotyledon.oslo_config_glue [-] oslo_limit.status_code_retries = None {{(pid=98969) log_opt_values /opt/stack/data/venv/lib/python3.12/site-packages/oslo_config/cfg.py:3253}}
Jul 10 16:56:41.825432 np0000005030 nova-conductor[98969]: DEBUG cotyledon.oslo_config_glue [-] oslo_limit.status_code_retry_delay = None {{(pid=98969) log_opt_values /opt/stack/data/venv/lib/python3.12/site-packages/oslo_config/cfg.py:3253}}
Jul 10 16:56:41.825432 np0000005030 nova-conductor[98969]: DEBUG cotyledon.oslo_config_glue [-] oslo_limit.timeout = None {{(pid=98969) log_opt_values /opt/stack/data/venv/lib/python3.12/site-packages/oslo_config/cfg.py:3253}}
Jul 10 16:56:41.825432 np0000005030 nova-conductor[98969]: DEBUG cotyledon.oslo_config_glue [-] oslo_limit.valid_interfaces = None {{(pid=98969) log_opt_values /opt/stack/data/venv/lib/python3.12/site-packages/oslo_config/cfg.py:3253}}
Jul 10 16:56:41.825432 np0000005030 nova-conductor[98969]: DEBUG cotyledon.oslo_config_glue [-] oslo_limit.version = None {{(pid=98969) log_opt_values /opt/stack/data/venv/lib/python3.12/site-packages/oslo_config/cfg.py:3253}}
Jul 10 16:56:41.825432 np0000005030 nova-conductor[98969]: DEBUG cotyledon.oslo_config_glue [-] oslo_reports.file_event_handler = None {{(pid=98969) log_opt_values /opt/stack/data/venv/lib/python3.12/site-packages/oslo_config/cfg.py:3253}}
Jul 10 16:56:41.825432 np0000005030 nova-conductor[98969]: DEBUG cotyledon.oslo_config_glue [-] oslo_reports.file_event_handler_interval = 1 {{(pid=98969) log_opt_values /opt/stack/data/venv/lib/python3.12/site-packages/oslo_config/cfg.py:3253}}
Jul 10 16:56:41.825432 np0000005030 nova-conductor[98969]: DEBUG cotyledon.oslo_config_glue [-] oslo_reports.log_dir = None {{(pid=98969) log_opt_values /opt/stack/data/venv/lib/python3.12/site-packages/oslo_config/cfg.py:3253}}
Jul 10 16:56:41.825614 np0000005030 nova-conductor[98969]: DEBUG cotyledon.oslo_config_glue [-] ******************************************************************************** {{(pid=98969) log_opt_values /opt/stack/data/venv/lib/python3.12/site-packages/oslo_config/cfg.py:3260}}
Jul 10 16:56:41.825614 np0000005030 nova-conductor[98969]: DEBUG cotyledon._service_worker [-] Run service ServiceWrapper(3) [98969] {{(pid=98969) wait_forever /opt/stack/data/venv/lib/python3.12/site-packages/cotyledon/_service_worker.py:218}}
Jul 10 16:56:41.825614 np0000005030 nova-conductor[98969]: INFO nova.service [-] Starting conductor node (version 33.1.0)
Jul 10 16:56:41.825678 np0000005030 nova-conductor[98957]: DEBUG oslo_db.sqlalchemy.engines [None req-e20500ea-9ca6-41e6-b77a-2c4a5eb8f0d7 None None] MySQL server mode set to STRICT_TRANS_TABLES,STRICT_ALL_TABLES,NO_ZERO_IN_DATE,NO_ZERO_DATE,ERROR_FOR_DIVISION_BY_ZERO,TRADITIONAL,NO_ENGINE_SUBSTITUTION {{(pid=98957) _check_effective_sql_mode /opt/stack/data/venv/lib/python3.12/site-packages/oslo_db/sqlalchemy/engines.py:325}}
Jul 10 16:56:41.825707 np0000005030 nova-conductor[98969]: INFO dbcounter [None req-2ab4fc49-cdcd-4e4e-9019-658a16f43921 None None] Registered counter for database nova_cell0
Jul 10 16:56:41.829958 np0000005030 nova-conductor[98957]: DEBUG dbcounter [-] [98957] Writer thread running {{(pid=98957) stat_writer /opt/stack/data/venv/lib/python3.12/site-packages/dbcounter.py:102}}
Jul 10 16:56:41.838451 np0000005030 nova-conductor[98951]: DEBUG nova.service [None req-2c76f3f0-f127-4c54-9663-dca282e50d73 None None] Creating RPC server for service: nova-conductor on topic: conductor {{(pid=98951) start /opt/stack/nova/nova/service.py:196}}
Jul 10 16:56:41.842506 np0000005030 nova-conductor[98957]: DEBUG nova.service [None req-e20500ea-9ca6-41e6-b77a-2c4a5eb8f0d7 None None] Creating RPC server for service: nova-conductor on topic: conductor {{(pid=98957) start /opt/stack/nova/nova/service.py:196}}
Jul 10 16:56:41.842772 np0000005030 nova-conductor[98964]: DEBUG oslo_db.sqlalchemy.engines [None req-50f55bbb-77ae-478d-8ecd-7a06d85ae1e3 None None] MySQL server mode set to STRICT_TRANS_TABLES,STRICT_ALL_TABLES,NO_ZERO_IN_DATE,NO_ZERO_DATE,ERROR_FOR_DIVISION_BY_ZERO,TRADITIONAL,NO_ENGINE_SUBSTITUTION {{(pid=98964) _check_effective_sql_mode /opt/stack/data/venv/lib/python3.12/site-packages/oslo_db/sqlalchemy/engines.py:325}}
Jul 10 16:56:41.852824 np0000005030 nova-conductor[98964]: DEBUG dbcounter [-] [98964] Writer thread running {{(pid=98964) stat_writer /opt/stack/data/venv/lib/python3.12/site-packages/dbcounter.py:102}}
Jul 10 16:56:41.855743 np0000005030 nova-conductor[98964]: DEBUG nova.service [None req-50f55bbb-77ae-478d-8ecd-7a06d85ae1e3 None None] Creating RPC server for service: nova-conductor on topic: conductor {{(pid=98964) start /opt/stack/nova/nova/service.py:196}}
Jul 10 16:56:41.867170 np0000005030 nova-conductor[98951]: DEBUG nova.service [None req-2c76f3f0-f127-4c54-9663-dca282e50d73 None None] Join ServiceGroup membership for this service conductor {{(pid=98951) start /opt/stack/nova/nova/service.py:222}}
Jul 10 16:56:41.867357 np0000005030 nova-conductor[98951]: DEBUG nova.servicegroup.drivers.db [None req-2c76f3f0-f127-4c54-9663-dca282e50d73 None None] DB_Driver: join new ServiceGroup member np0000005030 to the conductor group, service = {{(pid=98951) join /opt/stack/nova/nova/servicegroup/drivers/db.py:44}}
Jul 10 16:56:41.877078 np0000005030 nova-conductor[98964]: DEBUG nova.service [None req-50f55bbb-77ae-478d-8ecd-7a06d85ae1e3 None None] Join ServiceGroup membership for this service conductor {{(pid=98964) start /opt/stack/nova/nova/service.py:222}}
Jul 10 16:56:41.877302 np0000005030 nova-conductor[98964]: DEBUG nova.servicegroup.drivers.db [None req-50f55bbb-77ae-478d-8ecd-7a06d85ae1e3 None None] DB_Driver: join new ServiceGroup member np0000005030 to the conductor group, service = {{(pid=98964) join /opt/stack/nova/nova/servicegroup/drivers/db.py:44}}
Jul 10 16:56:41.880807 np0000005030 nova-conductor[98957]: DEBUG nova.service [None req-e20500ea-9ca6-41e6-b77a-2c4a5eb8f0d7 None None] Join ServiceGroup membership for this service conductor {{(pid=98957) start /opt/stack/nova/nova/service.py:222}}
Jul 10 16:56:41.880960 np0000005030 nova-conductor[98969]: DEBUG oslo_db.sqlalchemy.engines [None req-2ab4fc49-cdcd-4e4e-9019-658a16f43921 None None] MySQL server mode set to STRICT_TRANS_TABLES,STRICT_ALL_TABLES,NO_ZERO_IN_DATE,NO_ZERO_DATE,ERROR_FOR_DIVISION_BY_ZERO,TRADITIONAL,NO_ENGINE_SUBSTITUTION {{(pid=98969) _check_effective_sql_mode /opt/stack/data/venv/lib/python3.12/site-packages/oslo_db/sqlalchemy/engines.py:325}}
Jul 10 16:56:41.881043 np0000005030 nova-conductor[98957]: DEBUG nova.servicegroup.drivers.db [None req-e20500ea-9ca6-41e6-b77a-2c4a5eb8f0d7 None None] DB_Driver: join new ServiceGroup member np0000005030 to the conductor group, service = {{(pid=98957) join /opt/stack/nova/nova/servicegroup/drivers/db.py:44}}
Jul 10 16:56:41.889524 np0000005030 nova-conductor[98969]: DEBUG dbcounter [-] [98969] Writer thread running {{(pid=98969) stat_writer /opt/stack/data/venv/lib/python3.12/site-packages/dbcounter.py:102}}
Jul 10 16:56:41.892019 np0000005030 nova-conductor[98969]: DEBUG nova.service [None req-2ab4fc49-cdcd-4e4e-9019-658a16f43921 None None] Creating RPC server for service: nova-conductor on topic: conductor {{(pid=98969) start /opt/stack/nova/nova/service.py:196}}
Jul 10 16:56:41.906942 np0000005030 nova-conductor[98969]: DEBUG nova.service [None req-2ab4fc49-cdcd-4e4e-9019-658a16f43921 None None] Join ServiceGroup membership for this service conductor {{(pid=98969) start /opt/stack/nova/nova/service.py:222}}
Jul 10 16:56:41.907276 np0000005030 nova-conductor[98969]: DEBUG nova.servicegroup.drivers.db [None req-2ab4fc49-cdcd-4e4e-9019-658a16f43921 None None] DB_Driver: join new ServiceGroup member np0000005030 to the conductor group, service = {{(pid=98969) join /opt/stack/nova/nova/servicegroup/drivers/db.py:44}}
Jul 10 16:56:41.908741 np0000005030 nova-conductor[98969]: DEBUG oslo.service.backend._threading.loopingcall [None req-938cc17d-4e81-486b-9005-3727bd354e20 None None] Dynamic interval looping call 'nova.service.Service.periodic_tasks' sleeping for 60.00 seconds {{(pid=98969) _run_loop /opt/stack/data/venv/lib/python3.12/site-packages/oslo_service/backend/_threading/loopingcall.py:125}}
Jul 10 16:56:46.881212 np0000005030 nova-conductor[98951]: DEBUG oslo.service.backend._threading.loopingcall [-] Fixed interval looping call 'nova.servicegroup.drivers.db.DbDriver._report_state' sleeping for 119.99 seconds {{(pid=98951) _run_loop /opt/stack/data/venv/lib/python3.12/site-packages/oslo_service/backend/_threading/loopingcall.py:125}}
Jul 10 16:56:46.891437 np0000005030 nova-conductor[98964]: DEBUG oslo.service.backend._threading.loopingcall [-] Fixed interval looping call 'nova.servicegroup.drivers.db.DbDriver._report_state' sleeping for 119.99 seconds {{(pid=98964) _run_loop /opt/stack/data/venv/lib/python3.12/site-packages/oslo_service/backend/_threading/loopingcall.py:125}}
Jul 10 16:56:46.892430 np0000005030 nova-conductor[98957]: DEBUG oslo.service.backend._threading.loopingcall [-] Fixed interval looping call 'nova.servicegroup.drivers.db.DbDriver._report_state' sleeping for 119.99 seconds {{(pid=98957) _run_loop /opt/stack/data/venv/lib/python3.12/site-packages/oslo_service/backend/_threading/loopingcall.py:125}}
Jul 10 16:56:46.925860 np0000005030 nova-conductor[98969]: DEBUG oslo.service.backend._threading.loopingcall [-] Fixed interval looping call 'nova.servicegroup.drivers.db.DbDriver._report_state' sleeping for 119.98 seconds {{(pid=98969) _run_loop /opt/stack/data/venv/lib/python3.12/site-packages/oslo_service/backend/_threading/loopingcall.py:125}}
Jul 10 16:56:50.449215 np0000005030 nova-conductor[97458]: DEBUG dbcounter [-] [97458] Writing DB stats nova_api:SELECT=1 {{(pid=97458) stat_writer /opt/stack/data/venv/lib/python3.12/site-packages/dbcounter.py:115}}
Jul 10 16:56:50.585376 np0000005030 nova-conductor[97458]: DEBUG dbcounter [-] [97458] Writing DB stats nova_cell0:SELECT=1 {{(pid=97458) stat_writer /opt/stack/data/venv/lib/python3.12/site-packages/dbcounter.py:115}}
Jul 10 16:56:50.593118 np0000005030 nova-conductor[97458]: DEBUG dbcounter [-] [97458] Writing DB stats nova_cell1:SELECT=1 {{(pid=97458) stat_writer /opt/stack/data/venv/lib/python3.12/site-packages/dbcounter.py:115}}
Jul 10 16:56:54.879339 np0000005030 nova-conductor[98964]: DEBUG oslo.service.backend._threading.loopingcall [None req-90b74ded-1d2f-4665-ab71-25ff05a06b59 None None] Dynamic interval looping call 'nova.service.Service.periodic_tasks' sleeping for 60.00 seconds {{(pid=98964) _run_loop /opt/stack/data/venv/lib/python3.12/site-packages/oslo_service/backend/_threading/loopingcall.py:125}}
Jul 10 16:56:56.878108 np0000005030 nova-conductor[98951]: DEBUG dbcounter [-] [98951] Writing DB stats nova_cell0:SELECT=4,nova_cell0:INSERT=1,nova_cell0:UPDATE=1 {{(pid=98951) stat_writer /opt/stack/data/venv/lib/python3.12/site-packages/dbcounter.py:115}}
Jul 10 16:56:56.887814 np0000005030 nova-conductor[98964]: DEBUG dbcounter [-] [98964] Writing DB stats nova_cell0:SELECT=3 {{(pid=98964) stat_writer /opt/stack/data/venv/lib/python3.12/site-packages/dbcounter.py:115}}
Jul 10 16:56:56.889150 np0000005030 nova-conductor[98957]: DEBUG dbcounter [-] [98957] Writing DB stats nova_cell0:SELECT=5,nova_cell0:INSERT=1 {{(pid=98957) stat_writer /opt/stack/data/venv/lib/python3.12/site-packages/dbcounter.py:115}}
Jul 10 16:56:56.922941 np0000005030 nova-conductor[98969]: DEBUG dbcounter [-] [98969] Writing DB stats nova_cell0:SELECT=3 {{(pid=98969) stat_writer /opt/stack/data/venv/lib/python3.12/site-packages/dbcounter.py:115}}
Jul 10 16:57:00.869089 np0000005030 nova-conductor[98951]: DEBUG oslo.service.backend._threading.loopingcall [None req-5e1aeb20-92d4-408c-9f70-7b46dbe1f222 None None] Dynamic interval looping call 'nova.service.Service.periodic_tasks' sleeping for 60.00 seconds {{(pid=98951) _run_loop /opt/stack/data/venv/lib/python3.12/site-packages/oslo_service/backend/_threading/loopingcall.py:125}}
Jul 10 16:57:39.883206 np0000005030 nova-conductor[98957]: DEBUG oslo.service.backend._threading.loopingcall [None req-aa46d098-dd86-4ed5-b583-fa0d023f2927 None None] Dynamic interval looping call 'nova.service.Service.periodic_tasks' sleeping for 60.00 seconds {{(pid=98957) _run_loop /opt/stack/data/venv/lib/python3.12/site-packages/oslo_service/backend/_threading/loopingcall.py:125}}
Jul 10 16:57:41.909258 np0000005030 nova-conductor[98969]: DEBUG oslo.service.backend._threading.loopingcall [None req-938cc17d-4e81-486b-9005-3727bd354e20 None None] Dynamic interval looping call 'nova.service.Service.periodic_tasks' sleeping for 60.00 seconds {{(pid=98969) _run_loop /opt/stack/data/venv/lib/python3.12/site-packages/oslo_service/backend/_threading/loopingcall.py:125}}
Jul 10 16:57:54.879889 np0000005030 nova-conductor[98964]: DEBUG oslo.service.backend._threading.loopingcall [None req-90b74ded-1d2f-4665-ab71-25ff05a06b59 None None] Dynamic interval looping call 'nova.service.Service.periodic_tasks' sleeping for 60.00 seconds {{(pid=98964) _run_loop /opt/stack/data/venv/lib/python3.12/site-packages/oslo_service/backend/_threading/loopingcall.py:125}}
Jul 10 16:58:00.869735 np0000005030 nova-conductor[98951]: DEBUG oslo.service.backend._threading.loopingcall [None req-5e1aeb20-92d4-408c-9f70-7b46dbe1f222 None None] Dynamic interval looping call 'nova.service.Service.periodic_tasks' sleeping for 60.00 seconds {{(pid=98951) _run_loop /opt/stack/data/venv/lib/python3.12/site-packages/oslo_service/backend/_threading/loopingcall.py:125}}
Jul 10 16:58:39.884572 np0000005030 nova-conductor[98957]: DEBUG oslo.service.backend._threading.loopingcall [None req-aa46d098-dd86-4ed5-b583-fa0d023f2927 None None] Dynamic interval looping call 'nova.service.Service.periodic_tasks' sleeping for 60.00 seconds {{(pid=98957) _run_loop /opt/stack/data/venv/lib/python3.12/site-packages/oslo_service/backend/_threading/loopingcall.py:125}}
Jul 10 16:58:41.909670 np0000005030 nova-conductor[98969]: DEBUG oslo.service.backend._threading.loopingcall [None req-938cc17d-4e81-486b-9005-3727bd354e20 None None] Dynamic interval looping call 'nova.service.Service.periodic_tasks' sleeping for 60.00 seconds {{(pid=98969) _run_loop /opt/stack/data/venv/lib/python3.12/site-packages/oslo_service/backend/_threading/loopingcall.py:125}}
Jul 10 16:58:46.883847 np0000005030 nova-conductor[98951]: DEBUG oslo.service.backend._threading.loopingcall [-] Fixed interval looping call 'nova.servicegroup.drivers.db.DbDriver._report_state' sleeping for 119.99 seconds {{(pid=98951) _run_loop /opt/stack/data/venv/lib/python3.12/site-packages/oslo_service/backend/_threading/loopingcall.py:125}}
Jul 10 16:58:46.885157 np0000005030 nova-conductor[98964]: DEBUG oslo.service.backend._threading.loopingcall [-] Fixed interval looping call 'nova.servicegroup.drivers.db.DbDriver._report_state' sleeping for 120.00 seconds {{(pid=98964) _run_loop /opt/stack/data/venv/lib/python3.12/site-packages/oslo_service/backend/_threading/loopingcall.py:125}}
Jul 10 16:58:46.886760 np0000005030 nova-conductor[98957]: DEBUG oslo.service.backend._threading.loopingcall [-] Fixed interval looping call 'nova.servicegroup.drivers.db.DbDriver._report_state' sleeping for 120.00 seconds {{(pid=98957) _run_loop /opt/stack/data/venv/lib/python3.12/site-packages/oslo_service/backend/_threading/loopingcall.py:125}}
Jul 10 16:58:46.911871 np0000005030 nova-conductor[98969]: DEBUG oslo.service.backend._threading.loopingcall [-] Fixed interval looping call 'nova.servicegroup.drivers.db.DbDriver._report_state' sleeping for 119.99 seconds {{(pid=98969) _run_loop /opt/stack/data/venv/lib/python3.12/site-packages/oslo_service/backend/_threading/loopingcall.py:125}}
Jul 10 16:58:54.882115 np0000005030 nova-conductor[98964]: DEBUG oslo.service.backend._threading.loopingcall [None req-90b74ded-1d2f-4665-ab71-25ff05a06b59 None None] Dynamic interval looping call 'nova.service.Service.periodic_tasks' sleeping for 60.00 seconds {{(pid=98964) _run_loop /opt/stack/data/venv/lib/python3.12/site-packages/oslo_service/backend/_threading/loopingcall.py:125}}
Jul 10 16:58:56.878608 np0000005030 nova-conductor[98951]: DEBUG dbcounter [-] [98951] Writing DB stats nova_cell0:SELECT=1,nova_cell0:UPDATE=1 {{(pid=98951) stat_writer /opt/stack/data/venv/lib/python3.12/site-packages/dbcounter.py:115}}
Jul 10 16:58:56.883370 np0000005030 nova-conductor[98964]: DEBUG dbcounter [-] [98964] Writing DB stats nova_cell0:SELECT=1 {{(pid=98964) stat_writer /opt/stack/data/venv/lib/python3.12/site-packages/dbcounter.py:115}}
Jul 10 16:58:56.884537 np0000005030 nova-conductor[98957]: DEBUG dbcounter [-] [98957] Writing DB stats nova_cell0:SELECT=1 {{(pid=98957) stat_writer /opt/stack/data/venv/lib/python3.12/site-packages/dbcounter.py:115}}
Jul 10 16:58:56.907961 np0000005030 nova-conductor[98969]: DEBUG dbcounter [-] [98969] Writing DB stats nova_cell0:SELECT=1 {{(pid=98969) stat_writer /opt/stack/data/venv/lib/python3.12/site-packages/dbcounter.py:115}}
Jul 10 16:59:00.870178 np0000005030 nova-conductor[98951]: DEBUG oslo.service.backend._threading.loopingcall [None req-5e1aeb20-92d4-408c-9f70-7b46dbe1f222 None None] Dynamic interval looping call 'nova.service.Service.periodic_tasks' sleeping for 60.00 seconds {{(pid=98951) _run_loop /opt/stack/data/venv/lib/python3.12/site-packages/oslo_service/backend/_threading/loopingcall.py:125}}
Jul 10 16:59:02.131407 np0000005030 nova-conductor[98951]: DEBUG oslo_db.sqlalchemy.engines [None req-b0f50a43-6cdc-41aa-9cf1-dd4f1c88c349 tempest-DeleteServersTestJSON-788151227 tempest-DeleteServersTestJSON-788151227-project-member] Parent process 97458 forked (98951) with an open database connection, which is being discarded and recreated. {{(pid=98951) checkout /opt/stack/data/venv/lib/python3.12/site-packages/oslo_db/sqlalchemy/engines.py:402}}
Jul 10 16:59:02.183008 np0000005030 nova-conductor[98951]: DEBUG dbcounter [-] [98951] Writer thread running {{(pid=98951) stat_writer /opt/stack/data/venv/lib/python3.12/site-packages/dbcounter.py:102}}
Jul 10 16:59:02.269404 np0000005030 nova-conductor[98964]: DEBUG dbcounter [-] [98964] Writer thread running {{(pid=98964) stat_writer /opt/stack/data/venv/lib/python3.12/site-packages/dbcounter.py:102}}
Jul 10 16:59:03.212347 np0000005030 nova-conductor[98951]: DEBUG nova.conductor.manager [None req-b0f50a43-6cdc-41aa-9cf1-dd4f1c88c349 tempest-DeleteServersTestJSON-788151227 tempest-DeleteServersTestJSON-788151227-project-member] Took 1.03 seconds to select destinations for 1 instance(s). {{(pid=98951) _schedule_instances /opt/stack/nova/nova/conductor/manager.py:968}}
Jul 10 16:59:03.239445 np0000005030 nova-conductor[98951]: DEBUG oslo_concurrency.lockutils [None req-b0f50a43-6cdc-41aa-9cf1-dd4f1c88c349 tempest-DeleteServersTestJSON-788151227 tempest-DeleteServersTestJSON-788151227-project-member] Acquiring lock "81e50d2c-3839-40e7-a4fe-c2875110b988" by "nova.context.set_target_cell..get_or_set_cached_cell_and_set_connections" {{(pid=98951) inner /opt/stack/data/venv/lib/python3.12/site-packages/oslo_concurrency/lockutils.py:511}}
Jul 10 16:59:03.239658 np0000005030 nova-conductor[98951]: DEBUG oslo_concurrency.lockutils [None req-b0f50a43-6cdc-41aa-9cf1-dd4f1c88c349 tempest-DeleteServersTestJSON-788151227 tempest-DeleteServersTestJSON-788151227-project-member] Lock "81e50d2c-3839-40e7-a4fe-c2875110b988" acquired by "nova.context.set_target_cell..get_or_set_cached_cell_and_set_connections" :: waited 0.000s {{(pid=98951) inner /opt/stack/data/venv/lib/python3.12/site-packages/oslo_concurrency/lockutils.py:524}}
Jul 10 16:59:03.240954 np0000005030 nova-conductor[98951]: DEBUG oslo_concurrency.lockutils [None req-b0f50a43-6cdc-41aa-9cf1-dd4f1c88c349 tempest-DeleteServersTestJSON-788151227 tempest-DeleteServersTestJSON-788151227-project-member] Lock "81e50d2c-3839-40e7-a4fe-c2875110b988" "released" by "nova.context.set_target_cell..get_or_set_cached_cell_and_set_connections" :: held 0.001s {{(pid=98951) inner /opt/stack/data/venv/lib/python3.12/site-packages/oslo_concurrency/lockutils.py:543}}
Jul 10 16:59:03.242671 np0000005030 nova-conductor[98951]: INFO dbcounter [None req-b0f50a43-6cdc-41aa-9cf1-dd4f1c88c349 tempest-DeleteServersTestJSON-788151227 tempest-DeleteServersTestJSON-788151227-project-member] Registered counter for database nova_cell1
Jul 10 16:59:03.285628 np0000005030 nova-conductor[98951]: DEBUG oslo_db.sqlalchemy.engines [None req-b0f50a43-6cdc-41aa-9cf1-dd4f1c88c349 tempest-DeleteServersTestJSON-788151227 tempest-DeleteServersTestJSON-788151227-project-member] MySQL server mode set to STRICT_TRANS_TABLES,STRICT_ALL_TABLES,NO_ZERO_IN_DATE,NO_ZERO_DATE,ERROR_FOR_DIVISION_BY_ZERO,TRADITIONAL,NO_ENGINE_SUBSTITUTION {{(pid=98951) _check_effective_sql_mode /opt/stack/data/venv/lib/python3.12/site-packages/oslo_db/sqlalchemy/engines.py:325}}
Jul 10 16:59:03.292221 np0000005030 nova-conductor[98951]: DEBUG dbcounter [-] [98951] Writer thread running {{(pid=98951) stat_writer /opt/stack/data/venv/lib/python3.12/site-packages/dbcounter.py:102}}
Jul 10 16:59:03.299314 np0000005030 nova-conductor[98964]: DEBUG nova.conductor.manager [None req-c0c60461-2be8-481b-a8c2-7633ef7d9158 tempest-ServerActionsTestOtherA-879193254 tempest-ServerActionsTestOtherA-879193254-project-member] Took 1.03 seconds to select destinations for 1 instance(s). {{(pid=98964) _schedule_instances /opt/stack/nova/nova/conductor/manager.py:968}}
Jul 10 16:59:03.329307 np0000005030 nova-conductor[98964]: DEBUG oslo_concurrency.lockutils [None req-c0c60461-2be8-481b-a8c2-7633ef7d9158 tempest-ServerActionsTestOtherA-879193254 tempest-ServerActionsTestOtherA-879193254-project-member] Acquiring lock "81e50d2c-3839-40e7-a4fe-c2875110b988" by "nova.context.set_target_cell..get_or_set_cached_cell_and_set_connections" {{(pid=98964) inner /opt/stack/data/venv/lib/python3.12/site-packages/oslo_concurrency/lockutils.py:511}}
Jul 10 16:59:03.329569 np0000005030 nova-conductor[98964]: DEBUG oslo_concurrency.lockutils [None req-c0c60461-2be8-481b-a8c2-7633ef7d9158 tempest-ServerActionsTestOtherA-879193254 tempest-ServerActionsTestOtherA-879193254-project-member] Lock "81e50d2c-3839-40e7-a4fe-c2875110b988" acquired by "nova.context.set_target_cell..get_or_set_cached_cell_and_set_connections" :: waited 0.000s {{(pid=98964) inner /opt/stack/data/venv/lib/python3.12/site-packages/oslo_concurrency/lockutils.py:524}}
Jul 10 16:59:03.331699 np0000005030 nova-conductor[98964]: DEBUG oslo_concurrency.lockutils [None req-c0c60461-2be8-481b-a8c2-7633ef7d9158 tempest-ServerActionsTestOtherA-879193254 tempest-ServerActionsTestOtherA-879193254-project-member] Lock "81e50d2c-3839-40e7-a4fe-c2875110b988" "released" by "nova.context.set_target_cell..get_or_set_cached_cell_and_set_connections" :: held 0.002s {{(pid=98964) inner /opt/stack/data/venv/lib/python3.12/site-packages/oslo_concurrency/lockutils.py:543}}
Jul 10 16:59:03.334445 np0000005030 nova-conductor[98964]: INFO dbcounter [None req-c0c60461-2be8-481b-a8c2-7633ef7d9158 tempest-ServerActionsTestOtherA-879193254 tempest-ServerActionsTestOtherA-879193254-project-member] Registered counter for database nova_cell1
Jul 10 16:59:03.362240 np0000005030 nova-conductor[98951]: INFO nova.utils [None req-b0f50a43-6cdc-41aa-9cf1-dd4f1c88c349 tempest-DeleteServersTestJSON-788151227 tempest-DeleteServersTestJSON-788151227-project-member] The cell worker thread pool ForkProcess-1.cell_worker is initialized
Jul 10 16:59:03.362587 np0000005030 nova-conductor[98951]: DEBUG oslo_concurrency.lockutils [None req-b0f50a43-6cdc-41aa-9cf1-dd4f1c88c349 tempest-DeleteServersTestJSON-788151227 tempest-DeleteServersTestJSON-788151227-project-member] Acquiring lock "00000000-0000-0000-0000-000000000000" by "nova.context.set_target_cell..get_or_set_cached_cell_and_set_connections" {{(pid=98951) inner /opt/stack/data/venv/lib/python3.12/site-packages/oslo_concurrency/lockutils.py:511}}
Jul 10 16:59:03.362798 np0000005030 nova-conductor[98951]: DEBUG oslo_concurrency.lockutils [None req-b0f50a43-6cdc-41aa-9cf1-dd4f1c88c349 tempest-DeleteServersTestJSON-788151227 tempest-DeleteServersTestJSON-788151227-project-member] Lock "00000000-0000-0000-0000-000000000000" acquired by "nova.context.set_target_cell..get_or_set_cached_cell_and_set_connections" :: waited 0.000s {{(pid=98951) inner /opt/stack/data/venv/lib/python3.12/site-packages/oslo_concurrency/lockutils.py:524}}
Jul 10 16:59:03.363263 np0000005030 nova-conductor[98951]: DEBUG oslo_concurrency.lockutils [None req-b0f50a43-6cdc-41aa-9cf1-dd4f1c88c349 tempest-DeleteServersTestJSON-788151227 tempest-DeleteServersTestJSON-788151227-project-member] Lock "00000000-0000-0000-0000-000000000000" "released" by "nova.context.set_target_cell..get_or_set_cached_cell_and_set_connections" :: held 0.000s {{(pid=98951) inner /opt/stack/data/venv/lib/python3.12/site-packages/oslo_concurrency/lockutils.py:543}}
Jul 10 16:59:03.364063 np0000005030 nova-conductor[98951]: DEBUG oslo_concurrency.lockutils [None req-b0f50a43-6cdc-41aa-9cf1-dd4f1c88c349 tempest-DeleteServersTestJSON-788151227 tempest-DeleteServersTestJSON-788151227-project-member] Acquiring lock "81e50d2c-3839-40e7-a4fe-c2875110b988" by "nova.context.set_target_cell..get_or_set_cached_cell_and_set_connections" {{(pid=98951) inner /opt/stack/data/venv/lib/python3.12/site-packages/oslo_concurrency/lockutils.py:511}}
Jul 10 16:59:03.364346 np0000005030 nova-conductor[98951]: DEBUG oslo_concurrency.lockutils [None req-b0f50a43-6cdc-41aa-9cf1-dd4f1c88c349 tempest-DeleteServersTestJSON-788151227 tempest-DeleteServersTestJSON-788151227-project-member] Lock "81e50d2c-3839-40e7-a4fe-c2875110b988" acquired by "nova.context.set_target_cell..get_or_set_cached_cell_and_set_connections" :: waited 0.000s {{(pid=98951) inner /opt/stack/data/venv/lib/python3.12/site-packages/oslo_concurrency/lockutils.py:524}}
Jul 10 16:59:03.364431 np0000005030 nova-conductor[98951]: DEBUG oslo_concurrency.lockutils [None req-b0f50a43-6cdc-41aa-9cf1-dd4f1c88c349 tempest-DeleteServersTestJSON-788151227 tempest-DeleteServersTestJSON-788151227-project-member] Lock "81e50d2c-3839-40e7-a4fe-c2875110b988" "released" by "nova.context.set_target_cell..get_or_set_cached_cell_and_set_connections" :: held 0.000s {{(pid=98951) inner /opt/stack/data/venv/lib/python3.12/site-packages/oslo_concurrency/lockutils.py:543}}
Jul 10 16:59:03.366448 np0000005030 nova-conductor[98951]: INFO dbcounter [None req-b0f50a43-6cdc-41aa-9cf1-dd4f1c88c349 tempest-DeleteServersTestJSON-788151227 tempest-DeleteServersTestJSON-788151227-project-member] Registered counter for database nova_cell0
Jul 10 16:59:03.384370 np0000005030 nova-conductor[98964]: DEBUG oslo_db.sqlalchemy.engines [None req-c0c60461-2be8-481b-a8c2-7633ef7d9158 tempest-ServerActionsTestOtherA-879193254 tempest-ServerActionsTestOtherA-879193254-project-member] MySQL server mode set to STRICT_TRANS_TABLES,STRICT_ALL_TABLES,NO_ZERO_IN_DATE,NO_ZERO_DATE,ERROR_FOR_DIVISION_BY_ZERO,TRADITIONAL,NO_ENGINE_SUBSTITUTION {{(pid=98964) _check_effective_sql_mode /opt/stack/data/venv/lib/python3.12/site-packages/oslo_db/sqlalchemy/engines.py:325}}
Jul 10 16:59:03.391571 np0000005030 nova-conductor[98964]: DEBUG dbcounter [-] [98964] Writer thread running {{(pid=98964) stat_writer /opt/stack/data/venv/lib/python3.12/site-packages/dbcounter.py:102}}
