Jul 10 16:56:11.421268 np0000005030 devstack@neutron-api.service[90673]: INFO neutron.plugins.ml2.managers [None req-621f6efd-e8db-463a-90e5-b0dc5107d22a None None] Initializing extension driver 'qos'
Jul 10 16:56:11.421268 np0000005030 devstack@neutron-api.service[90673]: DEBUG neutron.plugins.ml2.extensions.qos [None req-621f6efd-e8db-463a-90e5-b0dc5107d22a None None] QosExtensionDriver initialization complete {{(pid=90673) initialize /opt/stack/neutron/neutron/plugins/ml2/extensions/qos.py:31}}
Jul 10 16:56:11.421268 np0000005030 devstack@neutron-api.service[90673]: INFO neutron.plugins.ml2.managers [None req-621f6efd-e8db-463a-90e5-b0dc5107d22a None None] Initializing mechanism driver 'ovn'
Jul 10 16:56:11.421268 np0000005030 devstack@neutron-api.service[90673]: INFO neutron.plugins.ml2.drivers.ovn.mech_driver.mech_driver [None req-621f6efd-e8db-463a-90e5-b0dc5107d22a None None] Starting OVNMechanismDriver
Jul 10 16:56:11.421869 np0000005030 devstack@neutron-api.service[90674]: DEBUG neutron.manager [None req-9cb020bc-8540-4cc7-9f24-1da940288cc8 None None] Successfully loaded timestamp plugin. Description: Adds timestamps to Neutron resources with standard attributes {{(pid=90674) _create_and_add_service_plugin /opt/stack/neutron/neutron/manager.py:236}}
Jul 10 16:56:11.421869 np0000005030 devstack@neutron-api.service[90674]: INFO neutron.manager [None req-9cb020bc-8540-4cc7-9f24-1da940288cc8 None None] Loading Plugin: network_ip_availability
Jul 10 16:56:11.423614 np0000005030 devstack@neutron-api.service[90673]: DEBUG neutron_lib.callbacks.manager [None req-621f6efd-e8db-463a-90e5-b0dc5107d22a None None] Subscribe: > process before_spawn 55550000, False {{(pid=90673) subscribe /opt/stack/data/venv/lib/python3.12/site-packages/neutron_lib/callbacks/manager.py:52}}
Jul 10 16:56:11.423845 np0000005030 devstack@neutron-api.service[90674]: DEBUG neutron.manager [None req-9cb020bc-8540-4cc7-9f24-1da940288cc8 None None] Successfully loaded network-ip-availability plugin. Description: Provides IP availability data for each network and subnet. {{(pid=90674) _create_and_add_service_plugin /opt/stack/neutron/neutron/manager.py:236}}
Jul 10 16:56:11.424187 np0000005030 devstack@neutron-api.service[90673]: DEBUG neutron_lib.callbacks.manager [None req-621f6efd-e8db-463a-90e5-b0dc5107d22a None None] Subscribe: > process after_init 55550000, True {{(pid=90673) subscribe /opt/stack/data/venv/lib/python3.12/site-packages/neutron_lib/callbacks/manager.py:52}}
Jul 10 16:56:11.424574 np0000005030 devstack@neutron-api.service[90674]: INFO neutron.manager [None req-9cb020bc-8540-4cc7-9f24-1da940288cc8 None None] Loading Plugin: flavors
Jul 10 16:56:11.424948 np0000005030 devstack@neutron-api.service[90673]: DEBUG neutron_lib.callbacks.manager [None req-621f6efd-e8db-463a-90e5-b0dc5107d22a None None] Subscribe: > segment after_create 55550000, False {{(pid=90673) subscribe /opt/stack/data/venv/lib/python3.12/site-packages/neutron_lib/callbacks/manager.py:52}}
Jul 10 16:56:11.424948 np0000005030 devstack@neutron-api.service[90673]: DEBUG neutron_lib.callbacks.manager [None req-621f6efd-e8db-463a-90e5-b0dc5107d22a None None] Subscribe: > segment after_create 55550000, False {{(pid=90673) subscribe /opt/stack/data/venv/lib/python3.12/site-packages/neutron_lib/callbacks/manager.py:52}}
Jul 10 16:56:11.424948 np0000005030 devstack@neutron-api.service[90673]: DEBUG neutron_lib.callbacks.manager [None req-621f6efd-e8db-463a-90e5-b0dc5107d22a None None] Subscribe: > segment after_delete 55550000, False {{(pid=90673) subscribe /opt/stack/data/venv/lib/python3.12/site-packages/neutron_lib/callbacks/manager.py:52}}
Jul 10 16:56:11.424948 np0000005030 devstack@neutron-api.service[90673]: DEBUG neutron_lib.callbacks.manager [None req-621f6efd-e8db-463a-90e5-b0dc5107d22a None None] Subscribe: > allowed_address_pair before_create 55550000, False {{(pid=90673) subscribe /opt/stack/data/venv/lib/python3.12/site-packages/neutron_lib/callbacks/manager.py:52}}
Jul 10 16:56:11.425449 np0000005030 devstack@neutron-api.service[90673]: DEBUG neutron_lib.callbacks.manager [None req-621f6efd-e8db-463a-90e5-b0dc5107d22a None None] Subscribe: > security_group precommit_create 55550000, False {{(pid=90673) subscribe /opt/stack/data/venv/lib/python3.12/site-packages/neutron_lib/callbacks/manager.py:52}}
Jul 10 16:56:11.425449 np0000005030 devstack@neutron-api.service[90673]: DEBUG neutron_lib.callbacks.manager [None req-621f6efd-e8db-463a-90e5-b0dc5107d22a None None] Subscribe: > security_group after_update 55550000, False {{(pid=90673) subscribe /opt/stack/data/venv/lib/python3.12/site-packages/neutron_lib/callbacks/manager.py:52}}
Jul 10 16:56:11.425827 np0000005030 devstack@neutron-api.service[90674]: DEBUG neutron.manager [None req-9cb020bc-8540-4cc7-9f24-1da940288cc8 None None] Successfully loaded FLAVORS plugin. Description: Neutron Flavors and Service Profiles manager plugin {{(pid=90674) _create_and_add_service_plugin /opt/stack/neutron/neutron/manager.py:236}}
Jul 10 16:56:11.425827 np0000005030 devstack@neutron-api.service[90674]: INFO neutron.manager [None req-9cb020bc-8540-4cc7-9f24-1da940288cc8 None None] Loading Plugin: revisions
Jul 10 16:56:11.426268 np0000005030 devstack@neutron-api.service[90673]: DEBUG neutron_lib.callbacks.manager [None req-621f6efd-e8db-463a-90e5-b0dc5107d22a None None] Subscribe: > security_group after_create 55550000, False {{(pid=90673) subscribe /opt/stack/data/venv/lib/python3.12/site-packages/neutron_lib/callbacks/manager.py:52}}
Jul 10 16:56:11.426268 np0000005030 devstack@neutron-api.service[90673]: DEBUG neutron_lib.callbacks.manager [None req-621f6efd-e8db-463a-90e5-b0dc5107d22a None None] Subscribe: > security_group precommit_delete 55550000, False {{(pid=90673) subscribe /opt/stack/data/venv/lib/python3.12/site-packages/neutron_lib/callbacks/manager.py:52}}
Jul 10 16:56:11.426268 np0000005030 devstack@neutron-api.service[90673]: DEBUG neutron_lib.callbacks.manager [None req-621f6efd-e8db-463a-90e5-b0dc5107d22a None None] Subscribe: > security_group after_delete 55550000, False {{(pid=90673) subscribe /opt/stack/data/venv/lib/python3.12/site-packages/neutron_lib/callbacks/manager.py:52}}
Jul 10 16:56:11.426268 np0000005030 devstack@neutron-api.service[90673]: DEBUG neutron_lib.callbacks.manager [None req-621f6efd-e8db-463a-90e5-b0dc5107d22a None None] Subscribe: > security_group_rule precommit_create 55550000, False {{(pid=90673) subscribe /opt/stack/data/venv/lib/python3.12/site-packages/neutron_lib/callbacks/manager.py:52}}
Jul 10 16:56:11.426730 np0000005030 devstack@neutron-api.service[90673]: DEBUG neutron_lib.callbacks.manager [None req-621f6efd-e8db-463a-90e5-b0dc5107d22a None None] Subscribe: > security_group_rule after_create 55550000, False {{(pid=90673) subscribe /opt/stack/data/venv/lib/python3.12/site-packages/neutron_lib/callbacks/manager.py:52}}
Jul 10 16:56:11.426730 np0000005030 devstack@neutron-api.service[90673]: DEBUG neutron_lib.callbacks.manager [None req-621f6efd-e8db-463a-90e5-b0dc5107d22a None None] Subscribe: > security_group_rule before_delete 55550000, False {{(pid=90673) subscribe /opt/stack/data/venv/lib/python3.12/site-packages/neutron_lib/callbacks/manager.py:52}}
Jul 10 16:56:11.426730 np0000005030 devstack@neutron-api.service[90673]: DEBUG neutron_lib.callbacks.manager [None req-621f6efd-e8db-463a-90e5-b0dc5107d22a None None] Subscribe: > address_group after_create 55550000, False {{(pid=90673) subscribe /opt/stack/data/venv/lib/python3.12/site-packages/neutron_lib/callbacks/manager.py:52}}
Jul 10 16:56:11.426730 np0000005030 devstack@neutron-api.service[90673]: DEBUG neutron_lib.callbacks.manager [None req-621f6efd-e8db-463a-90e5-b0dc5107d22a None None] Subscribe: > address_group after_update 55550000, False {{(pid=90673) subscribe /opt/stack/data/venv/lib/python3.12/site-packages/neutron_lib/callbacks/manager.py:52}}
Jul 10 16:56:11.426978 np0000005030 devstack@neutron-api.service[90673]: DEBUG neutron_lib.callbacks.manager [None req-621f6efd-e8db-463a-90e5-b0dc5107d22a None None] Subscribe: > address_group after_delete 55550000, False {{(pid=90673) subscribe /opt/stack/data/venv/lib/python3.12/site-packages/neutron_lib/callbacks/manager.py:52}}
Jul 10 16:56:11.427339 np0000005030 devstack@neutron-api.service[90674]: DEBUG neutron.manager [None req-9cb020bc-8540-4cc7-9f24-1da940288cc8 None None] Successfully loaded revision_plugin plugin. Description: Adds revision numbers to resources. {{(pid=90674) _create_and_add_service_plugin /opt/stack/neutron/neutron/manager.py:236}}
Jul 10 16:56:11.427339 np0000005030 devstack@neutron-api.service[90674]: DEBUG oslo_concurrency.lockutils [None req-9cb020bc-8540-4cc7-9f24-1da940288cc8 None None] Lock "manager" "released" by "neutron.manager.NeutronManager._create_instance" :: held 4.148s {{(pid=90674) inner /opt/stack/data/venv/lib/python3.12/site-packages/oslo_concurrency/lockutils.py:543}}
Jul 10 16:56:11.427663 np0000005030 devstack@neutron-api.service[90673]: DEBUG neutron_lib.callbacks.manager [None req-621f6efd-e8db-463a-90e5-b0dc5107d22a None None] Subscribe: > qos_plugin after_init 55550000, False {{(pid=90673) subscribe /opt/stack/data/venv/lib/python3.12/site-packages/neutron_lib/callbacks/manager.py:52}}
Jul 10 16:56:11.427663 np0000005030 devstack@neutron-api.service[90673]: DEBUG neutron_lib.callbacks.manager [None req-621f6efd-e8db-463a-90e5-b0dc5107d22a None None] Subscribe: > trunk_plugin after_init 55550000, False {{(pid=90673) subscribe /opt/stack/data/venv/lib/python3.12/site-packages/neutron_lib/callbacks/manager.py:52}}
Jul 10 16:56:11.427958 np0000005030 devstack@neutron-api.service[90674]: DEBUG neutron.api.extensions [None req-9cb020bc-8540-4cc7-9f24-1da940288cc8 None None] get_extension_paths = OrderedDict({'/opt/stack/neutron/neutron/extensions': 1}) {{(pid=90674) get_extensions_path /opt/stack/neutron/neutron/api/extensions.py:640}}
Jul 10 16:56:11.427958 np0000005030 devstack@neutron-api.service[90674]: INFO neutron.api.extensions [None req-9cb020bc-8540-4cc7-9f24-1da940288cc8 None None] Initializing extension manager.
Jul 10 16:56:11.428126 np0000005030 devstack@neutron-api.service[90673]: DEBUG neutron_lib.callbacks.manager [None req-621f6efd-e8db-463a-90e5-b0dc5107d22a None None] Subscribe: > logging-plugin after_init 55550000, False {{(pid=90673) subscribe /opt/stack/data/venv/lib/python3.12/site-packages/neutron_lib/callbacks/manager.py:52}}
Jul 10 16:56:11.428418 np0000005030 devstack@neutron-api.service[90674]: DEBUG neutron.api.extensions [None req-9cb020bc-8540-4cc7-9f24-1da940288cc8 None None] Loading extension file: __init__.py {{(pid=90674) _load_all_extensions_from_path /opt/stack/neutron/neutron/api/extensions.py:449}}
Jul 10 16:56:11.428418 np0000005030 devstack@neutron-api.service[90674]: DEBUG neutron.api.extensions [None req-9cb020bc-8540-4cc7-9f24-1da940288cc8 None None] Loading extension file: __pycache__ {{(pid=90674) _load_all_extensions_from_path /opt/stack/neutron/neutron/api/extensions.py:449}}
Jul 10 16:56:11.428418 np0000005030 devstack@neutron-api.service[90674]: DEBUG neutron.api.extensions [None req-9cb020bc-8540-4cc7-9f24-1da940288cc8 None None] Loading extension file: aap_reject_multicast.py {{(pid=90674) _load_all_extensions_from_path /opt/stack/neutron/neutron/api/extensions.py:449}}
Jul 10 16:56:11.428796 np0000005030 devstack@neutron-api.service[90673]: INFO neutron.services.logapi.drivers.ovn.driver [None req-621f6efd-e8db-463a-90e5-b0dc5107d22a None None] OVN logging driver registered
Jul 10 16:56:11.429139 np0000005030 devstack@neutron-api.service[90674]: DEBUG neutron.api.extensions [None req-9cb020bc-8540-4cc7-9f24-1da940288cc8 None None] Ext name="Allowed address pairs reject multicast extension" alias="aap-reject-multicast" description="Reject multicast addresses in Allowed Address Pairs" updated="2026-04-01T00:00:00-00:00" {{(pid=90674) _check_extension /opt/stack/neutron/neutron/api/extensions.py:415}}
Jul 10 16:56:11.429517 np0000005030 devstack@neutron-api.service[90673]: DEBUG neutron_lib.callbacks.manager [None req-621f6efd-e8db-463a-90e5-b0dc5107d22a None None] Subscribe: ._register_pvlan_driver at 0x74a01e236980> pvlan_plugin before_spawn 55550000, False {{(pid=90673) subscribe /opt/stack/data/venv/lib/python3.12/site-packages/neutron_lib/callbacks/manager.py:52}}
Jul 10 16:56:11.429517 np0000005030 devstack@neutron-api.service[90673]: DEBUG neutron_lib.callbacks.manager [None req-621f6efd-e8db-463a-90e5-b0dc5107d22a None None] Subscribe: process after_init 55550000, False {{(pid=90673) subscribe /opt/stack/data/venv/lib/python3.12/site-packages/neutron_lib/callbacks/manager.py:52}}
Jul 10 16:56:11.429907 np0000005030 devstack@neutron-api.service[90674]: INFO neutron.api.extensions [None req-9cb020bc-8540-4cc7-9f24-1da940288cc8 None None] Extension aap-reject-multicast not supported by any of loaded plugins
Jul 10 16:56:11.429907 np0000005030 devstack@neutron-api.service[90674]: DEBUG neutron.api.extensions [None req-9cb020bc-8540-4cc7-9f24-1da940288cc8 None None] Loading extension file: address_group.py {{(pid=90674) _load_all_extensions_from_path /opt/stack/neutron/neutron/api/extensions.py:449}}
Jul 10 16:56:11.429907 np0000005030 devstack@neutron-api.service[90674]: DEBUG neutron.api.extensions [None req-9cb020bc-8540-4cc7-9f24-1da940288cc8 None None] Ext name="Address group" alias="address-group" description="Support address group" updated="2020-07-15T10:00:00-00:00" {{(pid=90674) _check_extension /opt/stack/neutron/neutron/api/extensions.py:415}}
Jul 10 16:56:11.429907 np0000005030 devstack@neutron-api.service[90674]: INFO neutron.api.extensions [None req-9cb020bc-8540-4cc7-9f24-1da940288cc8 None None] Loaded extension: address-group
Jul 10 16:56:11.429907 np0000005030 devstack@neutron-api.service[90674]: DEBUG neutron.api.extensions [None req-9cb020bc-8540-4cc7-9f24-1da940288cc8 None None] Loading extension file: address_scope.py {{(pid=90674) _load_all_extensions_from_path /opt/stack/neutron/neutron/api/extensions.py:449}}
Jul 10 16:56:11.429907 np0000005030 devstack@neutron-api.service[90674]: DEBUG neutron.api.extensions [None req-9cb020bc-8540-4cc7-9f24-1da940288cc8 None None] Ext name="Address scope" alias="address-scope" description="Address scopes extension." updated="2015-07-26T10:00:00-00:00" {{(pid=90674) _check_extension /opt/stack/neutron/neutron/api/extensions.py:415}}
Jul 10 16:56:11.429907 np0000005030 devstack@neutron-api.service[90674]: INFO neutron.api.extensions [None req-9cb020bc-8540-4cc7-9f24-1da940288cc8 None None] Loaded extension: address-scope
Jul 10 16:56:11.429907 np0000005030 devstack@neutron-api.service[90674]: DEBUG neutron.api.extensions [None req-9cb020bc-8540-4cc7-9f24-1da940288cc8 None None] Loading extension file: admin_state_down_before_update.py {{(pid=90674) _load_all_extensions_from_path /opt/stack/neutron/neutron/api/extensions.py:449}}
Jul 10 16:56:11.430547 np0000005030 devstack@neutron-api.service[90673]: DEBUG neutron.plugins.ml2.plugin [None req-621f6efd-e8db-463a-90e5-b0dc5107d22a None None] neutron.plugins.ml2.plugin.Ml2Plugin method _start_rpc_notifiers called with arguments () {} {{(pid=90673) wrapper /opt/stack/data/venv/lib/python3.12/site-packages/oslo_log/helpers.py:77}}
Jul 10 16:56:11.430790 np0000005030 devstack@neutron-api.service[90674]: DEBUG neutron.api.extensions [None req-9cb020bc-8540-4cc7-9f24-1da940288cc8 None None] Ext name="Enforce Router's Admin State Down Before Update Extension" alias="router-admin-state-down-before-update" description="Ensure that the admin state of a router is DOWN (admin_state_up=False) before updating the distributed attribute" updated="2019-07-02T15:56:00" {{(pid=90674) _check_extension /opt/stack/neutron/neutron/api/extensions.py:415}}
Jul 10 16:56:11.430790 np0000005030 devstack@neutron-api.service[90674]: INFO neutron.api.extensions [None req-9cb020bc-8540-4cc7-9f24-1da940288cc8 None None] Extension router-admin-state-down-before-update not supported by any of loaded plugins
Jul 10 16:56:11.431322 np0000005030 devstack@neutron-api.service[90673]: DEBUG neutron_lib.callbacks.manager [None req-621f6efd-e8db-463a-90e5-b0dc5107d22a None None] Subscribe: > port after_create 55550000, False {{(pid=90673) subscribe /opt/stack/data/venv/lib/python3.12/site-packages/neutron_lib/callbacks/manager.py:52}}
Jul 10 16:56:11.431568 np0000005030 devstack@neutron-api.service[90674]: DEBUG neutron.api.extensions [None req-9cb020bc-8540-4cc7-9f24-1da940288cc8 None None] Loading extension file: agent.py {{(pid=90674) _load_all_extensions_from_path /opt/stack/neutron/neutron/api/extensions.py:449}}
Jul 10 16:56:11.431725 np0000005030 devstack@neutron-api.service[90673]: DEBUG neutron_lib.callbacks.manager [None req-621f6efd-e8db-463a-90e5-b0dc5107d22a None None] Subscribe: > port after_update 55550000, False {{(pid=90673) subscribe /opt/stack/data/venv/lib/python3.12/site-packages/neutron_lib/callbacks/manager.py:52}}
Jul 10 16:56:11.431725 np0000005030 devstack@neutron-api.service[90673]: DEBUG neutron_lib.callbacks.manager [None req-621f6efd-e8db-463a-90e5-b0dc5107d22a None None] Subscribe: > port after_delete 55550000, False {{(pid=90673) subscribe /opt/stack/data/venv/lib/python3.12/site-packages/neutron_lib/callbacks/manager.py:52}}
Jul 10 16:56:11.431936 np0000005030 devstack@neutron-api.service[90674]: DEBUG neutron.api.extensions [None req-9cb020bc-8540-4cc7-9f24-1da940288cc8 None None] Ext name="agent" alias="agent" description="The agent management extension." updated="2013-02-03T10:00:00-00:00" {{(pid=90674) _check_extension /opt/stack/neutron/neutron/api/extensions.py:415}}
Jul 10 16:56:11.432050 np0000005030 devstack@neutron-api.service[90673]: DEBUG neutron_lib.callbacks.manager [None req-621f6efd-e8db-463a-90e5-b0dc5107d22a None None] Subscribe: > subnet after_create 55550000, False {{(pid=90673) subscribe /opt/stack/data/venv/lib/python3.12/site-packages/neutron_lib/callbacks/manager.py:52}}
Jul 10 16:56:11.432260 np0000005030 devstack@neutron-api.service[90674]: INFO neutron.api.extensions [None req-9cb020bc-8540-4cc7-9f24-1da940288cc8 None None] Loaded extension: agent
Jul 10 16:56:11.432404 np0000005030 devstack@neutron-api.service[90673]: DEBUG neutron_lib.callbacks.manager [None req-621f6efd-e8db-463a-90e5-b0dc5107d22a None None] Subscribe: > subnet after_update 55550000, False {{(pid=90673) subscribe /opt/stack/data/venv/lib/python3.12/site-packages/neutron_lib/callbacks/manager.py:52}}
Jul 10 16:56:11.432495 np0000005030 devstack@neutron-api.service[90674]: DEBUG neutron.api.extensions [None req-9cb020bc-8540-4cc7-9f24-1da940288cc8 None None] Loading extension file: agent_resources_synced.py {{(pid=90674) _load_all_extensions_from_path /opt/stack/neutron/neutron/api/extensions.py:449}}
Jul 10 16:56:11.432569 np0000005030 devstack@neutron-api.service[90673]: DEBUG neutron_lib.callbacks.manager [None req-621f6efd-e8db-463a-90e5-b0dc5107d22a None None] Subscribe: > subnet after_delete 55550000, False {{(pid=90673) subscribe /opt/stack/data/venv/lib/python3.12/site-packages/neutron_lib/callbacks/manager.py:52}}
Jul 10 16:56:11.432569 np0000005030 devstack@neutron-api.service[90673]: DEBUG neutron_lib.callbacks.manager [None req-621f6efd-e8db-463a-90e5-b0dc5107d22a None None] Subscribe: > network after_create 55550000, False {{(pid=90673) subscribe /opt/stack/data/venv/lib/python3.12/site-packages/neutron_lib/callbacks/manager.py:52}}
Jul 10 16:56:11.433082 np0000005030 devstack@neutron-api.service[90674]: DEBUG neutron.api.extensions [None req-9cb020bc-8540-4cc7-9f24-1da940288cc8 None None] Ext name="Agent's Resource View Synced to Placement" alias="agent-resources-synced" description="Stores success/failure of last sync to Placement" updated="2018-12-19T00:00:00-00:00" {{(pid=90674) _check_extension /opt/stack/neutron/neutron/api/extensions.py:415}}
Jul 10 16:56:11.433225 np0000005030 devstack@neutron-api.service[90673]: DEBUG neutron_lib.callbacks.manager [None req-621f6efd-e8db-463a-90e5-b0dc5107d22a None None] Subscribe: > network after_update 55550000, False {{(pid=90673) subscribe /opt/stack/data/venv/lib/python3.12/site-packages/neutron_lib/callbacks/manager.py:52}}
Jul 10 16:56:11.433480 np0000005030 devstack@neutron-api.service[90674]: INFO neutron.api.extensions [None req-9cb020bc-8540-4cc7-9f24-1da940288cc8 None None] Extension agent-resources-synced not supported by any of loaded plugins
Jul 10 16:56:11.433588 np0000005030 devstack@neutron-api.service[90673]: DEBUG neutron_lib.callbacks.manager [None req-621f6efd-e8db-463a-90e5-b0dc5107d22a None None] Subscribe: > network after_delete 55550000, False {{(pid=90673) subscribe /opt/stack/data/venv/lib/python3.12/site-packages/neutron_lib/callbacks/manager.py:52}}
Jul 10 16:56:11.433690 np0000005030 devstack@neutron-api.service[90674]: DEBUG neutron.api.extensions [None req-9cb020bc-8540-4cc7-9f24-1da940288cc8 None None] Loading extension file: agent_sort_key.py {{(pid=90674) _load_all_extensions_from_path /opt/stack/neutron/neutron/api/extensions.py:449}}
Jul 10 16:56:11.433794 np0000005030 devstack@neutron-api.service[90673]: DEBUG neutron_lib.callbacks.manager [None req-621f6efd-e8db-463a-90e5-b0dc5107d22a None None] Subscribe: > security_group after_create 55550000, False {{(pid=90673) subscribe /opt/stack/data/venv/lib/python3.12/site-packages/neutron_lib/callbacks/manager.py:52}}
Jul 10 16:56:11.433794 np0000005030 devstack@neutron-api.service[90673]: DEBUG neutron_lib.callbacks.manager [None req-621f6efd-e8db-463a-90e5-b0dc5107d22a None None] Subscribe: > security_group after_update 55550000, False {{(pid=90673) subscribe /opt/stack/data/venv/lib/python3.12/site-packages/neutron_lib/callbacks/manager.py:52}}
Jul 10 16:56:11.433957 np0000005030 devstack@neutron-api.service[90674]: DEBUG neutron.api.extensions [None req-9cb020bc-8540-4cc7-9f24-1da940288cc8 None None] Ext name="Agents Sort Key" alias="agent_sort_key" description="Enabling the keyword sort_key for sorting in agents." updated="2013-02-03T10:00:00-00:00" {{(pid=90674) _check_extension /opt/stack/neutron/neutron/api/extensions.py:415}}
Jul 10 16:56:11.434065 np0000005030 devstack@neutron-api.service[90673]: DEBUG neutron_lib.callbacks.manager [None req-621f6efd-e8db-463a-90e5-b0dc5107d22a None None] Subscribe: > security_group after_delete 55550000, False {{(pid=90673) subscribe /opt/stack/data/venv/lib/python3.12/site-packages/neutron_lib/callbacks/manager.py:52}}
Jul 10 16:56:11.434065 np0000005030 devstack@neutron-api.service[90673]: DEBUG neutron_lib.callbacks.manager [None req-621f6efd-e8db-463a-90e5-b0dc5107d22a None None] Subscribe: > security_group_rule after_create 55550000, False {{(pid=90673) subscribe /opt/stack/data/venv/lib/python3.12/site-packages/neutron_lib/callbacks/manager.py:52}}
Jul 10 16:56:11.434222 np0000005030 devstack@neutron-api.service[90674]: INFO neutron.api.extensions [None req-9cb020bc-8540-4cc7-9f24-1da940288cc8 None None] Extension agent_sort_key not supported by any of loaded plugins
Jul 10 16:56:11.434359 np0000005030 devstack@neutron-api.service[90673]: DEBUG neutron_lib.callbacks.manager [None req-621f6efd-e8db-463a-90e5-b0dc5107d22a None None] Subscribe: > security_group_rule after_update 55550000, False {{(pid=90673) subscribe /opt/stack/data/venv/lib/python3.12/site-packages/neutron_lib/callbacks/manager.py:52}}
Jul 10 16:56:11.434438 np0000005030 devstack@neutron-api.service[90674]: DEBUG neutron.api.extensions [None req-9cb020bc-8540-4cc7-9f24-1da940288cc8 None None] Loading extension file: allowedaddresspairs.py {{(pid=90674) _load_all_extensions_from_path /opt/stack/neutron/neutron/api/extensions.py:449}}
Jul 10 16:56:11.434523 np0000005030 devstack@neutron-api.service[90673]: DEBUG neutron_lib.callbacks.manager [None req-621f6efd-e8db-463a-90e5-b0dc5107d22a None None] Subscribe: > security_group_rule after_delete 55550000, False {{(pid=90673) subscribe /opt/stack/data/venv/lib/python3.12/site-packages/neutron_lib/callbacks/manager.py:52}}
Jul 10 16:56:11.434523 np0000005030 devstack@neutron-api.service[90673]: DEBUG neutron_lib.callbacks.manager [None req-621f6efd-e8db-463a-90e5-b0dc5107d22a None None] Subscribe: > address_group after_create 55550000, False {{(pid=90673) subscribe /opt/stack/data/venv/lib/python3.12/site-packages/neutron_lib/callbacks/manager.py:52}}
Jul 10 16:56:11.434523 np0000005030 devstack@neutron-api.service[90673]: DEBUG neutron_lib.callbacks.manager [None req-621f6efd-e8db-463a-90e5-b0dc5107d22a None None] Subscribe: > address_group after_update 55550000, False {{(pid=90673) subscribe /opt/stack/data/venv/lib/python3.12/site-packages/neutron_lib/callbacks/manager.py:52}}
Jul 10 16:56:11.434523 np0000005030 devstack@neutron-api.service[90673]: DEBUG neutron_lib.callbacks.manager [None req-621f6efd-e8db-463a-90e5-b0dc5107d22a None None] Subscribe: > address_group after_delete 55550000, False {{(pid=90673) subscribe /opt/stack/data/venv/lib/python3.12/site-packages/neutron_lib/callbacks/manager.py:52}}
Jul 10 16:56:11.434523 np0000005030 devstack@neutron-api.service[90673]: DEBUG neutron.plugins.ml2.ovo_rpc [None req-621f6efd-e8db-463a-90e5-b0dc5107d22a None None] ML2 OVO RPC backend initialized. {{(pid=90673) __init__ /opt/stack/neutron/neutron/plugins/ml2/ovo_rpc.py:117}}
Jul 10 16:56:11.434699 np0000005030 devstack@neutron-api.service[90674]: DEBUG neutron.api.extensions [None req-9cb020bc-8540-4cc7-9f24-1da940288cc8 None None] Ext name="Allowed Address Pairs" alias="allowed-address-pairs" description="Provides allowed address pairs" updated="2013-07-23T10:00:00-00:00" {{(pid=90674) _check_extension /opt/stack/neutron/neutron/api/extensions.py:415}}
Jul 10 16:56:11.434699 np0000005030 devstack@neutron-api.service[90674]: INFO neutron.api.extensions [None req-9cb020bc-8540-4cc7-9f24-1da940288cc8 None None] Loaded extension: allowed-address-pairs
Jul 10 16:56:11.434699 np0000005030 devstack@neutron-api.service[90674]: DEBUG neutron.api.extensions [None req-9cb020bc-8540-4cc7-9f24-1da940288cc8 None None] Loading extension file: auto_allocated_topology.py {{(pid=90674) _load_all_extensions_from_path /opt/stack/neutron/neutron/api/extensions.py:449}}
Jul 10 16:56:11.434834 np0000005030 devstack@neutron-api.service[90673]: INFO neutron.quota [None req-621f6efd-e8db-463a-90e5-b0dc5107d22a None None] Loaded quota_driver: .
Jul 10 16:56:11.434978 np0000005030 devstack@neutron-api.service[90674]: DEBUG neutron.api.extensions [None req-9cb020bc-8540-4cc7-9f24-1da940288cc8 None None] Ext name="Auto Allocated Topology Services" alias="auto-allocated-topology" description="Auto Allocated Topology Services." updated="2016-01-01T00:00:00-00:00" {{(pid=90674) _check_extension /opt/stack/neutron/neutron/api/extensions.py:415}}
Jul 10 16:56:11.435221 np0000005030 devstack@neutron-api.service[90673]: INFO neutron.plugins.ml2.plugin [None req-621f6efd-e8db-463a-90e5-b0dc5107d22a None None] Modular L2 Plugin initialization complete
Jul 10 16:56:11.435221 np0000005030 devstack@neutron-api.service[90673]: DEBUG neutron.manager [None req-621f6efd-e8db-463a-90e5-b0dc5107d22a None None] Loading services supported by the core plugin {{(pid=90673) _load_services_from_core_plugin /opt/stack/neutron/neutron/manager.py:167}}
Jul 10 16:56:11.435221 np0000005030 devstack@neutron-api.service[90673]: INFO neutron.plugins.ml2.managers [None req-621f6efd-e8db-463a-90e5-b0dc5107d22a None None] Got port-security extension from driver 'port_security'
Jul 10 16:56:11.435221 np0000005030 devstack@neutron-api.service[90673]: DEBUG neutron.manager [None req-621f6efd-e8db-463a-90e5-b0dc5107d22a None None] Loading service plugins: ['ovn-router', 'auto_allocate', 'tag', 'timestamp', 'network_ip_availability', 'flavors', 'revisions'] {{(pid=90673) _load_service_plugins /opt/stack/neutron/neutron/manager.py:192}}
Jul 10 16:56:11.435426 np0000005030 devstack@neutron-api.service[90674]: INFO neutron.api.extensions [None req-9cb020bc-8540-4cc7-9f24-1da940288cc8 None None] Loaded extension: auto-allocated-topology
Jul 10 16:56:11.435501 np0000005030 devstack@neutron-api.service[90673]: INFO neutron.manager [None req-621f6efd-e8db-463a-90e5-b0dc5107d22a None None] Loading Plugin: ovn-router
Jul 10 16:56:11.435682 np0000005030 devstack@neutron-api.service[90674]: DEBUG neutron.api.extensions [None req-9cb020bc-8540-4cc7-9f24-1da940288cc8 None None] Loading extension file: availability_zone.py {{(pid=90674) _load_all_extensions_from_path /opt/stack/neutron/neutron/api/extensions.py:449}}
Jul 10 16:56:11.435682 np0000005030 devstack@neutron-api.service[90674]: DEBUG neutron.api.extensions [None req-9cb020bc-8540-4cc7-9f24-1da940288cc8 None None] Ext name="Availability Zone" alias="availability_zone" description="The availability zone extension." updated="2015-01-01T10:00:00-00:00" {{(pid=90674) _check_extension /opt/stack/neutron/neutron/api/extensions.py:415}}
Jul 10 16:56:11.436328 np0000005030 devstack@neutron-api.service[90674]: INFO neutron.api.extensions [None req-9cb020bc-8540-4cc7-9f24-1da940288cc8 None None] Loaded extension: availability_zone
Jul 10 16:56:11.436574 np0000005030 devstack@neutron-api.service[90674]: DEBUG neutron.api.extensions [None req-9cb020bc-8540-4cc7-9f24-1da940288cc8 None None] Loading extension file: availability_zone_filter.py {{(pid=90674) _load_all_extensions_from_path /opt/stack/neutron/neutron/api/extensions.py:449}}
Jul 10 16:56:11.437106 np0000005030 devstack@neutron-api.service[90674]: DEBUG neutron.api.extensions [None req-9cb020bc-8540-4cc7-9f24-1da940288cc8 None None] Ext name="Availability Zone Filter Extension" alias="availability_zone_filter" description="Add filter parameters to AvailabilityZone resource" updated="2018-06-22T10:00:00-00:00" {{(pid=90674) _check_extension /opt/stack/neutron/neutron/api/extensions.py:415}}
Jul 10 16:56:11.437503 np0000005030 devstack@neutron-api.service[90674]: INFO neutron.api.extensions [None req-9cb020bc-8540-4cc7-9f24-1da940288cc8 None None] Extension availability_zone_filter not supported by any of loaded plugins
Jul 10 16:56:11.437503 np0000005030 devstack@neutron-api.service[90674]: DEBUG neutron.api.extensions [None req-9cb020bc-8540-4cc7-9f24-1da940288cc8 None None] Loading extension file: data_plane_status.py {{(pid=90674) _load_all_extensions_from_path /opt/stack/neutron/neutron/api/extensions.py:449}}
Jul 10 16:56:11.438197 np0000005030 devstack@neutron-api.service[90674]: DEBUG neutron.api.extensions [None req-9cb020bc-8540-4cc7-9f24-1da940288cc8 None None] Ext name="Port data plane status extension" alias="data-plane-status" description="Expose status of underlying data plane" updated="2017-01-24T10:00:00-00:00" {{(pid=90674) _check_extension /opt/stack/neutron/neutron/api/extensions.py:415}}
Jul 10 16:56:11.438197 np0000005030 devstack@neutron-api.service[90674]: INFO neutron.api.extensions [None req-9cb020bc-8540-4cc7-9f24-1da940288cc8 None None] Extension data-plane-status not supported by any of loaded plugins
Jul 10 16:56:11.438527 np0000005030 devstack@neutron-api.service[90674]: DEBUG neutron.api.extensions [None req-9cb020bc-8540-4cc7-9f24-1da940288cc8 None None] Loading extension file: default_subnetpools.py {{(pid=90674) _load_all_extensions_from_path /opt/stack/neutron/neutron/api/extensions.py:449}}
Jul 10 16:56:11.438833 np0000005030 devstack@neutron-api.service[90674]: DEBUG neutron.api.extensions [None req-9cb020bc-8540-4cc7-9f24-1da940288cc8 None None] Ext name="Default Subnetpools" alias="default-subnetpools" description="Provides ability to mark and use a subnetpool as the default." updated="2016-02-18T18:00:00-00:00" {{(pid=90674) _check_extension /opt/stack/neutron/neutron/api/extensions.py:415}}
Jul 10 16:56:11.439114 np0000005030 devstack@neutron-api.service[90674]: INFO neutron.api.extensions [None req-9cb020bc-8540-4cc7-9f24-1da940288cc8 None None] Loaded extension: default-subnetpools
Jul 10 16:56:11.439114 np0000005030 devstack@neutron-api.service[90674]: DEBUG neutron.api.extensions [None req-9cb020bc-8540-4cc7-9f24-1da940288cc8 None None] Loading extension file: dhcpagentscheduler.py {{(pid=90674) _load_all_extensions_from_path /opt/stack/neutron/neutron/api/extensions.py:449}}
Jul 10 16:56:11.439753 np0000005030 devstack@neutron-api.service[90674]: DEBUG neutron.api.extensions [None req-9cb020bc-8540-4cc7-9f24-1da940288cc8 None None] Ext name="DHCP Agent Scheduler" alias="dhcp_agent_scheduler" description="Schedule networks among dhcp agents" updated="2013-02-07T10:00:00-00:00" {{(pid=90674) _check_extension /opt/stack/neutron/neutron/api/extensions.py:415}}
Jul 10 16:56:11.440130 np0000005030 devstack@neutron-api.service[90674]: INFO neutron.api.extensions [None req-9cb020bc-8540-4cc7-9f24-1da940288cc8 None None] Loaded extension: dhcp_agent_scheduler
Jul 10 16:56:11.440130 np0000005030 devstack@neutron-api.service[90674]: DEBUG neutron.api.extensions [None req-9cb020bc-8540-4cc7-9f24-1da940288cc8 None None] Loading extension file: dns.py {{(pid=90674) _load_all_extensions_from_path /opt/stack/neutron/neutron/api/extensions.py:449}}
Jul 10 16:56:11.440658 np0000005030 devstack@neutron-api.service[90674]: DEBUG neutron.api.extensions [None req-9cb020bc-8540-4cc7-9f24-1da940288cc8 None None] Ext name="DNS Integration" alias="dns-integration" description="Provides integration with DNS." updated="2015-08-15T18:00:00-00:00" {{(pid=90674) _check_extension /opt/stack/neutron/neutron/api/extensions.py:415}}
Jul 10 16:56:11.440658 np0000005030 devstack@neutron-api.service[90674]: INFO neutron.api.extensions [None req-9cb020bc-8540-4cc7-9f24-1da940288cc8 None None] Loaded extension: dns-integration
Jul 10 16:56:11.441053 np0000005030 devstack@neutron-api.service[90674]: DEBUG neutron.api.extensions [None req-9cb020bc-8540-4cc7-9f24-1da940288cc8 None None] Loading extension file: dns_domain_ports.py {{(pid=90674) _load_all_extensions_from_path /opt/stack/neutron/neutron/api/extensions.py:449}}
Jul 10 16:56:11.441401 np0000005030 devstack@neutron-api.service[90674]: DEBUG neutron.api.extensions [None req-9cb020bc-8540-4cc7-9f24-1da940288cc8 None None] Ext name="dns_domain for ports" alias="dns-domain-ports" description="Allows the DNS domain to be specified for a network port." updated="2017-04-24T10:00:00-00:00" {{(pid=90674) _check_extension /opt/stack/neutron/neutron/api/extensions.py:415}}
Jul 10 16:56:11.441401 np0000005030 devstack@neutron-api.service[90674]: INFO neutron.api.extensions [None req-9cb020bc-8540-4cc7-9f24-1da940288cc8 None None] Loaded extension: dns-domain-ports
Jul 10 16:56:11.441678 np0000005030 devstack@neutron-api.service[90674]: DEBUG neutron.api.extensions [None req-9cb020bc-8540-4cc7-9f24-1da940288cc8 None None] Loading extension file: dns_integration_domain_keywords.py {{(pid=90674) _load_all_extensions_from_path /opt/stack/neutron/neutron/api/extensions.py:449}}
Jul 10 16:56:11.441924 np0000005030 devstack@neutron-api.service[90674]: DEBUG neutron.api.extensions [None req-9cb020bc-8540-4cc7-9f24-1da940288cc8 None None] Ext name="DNS domain names with keywords allowed" alias="dns-integration-domain-keywords" description="Allows to use keywords like , , and as DNS domain name" updated="2020-06-15T18:00:00-00:00" {{(pid=90674) _check_extension /opt/stack/neutron/neutron/api/extensions.py:415}}
Jul 10 16:56:11.442165 np0000005030 devstack@neutron-api.service[90674]: INFO neutron.api.extensions [None req-9cb020bc-8540-4cc7-9f24-1da940288cc8 None None] Loaded extension: dns-integration-domain-keywords
Jul 10 16:56:11.442465 np0000005030 devstack@neutron-api.service[90674]: DEBUG neutron.api.extensions [None req-9cb020bc-8540-4cc7-9f24-1da940288cc8 None None] Loading extension file: dvr.py {{(pid=90674) _load_all_extensions_from_path /opt/stack/neutron/neutron/api/extensions.py:449}}
Jul 10 16:56:11.442804 np0000005030 devstack@neutron-api.service[90674]: DEBUG neutron.api.extensions [None req-9cb020bc-8540-4cc7-9f24-1da940288cc8 None None] Ext name="Distributed Virtual Router" alias="dvr" description="Enables configuration of Distributed Virtual Routers." updated="2014-06-1T10:00:00-00:00" {{(pid=90674) _check_extension /opt/stack/neutron/neutron/api/extensions.py:415}}
Jul 10 16:56:11.442804 np0000005030 devstack@neutron-api.service[90674]: INFO neutron.api.extensions [None req-9cb020bc-8540-4cc7-9f24-1da940288cc8 None None] Extension dvr not supported by any of loaded plugins
Jul 10 16:56:11.443316 np0000005030 devstack@neutron-api.service[90674]: DEBUG neutron.api.extensions [None req-9cb020bc-8540-4cc7-9f24-1da940288cc8 None None] Loading extension file: ecmp_routes.py {{(pid=90674) _load_all_extensions_from_path /opt/stack/neutron/neutron/api/extensions.py:449}}
Jul 10 16:56:11.443677 np0000005030 devstack@neutron-api.service[90674]: DEBUG neutron.api.extensions [None req-9cb020bc-8540-4cc7-9f24-1da940288cc8 None None] Ext name="Equal Cost Multipath Routing" alias="ecmp_routes" description="Allows traffic to reach thesame destination via multiple different links " updated="2020-11-26T18:00:00-00:00" {{(pid=90674) _check_extension /opt/stack/neutron/neutron/api/extensions.py:415}}
Jul 10 16:56:11.443677 np0000005030 devstack@neutron-api.service[90674]: INFO neutron.api.extensions [None req-9cb020bc-8540-4cc7-9f24-1da940288cc8 None None] Extension ecmp_routes not supported by any of loaded plugins
Jul 10 16:56:11.443993 np0000005030 devstack@neutron-api.service[90674]: DEBUG neutron.api.extensions [None req-9cb020bc-8540-4cc7-9f24-1da940288cc8 None None] Loading extension file: empty_string_filtering.py {{(pid=90674) _load_all_extensions_from_path /opt/stack/neutron/neutron/api/extensions.py:449}}
Jul 10 16:56:11.444275 np0000005030 devstack@neutron-api.service[90674]: DEBUG neutron.api.extensions [None req-9cb020bc-8540-4cc7-9f24-1da940288cc8 None None] Ext name="Empty String Filtering Extension" alias="empty-string-filtering" description="Allow filtering by attributes with empty string value" updated="2018-05-01T10:00:00-00:00" {{(pid=90674) _check_extension /opt/stack/neutron/neutron/api/extensions.py:415}}
Jul 10 16:56:11.444515 np0000005030 devstack@neutron-api.service[90674]: INFO neutron.api.extensions [None req-9cb020bc-8540-4cc7-9f24-1da940288cc8 None None] Loaded extension: empty-string-filtering
Jul 10 16:56:11.444682 np0000005030 devstack@neutron-api.service[90674]: DEBUG neutron.api.extensions [None req-9cb020bc-8540-4cc7-9f24-1da940288cc8 None None] Loading extension file: evpn.py {{(pid=90674) _load_all_extensions_from_path /opt/stack/neutron/neutron/api/extensions.py:449}}
Jul 10 16:56:11.445055 np0000005030 devstack@neutron-api.service[90674]: DEBUG neutron.api.extensions [None req-9cb020bc-8540-4cc7-9f24-1da940288cc8 None None] Ext name="EVPN" alias="evpn" description="Router extension to support EVPN Type-5 route advertisement" updated="2026-04-28T00:00:00-00:00" {{(pid=90674) _check_extension /opt/stack/neutron/neutron/api/extensions.py:415}}
Jul 10 16:56:11.445275 np0000005030 devstack@neutron-api.service[90674]: INFO neutron.api.extensions [None req-9cb020bc-8540-4cc7-9f24-1da940288cc8 None None] Extension evpn not supported by any of loaded plugins
Jul 10 16:56:11.445430 np0000005030 devstack@neutron-api.service[90674]: DEBUG neutron.api.extensions [None req-9cb020bc-8540-4cc7-9f24-1da940288cc8 None None] Loading extension file: expose_l3_conntrack_helper.py {{(pid=90674) _load_all_extensions_from_path /opt/stack/neutron/neutron/api/extensions.py:449}}
Jul 10 16:56:11.445796 np0000005030 devstack@neutron-api.service[90674]: DEBUG neutron.api.extensions [None req-9cb020bc-8540-4cc7-9f24-1da940288cc8 None None] Ext name="Expose CT target rules for conntrack helper" alias="expose-l3-conntrack-helper" description="Expose allow adding CT target rules for conntrack helper" updated="2019-04-04T10:00:00-00:00" {{(pid=90674) _check_extension /opt/stack/neutron/neutron/api/extensions.py:415}}
Jul 10 16:56:11.446018 np0000005030 devstack@neutron-api.service[90674]: INFO neutron.api.extensions [None req-9cb020bc-8540-4cc7-9f24-1da940288cc8 None None] Extension expose-l3-conntrack-helper not supported by any of loaded plugins
Jul 10 16:56:11.446197 np0000005030 devstack@neutron-api.service[90674]: DEBUG neutron.api.extensions [None req-9cb020bc-8540-4cc7-9f24-1da940288cc8 None None] Loading extension file: expose_port_forwarding_in_fip.py {{(pid=90674) _load_all_extensions_from_path /opt/stack/neutron/neutron/api/extensions.py:449}}
Jul 10 16:56:11.446480 np0000005030 devstack@neutron-api.service[90674]: DEBUG neutron.api.extensions [None req-9cb020bc-8540-4cc7-9f24-1da940288cc8 None None] Ext name="Expose Floating IP port forwardings" alias="expose-port-forwarding-in-fip" description="Expose port forwarding fields in floating IP response" updated="2018-06-28T16:00:00-00:00" {{(pid=90674) _check_extension /opt/stack/neutron/neutron/api/extensions.py:415}}
Jul 10 16:56:11.446856 np0000005030 devstack@neutron-api.service[90674]: INFO neutron.api.extensions [None req-9cb020bc-8540-4cc7-9f24-1da940288cc8 None None] Extension expose-port-forwarding-in-fip not supported by any of loaded plugins
Jul 10 16:56:11.446856 np0000005030 devstack@neutron-api.service[90674]: DEBUG neutron.api.extensions [None req-9cb020bc-8540-4cc7-9f24-1da940288cc8 None None] Loading extension file: external_net.py {{(pid=90674) _load_all_extensions_from_path /opt/stack/neutron/neutron/api/extensions.py:449}}
Jul 10 16:56:11.447196 np0000005030 devstack@neutron-api.service[90674]: DEBUG neutron.api.extensions [None req-9cb020bc-8540-4cc7-9f24-1da940288cc8 None None] Ext name="Neutron external network" alias="external-net" description="Adds external network attribute to network resource." updated="2013-01-14T10:00:00-00:00" {{(pid=90674) _check_extension /opt/stack/neutron/neutron/api/extensions.py:415}}
Jul 10 16:56:11.447196 np0000005030 devstack@neutron-api.service[90674]: INFO neutron.api.extensions [None req-9cb020bc-8540-4cc7-9f24-1da940288cc8 None None] Loaded extension: external-net
Jul 10 16:56:11.447533 np0000005030 devstack@neutron-api.service[90674]: DEBUG neutron.api.extensions [None req-9cb020bc-8540-4cc7-9f24-1da940288cc8 None None] Loading extension file: extra_dhcp_opt.py {{(pid=90674) _load_all_extensions_from_path /opt/stack/neutron/neutron/api/extensions.py:449}}
Jul 10 16:56:11.447533 np0000005030 devstack@neutron-api.service[90674]: DEBUG neutron.api.extensions [None req-9cb020bc-8540-4cc7-9f24-1da940288cc8 None None] Ext name="Neutron Extra DHCP options" alias="extra_dhcp_opt" description="Extra options configuration for DHCP. For example PXE boot options to DHCP clients can be specified (e.g. tftp-server, server-ip-address, bootfile-name)" updated="2013-03-17T12:00:00-00:00" {{(pid=90674) _check_extension /opt/stack/neutron/neutron/api/extensions.py:415}}
Jul 10 16:56:11.447795 np0000005030 devstack@neutron-api.service[90674]: INFO neutron.api.extensions [None req-9cb020bc-8540-4cc7-9f24-1da940288cc8 None None] Loaded extension: extra_dhcp_opt
Jul 10 16:56:11.447795 np0000005030 devstack@neutron-api.service[90674]: DEBUG neutron.api.extensions [None req-9cb020bc-8540-4cc7-9f24-1da940288cc8 None None] Loading extension file: extraroute.py {{(pid=90674) _load_all_extensions_from_path /opt/stack/neutron/neutron/api/extensions.py:449}}
Jul 10 16:56:11.448044 np0000005030 devstack@neutron-api.service[90674]: DEBUG neutron.api.extensions [None req-9cb020bc-8540-4cc7-9f24-1da940288cc8 None None] Ext name="Neutron Extra Route" alias="extraroute" description="Extra routes configuration for L3 router" updated="2013-02-01T10:00:00-00:00" {{(pid=90674) _check_extension /opt/stack/neutron/neutron/api/extensions.py:415}}
Jul 10 16:56:11.448331 np0000005030 devstack@neutron-api.service[90674]: INFO neutron.api.extensions [None req-9cb020bc-8540-4cc7-9f24-1da940288cc8 None None] Loaded extension: extraroute
Jul 10 16:56:11.448331 np0000005030 devstack@neutron-api.service[90674]: DEBUG neutron.api.extensions [None req-9cb020bc-8540-4cc7-9f24-1da940288cc8 None None] Loading extension file: extraroute_atomic.py {{(pid=90674) _load_all_extensions_from_path /opt/stack/neutron/neutron/api/extensions.py:449}}
Jul 10 16:56:11.448562 np0000005030 devstack@neutron-api.service[90674]: DEBUG neutron.api.extensions [None req-9cb020bc-8540-4cc7-9f24-1da940288cc8 None None] Ext name="Atomically add/remove extra routes" alias="extraroute-atomic" description="Edit extra routes of a router on server side by atomically adding/removing extra routes" updated="2019-07-10T00:00:00+00:00" {{(pid=90674) _check_extension /opt/stack/neutron/neutron/api/extensions.py:415}}
Jul 10 16:56:11.448637 np0000005030 devstack@neutron-api.service[90674]: INFO neutron.api.extensions [None req-9cb020bc-8540-4cc7-9f24-1da940288cc8 None None] Loaded extension: extraroute-atomic
Jul 10 16:56:11.448896 np0000005030 devstack@neutron-api.service[90674]: DEBUG neutron.api.extensions [None req-9cb020bc-8540-4cc7-9f24-1da940288cc8 None None] Loading extension file: filter_validation.py {{(pid=90674) _load_all_extensions_from_path /opt/stack/neutron/neutron/api/extensions.py:449}}
Jul 10 16:56:11.449146 np0000005030 devstack@neutron-api.service[90674]: DEBUG neutron.api.extensions [None req-9cb020bc-8540-4cc7-9f24-1da940288cc8 None None] Ext name="Filter parameters validation" alias="filter-validation" description="Provides validation on filter parameters." updated="2018-07-04T10:00:00-00:00" {{(pid=90674) _check_extension /opt/stack/neutron/neutron/api/extensions.py:415}}
Jul 10 16:56:11.449146 np0000005030 devstack@neutron-api.service[90674]: INFO neutron.api.extensions [None req-9cb020bc-8540-4cc7-9f24-1da940288cc8 None None] Loaded extension: filter-validation
Jul 10 16:56:11.449423 np0000005030 devstack@neutron-api.service[90674]: DEBUG neutron.api.extensions [None req-9cb020bc-8540-4cc7-9f24-1da940288cc8 None None] Loading extension file: fip_pf_description.py {{(pid=90674) _load_all_extensions_from_path /opt/stack/neutron/neutron/api/extensions.py:449}}
Jul 10 16:56:11.449637 np0000005030 devstack@neutron-api.service[90673]: DEBUG neutron_lib.callbacks.manager [None req-621f6efd-e8db-463a-90e5-b0dc5107d22a None None] Subscribe: > router before_delete 55550000, False {{(pid=90673) subscribe /opt/stack/data/venv/lib/python3.12/site-packages/neutron_lib/callbacks/manager.py:52}}
Jul 10 16:56:11.449742 np0000005030 devstack@neutron-api.service[90674]: DEBUG neutron.api.extensions [None req-9cb020bc-8540-4cc7-9f24-1da940288cc8 None None] Ext name="Floating IP Port Forwarding new attribute description" alias="floating-ip-port-forwarding-description" description="Add a description field to Port Forwarding rules" updated="2019-11-01T10:00:00-00:00" {{(pid=90674) _check_extension /opt/stack/neutron/neutron/api/extensions.py:415}}
Jul 10 16:56:11.449742 np0000005030 devstack@neutron-api.service[90674]: INFO neutron.api.extensions [None req-9cb020bc-8540-4cc7-9f24-1da940288cc8 None None] Extension floating-ip-port-forwarding-description not supported by any of loaded plugins
Jul 10 16:56:11.449742 np0000005030 devstack@neutron-api.service[90674]: DEBUG neutron.api.extensions [None req-9cb020bc-8540-4cc7-9f24-1da940288cc8 None None] Loading extension file: fip_pf_detail.py {{(pid=90674) _load_all_extensions_from_path /opt/stack/neutron/neutron/api/extensions.py:449}}
Jul 10 16:56:11.449900 np0000005030 devstack@neutron-api.service[90673]: DEBUG neutron_lib.callbacks.manager [None req-621f6efd-e8db-463a-90e5-b0dc5107d22a None None] Subscribe: port before_update 55550000, False {{(pid=90673) subscribe /opt/stack/data/venv/lib/python3.12/site-packages/neutron_lib/callbacks/manager.py:52}}
Jul 10 16:56:11.450118 np0000005030 devstack@neutron-api.service[90674]: DEBUG neutron.api.extensions [None req-9cb020bc-8540-4cc7-9f24-1da940288cc8 None None] Ext name="Floating IP port forwarding detail" alias="floating-ip-port-forwarding-detail" description="Allow list floating ip return more port forwarding data, include'id' and 'internal_port_id'" updated="2022-05-06T10:00:00-00:00" {{(pid=90674) _check_extension /opt/stack/neutron/neutron/api/extensions.py:415}}
Jul 10 16:56:11.450356 np0000005030 devstack@neutron-api.service[90673]: DEBUG neutron_lib.callbacks.manager [None req-621f6efd-e8db-463a-90e5-b0dc5107d22a None None] Subscribe: port after_update 55550000, False {{(pid=90673) subscribe /opt/stack/data/venv/lib/python3.12/site-packages/neutron_lib/callbacks/manager.py:52}}
Jul 10 16:56:11.450558 np0000005030 devstack@neutron-api.service[90674]: INFO neutron.api.extensions [None req-9cb020bc-8540-4cc7-9f24-1da940288cc8 None None] Loaded extension: floating-ip-port-forwarding-detail
Jul 10 16:56:11.450558 np0000005030 devstack@neutron-api.service[90674]: DEBUG neutron.api.extensions [None req-9cb020bc-8540-4cc7-9f24-1da940288cc8 None None] Loading extension file: fip_pf_port_range.py {{(pid=90674) _load_all_extensions_from_path /opt/stack/neutron/neutron/api/extensions.py:449}}
Jul 10 16:56:11.451013 np0000005030 devstack@neutron-api.service[90673]: DEBUG neutron_lib.callbacks.manager [None req-621f6efd-e8db-463a-90e5-b0dc5107d22a None None] Subscribe: > port precommit_delete 55550000, False {{(pid=90673) subscribe /opt/stack/data/venv/lib/python3.12/site-packages/neutron_lib/callbacks/manager.py:52}}
Jul 10 16:56:11.451155 np0000005030 devstack@neutron-api.service[90674]: DEBUG neutron.api.extensions [None req-9cb020bc-8540-4cc7-9f24-1da940288cc8 None None] Ext name="Floating IP Port Forwarding support port ranges" alias="floating-ip-port-forwarding-port-ranges" description="Add support to port ranges" updated="2020-07-01T10:00:00-00:00" {{(pid=90674) _check_extension /opt/stack/neutron/neutron/api/extensions.py:415}}
