Jul 28 17:49:50.804058 np0000006035 devstack@g-api.service[103051]: DEBUG glance.api.middleware.version_negotiation [None req-3281584c-6d78-4f67-b968-8e5a6c84588c tempest-AttachVolumeShelveTestJSON-1777139304 tempest-AttachVolumeShelveTestJSON-1777139304-project-member] Using url versioning {{(pid=103051) process_request /opt/stack/glance/glance/api/middleware/version_negotiation.py:57}}
Jul 28 17:49:50.804058 np0000006035 devstack@g-api.service[103051]: DEBUG glance.api.middleware.version_negotiation [None req-3281584c-6d78-4f67-b968-8e5a6c84588c tempest-AttachVolumeShelveTestJSON-1777139304 tempest-AttachVolumeShelveTestJSON-1777139304-project-member] Matched version: v2 {{(pid=103051) process_request /opt/stack/glance/glance/api/middleware/version_negotiation.py:69}}
Jul 28 17:49:50.804058 np0000006035 devstack@g-api.service[103051]: DEBUG glance.api.middleware.version_negotiation [None req-3281584c-6d78-4f67-b968-8e5a6c84588c tempest-AttachVolumeShelveTestJSON-1777139304 tempest-AttachVolumeShelveTestJSON-1777139304-project-member] new path /v2/images/e83dcb8b-1d9a-41c1-9083-76966ac205da {{(pid=103051) process_request /opt/stack/glance/glance/api/middleware/version_negotiation.py:70}}
Jul 28 17:49:50.818953 np0000006035 devstack@g-api.service[103051]: [pid: 103051|app: 0|req: 49/189] 127.0.0.1 () {40 vars in 838 bytes} [Tue Jul 28 17:49:50 2026] GET /v2/images/e83dcb8b-1d9a-41c1-9083-76966ac205da => generated 649 bytes in 15 msecs (HTTP/1.1 200) 4 headers in 157 bytes (1 switches on core 0)
Jul 28 17:49:51.834777 np0000006035 devstack@g-api.service[103049]: DEBUG glance.api.middleware.version_negotiation [None req-725bcefc-42c2-4db9-9040-25087e681ce0 tempest-VolumesActionsTest-1662686412 tempest-VolumesActionsTest-1662686412-project-member] Determining version of request: GET /v2/images/e83dcb8b-1d9a-41c1-9083-76966ac205da Accept: application/json {{(pid=103049) process_request /opt/stack/glance/glance/api/middleware/version_negotiation.py:44}}
Jul 28 17:49:51.835291 np0000006035 devstack@g-api.service[103049]: DEBUG glance.api.middleware.version_negotiation [None req-725bcefc-42c2-4db9-9040-25087e681ce0 tempest-VolumesActionsTest-1662686412 tempest-VolumesActionsTest-1662686412-project-member] Using url versioning {{(pid=103049) process_request /opt/stack/glance/glance/api/middleware/version_negotiation.py:57}}
Jul 28 17:49:51.835291 np0000006035 devstack@g-api.service[103049]: DEBUG glance.api.middleware.version_negotiation [None req-725bcefc-42c2-4db9-9040-25087e681ce0 tempest-VolumesActionsTest-1662686412 tempest-VolumesActionsTest-1662686412-project-member] Matched version: v2 {{(pid=103049) process_request /opt/stack/glance/glance/api/middleware/version_negotiation.py:69}}
Jul 28 17:49:51.835291 np0000006035 devstack@g-api.service[103049]: DEBUG glance.api.middleware.version_negotiation [None req-725bcefc-42c2-4db9-9040-25087e681ce0 tempest-VolumesActionsTest-1662686412 tempest-VolumesActionsTest-1662686412-project-member] new path /v2/images/e83dcb8b-1d9a-41c1-9083-76966ac205da {{(pid=103049) process_request /opt/stack/glance/glance/api/middleware/version_negotiation.py:70}}
Jul 28 17:49:51.847779 np0000006035 devstack@g-api.service[103049]: [pid: 103049|app: 0|req: 47/190] 127.0.0.1 () {40 vars in 838 bytes} [Tue Jul 28 17:49:51 2026] GET /v2/images/e83dcb8b-1d9a-41c1-9083-76966ac205da => generated 649 bytes in 13 msecs (HTTP/1.1 200) 4 headers in 157 bytes (1 switches on core 0)
Jul 28 17:49:52.306449 np0000006035 devstack@g-api.service[103050]: DEBUG dbcounter [-] [103050] Writing DB stats glance:SELECT=2 {{(pid=103050) stat_writer /opt/stack/data/venv/lib/python3.12/site-packages/dbcounter.py:115}}
Jul 28 17:49:52.861085 np0000006035 devstack@g-api.service[103048]: DEBUG glance.api.middleware.version_negotiation [None req-725bcefc-42c2-4db9-9040-25087e681ce0 tempest-VolumesActionsTest-1662686412 tempest-VolumesActionsTest-1662686412-project-member] Determining version of request: GET /v2/images/e83dcb8b-1d9a-41c1-9083-76966ac205da Accept: application/json {{(pid=103048) process_request /opt/stack/glance/glance/api/middleware/version_negotiation.py:44}}
Jul 28 17:49:52.861085 np0000006035 devstack@g-api.service[103048]: DEBUG glance.api.middleware.version_negotiation [None req-725bcefc-42c2-4db9-9040-25087e681ce0 tempest-VolumesActionsTest-1662686412 tempest-VolumesActionsTest-1662686412-project-member] Using url versioning {{(pid=103048) process_request /opt/stack/glance/glance/api/middleware/version_negotiation.py:57}}
Jul 28 17:49:52.861678 np0000006035 devstack@g-api.service[103048]: DEBUG glance.api.middleware.version_negotiation [None req-725bcefc-42c2-4db9-9040-25087e681ce0 tempest-VolumesActionsTest-1662686412 tempest-VolumesActionsTest-1662686412-project-member] Matched version: v2 {{(pid=103048) process_request /opt/stack/glance/glance/api/middleware/version_negotiation.py:69}}
Jul 28 17:49:52.861678 np0000006035 devstack@g-api.service[103048]: DEBUG glance.api.middleware.version_negotiation [None req-725bcefc-42c2-4db9-9040-25087e681ce0 tempest-VolumesActionsTest-1662686412 tempest-VolumesActionsTest-1662686412-project-member] new path /v2/images/e83dcb8b-1d9a-41c1-9083-76966ac205da {{(pid=103048) process_request /opt/stack/glance/glance/api/middleware/version_negotiation.py:70}}
Jul 28 17:49:52.881708 np0000006035 devstack@g-api.service[103048]: [pid: 103048|app: 0|req: 48/191] 127.0.0.1 () {40 vars in 838 bytes} [Tue Jul 28 17:49:52 2026] GET /v2/images/e83dcb8b-1d9a-41c1-9083-76966ac205da => generated 649 bytes in 21 msecs (HTTP/1.1 200) 4 headers in 157 bytes (1 switches on core 0)
Jul 28 17:49:53.890734 np0000006035 devstack@g-api.service[103050]: DEBUG glance.api.middleware.version_negotiation [None req-725bcefc-42c2-4db9-9040-25087e681ce0 tempest-VolumesActionsTest-1662686412 tempest-VolumesActionsTest-1662686412-project-member] Determining version of request: GET /v2/images/e83dcb8b-1d9a-41c1-9083-76966ac205da Accept: application/json {{(pid=103050) process_request /opt/stack/glance/glance/api/middleware/version_negotiation.py:44}}
Jul 28 17:49:53.891199 np0000006035 devstack@g-api.service[103050]: DEBUG glance.api.middleware.version_negotiation [None req-725bcefc-42c2-4db9-9040-25087e681ce0 tempest-VolumesActionsTest-1662686412 tempest-VolumesActionsTest-1662686412-project-member] Using url versioning {{(pid=103050) process_request /opt/stack/glance/glance/api/middleware/version_negotiation.py:57}}
Jul 28 17:49:53.891199 np0000006035 devstack@g-api.service[103050]: DEBUG glance.api.middleware.version_negotiation [None req-725bcefc-42c2-4db9-9040-25087e681ce0 tempest-VolumesActionsTest-1662686412 tempest-VolumesActionsTest-1662686412-project-member] Matched version: v2 {{(pid=103050) process_request /opt/stack/glance/glance/api/middleware/version_negotiation.py:69}}
Jul 28 17:49:53.891199 np0000006035 devstack@g-api.service[103050]: DEBUG glance.api.middleware.version_negotiation [None req-725bcefc-42c2-4db9-9040-25087e681ce0 tempest-VolumesActionsTest-1662686412 tempest-VolumesActionsTest-1662686412-project-member] new path /v2/images/e83dcb8b-1d9a-41c1-9083-76966ac205da {{(pid=103050) process_request /opt/stack/glance/glance/api/middleware/version_negotiation.py:70}}
Jul 28 17:49:53.900652 np0000006035 devstack@g-api.service[103050]: [pid: 103050|app: 0|req: 48/192] 127.0.0.1 () {40 vars in 838 bytes} [Tue Jul 28 17:49:53 2026] GET /v2/images/e83dcb8b-1d9a-41c1-9083-76966ac205da => generated 649 bytes in 10 msecs (HTTP/1.1 200) 4 headers in 157 bytes (1 switches on core 0)
Jul 28 17:49:54.154907 np0000006035 devstack@g-api.service[103051]: DEBUG glance.api.middleware.version_negotiation [None req-097baeca-4101-4c59-862a-792ea2a2ffec tempest-VolumesActionsTest-1662686412 tempest-VolumesActionsTest-1662686412-project-member] Determining version of request: PUT /v2/images/e83dcb8b-1d9a-41c1-9083-76966ac205da/file Accept: */* {{(pid=103051) process_request /opt/stack/glance/glance/api/middleware/version_negotiation.py:44}}
Jul 28 17:49:54.155333 np0000006035 devstack@g-api.service[103051]: DEBUG glance.api.middleware.version_negotiation [None req-097baeca-4101-4c59-862a-792ea2a2ffec tempest-VolumesActionsTest-1662686412 tempest-VolumesActionsTest-1662686412-project-member] Using url versioning {{(pid=103051) process_request /opt/stack/glance/glance/api/middleware/version_negotiation.py:57}}
Jul 28 17:49:54.155333 np0000006035 devstack@g-api.service[103051]: DEBUG glance.api.middleware.version_negotiation [None req-097baeca-4101-4c59-862a-792ea2a2ffec tempest-VolumesActionsTest-1662686412 tempest-VolumesActionsTest-1662686412-project-member] Matched version: v2 {{(pid=103051) process_request /opt/stack/glance/glance/api/middleware/version_negotiation.py:69}}
Jul 28 17:49:54.155333 np0000006035 devstack@g-api.service[103051]: DEBUG glance.api.middleware.version_negotiation [None req-097baeca-4101-4c59-862a-792ea2a2ffec tempest-VolumesActionsTest-1662686412 tempest-VolumesActionsTest-1662686412-project-member] new path /v2/images/e83dcb8b-1d9a-41c1-9083-76966ac205da/file {{(pid=103051) process_request /opt/stack/glance/glance/api/middleware/version_negotiation.py:70}}
Jul 28 17:49:54.651955 np0000006035 devstack@g-api.service[103051]: INFO glance.api.v2.image_data [None req-725bcefc-42c2-4db9-9040-25087e681ce0 tempest-VolumesActionsTest-1662686412 tempest-VolumesActionsTest-1662686412-project-member] Unable to create trust: no such option collect_timing in group [keystone_authtoken] Use the existing user token.
Jul 28 17:49:54.856539 np0000006035 devstack@g-api.service[103049]: DEBUG glance.api.middleware.version_negotiation [None req-963ae765-a5f9-4874-ad96-c32a66935726 tempest-VolumesActionsTest-1662686412 tempest-VolumesActionsTest-1662686412-project-member] Determining version of request: GET /v2/images/8cc2dcfd-4d1d-4b32-ad94-1343d354addb Accept: */* {{(pid=103049) process_request /opt/stack/glance/glance/api/middleware/version_negotiation.py:44}}
Jul 28 17:49:54.856899 np0000006035 devstack@g-api.service[103049]: DEBUG glance.api.middleware.version_negotiation [None req-963ae765-a5f9-4874-ad96-c32a66935726 tempest-VolumesActionsTest-1662686412 tempest-VolumesActionsTest-1662686412-project-member] Using url versioning {{(pid=103049) process_request /opt/stack/glance/glance/api/middleware/version_negotiation.py:57}}
Jul 28 17:49:54.856899 np0000006035 devstack@g-api.service[103049]: DEBUG glance.api.middleware.version_negotiation [None req-963ae765-a5f9-4874-ad96-c32a66935726 tempest-VolumesActionsTest-1662686412 tempest-VolumesActionsTest-1662686412-project-member] Matched version: v2 {{(pid=103049) process_request /opt/stack/glance/glance/api/middleware/version_negotiation.py:69}}
Jul 28 17:49:54.856975 np0000006035 devstack@g-api.service[103049]: DEBUG glance.api.middleware.version_negotiation [None req-963ae765-a5f9-4874-ad96-c32a66935726 tempest-VolumesActionsTest-1662686412 tempest-VolumesActionsTest-1662686412-project-member] new path /v2/images/8cc2dcfd-4d1d-4b32-ad94-1343d354addb {{(pid=103049) process_request /opt/stack/glance/glance/api/middleware/version_negotiation.py:70}}
Jul 28 17:49:54.866691 np0000006035 devstack@g-api.service[103049]: [pid: 103049|app: 0|req: 48/193] 127.0.0.1 () {44 vars in 1115 bytes} [Tue Jul 28 17:49:54 2026] GET /v2/images/8cc2dcfd-4d1d-4b32-ad94-1343d354addb => generated 1044 bytes in 10 msecs (HTTP/1.1 200) 4 headers in 158 bytes (1 switches on core 0)
Jul 28 17:49:54.908884 np0000006035 devstack@g-api.service[103048]: DEBUG glance.api.middleware.version_negotiation [None req-fc4936ce-8ba4-4f35-a206-fcb21a3ebcd6 tempest-VolumesActionsTest-1662686412 tempest-VolumesActionsTest-1662686412-project-member] Determining version of request: GET /v2/schemas/image Accept: */* {{(pid=103048) process_request /opt/stack/glance/glance/api/middleware/version_negotiation.py:44}}
Jul 28 17:49:54.909178 np0000006035 devstack@g-api.service[103048]: DEBUG glance.api.middleware.version_negotiation [None req-fc4936ce-8ba4-4f35-a206-fcb21a3ebcd6 tempest-VolumesActionsTest-1662686412 tempest-VolumesActionsTest-1662686412-project-member] Using url versioning {{(pid=103048) process_request /opt/stack/glance/glance/api/middleware/version_negotiation.py:57}}
Jul 28 17:49:54.909306 np0000006035 devstack@g-api.service[103048]: DEBUG glance.api.middleware.version_negotiation [None req-fc4936ce-8ba4-4f35-a206-fcb21a3ebcd6 tempest-VolumesActionsTest-1662686412 tempest-VolumesActionsTest-1662686412-project-member] Matched version: v2 {{(pid=103048) process_request /opt/stack/glance/glance/api/middleware/version_negotiation.py:69}}
Jul 28 17:49:54.909417 np0000006035 devstack@g-api.service[103048]: DEBUG glance.api.middleware.version_negotiation [None req-fc4936ce-8ba4-4f35-a206-fcb21a3ebcd6 tempest-VolumesActionsTest-1662686412 tempest-VolumesActionsTest-1662686412-project-member] new path /v2/schemas/image {{(pid=103048) process_request /opt/stack/glance/glance/api/middleware/version_negotiation.py:70}}
Jul 28 17:49:54.910339 np0000006035 devstack@g-api.service[103050]: DEBUG glance.api.middleware.version_negotiation [None req-fc50d979-3789-44c3-ad01-8984199f0b69 tempest-VolumesActionsTest-1662686412 tempest-VolumesActionsTest-1662686412-project-member] Determining version of request: GET /v2/images/e83dcb8b-1d9a-41c1-9083-76966ac205da Accept: application/json {{(pid=103050) process_request /opt/stack/glance/glance/api/middleware/version_negotiation.py:44}}
Jul 28 17:49:54.910723 np0000006035 devstack@g-api.service[103050]: DEBUG glance.api.middleware.version_negotiation [None req-fc50d979-3789-44c3-ad01-8984199f0b69 tempest-VolumesActionsTest-1662686412 tempest-VolumesActionsTest-1662686412-project-member] Using url versioning {{(pid=103050) process_request /opt/stack/glance/glance/api/middleware/version_negotiation.py:57}}
Jul 28 17:49:54.910806 np0000006035 devstack@g-api.service[103050]: DEBUG glance.api.middleware.version_negotiation [None req-fc50d979-3789-44c3-ad01-8984199f0b69 tempest-VolumesActionsTest-1662686412 tempest-VolumesActionsTest-1662686412-project-member] Matched version: v2 {{(pid=103050) process_request /opt/stack/glance/glance/api/middleware/version_negotiation.py:69}}
Jul 28 17:49:54.910940 np0000006035 devstack@g-api.service[103050]: DEBUG glance.api.middleware.version_negotiation [None req-fc50d979-3789-44c3-ad01-8984199f0b69 tempest-VolumesActionsTest-1662686412 tempest-VolumesActionsTest-1662686412-project-member] new path /v2/images/e83dcb8b-1d9a-41c1-9083-76966ac205da {{(pid=103050) process_request /opt/stack/glance/glance/api/middleware/version_negotiation.py:70}}
Jul 28 17:49:54.912161 np0000006035 devstack@g-api.service[103048]: [pid: 103048|app: 0|req: 49/194] 127.0.0.1 () {44 vars in 1055 bytes} [Tue Jul 28 17:49:54 2026] GET /v2/schemas/image => generated 6083 bytes in 3 msecs (HTTP/1.1 200) 4 headers in 158 bytes (1 switches on core 0)
Jul 28 17:49:54.922940 np0000006035 devstack@g-api.service[103050]: [pid: 103050|app: 0|req: 49/195] 127.0.0.1 () {40 vars in 838 bytes} [Tue Jul 28 17:49:54 2026] GET /v2/images/e83dcb8b-1d9a-41c1-9083-76966ac205da => generated 649 bytes in 12 msecs (HTTP/1.1 200) 4 headers in 157 bytes (1 switches on core 0)
Jul 28 17:49:55.076396 np0000006035 devstack@g-api.service[103051]: DEBUG glance.location [None req-725bcefc-42c2-4db9-9040-25087e681ce0 tempest-VolumesActionsTest-1662686412 tempest-VolumesActionsTest-1662686412-project-member] Enabling in-flight format inspection for raw {{(pid=103051) set_data /opt/stack/glance/glance/location.py:596}}
Jul 28 17:49:55.076847 np0000006035 devstack@g-api.service[103051]: DEBUG glance_store.backend [None req-725bcefc-42c2-4db9-9040-25087e681ce0 tempest-VolumesActionsTest-1662686412 tempest-VolumesActionsTest-1662686412-project-member] Attempting to import store swift {{(pid=103051) _load_store /opt/stack/data/venv/lib/python3.12/site-packages/glance_store/backend.py:215}}
Jul 28 17:49:55.078589 np0000006035 devstack@g-api.service[103051]: DEBUG glance_store.capabilities [None req-725bcefc-42c2-4db9-9040-25087e681ce0 tempest-VolumesActionsTest-1662686412 tempest-VolumesActionsTest-1662686412-project-member] Store glance_store._drivers.swift.store.SingleTenantStore doesn't support updating dynamic storage capabilities. Please overwrite 'update_capabilities' method of the store to implement updating logics if needed. {{(pid=103051) update_capabilities /opt/stack/data/venv/lib/python3.12/site-packages/glance_store/capabilities.py:91}}
Jul 28 17:49:55.078721 np0000006035 devstack@g-api.service[103051]: DEBUG glance_store.driver [None req-725bcefc-42c2-4db9-9040-25087e681ce0 tempest-VolumesActionsTest-1662686412 tempest-VolumesActionsTest-1662686412-project-member] Late loading location class glance_store._drivers.swift.store.StoreLocation {{(pid=103051) get_store_location_class /opt/stack/data/venv/lib/python3.12/site-packages/glance_store/driver.py:134}}
Jul 28 17:49:55.078871 np0000006035 devstack@g-api.service[103051]: DEBUG glance_store.location [None req-725bcefc-42c2-4db9-9040-25087e681ce0 tempest-VolumesActionsTest-1662686412 tempest-VolumesActionsTest-1662686412-project-member] Registering scheme swift+https with {'store': , 'location_class': , 'store_entry': 'swift'} {{(pid=103051) register_scheme_map /opt/stack/data/venv/lib/python3.12/site-packages/glance_store/location.py:146}}
Jul 28 17:49:55.078994 np0000006035 devstack@g-api.service[103051]: DEBUG glance_store.location [None req-725bcefc-42c2-4db9-9040-25087e681ce0 tempest-VolumesActionsTest-1662686412 tempest-VolumesActionsTest-1662686412-project-member] Registering scheme swift+https with {'store': , 'location_class': , 'store_entry': 'swift'} {{(pid=103051) register_scheme_map /opt/stack/data/venv/lib/python3.12/site-packages/glance_store/location.py:146}}
Jul 28 17:49:55.079120 np0000006035 devstack@g-api.service[103051]: DEBUG glance_store.location [None req-725bcefc-42c2-4db9-9040-25087e681ce0 tempest-VolumesActionsTest-1662686412 tempest-VolumesActionsTest-1662686412-project-member] Registering scheme swift with {'store': , 'location_class': , 'store_entry': 'swift'} {{(pid=103051) register_scheme_map /opt/stack/data/venv/lib/python3.12/site-packages/glance_store/location.py:146}}
Jul 28 17:49:55.079363 np0000006035 devstack@g-api.service[103051]: DEBUG glance_store.location [None req-725bcefc-42c2-4db9-9040-25087e681ce0 tempest-VolumesActionsTest-1662686412 tempest-VolumesActionsTest-1662686412-project-member] Registering scheme swift+https with {'store': , 'location_class': , 'store_entry': 'swift'} {{(pid=103051) register_scheme_map /opt/stack/data/venv/lib/python3.12/site-packages/glance_store/location.py:146}}
Jul 28 17:49:55.079512 np0000006035 devstack@g-api.service[103051]: DEBUG glance_store.location [None req-725bcefc-42c2-4db9-9040-25087e681ce0 tempest-VolumesActionsTest-1662686412 tempest-VolumesActionsTest-1662686412-project-member] Registering scheme swift with {'store': , 'location_class': , 'store_entry': 'swift'} {{(pid=103051) register_scheme_map /opt/stack/data/venv/lib/python3.12/site-packages/glance_store/location.py:146}}
Jul 28 17:49:55.079627 np0000006035 devstack@g-api.service[103051]: DEBUG glance_store.location [None req-725bcefc-42c2-4db9-9040-25087e681ce0 tempest-VolumesActionsTest-1662686412 tempest-VolumesActionsTest-1662686412-project-member] Registering scheme swift+http with {'store': , 'location_class': , 'store_entry': 'swift'} {{(pid=103051) register_scheme_map /opt/stack/data/venv/lib/python3.12/site-packages/glance_store/location.py:146}}
Jul 28 17:49:55.079744 np0000006035 devstack@g-api.service[103051]: DEBUG glance_store.location [None req-725bcefc-42c2-4db9-9040-25087e681ce0 tempest-VolumesActionsTest-1662686412 tempest-VolumesActionsTest-1662686412-project-member] Registering scheme swift+https with {'store': , 'location_class': , 'store_entry': 'swift'} {{(pid=103051) register_scheme_map /opt/stack/data/venv/lib/python3.12/site-packages/glance_store/location.py:146}}
Jul 28 17:49:55.079858 np0000006035 devstack@g-api.service[103051]: DEBUG glance_store.location [None req-725bcefc-42c2-4db9-9040-25087e681ce0 tempest-VolumesActionsTest-1662686412 tempest-VolumesActionsTest-1662686412-project-member] Registering scheme swift with {'store': , 'location_class': , 'store_entry': 'swift'} {{(pid=103051) register_scheme_map /opt/stack/data/venv/lib/python3.12/site-packages/glance_store/location.py:146}}
Jul 28 17:49:55.079967 np0000006035 devstack@g-api.service[103051]: DEBUG glance_store.location [None req-725bcefc-42c2-4db9-9040-25087e681ce0 tempest-VolumesActionsTest-1662686412 tempest-VolumesActionsTest-1662686412-project-member] Registering scheme swift+http with {'store': , 'location_class': , 'store_entry': 'swift'} {{(pid=103051) register_scheme_map /opt/stack/data/venv/lib/python3.12/site-packages/glance_store/location.py:146}}
Jul 28 17:49:55.080076 np0000006035 devstack@g-api.service[103051]: DEBUG glance_store.location [None req-725bcefc-42c2-4db9-9040-25087e681ce0 tempest-VolumesActionsTest-1662686412 tempest-VolumesActionsTest-1662686412-project-member] Registering scheme swift+config with {'store': , 'location_class': , 'store_entry': 'swift'} {{(pid=103051) register_scheme_map /opt/stack/data/venv/lib/python3.12/site-packages/glance_store/location.py:146}}
Jul 28 17:49:55.154192 np0000006035 devstack@g-api.service[103049]: DEBUG glance.api.middleware.version_negotiation [None req-641da840-6bd3-4599-919d-fa0c7d3d79f9 tempest-DeleteServersTestJSON-953086035 tempest-DeleteServersTestJSON-953086035-project-member] Determining version of request: GET /v2/images/8cc2dcfd-4d1d-4b32-ad94-1343d354addb Accept: */* {{(pid=103049) process_request /opt/stack/glance/glance/api/middleware/version_negotiation.py:44}}
Jul 28 17:49:55.154515 np0000006035 devstack@g-api.service[103049]: DEBUG glance.api.middleware.version_negotiation [None req-641da840-6bd3-4599-919d-fa0c7d3d79f9 tempest-DeleteServersTestJSON-953086035 tempest-DeleteServersTestJSON-953086035-project-member] Using url versioning {{(pid=103049) process_request /opt/stack/glance/glance/api/middleware/version_negotiation.py:57}}
Jul 28 17:49:55.154709 np0000006035 devstack@g-api.service[103049]: DEBUG glance.api.middleware.version_negotiation [None req-641da840-6bd3-4599-919d-fa0c7d3d79f9 tempest-DeleteServersTestJSON-953086035 tempest-DeleteServersTestJSON-953086035-project-member] Matched version: v2 {{(pid=103049) process_request /opt/stack/glance/glance/api/middleware/version_negotiation.py:69}}
Jul 28 17:49:55.154857 np0000006035 devstack@g-api.service[103049]: DEBUG glance.api.middleware.version_negotiation [None req-641da840-6bd3-4599-919d-fa0c7d3d79f9 tempest-DeleteServersTestJSON-953086035 tempest-DeleteServersTestJSON-953086035-project-member] new path /v2/images/8cc2dcfd-4d1d-4b32-ad94-1343d354addb {{(pid=103049) process_request /opt/stack/glance/glance/api/middleware/version_negotiation.py:70}}
Jul 28 17:49:55.167453 np0000006035 devstack@g-api.service[103049]: [pid: 103049|app: 0|req: 49/196] 127.0.0.1 () {44 vars in 1115 bytes} [Tue Jul 28 17:49:55 2026] GET /v2/images/8cc2dcfd-4d1d-4b32-ad94-1343d354addb => generated 1044 bytes in 13 msecs (HTTP/1.1 200) 4 headers in 158 bytes (1 switches on core 0)
Jul 28 17:49:55.213070 np0000006035 devstack@g-api.service[103048]: DEBUG glance.api.middleware.version_negotiation [None req-641da840-6bd3-4599-919d-fa0c7d3d79f9 tempest-DeleteServersTestJSON-953086035 tempest-DeleteServersTestJSON-953086035-project-member] Determining version of request: GET /v2/schemas/image Accept: */* {{(pid=103048) process_request /opt/stack/glance/glance/api/middleware/version_negotiation.py:44}}
Jul 28 17:49:55.213307 np0000006035 devstack@g-api.service[103048]: DEBUG glance.api.middleware.version_negotiation [None req-641da840-6bd3-4599-919d-fa0c7d3d79f9 tempest-DeleteServersTestJSON-953086035 tempest-DeleteServersTestJSON-953086035-project-member] Using url versioning {{(pid=103048) process_request /opt/stack/glance/glance/api/middleware/version_negotiation.py:57}}
Jul 28 17:49:55.213506 np0000006035 devstack@g-api.service[103048]: DEBUG glance.api.middleware.version_negotiation [None req-641da840-6bd3-4599-919d-fa0c7d3d79f9 tempest-DeleteServersTestJSON-953086035 tempest-DeleteServersTestJSON-953086035-project-member] Matched version: v2 {{(pid=103048) process_request /opt/stack/glance/glance/api/middleware/version_negotiation.py:69}}
Jul 28 17:49:55.213648 np0000006035 devstack@g-api.service[103048]: DEBUG glance.api.middleware.version_negotiation [None req-641da840-6bd3-4599-919d-fa0c7d3d79f9 tempest-DeleteServersTestJSON-953086035 tempest-DeleteServersTestJSON-953086035-project-member] new path /v2/schemas/image {{(pid=103048) process_request /opt/stack/glance/glance/api/middleware/version_negotiation.py:70}}
Jul 28 17:49:55.216264 np0000006035 devstack@g-api.service[103048]: [pid: 103048|app: 0|req: 50/197] 127.0.0.1 () {44 vars in 1055 bytes} [Tue Jul 28 17:49:55 2026] GET /v2/schemas/image => generated 6083 bytes in 3 msecs (HTTP/1.1 200) 4 headers in 158 bytes (1 switches on core 0)
Jul 28 17:49:55.294596 np0000006035 devstack@g-api.service[103051]: DEBUG swiftclient [None req-725bcefc-42c2-4db9-9040-25087e681ce0 tempest-VolumesActionsTest-1662686412 tempest-VolumesActionsTest-1662686412-project-member] REQ: curl -i https://10.4.3.166:8080/v1/AUTH_1dc8ed47dac34708a207d5b474e97d5c/glance -I -H "X-Auth-Token: gAAAAABqaOvD4QAB..." {{(pid=103051) http_log /opt/stack/data/venv/lib/python3.12/site-packages/swiftclient/client.py:160}}
Jul 28 17:49:55.295000 np0000006035 devstack@g-api.service[103051]: DEBUG swiftclient [None req-725bcefc-42c2-4db9-9040-25087e681ce0 tempest-VolumesActionsTest-1662686412 tempest-VolumesActionsTest-1662686412-project-member] RESP STATUS: 204 No Content {{(pid=103051) http_log /opt/stack/data/venv/lib/python3.12/site-packages/swiftclient/client.py:161}}
Jul 28 17:49:55.295000 np0000006035 devstack@g-api.service[103051]: DEBUG swiftclient [None req-725bcefc-42c2-4db9-9040-25087e681ce0 tempest-VolumesActionsTest-1662686412 tempest-VolumesActionsTest-1662686412-project-member] RESP HEADERS: {'Date': 'Tue, 28 Jul 2026 17:49:55 GMT', 'Server': 'Apache/2.4.58 (Ubuntu)', 'Content-Type': 'text/plain; charset=utf-8', 'X-Container-Object-Count': '3', 'X-Container-Bytes-Used': '64356352', 'X-Timestamp': '1785260659.78104', 'Last-Modified': 'Tue, 28 Jul 2026 17:44:20 GMT', 'Accept-Ranges': 'bytes', 'X-Storage-Policy': 'Policy-0', 'X-Container-Sharding': 'False', 'Vary': 'Accept', 'X-Trans-Id': 'tx2618564d7aaf44aca4cde-006a68ebc3', 'X-Openstack-Request-Id': 'tx2618564d7aaf44aca4cde-006a68ebc3', 'Connection': 'close'} {{(pid=103051) http_log /opt/stack/data/venv/lib/python3.12/site-packages/swiftclient/client.py:162}}
Jul 28 17:49:55.295000 np0000006035 devstack@g-api.service[103051]: DEBUG glance_store._drivers.swift.store [None req-725bcefc-42c2-4db9-9040-25087e681ce0 tempest-VolumesActionsTest-1662686412 tempest-VolumesActionsTest-1662686412-project-member] Adding image object 'e83dcb8b-1d9a-41c1-9083-76966ac205da' to Swift {{(pid=103051) add /opt/stack/data/venv/lib/python3.12/site-packages/glance_store/_drivers/swift/store.py:970}}
Jul 28 17:49:55.295177 np0000006035 devstack@g-api.service[103051]: DEBUG glance_store._drivers.swift.store [None req-725bcefc-42c2-4db9-9040-25087e681ce0 tempest-VolumesActionsTest-1662686412 tempest-VolumesActionsTest-1662686412-project-member] Cannot determine image size because it is either not provided in the request or chunked-transfer encoding is used. Adding image as a segmented object to Swift. {{(pid=103051) add /opt/stack/data/venv/lib/python3.12/site-packages/glance_store/_drivers/swift/store.py:994}}
Jul 28 17:49:55.302147 np0000006035 devstack@g-api.service[103051]: DEBUG oslo_utils.imageutils.format_inspector [None req-725bcefc-42c2-4db9-9040-25087e681ce0 tempest-VolumesActionsTest-1662686412 tempest-VolumesActionsTest-1662686412-project-member] Format inspector for vmdk does not match, excluding from consideration (Signature KDMV not found: b'\x00\x00\x00\x00') {{(pid=103051) _process_chunk /opt/stack/data/venv/lib/python3.12/site-packages/oslo_utils/imageutils/format_inspector.py:1758}}
Jul 28 17:49:55.307502 np0000006035 devstack@g-api.service[103051]: DEBUG oslo_utils.imageutils.format_inspector [None req-725bcefc-42c2-4db9-9040-25087e681ce0 tempest-VolumesActionsTest-1662686412 tempest-VolumesActionsTest-1662686412-project-member] Format inspector for vhdx does not match, excluding from consideration (Region signature not found at 30000) {{(pid=103051) _process_chunk /opt/stack/data/venv/lib/python3.12/site-packages/oslo_utils/imageutils/format_inspector.py:1758}}
Jul 28 17:49:55.935309 np0000006035 devstack@g-api.service[103050]: DEBUG glance.api.middleware.version_negotiation [None req-864a9be1-3a4c-4e33-9677-eb2075c372d8 tempest-VolumesActionsTest-1662686412 tempest-VolumesActionsTest-1662686412-project-member] Determining version of request: GET /v2/images/e83dcb8b-1d9a-41c1-9083-76966ac205da Accept: application/json {{(pid=103050) process_request /opt/stack/glance/glance/api/middleware/version_negotiation.py:44}}
Jul 28 17:49:55.935309 np0000006035 devstack@g-api.service[103050]: DEBUG glance.api.middleware.version_negotiation [None req-864a9be1-3a4c-4e33-9677-eb2075c372d8 tempest-VolumesActionsTest-1662686412 tempest-VolumesActionsTest-1662686412-project-member] Using url versioning {{(pid=103050) process_request /opt/stack/glance/glance/api/middleware/version_negotiation.py:57}}
Jul 28 17:49:55.935309 np0000006035 devstack@g-api.service[103050]: DEBUG glance.api.middleware.version_negotiation [None req-864a9be1-3a4c-4e33-9677-eb2075c372d8 tempest-VolumesActionsTest-1662686412 tempest-VolumesActionsTest-1662686412-project-member] Matched version: v2 {{(pid=103050) process_request /opt/stack/glance/glance/api/middleware/version_negotiation.py:69}}
Jul 28 17:49:55.936934 np0000006035 devstack@g-api.service[103050]: DEBUG glance.api.middleware.version_negotiation [None req-864a9be1-3a4c-4e33-9677-eb2075c372d8 tempest-VolumesActionsTest-1662686412 tempest-VolumesActionsTest-1662686412-project-member] new path /v2/images/e83dcb8b-1d9a-41c1-9083-76966ac205da {{(pid=103050) process_request /opt/stack/glance/glance/api/middleware/version_negotiation.py:70}}
Jul 28 17:49:55.948917 np0000006035 devstack@g-api.service[103050]: [pid: 103050|app: 0|req: 50/198] 127.0.0.1 () {40 vars in 838 bytes} [Tue Jul 28 17:49:55 2026] GET /v2/images/e83dcb8b-1d9a-41c1-9083-76966ac205da => generated 649 bytes in 15 msecs (HTTP/1.1 200) 4 headers in 157 bytes (1 switches on core 0)
Jul 28 17:49:56.961327 np0000006035 devstack@g-api.service[103049]: DEBUG glance.api.middleware.version_negotiation [None req-dde602be-4156-4d39-aee4-940bcbd32778 tempest-ServerActionsTestOtherA-1046323895 tempest-ServerActionsTestOtherA-1046323895-project-member] Determining version of request: GET /v2/images/e83dcb8b-1d9a-41c1-9083-76966ac205da Accept: application/json {{(pid=103049) process_request /opt/stack/glance/glance/api/middleware/version_negotiation.py:44}}
Jul 28 17:49:56.962000 np0000006035 devstack@g-api.service[103049]: DEBUG glance.api.middleware.version_negotiation [None req-dde602be-4156-4d39-aee4-940bcbd32778 tempest-ServerActionsTestOtherA-1046323895 tempest-ServerActionsTestOtherA-1046323895-project-member] Using url versioning {{(pid=103049) process_request /opt/stack/glance/glance/api/middleware/version_negotiation.py:57}}
Jul 28 17:49:56.962000 np0000006035 devstack@g-api.service[103049]: DEBUG glance.api.middleware.version_negotiation [None req-dde602be-4156-4d39-aee4-940bcbd32778 tempest-ServerActionsTestOtherA-1046323895 tempest-ServerActionsTestOtherA-1046323895-project-member] Matched version: v2 {{(pid=103049) process_request /opt/stack/glance/glance/api/middleware/version_negotiation.py:69}}
Jul 28 17:49:56.962000 np0000006035 devstack@g-api.service[103049]: DEBUG glance.api.middleware.version_negotiation [None req-dde602be-4156-4d39-aee4-940bcbd32778 tempest-ServerActionsTestOtherA-1046323895 tempest-ServerActionsTestOtherA-1046323895-project-member] new path /v2/images/e83dcb8b-1d9a-41c1-9083-76966ac205da {{(pid=103049) process_request /opt/stack/glance/glance/api/middleware/version_negotiation.py:70}}
Jul 28 17:49:56.971866 np0000006035 devstack@g-api.service[103049]: [pid: 103049|app: 0|req: 50/199] 127.0.0.1 () {40 vars in 838 bytes} [Tue Jul 28 17:49:56 2026] GET /v2/images/e83dcb8b-1d9a-41c1-9083-76966ac205da => generated 649 bytes in 11 msecs (HTTP/1.1 200) 4 headers in 157 bytes (1 switches on core 0)
Jul 28 17:49:57.149366 np0000006035 devstack@g-api.service[103051]: DEBUG swiftclient [None req-725bcefc-42c2-4db9-9040-25087e681ce0 tempest-VolumesActionsTest-1662686412 tempest-VolumesActionsTest-1662686412-project-member] REQ: curl -i https://10.4.3.166:8080/v1/AUTH_1dc8ed47dac34708a207d5b474e97d5c/glance/e83dcb8b-1d9a-41c1-9083-76966ac205da-00001 -X PUT -H "X-Auth-Token: gAAAAABqaOvD4QAB..." {{(pid=103051) http_log /opt/stack/data/venv/lib/python3.12/site-packages/swiftclient/client.py:160}}
Jul 28 17:49:57.149366 np0000006035 devstack@g-api.service[103051]: DEBUG swiftclient [None req-725bcefc-42c2-4db9-9040-25087e681ce0 tempest-VolumesActionsTest-1662686412 tempest-VolumesActionsTest-1662686412-project-member] RESP STATUS: 201 Created {{(pid=103051) http_log /opt/stack/data/venv/lib/python3.12/site-packages/swiftclient/client.py:161}}
Jul 28 17:49:57.149366 np0000006035 devstack@g-api.service[103051]: DEBUG swiftclient [None req-725bcefc-42c2-4db9-9040-25087e681ce0 tempest-VolumesActionsTest-1662686412 tempest-VolumesActionsTest-1662686412-project-member] RESP HEADERS: {'Date': 'Tue, 28 Jul 2026 17:49:57 GMT', 'Server': 'Apache/2.4.58 (Ubuntu)', 'Content-Type': 'text/html; charset=UTF-8', 'Content-Length': '0', 'Etag': 'eda9a9889837ac4bc81d6387d92c1bec', 'Last-Modified': 'Tue, 28 Jul 2026 17:49:56 GMT', 'X-Trans-Id': 'txc396defd449d418f9193a-006a68ebc3', 'X-Openstack-Request-Id': 'txc396defd449d418f9193a-006a68ebc3', 'Connection': 'close'} {{(pid=103051) http_log /opt/stack/data/venv/lib/python3.12/site-packages/swiftclient/client.py:162}}
Jul 28 17:49:57.149366 np0000006035 devstack@g-api.service[103051]: DEBUG glance_store._drivers.swift.store [None req-725bcefc-42c2-4db9-9040-25087e681ce0 tempest-VolumesActionsTest-1662686412 tempest-VolumesActionsTest-1662686412-project-member] Wrote chunk e83dcb8b-1d9a-41c1-9083-76966ac205da-00001 (1/?) of length 204800000 to Swift returning MD5 of content: eda9a9889837ac4bc81d6387d92c1bec {{(pid=103051) add /opt/stack/data/venv/lib/python3.12/site-packages/glance_store/_drivers/swift/store.py:1059}}
Jul 28 17:49:57.987859 np0000006035 devstack@g-api.service[103048]: DEBUG glance.api.middleware.version_negotiation [None req-dde602be-4156-4d39-aee4-940bcbd32778 tempest-ServerActionsTestOtherA-1046323895 tempest-ServerActionsTestOtherA-1046323895-project-member] Determining version of request: GET /v2/images/e83dcb8b-1d9a-41c1-9083-76966ac205da Accept: application/json {{(pid=103048) process_request /opt/stack/glance/glance/api/middleware/version_negotiation.py:44}}
Jul 28 17:49:57.987859 np0000006035 devstack@g-api.service[103048]: DEBUG glance.api.middleware.version_negotiation [None req-dde602be-4156-4d39-aee4-940bcbd32778 tempest-ServerActionsTestOtherA-1046323895 tempest-ServerActionsTestOtherA-1046323895-project-member] Using url versioning {{(pid=103048) process_request /opt/stack/glance/glance/api/middleware/version_negotiation.py:57}}
Jul 28 17:49:57.987859 np0000006035 devstack@g-api.service[103048]: DEBUG glance.api.middleware.version_negotiation [None req-dde602be-4156-4d39-aee4-940bcbd32778 tempest-ServerActionsTestOtherA-1046323895 tempest-ServerActionsTestOtherA-1046323895-project-member] Matched version: v2 {{(pid=103048) process_request /opt/stack/glance/glance/api/middleware/version_negotiation.py:69}}
Jul 28 17:49:57.987859 np0000006035 devstack@g-api.service[103048]: DEBUG glance.api.middleware.version_negotiation [None req-dde602be-4156-4d39-aee4-940bcbd32778 tempest-ServerActionsTestOtherA-1046323895 tempest-ServerActionsTestOtherA-1046323895-project-member] new path /v2/images/e83dcb8b-1d9a-41c1-9083-76966ac205da {{(pid=103048) process_request /opt/stack/glance/glance/api/middleware/version_negotiation.py:70}}
Jul 28 17:49:58.008167 np0000006035 devstack@g-api.service[103048]: [pid: 103048|app: 0|req: 51/200] 127.0.0.1 () {40 vars in 838 bytes} [Tue Jul 28 17:49:57 2026] GET /v2/images/e83dcb8b-1d9a-41c1-9083-76966ac205da => generated 649 bytes in 21 msecs (HTTP/1.1 200) 4 headers in 157 bytes (1 switches on core 0)
Jul 28 17:49:59.020435 np0000006035 devstack@g-api.service[103050]: DEBUG glance.api.middleware.version_negotiation [None req-b2d4d048-66bd-441d-a00a-f9d74466b679 tempest-VolumesActionsTest-1662686412 tempest-VolumesActionsTest-1662686412-project-member] Determining version of request: GET /v2/images/e83dcb8b-1d9a-41c1-9083-76966ac205da Accept: application/json {{(pid=103050) process_request /opt/stack/glance/glance/api/middleware/version_negotiation.py:44}}
Jul 28 17:49:59.020852 np0000006035 devstack@g-api.service[103050]: DEBUG glance.api.middleware.version_negotiation [None req-b2d4d048-66bd-441d-a00a-f9d74466b679 tempest-VolumesActionsTest-1662686412 tempest-VolumesActionsTest-1662686412-project-member] Using url versioning {{(pid=103050) process_request /opt/stack/glance/glance/api/middleware/version_negotiation.py:57}}
Jul 28 17:49:59.020852 np0000006035 devstack@g-api.service[103050]: DEBUG glance.api.middleware.version_negotiation [None req-b2d4d048-66bd-441d-a00a-f9d74466b679 tempest-VolumesActionsTest-1662686412 tempest-VolumesActionsTest-1662686412-project-member] Matched version: v2 {{(pid=103050) process_request /opt/stack/glance/glance/api/middleware/version_negotiation.py:69}}
Jul 28 17:49:59.020941 np0000006035 devstack@g-api.service[103050]: DEBUG glance.api.middleware.version_negotiation [None req-b2d4d048-66bd-441d-a00a-f9d74466b679 tempest-VolumesActionsTest-1662686412 tempest-VolumesActionsTest-1662686412-project-member] new path /v2/images/e83dcb8b-1d9a-41c1-9083-76966ac205da {{(pid=103050) process_request /opt/stack/glance/glance/api/middleware/version_negotiation.py:70}}
Jul 28 17:49:59.034235 np0000006035 devstack@g-api.service[103050]: [pid: 103050|app: 0|req: 51/201] 127.0.0.1 () {40 vars in 838 bytes} [Tue Jul 28 17:49:59 2026] GET /v2/images/e83dcb8b-1d9a-41c1-9083-76966ac205da => generated 649 bytes in 14 msecs (HTTP/1.1 200) 4 headers in 157 bytes (1 switches on core 0)
Jul 28 17:49:59.343339 np0000006035 devstack@g-api.service[103051]: DEBUG swiftclient [None req-725bcefc-42c2-4db9-9040-25087e681ce0 tempest-VolumesActionsTest-1662686412 tempest-VolumesActionsTest-1662686412-project-member] REQ: curl -i https://10.4.3.166:8080/v1/AUTH_1dc8ed47dac34708a207d5b474e97d5c/glance/e83dcb8b-1d9a-41c1-9083-76966ac205da-00002 -X PUT -H "X-Auth-Token: gAAAAABqaOvD4QAB..." {{(pid=103051) http_log /opt/stack/data/venv/lib/python3.12/site-packages/swiftclient/client.py:160}}
Jul 28 17:49:59.343658 np0000006035 devstack@g-api.service[103051]: DEBUG swiftclient [None req-725bcefc-42c2-4db9-9040-25087e681ce0 tempest-VolumesActionsTest-1662686412 tempest-VolumesActionsTest-1662686412-project-member] RESP STATUS: 201 Created {{(pid=103051) http_log /opt/stack/data/venv/lib/python3.12/site-packages/swiftclient/client.py:161}}
Jul 28 17:49:59.343769 np0000006035 devstack@g-api.service[103051]: DEBUG swiftclient [None req-725bcefc-42c2-4db9-9040-25087e681ce0 tempest-VolumesActionsTest-1662686412 tempest-VolumesActionsTest-1662686412-project-member] RESP HEADERS: {'Date': 'Tue, 28 Jul 2026 17:49:59 GMT', 'Server': 'Apache/2.4.58 (Ubuntu)', 'Content-Type': 'text/html; charset=UTF-8', 'Content-Length': '0', 'Etag': 'eda9a9889837ac4bc81d6387d92c1bec', 'Last-Modified': 'Tue, 28 Jul 2026 17:49:58 GMT', 'X-Trans-Id': 'tx94e7d259cbbb4903bc229-006a68ebc5', 'X-Openstack-Request-Id': 'tx94e7d259cbbb4903bc229-006a68ebc5', 'Connection': 'close'} {{(pid=103051) http_log /opt/stack/data/venv/lib/python3.12/site-packages/swiftclient/client.py:162}}
Jul 28 17:49:59.343871 np0000006035 devstack@g-api.service[103051]: DEBUG glance_store._drivers.swift.store [None req-725bcefc-42c2-4db9-9040-25087e681ce0 tempest-VolumesActionsTest-1662686412 tempest-VolumesActionsTest-1662686412-project-member] Wrote chunk e83dcb8b-1d9a-41c1-9083-76966ac205da-00002 (2/?) of length 204800000 to Swift returning MD5 of content: eda9a9889837ac4bc81d6387d92c1bec {{(pid=103051) add /opt/stack/data/venv/lib/python3.12/site-packages/glance_store/_drivers/swift/store.py:1059}}
Jul 28 17:50:00.046296 np0000006035 devstack@g-api.service[103049]: DEBUG glance.api.middleware.version_negotiation [None req-bba3adbe-2fd4-403b-aea7-116b064b3f2c tempest-VolumesActionsTest-1662686412 tempest-VolumesActionsTest-1662686412-project-member] Determining version of request: GET /v2/images/e83dcb8b-1d9a-41c1-9083-76966ac205da Accept: application/json {{(pid=103049) process_request /opt/stack/glance/glance/api/middleware/version_negotiation.py:44}}
Jul 28 17:50:00.046734 np0000006035 devstack@g-api.service[103049]: DEBUG glance.api.middleware.version_negotiation [None req-bba3adbe-2fd4-403b-aea7-116b064b3f2c tempest-VolumesActionsTest-1662686412 tempest-VolumesActionsTest-1662686412-project-member] Using url versioning {{(pid=103049) process_request /opt/stack/glance/glance/api/middleware/version_negotiation.py:57}}
Jul 28 17:50:00.046734 np0000006035 devstack@g-api.service[103049]: DEBUG glance.api.middleware.version_negotiation [None req-bba3adbe-2fd4-403b-aea7-116b064b3f2c tempest-VolumesActionsTest-1662686412 tempest-VolumesActionsTest-1662686412-project-member] Matched version: v2 {{(pid=103049) process_request /opt/stack/glance/glance/api/middleware/version_negotiation.py:69}}
Jul 28 17:50:00.046734 np0000006035 devstack@g-api.service[103049]: DEBUG glance.api.middleware.version_negotiation [None req-bba3adbe-2fd4-403b-aea7-116b064b3f2c tempest-VolumesActionsTest-1662686412 tempest-VolumesActionsTest-1662686412-project-member] new path /v2/images/e83dcb8b-1d9a-41c1-9083-76966ac205da {{(pid=103049) process_request /opt/stack/glance/glance/api/middleware/version_negotiation.py:70}}
Jul 28 17:50:00.066584 np0000006035 devstack@g-api.service[103049]: [pid: 103049|app: 0|req: 51/202] 127.0.0.1 () {40 vars in 838 bytes} [Tue Jul 28 17:50:00 2026] GET /v2/images/e83dcb8b-1d9a-41c1-9083-76966ac205da => generated 649 bytes in 20 msecs (HTTP/1.1 200) 4 headers in 157 bytes (1 switches on core 0)
Jul 28 17:50:01.082851 np0000006035 devstack@g-api.service[103048]: DEBUG glance.api.middleware.version_negotiation [None req-43245397-7c77-4280-bc7b-07353574c333 tempest-VolumesActionsTest-1662686412 tempest-VolumesActionsTest-1662686412-project-member] Determining version of request: GET /v2/images/e83dcb8b-1d9a-41c1-9083-76966ac205da Accept: application/json {{(pid=103048) process_request /opt/stack/glance/glance/api/middleware/version_negotiation.py:44}}
Jul 28 17:50:01.082851 np0000006035 devstack@g-api.service[103048]: DEBUG glance.api.middleware.version_negotiation [None req-43245397-7c77-4280-bc7b-07353574c333 tempest-VolumesActionsTest-1662686412 tempest-VolumesActionsTest-1662686412-project-member] Using url versioning {{(pid=103048) process_request /opt/stack/glance/glance/api/middleware/version_negotiation.py:57}}
Jul 28 17:50:01.084312 np0000006035 devstack@g-api.service[103048]: DEBUG glance.api.middleware.version_negotiation [None req-43245397-7c77-4280-bc7b-07353574c333 tempest-VolumesActionsTest-1662686412 tempest-VolumesActionsTest-1662686412-project-member] Matched version: v2 {{(pid=103048) process_request /opt/stack/glance/glance/api/middleware/version_negotiation.py:69}}
Jul 28 17:50:01.084312 np0000006035 devstack@g-api.service[103048]: DEBUG glance.api.middleware.version_negotiation [None req-43245397-7c77-4280-bc7b-07353574c333 tempest-VolumesActionsTest-1662686412 tempest-VolumesActionsTest-1662686412-project-member] new path /v2/images/e83dcb8b-1d9a-41c1-9083-76966ac205da {{(pid=103048) process_request /opt/stack/glance/glance/api/middleware/version_negotiation.py:70}}
Jul 28 17:50:01.111988 np0000006035 devstack@g-api.service[103048]: [pid: 103048|app: 0|req: 52/203] 127.0.0.1 () {40 vars in 838 bytes} [Tue Jul 28 17:50:01 2026] GET /v2/images/e83dcb8b-1d9a-41c1-9083-76966ac205da => generated 649 bytes in 30 msecs (HTTP/1.1 200) 4 headers in 157 bytes (1 switches on core 0)
Jul 28 17:50:01.537983 np0000006035 devstack@g-api.service[103051]: DEBUG swiftclient [None req-725bcefc-42c2-4db9-9040-25087e681ce0 tempest-VolumesActionsTest-1662686412 tempest-VolumesActionsTest-1662686412-project-member] REQ: curl -i https://10.4.3.166:8080/v1/AUTH_1dc8ed47dac34708a207d5b474e97d5c/glance/e83dcb8b-1d9a-41c1-9083-76966ac205da-00003 -X PUT -H "X-Auth-Token: gAAAAABqaOvD4QAB..." {{(pid=103051) http_log /opt/stack/data/venv/lib/python3.12/site-packages/swiftclient/client.py:160}}
Jul 28 17:50:01.537983 np0000006035 devstack@g-api.service[103051]: DEBUG swiftclient [None req-725bcefc-42c2-4db9-9040-25087e681ce0 tempest-VolumesActionsTest-1662686412 tempest-VolumesActionsTest-1662686412-project-member] RESP STATUS: 201 Created {{(pid=103051) http_log /opt/stack/data/venv/lib/python3.12/site-packages/swiftclient/client.py:161}}
Jul 28 17:50:01.537983 np0000006035 devstack@g-api.service[103051]: DEBUG swiftclient [None req-725bcefc-42c2-4db9-9040-25087e681ce0 tempest-VolumesActionsTest-1662686412 tempest-VolumesActionsTest-1662686412-project-member] RESP HEADERS: {'Date': 'Tue, 28 Jul 2026 17:50:01 GMT', 'Server': 'Apache/2.4.58 (Ubuntu)', 'Content-Type': 'text/html; charset=UTF-8', 'Content-Length': '0', 'Etag': 'eda9a9889837ac4bc81d6387d92c1bec', 'Last-Modified': 'Tue, 28 Jul 2026 17:50:00 GMT', 'X-Trans-Id': 'tx10333c603aac40ae94bc0-006a68ebc7', 'X-Openstack-Request-Id': 'tx10333c603aac40ae94bc0-006a68ebc7', 'Connection': 'close'} {{(pid=103051) http_log /opt/stack/data/venv/lib/python3.12/site-packages/swiftclient/client.py:162}}
Jul 28 17:50:01.537983 np0000006035 devstack@g-api.service[103051]: DEBUG glance_store._drivers.swift.store [None req-725bcefc-42c2-4db9-9040-25087e681ce0 tempest-VolumesActionsTest-1662686412 tempest-VolumesActionsTest-1662686412-project-member] Wrote chunk e83dcb8b-1d9a-41c1-9083-76966ac205da-00003 (3/?) of length 204800000 to Swift returning MD5 of content: eda9a9889837ac4bc81d6387d92c1bec {{(pid=103051) add /opt/stack/data/venv/lib/python3.12/site-packages/glance_store/_drivers/swift/store.py:1059}}
Jul 28 17:50:02.127605 np0000006035 devstack@g-api.service[103050]: DEBUG glance.api.middleware.version_negotiation [None req-6679e6ea-0520-4b53-8950-d954fc9324fa tempest-VolumesActionsTest-1662686412 tempest-VolumesActionsTest-1662686412-project-member] Determining version of request: GET /v2/images/e83dcb8b-1d9a-41c1-9083-76966ac205da Accept: application/json {{(pid=103050) process_request /opt/stack/glance/glance/api/middleware/version_negotiation.py:44}}
Jul 28 17:50:02.127605 np0000006035 devstack@g-api.service[103050]: DEBUG glance.api.middleware.version_negotiation [None req-6679e6ea-0520-4b53-8950-d954fc9324fa tempest-VolumesActionsTest-1662686412 tempest-VolumesActionsTest-1662686412-project-member] Using url versioning {{(pid=103050) process_request /opt/stack/glance/glance/api/middleware/version_negotiation.py:57}}
Jul 28 17:50:02.127605 np0000006035 devstack@g-api.service[103050]: DEBUG glance.api.middleware.version_negotiation [None req-6679e6ea-0520-4b53-8950-d954fc9324fa tempest-VolumesActionsTest-1662686412 tempest-VolumesActionsTest-1662686412-project-member] Matched version: v2 {{(pid=103050) process_request /opt/stack/glance/glance/api/middleware/version_negotiation.py:69}}
Jul 28 17:50:02.127605 np0000006035 devstack@g-api.service[103050]: DEBUG glance.api.middleware.version_negotiation [None req-6679e6ea-0520-4b53-8950-d954fc9324fa tempest-VolumesActionsTest-1662686412 tempest-VolumesActionsTest-1662686412-project-member] new path /v2/images/e83dcb8b-1d9a-41c1-9083-76966ac205da {{(pid=103050) process_request /opt/stack/glance/glance/api/middleware/version_negotiation.py:70}}
Jul 28 17:50:02.151169 np0000006035 devstack@g-api.service[103050]: [pid: 103050|app: 0|req: 52/204] 127.0.0.1 () {40 vars in 838 bytes} [Tue Jul 28 17:50:02 2026] GET /v2/images/e83dcb8b-1d9a-41c1-9083-76966ac205da => generated 649 bytes in 25 msecs (HTTP/1.1 200) 4 headers in 157 bytes (1 switches on core 0)
Jul 28 17:50:03.163906 np0000006035 devstack@g-api.service[103049]: DEBUG glance.api.middleware.version_negotiation [None req-74a91766-8e35-425f-9924-bd0f8bbe19c1 tempest-VolumesActionsTest-1662686412 tempest-VolumesActionsTest-1662686412-project-member] Determining version of request: GET /v2/images/e83dcb8b-1d9a-41c1-9083-76966ac205da Accept: application/json {{(pid=103049) process_request /opt/stack/glance/glance/api/middleware/version_negotiation.py:44}}
Jul 28 17:50:03.164458 np0000006035 devstack@g-api.service[103049]: DEBUG glance.api.middleware.version_negotiation [None req-74a91766-8e35-425f-9924-bd0f8bbe19c1 tempest-VolumesActionsTest-1662686412 tempest-VolumesActionsTest-1662686412-project-member] Using url versioning {{(pid=103049) process_request /opt/stack/glance/glance/api/middleware/version_negotiation.py:57}}
Jul 28 17:50:03.164458 np0000006035 devstack@g-api.service[103049]: DEBUG glance.api.middleware.version_negotiation [None req-74a91766-8e35-425f-9924-bd0f8bbe19c1 tempest-VolumesActionsTest-1662686412 tempest-VolumesActionsTest-1662686412-project-member] Matched version: v2 {{(pid=103049) process_request /opt/stack/glance/glance/api/middleware/version_negotiation.py:69}}
