May 25 06:05:08.900267 np0000001367 devstack@neutron-api.service[87035]: DEBUG ovsdbapp.backend.ovs_idl.transaction [None req-f47b7f14-4bf1-4470-a22e-954c6b189793 None None] Transaction caused no change {{(pid=87035) do_commit /opt/stack/data/venv/lib/python3.12/site-packages/ovsdbapp/backend/ovs_idl/transaction.py:129}}
May 25 06:05:08.960475 np0000001367 devstack@neutron-api.service[87035]: DEBUG ovsdbapp.backend.ovs_idl.transaction [None req-f47b7f14-4bf1-4470-a22e-954c6b189793 None None] Running txn n=1 command(idx=0): CheckRevisionNumberCommand(_result=None, name=lrp-a5c4c6c1-0f0a-4a3a-a171-4c96f8d82eb0, resource={'id': 'a5c4c6c1-0f0a-4a3a-a171-4c96f8d82eb0', 'name': '', 'network_id': 'bb4edc5f-07a9-4f54-8d24-e0f848d63d9f', 'project_id': '4b322210e3ac48eb8ca873dbb7024062', 'mac_address': 'fa:16:3e:59:6c:85', 'admin_state_up': True, 'status': 'ACTIVE', 'device_id': '20f92976-de73-40f5-8c9b-92c212e793cb', 'device_owner': 'network:router_interface', 'standard_attr_id': 24, 'fixed_ips': [{'subnet_id': '76273f42-2e52-48e4-9858-ba74045239f8', 'ip_address': 'fdad:b5cc:2630::1'}], 'allowed_address_pairs': [], 'extra_dhcp_opts': [], 'security_groups': [], 'description': '', 'binding:vnic_type': 'normal', 'binding:profile': {}, 'binding:host_id': '', 'binding:vif_type': 'unbound', 'binding:vif_details': {}, 'port_security_enabled': False, 'tags': [], 'created_at': '2026-05-25T06:05:00Z', 'updated_at': '2026-05-25T06:05:03Z', 'revision_number': 2, 'tenant_id': '4b322210e3ac48eb8ca873dbb7024062'}, resource_type=router_ports, if_exists=True) {{(pid=87035) do_commit /opt/stack/data/venv/lib/python3.12/site-packages/ovsdbapp/backend/ovs_idl/transaction.py:89}}
May 25 06:05:08.960703 np0000001367 devstack@neutron-api.service[87035]: DEBUG ovsdbapp.backend.ovs_idl.transaction [None req-f47b7f14-4bf1-4470-a22e-954c6b189793 None None] Running txn n=1 command(idx=1): UpdateLRouterPortCommand(_result=None, name=lrp-a5c4c6c1-0f0a-4a3a-a171-4c96f8d82eb0, columns={'external_ids': {'neutron:revision_number': '2', 'neutron:subnet_ids': '76273f42-2e52-48e4-9858-ba74045239f8', 'neutron:network_name': 'neutron-bb4edc5f-07a9-4f54-8d24-e0f848d63d9f', 'neutron:is_ext_gw': 'False', 'neutron:router_name': 'neutron-20f92976-de73-40f5-8c9b-92c212e793cb'}, 'options': {}, 'networks': ['fdad:b5cc:2630::1/64'], 'ipv6_ra_configs': {'address_mode': 'slaac', 'send_periodic': 'true', 'mtu': '1372'}}, if_exists=False) {{(pid=87035) do_commit /opt/stack/data/venv/lib/python3.12/site-packages/ovsdbapp/backend/ovs_idl/transaction.py:89}}
May 25 06:05:08.960979 np0000001367 devstack@neutron-api.service[87035]: DEBUG ovsdbapp.backend.ovs_idl.transaction [None req-f47b7f14-4bf1-4470-a22e-954c6b189793 None None] Running txn n=1 command(idx=2): SetLRouterPortInLSwitchPortCommand(_result=None, lswitch_port=a5c4c6c1-0f0a-4a3a-a171-4c96f8d82eb0, lrouter_port=lrp-a5c4c6c1-0f0a-4a3a-a171-4c96f8d82eb0, is_gw_port=False, if_exists=True, lsp_address=router) {{(pid=87035) do_commit /opt/stack/data/venv/lib/python3.12/site-packages/ovsdbapp/backend/ovs_idl/transaction.py:89}}
May 25 06:05:08.963854 np0000001367 devstack@neutron-api.service[87035]: DEBUG neutron.plugins.ml2.drivers.ovn.mech_driver.ovsdb.ovsdb_monitor [None req-f47b7f14-4bf1-4470-a22e-954c6b189793 None None] Touching Hash Ring node "15eea9b084db5974aff9ebcae713674b" from IDL notify handler {{(pid=87035) notify /opt/stack/neutron/neutron/plugins/ml2/drivers/ovn/mech_driver/ovsdb/ovsdb_monitor.py:978}}
May 25 06:05:08.964336 np0000001367 devstack@neutron-api.service[87034]: DEBUG neutron.plugins.ml2.drivers.ovn.mech_driver.ovsdb.ovsdb_monitor [None req-76fbcb29-736a-4a2d-bd06-a95e06b1bde4 None None] Touching Hash Ring node "ed686865f98f535cb2b970bdbe937406" from IDL notify handler {{(pid=87034) notify /opt/stack/neutron/neutron/plugins/ml2/drivers/ovn/mech_driver/ovsdb/ovsdb_monitor.py:978}}
May 25 06:05:08.968292 np0000001367 devstack@neutron-api.service[87034]: DEBUG neutron.plugins.ml2.drivers.ovn.mech_driver.ovsdb.ovsdb_monitor [None req-0b86810f-a908-458a-a27d-61ccbce22cbc None None] Touching Hash Ring node "ed686865f98f535cb2b970bdbe937406" from IDL notify handler {{(pid=87034) notify /opt/stack/neutron/neutron/plugins/ml2/drivers/ovn/mech_driver/ovsdb/ovsdb_monitor.py:978}}
May 25 06:05:08.969278 np0000001367 devstack@neutron-api.service[87035]: DEBUG neutron.plugins.ml2.drivers.ovn.mech_driver.ovsdb.ovsdb_monitor [None req-66875d18-7407-41ed-91fe-494b9a73bc80 None None] Touching Hash Ring node "15eea9b084db5974aff9ebcae713674b" from IDL notify handler {{(pid=87035) notify /opt/stack/neutron/neutron/plugins/ml2/drivers/ovn/mech_driver/ovsdb/ovsdb_monitor.py:978}}
May 25 06:05:08.974596 np0000001367 devstack@neutron-api.service[87034]: DEBUG neutron.plugins.ml2.drivers.ovn.mech_driver.ovsdb.ovsdb_monitor [None req-76fbcb29-736a-4a2d-bd06-a95e06b1bde4 None None] Hash Ring: Node ed686865f98f535cb2b970bdbe937406 (host: np0000001367) handling event "update" for row 91ca9013-b813-4c41-a546-ab42fc77dab7 (table: Logical_Router_Port) {{(pid=87034) notify /opt/stack/neutron/neutron/plugins/ml2/drivers/ovn/mech_driver/ovsdb/ovsdb_monitor.py:986}}
May 25 06:05:08.974596 np0000001367 devstack@neutron-api.service[87034]: DEBUG neutron.plugins.ml2.drivers.ovn.mech_driver.ovsdb.ovsdb_monitor [None req-0b86810f-a908-458a-a27d-61ccbce22cbc None None] Hash Ring: Node ed686865f98f535cb2b970bdbe937406 (host: np0000001367) handling event "update" for row 963f7686-3fdd-4c50-b116-9b7165ca0a6b (table: Port_Binding) {{(pid=87034) notify /opt/stack/neutron/neutron/plugins/ml2/drivers/ovn/mech_driver/ovsdb/ovsdb_monitor.py:986}}
May 25 06:05:08.975280 np0000001367 devstack@neutron-api.service[87035]: DEBUG neutron.plugins.ml2.drivers.ovn.mech_driver.ovsdb.ovsdb_monitor [None req-f47b7f14-4bf1-4470-a22e-954c6b189793 None None] Hash Ring: Node 15eea9b084db5974aff9ebcae713674b (host: np0000001367) handling event "update" for row 91ca9013-b813-4c41-a546-ab42fc77dab7 (table: Logical_Router_Port) {{(pid=87035) notify /opt/stack/neutron/neutron/plugins/ml2/drivers/ovn/mech_driver/ovsdb/ovsdb_monitor.py:986}}
May 25 06:05:08.977684 np0000001367 devstack@neutron-api.service[87035]: DEBUG neutron.plugins.ml2.drivers.ovn.mech_driver.ovsdb.ovsdb_monitor [None req-66875d18-7407-41ed-91fe-494b9a73bc80 None None] Hash Ring: Node 15eea9b084db5974aff9ebcae713674b (host: np0000001367) handling event "update" for row 963f7686-3fdd-4c50-b116-9b7165ca0a6b (table: Port_Binding) {{(pid=87035) notify /opt/stack/neutron/neutron/plugins/ml2/drivers/ovn/mech_driver/ovsdb/ovsdb_monitor.py:986}}
May 25 06:05:08.997370 np0000001367 devstack@neutron-api.service[87035]: INFO neutron.db.ovn_revision_numbers_db [None req-19eef8b0-4e1f-40ff-a39f-83fc04195849 None None] Successfully bumped revision number for resource a5c4c6c1-0f0a-4a3a-a171-4c96f8d82eb0 (type: router_ports) to 2
May 25 06:05:09.028208 np0000001367 devstack@neutron-api.service[87035]: INFO neutron.common.ovn.utils [None req-19eef8b0-4e1f-40ff-a39f-83fc04195849 None None] HA Chassis Group neutron-bb4edc5f-07a9-4f54-8d24-e0f848d63d9f synchronized; highest priority chassis f94b8cad-e4c4-4f88-a25f-8fb9773c8201
May 25 06:05:09.028862 np0000001367 devstack@neutron-api.service[87035]: DEBUG ovsdbapp.backend.ovs_idl.transaction [None req-f47b7f14-4bf1-4470-a22e-954c6b189793 None None] Running txn n=1 command(idx=0): DbSetCommand(_result=None, table=HA_Chassis_Group, record=neutron-bb4edc5f-07a9-4f54-8d24-e0f848d63d9f, col_values=(('external_ids', {'neutron:availability_zone_hints': '', 'neutron:network_id': 'bb4edc5f-07a9-4f54-8d24-e0f848d63d9f', 'neutron:router_id': '20f92976-de73-40f5-8c9b-92c212e793cb'}),), if_exists=True) {{(pid=87035) do_commit /opt/stack/data/venv/lib/python3.12/site-packages/ovsdbapp/backend/ovs_idl/transaction.py:89}}
May 25 06:05:09.029174 np0000001367 devstack@neutron-api.service[87035]: DEBUG ovsdbapp.backend.ovs_idl.transaction [None req-f47b7f14-4bf1-4470-a22e-954c6b189793 None None] Running txn n=1 command(idx=1): HAChassisGroupAddChassisCommand(_result=None, hcg=neutron-bb4edc5f-07a9-4f54-8d24-e0f848d63d9f, chassis=f94b8cad-e4c4-4f88-a25f-8fb9773c8201, priority=1, columns={}) {{(pid=87035) do_commit /opt/stack/data/venv/lib/python3.12/site-packages/ovsdbapp/backend/ovs_idl/transaction.py:89}}
May 25 06:05:09.029413 np0000001367 devstack@neutron-api.service[87035]: DEBUG ovsdbapp.backend.ovs_idl.transaction [None req-f47b7f14-4bf1-4470-a22e-954c6b189793 None None] Transaction caused no change {{(pid=87035) do_commit /opt/stack/data/venv/lib/python3.12/site-packages/ovsdbapp/backend/ovs_idl/transaction.py:129}}
May 25 06:05:09.087090 np0000001367 devstack@neutron-api.service[87035]: DEBUG ovsdbapp.backend.ovs_idl.transaction [None req-f47b7f14-4bf1-4470-a22e-954c6b189793 None None] Running txn n=1 command(idx=0): CheckRevisionNumberCommand(_result=None, name=lrp-a5c4c6c1-0f0a-4a3a-a171-4c96f8d82eb0, resource={'id': 'a5c4c6c1-0f0a-4a3a-a171-4c96f8d82eb0', 'name': '', 'network_id': 'bb4edc5f-07a9-4f54-8d24-e0f848d63d9f', 'project_id': '4b322210e3ac48eb8ca873dbb7024062', 'mac_address': 'fa:16:3e:59:6c:85', 'admin_state_up': True, 'status': 'ACTIVE', 'device_id': '20f92976-de73-40f5-8c9b-92c212e793cb', 'device_owner': 'network:router_interface', 'standard_attr_id': 24, 'fixed_ips': [{'subnet_id': '76273f42-2e52-48e4-9858-ba74045239f8', 'ip_address': 'fdad:b5cc:2630::1'}], 'allowed_address_pairs': [], 'extra_dhcp_opts': [], 'security_groups': [], 'description': '', 'binding:vnic_type': 'normal', 'binding:profile': {}, 'binding:host_id': '', 'binding:vif_type': 'unbound', 'binding:vif_details': {}, 'port_security_enabled': False, 'tags': [], 'created_at': '2026-05-25T06:05:00Z', 'updated_at': '2026-05-25T06:05:03Z', 'revision_number': 2, 'tenant_id': '4b322210e3ac48eb8ca873dbb7024062'}, resource_type=router_ports, if_exists=True) {{(pid=87035) do_commit /opt/stack/data/venv/lib/python3.12/site-packages/ovsdbapp/backend/ovs_idl/transaction.py:89}}
May 25 06:05:09.087090 np0000001367 devstack@neutron-api.service[87035]: DEBUG ovsdbapp.backend.ovs_idl.transaction [None req-f47b7f14-4bf1-4470-a22e-954c6b189793 None None] Running txn n=1 command(idx=1): UpdateLRouterPortCommand(_result=None, name=lrp-a5c4c6c1-0f0a-4a3a-a171-4c96f8d82eb0, columns={'external_ids': {'neutron:revision_number': '2', 'neutron:subnet_ids': '76273f42-2e52-48e4-9858-ba74045239f8', 'neutron:network_name': 'neutron-bb4edc5f-07a9-4f54-8d24-e0f848d63d9f', 'neutron:is_ext_gw': 'False', 'neutron:router_name': 'neutron-20f92976-de73-40f5-8c9b-92c212e793cb'}, 'options': {}, 'networks': ['fdad:b5cc:2630::1/64'], 'ipv6_ra_configs': {'address_mode': 'slaac', 'send_periodic': 'true', 'mtu': '1372'}}, if_exists=False) {{(pid=87035) do_commit /opt/stack/data/venv/lib/python3.12/site-packages/ovsdbapp/backend/ovs_idl/transaction.py:89}}
May 25 06:05:09.087090 np0000001367 devstack@neutron-api.service[87035]: DEBUG ovsdbapp.backend.ovs_idl.transaction [None req-f47b7f14-4bf1-4470-a22e-954c6b189793 None None] Running txn n=1 command(idx=2): SetLRouterPortInLSwitchPortCommand(_result=None, lswitch_port=a5c4c6c1-0f0a-4a3a-a171-4c96f8d82eb0, lrouter_port=lrp-a5c4c6c1-0f0a-4a3a-a171-4c96f8d82eb0, is_gw_port=False, if_exists=True, lsp_address=router) {{(pid=87035) do_commit /opt/stack/data/venv/lib/python3.12/site-packages/ovsdbapp/backend/ovs_idl/transaction.py:89}}
May 25 06:05:09.087090 np0000001367 devstack@neutron-api.service[87035]: DEBUG ovsdbapp.backend.ovs_idl.transaction [None req-f47b7f14-4bf1-4470-a22e-954c6b189793 None None] Transaction caused no change {{(pid=87035) do_commit /opt/stack/data/venv/lib/python3.12/site-packages/ovsdbapp/backend/ovs_idl/transaction.py:129}}
May 25 06:05:09.107042 np0000001367 devstack@neutron-api.service[87034]: WARNING neutron.plugins.ml2.drivers.ovn.mech_driver.ovsdb.ovn_client [None req-5be0ea03-e406-48d1-98c7-66652f276a2a None None] No hosting information found for port a5c4c6c1-0f0a-4a3a-a171-4c96f8d82eb0: RuntimeError: No hosting information found for port a5c4c6c1-0f0a-4a3a-a171-4c96f8d82eb0
May 25 06:05:09.143339 np0000001367 devstack@neutron-api.service[87034]: INFO neutron.common.ovn.utils [None req-5be0ea03-e406-48d1-98c7-66652f276a2a None None] HA Chassis Group neutron-bb4edc5f-07a9-4f54-8d24-e0f848d63d9f synchronized; highest priority chassis f94b8cad-e4c4-4f88-a25f-8fb9773c8201
May 25 06:05:09.144027 np0000001367 devstack@neutron-api.service[87034]: DEBUG ovsdbapp.backend.ovs_idl.transaction [None req-76fbcb29-736a-4a2d-bd06-a95e06b1bde4 None None] Running txn n=1 command(idx=0): DbSetCommand(_result=None, table=HA_Chassis_Group, record=neutron-bb4edc5f-07a9-4f54-8d24-e0f848d63d9f, col_values=(('external_ids', {'neutron:availability_zone_hints': '', 'neutron:network_id': 'bb4edc5f-07a9-4f54-8d24-e0f848d63d9f', 'neutron:router_id': '20f92976-de73-40f5-8c9b-92c212e793cb'}),), if_exists=True) {{(pid=87034) do_commit /opt/stack/data/venv/lib/python3.12/site-packages/ovsdbapp/backend/ovs_idl/transaction.py:89}}
May 25 06:05:09.144316 np0000001367 devstack@neutron-api.service[87034]: DEBUG ovsdbapp.backend.ovs_idl.transaction [None req-76fbcb29-736a-4a2d-bd06-a95e06b1bde4 None None] Running txn n=1 command(idx=1): HAChassisGroupAddChassisCommand(_result=None, hcg=neutron-bb4edc5f-07a9-4f54-8d24-e0f848d63d9f, chassis=f94b8cad-e4c4-4f88-a25f-8fb9773c8201, priority=1, columns={}) {{(pid=87034) do_commit /opt/stack/data/venv/lib/python3.12/site-packages/ovsdbapp/backend/ovs_idl/transaction.py:89}}
May 25 06:05:09.144608 np0000001367 devstack@neutron-api.service[87034]: DEBUG ovsdbapp.backend.ovs_idl.transaction [None req-76fbcb29-736a-4a2d-bd06-a95e06b1bde4 None None] Transaction caused no change {{(pid=87034) do_commit /opt/stack/data/venv/lib/python3.12/site-packages/ovsdbapp/backend/ovs_idl/transaction.py:129}}
May 25 06:05:09.222181 np0000001367 devstack@neutron-api.service[87034]: DEBUG ovsdbapp.backend.ovs_idl.transaction [None req-76fbcb29-736a-4a2d-bd06-a95e06b1bde4 None None] Running txn n=1 command(idx=0): CheckRevisionNumberCommand(_result=None, name=lrp-a5c4c6c1-0f0a-4a3a-a171-4c96f8d82eb0, resource={'id': 'a5c4c6c1-0f0a-4a3a-a171-4c96f8d82eb0', 'name': '', 'network_id': 'bb4edc5f-07a9-4f54-8d24-e0f848d63d9f', 'project_id': '4b322210e3ac48eb8ca873dbb7024062', 'mac_address': 'fa:16:3e:59:6c:85', 'admin_state_up': True, 'status': 'ACTIVE', 'device_id': '20f92976-de73-40f5-8c9b-92c212e793cb', 'device_owner': 'network:router_interface', 'standard_attr_id': 24, 'fixed_ips': [{'subnet_id': '76273f42-2e52-48e4-9858-ba74045239f8', 'ip_address': 'fdad:b5cc:2630::1'}], 'allowed_address_pairs': [], 'extra_dhcp_opts': [], 'security_groups': [], 'description': '', 'binding:vnic_type': 'normal', 'binding:profile': {}, 'binding:host_id': '', 'binding:vif_type': 'unbound', 'binding:vif_details': {}, 'port_security_enabled': False, 'tags': [], 'created_at': '2026-05-25T06:05:00Z', 'updated_at': '2026-05-25T06:05:03Z', 'revision_number': 2, 'tenant_id': '4b322210e3ac48eb8ca873dbb7024062'}, resource_type=router_ports, if_exists=True) {{(pid=87034) do_commit /opt/stack/data/venv/lib/python3.12/site-packages/ovsdbapp/backend/ovs_idl/transaction.py:89}}
May 25 06:05:09.224577 np0000001367 devstack@neutron-api.service[87034]: DEBUG ovsdbapp.backend.ovs_idl.transaction [None req-76fbcb29-736a-4a2d-bd06-a95e06b1bde4 None None] Running txn n=1 command(idx=1): UpdateLRouterPortCommand(_result=None, name=lrp-a5c4c6c1-0f0a-4a3a-a171-4c96f8d82eb0, columns={'external_ids': {'neutron:revision_number': '2', 'neutron:subnet_ids': '76273f42-2e52-48e4-9858-ba74045239f8', 'neutron:network_name': 'neutron-bb4edc5f-07a9-4f54-8d24-e0f848d63d9f', 'neutron:is_ext_gw': 'False', 'neutron:router_name': 'neutron-20f92976-de73-40f5-8c9b-92c212e793cb'}, 'options': {}, 'networks': ['fdad:b5cc:2630::1/64'], 'ipv6_ra_configs': {'address_mode': 'slaac', 'send_periodic': 'true', 'mtu': '1372'}}, if_exists=False) {{(pid=87034) do_commit /opt/stack/data/venv/lib/python3.12/site-packages/ovsdbapp/backend/ovs_idl/transaction.py:89}}
May 25 06:05:09.224577 np0000001367 devstack@neutron-api.service[87034]: DEBUG ovsdbapp.backend.ovs_idl.transaction [None req-76fbcb29-736a-4a2d-bd06-a95e06b1bde4 None None] Running txn n=1 command(idx=2): SetLRouterPortInLSwitchPortCommand(_result=None, lswitch_port=a5c4c6c1-0f0a-4a3a-a171-4c96f8d82eb0, lrouter_port=lrp-a5c4c6c1-0f0a-4a3a-a171-4c96f8d82eb0, is_gw_port=False, if_exists=True, lsp_address=router) {{(pid=87034) do_commit /opt/stack/data/venv/lib/python3.12/site-packages/ovsdbapp/backend/ovs_idl/transaction.py:89}}
May 25 06:05:09.224577 np0000001367 devstack@neutron-api.service[87034]: DEBUG ovsdbapp.backend.ovs_idl.transaction [None req-76fbcb29-736a-4a2d-bd06-a95e06b1bde4 None None] Transaction caused no change {{(pid=87034) do_commit /opt/stack/data/venv/lib/python3.12/site-packages/ovsdbapp/backend/ovs_idl/transaction.py:129}}
May 25 06:05:09.280001 np0000001367 devstack@neutron-api.service[87034]: INFO neutron.common.ovn.utils [None req-5be0ea03-e406-48d1-98c7-66652f276a2a None None] HA Chassis Group neutron-bb4edc5f-07a9-4f54-8d24-e0f848d63d9f synchronized; highest priority chassis f94b8cad-e4c4-4f88-a25f-8fb9773c8201
May 25 06:05:09.281957 np0000001367 devstack@neutron-api.service[87034]: DEBUG ovsdbapp.backend.ovs_idl.transaction [None req-76fbcb29-736a-4a2d-bd06-a95e06b1bde4 None None] Running txn n=1 command(idx=0): DbSetCommand(_result=None, table=HA_Chassis_Group, record=neutron-bb4edc5f-07a9-4f54-8d24-e0f848d63d9f, col_values=(('external_ids', {'neutron:availability_zone_hints': '', 'neutron:network_id': 'bb4edc5f-07a9-4f54-8d24-e0f848d63d9f', 'neutron:router_id': '20f92976-de73-40f5-8c9b-92c212e793cb'}),), if_exists=True) {{(pid=87034) do_commit /opt/stack/data/venv/lib/python3.12/site-packages/ovsdbapp/backend/ovs_idl/transaction.py:89}}
May 25 06:05:09.282275 np0000001367 devstack@neutron-api.service[87034]: DEBUG ovsdbapp.backend.ovs_idl.transaction [None req-76fbcb29-736a-4a2d-bd06-a95e06b1bde4 None None] Running txn n=1 command(idx=1): HAChassisGroupAddChassisCommand(_result=None, hcg=neutron-bb4edc5f-07a9-4f54-8d24-e0f848d63d9f, chassis=f94b8cad-e4c4-4f88-a25f-8fb9773c8201, priority=1, columns={}) {{(pid=87034) do_commit /opt/stack/data/venv/lib/python3.12/site-packages/ovsdbapp/backend/ovs_idl/transaction.py:89}}
May 25 06:05:09.282694 np0000001367 devstack@neutron-api.service[87034]: DEBUG ovsdbapp.backend.ovs_idl.transaction [None req-76fbcb29-736a-4a2d-bd06-a95e06b1bde4 None None] Transaction caused no change {{(pid=87034) do_commit /opt/stack/data/venv/lib/python3.12/site-packages/ovsdbapp/backend/ovs_idl/transaction.py:129}}
May 25 06:05:09.328473 np0000001367 devstack@neutron-api.service[87034]: INFO neutron.common.ovn.utils [None req-5be0ea03-e406-48d1-98c7-66652f276a2a None None] HA Chassis Group neutron-bb4edc5f-07a9-4f54-8d24-e0f848d63d9f synchronized; highest priority chassis f94b8cad-e4c4-4f88-a25f-8fb9773c8201
May 25 06:05:09.329158 np0000001367 devstack@neutron-api.service[87034]: DEBUG ovsdbapp.backend.ovs_idl.transaction [None req-76fbcb29-736a-4a2d-bd06-a95e06b1bde4 None None] Running txn n=1 command(idx=0): DbSetCommand(_result=None, table=HA_Chassis_Group, record=neutron-bb4edc5f-07a9-4f54-8d24-e0f848d63d9f, col_values=(('external_ids', {'neutron:availability_zone_hints': '', 'neutron:network_id': 'bb4edc5f-07a9-4f54-8d24-e0f848d63d9f', 'neutron:router_id': '20f92976-de73-40f5-8c9b-92c212e793cb'}),), if_exists=True) {{(pid=87034) do_commit /opt/stack/data/venv/lib/python3.12/site-packages/ovsdbapp/backend/ovs_idl/transaction.py:89}}
May 25 06:05:09.329466 np0000001367 devstack@neutron-api.service[87034]: DEBUG ovsdbapp.backend.ovs_idl.transaction [None req-76fbcb29-736a-4a2d-bd06-a95e06b1bde4 None None] Running txn n=1 command(idx=1): HAChassisGroupAddChassisCommand(_result=None, hcg=neutron-bb4edc5f-07a9-4f54-8d24-e0f848d63d9f, chassis=f94b8cad-e4c4-4f88-a25f-8fb9773c8201, priority=1, columns={}) {{(pid=87034) do_commit /opt/stack/data/venv/lib/python3.12/site-packages/ovsdbapp/backend/ovs_idl/transaction.py:89}}
May 25 06:05:09.329765 np0000001367 devstack@neutron-api.service[87034]: DEBUG ovsdbapp.backend.ovs_idl.transaction [None req-76fbcb29-736a-4a2d-bd06-a95e06b1bde4 None None] Transaction caused no change {{(pid=87034) do_commit /opt/stack/data/venv/lib/python3.12/site-packages/ovsdbapp/backend/ovs_idl/transaction.py:129}}
May 25 06:05:09.385927 np0000001367 devstack@neutron-api.service[87034]: DEBUG ovsdbapp.backend.ovs_idl.transaction [None req-76fbcb29-736a-4a2d-bd06-a95e06b1bde4 None None] Running txn n=1 command(idx=0): CheckRevisionNumberCommand(_result=None, name=lrp-a5c4c6c1-0f0a-4a3a-a171-4c96f8d82eb0, resource={'id': 'a5c4c6c1-0f0a-4a3a-a171-4c96f8d82eb0', 'name': '', 'network_id': 'bb4edc5f-07a9-4f54-8d24-e0f848d63d9f', 'project_id': '4b322210e3ac48eb8ca873dbb7024062', 'mac_address': 'fa:16:3e:59:6c:85', 'admin_state_up': True, 'status': 'ACTIVE', 'device_id': '20f92976-de73-40f5-8c9b-92c212e793cb', 'device_owner': 'network:router_interface', 'standard_attr_id': 24, 'fixed_ips': [{'subnet_id': '76273f42-2e52-48e4-9858-ba74045239f8', 'ip_address': 'fdad:b5cc:2630::1'}], 'allowed_address_pairs': [], 'extra_dhcp_opts': [], 'security_groups': [], 'description': '', 'binding:vnic_type': 'normal', 'binding:profile': {}, 'binding:host_id': '', 'binding:vif_type': 'unbound', 'binding:vif_details': {}, 'port_security_enabled': False, 'tags': [], 'created_at': '2026-05-25T06:05:00Z', 'updated_at': '2026-05-25T06:05:03Z', 'revision_number': 2, 'tenant_id': '4b322210e3ac48eb8ca873dbb7024062'}, resource_type=router_ports, if_exists=True) {{(pid=87034) do_commit /opt/stack/data/venv/lib/python3.12/site-packages/ovsdbapp/backend/ovs_idl/transaction.py:89}}
May 25 06:05:09.386248 np0000001367 devstack@neutron-api.service[87034]: DEBUG ovsdbapp.backend.ovs_idl.transaction [None req-76fbcb29-736a-4a2d-bd06-a95e06b1bde4 None None] Running txn n=1 command(idx=1): UpdateLRouterPortCommand(_result=None, name=lrp-a5c4c6c1-0f0a-4a3a-a171-4c96f8d82eb0, columns={'external_ids': {'neutron:revision_number': '2', 'neutron:subnet_ids': '76273f42-2e52-48e4-9858-ba74045239f8', 'neutron:network_name': 'neutron-bb4edc5f-07a9-4f54-8d24-e0f848d63d9f', 'neutron:is_ext_gw': 'False', 'neutron:router_name': 'neutron-20f92976-de73-40f5-8c9b-92c212e793cb'}, 'options': {}, 'networks': ['fdad:b5cc:2630::1/64'], 'ipv6_ra_configs': {'address_mode': 'slaac', 'send_periodic': 'true', 'mtu': '1372'}}, if_exists=False) {{(pid=87034) do_commit /opt/stack/data/venv/lib/python3.12/site-packages/ovsdbapp/backend/ovs_idl/transaction.py:89}}
May 25 06:05:09.386702 np0000001367 devstack@neutron-api.service[87034]: DEBUG ovsdbapp.backend.ovs_idl.transaction [None req-76fbcb29-736a-4a2d-bd06-a95e06b1bde4 None None] Running txn n=1 command(idx=2): SetLRouterPortInLSwitchPortCommand(_result=None, lswitch_port=a5c4c6c1-0f0a-4a3a-a171-4c96f8d82eb0, lrouter_port=lrp-a5c4c6c1-0f0a-4a3a-a171-4c96f8d82eb0, is_gw_port=False, if_exists=True, lsp_address=router) {{(pid=87034) do_commit /opt/stack/data/venv/lib/python3.12/site-packages/ovsdbapp/backend/ovs_idl/transaction.py:89}}
May 25 06:05:09.387152 np0000001367 devstack@neutron-api.service[87034]: DEBUG ovsdbapp.backend.ovs_idl.transaction [None req-76fbcb29-736a-4a2d-bd06-a95e06b1bde4 None None] Transaction caused no change {{(pid=87034) do_commit /opt/stack/data/venv/lib/python3.12/site-packages/ovsdbapp/backend/ovs_idl/transaction.py:129}}
May 25 06:05:14.058583 np0000001367 devstack@neutron-api.service[87034]: DEBUG futurist.periodics [-] Submitting periodic callback 'neutron.plugins.ml2.drivers.ovn.mech_driver.ovsdb.maintenance.HashRingHealthCheckPeriodics.touch_hash_ring_node' {{(pid=87034) _process_scheduled /opt/stack/data/venv/lib/python3.12/site-packages/futurist/periodics.py:784}}
May 25 06:05:14.059032 np0000001367 devstack@neutron-api.service[87034]: DEBUG neutron.plugins.ml2.drivers.ovn.mech_driver.ovsdb.maintenance [-] Touching Hash Ring node "ed686865f98f535cb2b970bdbe937406" from periodic health check thread {{(pid=87034) touch_hash_ring_node /opt/stack/neutron/neutron/plugins/ml2/drivers/ovn/mech_driver/ovsdb/maintenance.py:1466}}
May 25 06:05:14.949843 np0000001367 devstack@neutron-api.service[87035]: DEBUG futurist.periodics [-] Submitting periodic callback 'neutron.plugins.ml2.drivers.ovn.mech_driver.ovsdb.maintenance.HashRingHealthCheckPeriodics.touch_hash_ring_node' {{(pid=87035) _process_scheduled /opt/stack/data/venv/lib/python3.12/site-packages/futurist/periodics.py:784}}
May 25 06:05:14.950205 np0000001367 devstack@neutron-api.service[87035]: DEBUG neutron.plugins.ml2.drivers.ovn.mech_driver.ovsdb.maintenance [-] Touching Hash Ring node "15eea9b084db5974aff9ebcae713674b" from periodic health check thread {{(pid=87035) touch_hash_ring_node /opt/stack/neutron/neutron/plugins/ml2/drivers/ovn/mech_driver/ovsdb/maintenance.py:1466}}
May 25 06:05:24.064244 np0000001367 devstack@neutron-api.service[87034]: DEBUG dbcounter [-] [87034] Writing DB stats neutron:SELECT=2125,neutron:INSERT=704,neutron:DELETE=12,neutron:UPDATE=90 {{(pid=87034) stat_writer /opt/stack/data/venv/lib/python3.12/site-packages/dbcounter.py:115}}
May 25 06:05:24.957018 np0000001367 devstack@neutron-api.service[87035]: DEBUG dbcounter [-] [87035] Writing DB stats neutron:SELECT=3946,neutron:INSERT=97,neutron:DELETE=15,neutron:UPDATE=89 {{(pid=87035) stat_writer /opt/stack/data/venv/lib/python3.12/site-packages/dbcounter.py:115}}
May 25 06:05:29.059865 np0000001367 devstack@neutron-api.service[87034]: DEBUG futurist.periodics [-] Submitting periodic callback 'neutron.plugins.ml2.drivers.ovn.mech_driver.ovsdb.maintenance.HashRingHealthCheckPeriodics.touch_hash_ring_node' {{(pid=87034) _process_scheduled /opt/stack/data/venv/lib/python3.12/site-packages/futurist/periodics.py:784}}
May 25 06:05:29.060369 np0000001367 devstack@neutron-api.service[87034]: DEBUG neutron.plugins.ml2.drivers.ovn.mech_driver.ovsdb.maintenance [-] Touching Hash Ring node "ed686865f98f535cb2b970bdbe937406" from periodic health check thread {{(pid=87034) touch_hash_ring_node /opt/stack/neutron/neutron/plugins/ml2/drivers/ovn/mech_driver/ovsdb/maintenance.py:1466}}
May 25 06:05:29.950351 np0000001367 devstack@neutron-api.service[87035]: DEBUG futurist.periodics [-] Submitting periodic callback 'neutron.plugins.ml2.drivers.ovn.mech_driver.ovsdb.maintenance.HashRingHealthCheckPeriodics.touch_hash_ring_node' {{(pid=87035) _process_scheduled /opt/stack/data/venv/lib/python3.12/site-packages/futurist/periodics.py:784}}
May 25 06:05:29.950921 np0000001367 devstack@neutron-api.service[87035]: DEBUG neutron.plugins.ml2.drivers.ovn.mech_driver.ovsdb.maintenance [-] Touching Hash Ring node "15eea9b084db5974aff9ebcae713674b" from periodic health check thread {{(pid=87035) touch_hash_ring_node /opt/stack/neutron/neutron/plugins/ml2/drivers/ovn/mech_driver/ovsdb/maintenance.py:1466}}
May 25 06:05:39.067704 np0000001367 devstack@neutron-api.service[87034]: DEBUG dbcounter [-] [87034] Writing DB stats neutron:UPDATE=1,neutron:SELECT=1 {{(pid=87034) stat_writer /opt/stack/data/venv/lib/python3.12/site-packages/dbcounter.py:115}}
May 25 06:05:39.957380 np0000001367 devstack@neutron-api.service[87035]: DEBUG dbcounter [-] [87035] Writing DB stats neutron:UPDATE=1,neutron:SELECT=1 {{(pid=87035) stat_writer /opt/stack/data/venv/lib/python3.12/site-packages/dbcounter.py:115}}
May 25 06:05:44.060338 np0000001367 devstack@neutron-api.service[87034]: DEBUG futurist.periodics [-] Submitting periodic callback 'neutron.plugins.ml2.drivers.ovn.mech_driver.ovsdb.maintenance.HashRingHealthCheckPeriodics.touch_hash_ring_node' {{(pid=87034) _process_scheduled /opt/stack/data/venv/lib/python3.12/site-packages/futurist/periodics.py:784}}
May 25 06:05:44.060789 np0000001367 devstack@neutron-api.service[87034]: DEBUG neutron.plugins.ml2.drivers.ovn.mech_driver.ovsdb.maintenance [-] Touching Hash Ring node "ed686865f98f535cb2b970bdbe937406" from periodic health check thread {{(pid=87034) touch_hash_ring_node /opt/stack/neutron/neutron/plugins/ml2/drivers/ovn/mech_driver/ovsdb/maintenance.py:1466}}
May 25 06:05:44.950806 np0000001367 devstack@neutron-api.service[87035]: DEBUG futurist.periodics [-] Submitting periodic callback 'neutron.plugins.ml2.drivers.ovn.mech_driver.ovsdb.maintenance.HashRingHealthCheckPeriodics.touch_hash_ring_node' {{(pid=87035) _process_scheduled /opt/stack/data/venv/lib/python3.12/site-packages/futurist/periodics.py:784}}
May 25 06:05:44.952131 np0000001367 devstack@neutron-api.service[87035]: DEBUG neutron.plugins.ml2.drivers.ovn.mech_driver.ovsdb.maintenance [-] Touching Hash Ring node "15eea9b084db5974aff9ebcae713674b" from periodic health check thread {{(pid=87035) touch_hash_ring_node /opt/stack/neutron/neutron/plugins/ml2/drivers/ovn/mech_driver/ovsdb/maintenance.py:1466}}
May 25 06:05:54.065905 np0000001367 devstack@neutron-api.service[87034]: DEBUG dbcounter [-] [87034] Writing DB stats neutron:UPDATE=1,neutron:SELECT=1 {{(pid=87034) stat_writer /opt/stack/data/venv/lib/python3.12/site-packages/dbcounter.py:115}}
May 25 06:05:54.958508 np0000001367 devstack@neutron-api.service[87035]: DEBUG dbcounter [-] [87035] Writing DB stats neutron:UPDATE=1,neutron:SELECT=1 {{(pid=87035) stat_writer /opt/stack/data/venv/lib/python3.12/site-packages/dbcounter.py:115}}
May 25 06:05:59.060942 np0000001367 devstack@neutron-api.service[87034]: DEBUG futurist.periodics [-] Submitting periodic callback 'neutron.plugins.ml2.drivers.ovn.mech_driver.ovsdb.maintenance.HashRingHealthCheckPeriodics.touch_hash_ring_node' {{(pid=87034) _process_scheduled /opt/stack/data/venv/lib/python3.12/site-packages/futurist/periodics.py:784}}
May 25 06:05:59.061366 np0000001367 devstack@neutron-api.service[87034]: DEBUG neutron.plugins.ml2.drivers.ovn.mech_driver.ovsdb.maintenance [-] Touching Hash Ring node "ed686865f98f535cb2b970bdbe937406" from periodic health check thread {{(pid=87034) touch_hash_ring_node /opt/stack/neutron/neutron/plugins/ml2/drivers/ovn/mech_driver/ovsdb/maintenance.py:1466}}
May 25 06:05:59.951475 np0000001367 devstack@neutron-api.service[87035]: DEBUG futurist.periodics [-] Submitting periodic callback 'neutron.plugins.ml2.drivers.ovn.mech_driver.ovsdb.maintenance.HashRingHealthCheckPeriodics.touch_hash_ring_node' {{(pid=87035) _process_scheduled /opt/stack/data/venv/lib/python3.12/site-packages/futurist/periodics.py:784}}
May 25 06:05:59.953118 np0000001367 devstack@neutron-api.service[87035]: DEBUG neutron.plugins.ml2.drivers.ovn.mech_driver.ovsdb.maintenance [-] Touching Hash Ring node "15eea9b084db5974aff9ebcae713674b" from periodic health check thread {{(pid=87035) touch_hash_ring_node /opt/stack/neutron/neutron/plugins/ml2/drivers/ovn/mech_driver/ovsdb/maintenance.py:1466}}
May 25 06:06:01.246607 np0000001367 devstack@neutron-api.service[87034]: DEBUG neutron.api.wsgi [None req-f6a77e2d-4481-485f-8113-fa2c76ee574c admin admin] Missing Content-Type {{(pid=87034) get_content_type /opt/stack/neutron/neutron/api/wsgi.py:80}}
May 25 06:06:01.246607 np0000001367 devstack@neutron-api.service[87034]: DEBUG neutron.api.wsgi [None req-f6a77e2d-4481-485f-8113-fa2c76ee574c admin admin] https://10.4.3.116/networking/v2.0/extensions returned with HTTP 200 {{(pid=87034) __call__ /opt/stack/neutron/neutron/api/wsgi.py:540}}
May 25 06:06:01.247062 np0000001367 devstack@neutron-api.service[87034]: [pid: 87034|app: 0|req: 18/34] 10.4.3.116 () {64 vars in 1292 bytes} [Mon May 25 06:06:01 2026] GET /networking/v2.0/extensions => generated 15209 bytes in 3 msecs (HTTP/1.1 200) 4 headers in 159 bytes (1 switches on core 0)
May 25 06:06:01.477574 np0000001367 devstack@neutron-api.service[87035]: INFO neutron.pecan_wsgi.hooks.translation [None req-b4e6b093-273c-4331-b655-a8939d463485 admin admin] GET failed (client error): The resource could not be found.
May 25 06:06:01.478169 np0000001367 devstack@neutron-api.service[87035]: [pid: 87035|app: 0|req: 17/35] 10.4.3.116 () {64 vars in 1294 bytes} [Mon May 25 06:06:01 2026] GET /networking/v2.0/networks/public => generated 108 bytes in 7 msecs (HTTP/1.1 404) 4 headers in 164 bytes (1 switches on core 0)
May 25 06:06:01.516710 np0000001367 devstack@neutron-api.service[87034]: DEBUG neutron.pecan_wsgi.hooks.policy_enforcement [None req-c01db59c-e8fa-4c42-a55d-8f3da9823d31 admin admin] Attributes excluded by policy engine: ['standard_attr_id'] {{(pid=87034) _exclude_attributes_by_policy /opt/stack/neutron/neutron/pecan_wsgi/hooks/policy_enforcement.py:256}}
May 25 06:06:01.517394 np0000001367 devstack@neutron-api.service[87034]: [pid: 87034|app: 0|req: 19/36] 10.4.3.116 () {64 vars in 1309 bytes} [Mon May 25 06:06:01 2026] GET /networking/v2.0/networks?name=public => generated 759 bytes in 33 msecs (HTTP/1.1 200) 4 headers in 157 bytes (1 switches on core 0)
May 25 06:06:01.684068 np0000001367 devstack@neutron-api.service[87035]: DEBUG neutron.api.v2.base [None req-8001e9a9-48b1-418a-b207-183b942521ed admin admin] Request body: {'network': {'admin_state_up': True, 'name': 'shared', 'shared': True}} {{(pid=87035) prepare_request_body /opt/stack/neutron/neutron/api/v2/base.py:727}}
May 25 06:06:01.695170 np0000001367 devstack@neutron-api.service[87035]: DEBUG neutron.pecan_wsgi.hooks.quota_enforcement [None req-8001e9a9-48b1-418a-b207-183b942521ed admin admin] Made reservation on behalf of 4b322210e3ac48eb8ca873dbb7024062 for: {'network': 1} {{(pid=87035) before /opt/stack/neutron/neutron/pecan_wsgi/hooks/quota_enforcement.py:66}}
May 25 06:06:01.697541 np0000001367 devstack@neutron-api.service[87035]: DEBUG neutron_lib.callbacks.manager [None req-8001e9a9-48b1-418a-b207-183b942521ed admin admin] Publish callbacks ['neutron.plugins.ml2.plugin.SecurityGroupDbMixin._ensure_default_security_group_handler-5108'] for network (None), before_create {{(pid=87035) _notify_loop /opt/stack/data/venv/lib/python3.12/site-packages/neutron_lib/callbacks/manager.py:184}}
May 25 06:06:01.718784 np0000001367 devstack@neutron-api.service[87035]: WARNING neutron.services.revisions.revision_plugin [None req-8001e9a9-48b1-418a-b207-183b942521ed admin admin] Could not find related network for resource to bump revision.
May 25 06:06:01.752794 np0000001367 devstack@neutron-api.service[87035]: DEBUG neutron.plugins.ml2.drivers.helpers [None req-8001e9a9-48b1-418a-b207-183b942521ed admin admin] geneve segment allocate from pool success with {'geneve_vni': 5099} {{(pid=87035) allocate_partially_specified_segment /opt/stack/neutron/neutron/plugins/ml2/drivers/helpers.py:142}}
May 25 06:06:01.759138 np0000001367 devstack@neutron-api.service[87035]: DEBUG neutron_lib.callbacks.manager [None req-8001e9a9-48b1-418a-b207-183b942521ed admin admin] Publish callbacks ['neutron.services.segments.db._add_segment_host_mapping_for_segment-8046878665358', 'neutron.plugins.ml2.plugin.Ml2Plugin._handle_segment_change-905472'] for segment (213ac5be-e4f1-4d86-ae66-6b458f390175), precommit_create {{(pid=87035) _notify_loop /opt/stack/data/venv/lib/python3.12/site-packages/neutron_lib/callbacks/manager.py:184}}
May 25 06:06:01.759282 np0000001367 devstack@neutron-api.service[87035]: INFO neutron.db.segments_db [None req-8001e9a9-48b1-418a-b207-183b942521ed admin admin] Added segment 213ac5be-e4f1-4d86-ae66-6b458f390175 of type geneve for network b5be0735-50d3-49a6-987a-932a46185c6f
May 25 06:06:01.772248 np0000001367 devstack@neutron-api.service[87035]: DEBUG neutron_lib.callbacks.manager [None req-8001e9a9-48b1-418a-b207-183b942521ed admin admin] Publish callbacks ['neutron.services.auto_allocate.db._ensure_external_network_default_value_callback-8046877481294'] for network (b5be0735-50d3-49a6-987a-932a46185c6f), precommit_create {{(pid=87035) _notify_loop /opt/stack/data/venv/lib/python3.12/site-packages/neutron_lib/callbacks/manager.py:184}}
May 25 06:06:01.782319 np0000001367 devstack@neutron-api.service[87035]: DEBUG neutron.plugins.ml2.drivers.ovn.mech_driver.mech_driver [None req-8001e9a9-48b1-418a-b207-183b942521ed admin admin] Validating network segment with type geneve, segmentation ID 5099, physical network None {{(pid=87035) _validate_network_segments /opt/stack/neutron/neutron/plugins/ml2/drivers/ovn/mech_driver/mech_driver.py:641}}
May 25 06:06:01.782474 np0000001367 devstack@neutron-api.service[87035]: DEBUG neutron.db.ovn_revision_numbers_db [None req-8001e9a9-48b1-418a-b207-183b942521ed admin admin] create_initial_revision uuid=b5be0735-50d3-49a6-987a-932a46185c6f, type=networks, rev=-1 {{(pid=87035) create_initial_revision /opt/stack/neutron/neutron/db/ovn_revision_numbers_db.py:98}}
May 25 06:06:01.788134 np0000001367 devstack@neutron-api.service[87035]: DEBUG neutron_lib.callbacks.manager [None req-8001e9a9-48b1-418a-b207-183b942521ed admin admin] Publish callbacks ['neutron.plugins.ml2.ovo_rpc._ObjectChangeHandler.handle_event-1238381'] for network (b5be0735-50d3-49a6-987a-932a46185c6f), after_create {{(pid=87035) _notify_loop /opt/stack/data/venv/lib/python3.12/site-packages/neutron_lib/callbacks/manager.py:184}}
May 25 06:06:01.800525 np0000001367 devstack@neutron-api.service[87035]: DEBUG neutron.api.rpc.handlers.resources_rpc [None req-8001e9a9-48b1-418a-b207-183b942521ed admin admin] Pushing event updated for resources: {'Network': ['ID=b5be0735-50d3-49a6-987a-932a46185c6f,revision_number=1']} {{(pid=87035) push /opt/stack/neutron/neutron/api/rpc/handlers/resources_rpc.py:237}}
May 25 06:06:01.804182 np0000001367 devstack@neutron-api.service[87035]: DEBUG ovsdbapp.backend.ovs_idl.transaction [None req-f47b7f14-4bf1-4470-a22e-954c6b189793 None None] Running txn n=1 command(idx=0): CheckLivenessCommand(_result=None) {{(pid=87035) do_commit /opt/stack/data/venv/lib/python3.12/site-packages/ovsdbapp/backend/ovs_idl/transaction.py:89}}
May 25 06:06:01.811884 np0000001367 devstack@neutron-api.service[87034]: DEBUG neutron.plugins.ml2.drivers.ovn.mech_driver.ovsdb.ovsdb_monitor [None req-0b86810f-a908-458a-a27d-61ccbce22cbc None None] ChassisAgentWriteEvent : Matched Chassis_Private, update, None None {{(pid=87034) matches /opt/stack/neutron/neutron/plugins/ml2/drivers/ovn/mech_driver/ovsdb/ovsdb_monitor.py:64}}
May 25 06:06:01.813439 np0000001367 devstack@neutron-api.service[87035]: DEBUG neutron.plugins.ml2.drivers.ovn.mech_driver.ovsdb.ovsdb_monitor [None req-66875d18-7407-41ed-91fe-494b9a73bc80 None None] ChassisAgentWriteEvent : Matched Chassis_Private, update, None None {{(pid=87035) matches /opt/stack/neutron/neutron/plugins/ml2/drivers/ovn/mech_driver/ovsdb/ovsdb_monitor.py:64}}
May 25 06:06:01.820784 np0000001367 devstack@neutron-api.service[87035]: DEBUG neutron.common.ovn.hash_ring_manager [None req-f47b7f14-4bf1-4470-a22e-954c6b189793 None None] Hash Ring loaded. 2 active nodes. 0 offline nodes {{(pid=87035) _load_hash_ring /opt/stack/neutron/neutron/common/ovn/hash_ring_manager.py:102}}
May 25 06:06:01.822067 np0000001367 devstack@neutron-api.service[87034]: DEBUG neutron.common.ovn.hash_ring_manager [None req-76fbcb29-736a-4a2d-bd06-a95e06b1bde4 None None] Hash Ring loaded. 2 active nodes. 0 offline nodes {{(pid=87034) _load_hash_ring /opt/stack/neutron/neutron/common/ovn/hash_ring_manager.py:102}}
May 25 06:06:01.822304 np0000001367 devstack@neutron-api.service[87034]: DEBUG neutron.plugins.ml2.drivers.ovn.mech_driver.ovsdb.ovsdb_monitor [None req-76fbcb29-736a-4a2d-bd06-a95e06b1bde4 None None] Hash Ring: Node ed686865f98f535cb2b970bdbe937406 (host: np0000001367) handling event "update" for row 7ec1901f-1aac-4ed9-9015-03c560c501af (table: NB_Global) {{(pid=87034) notify /opt/stack/neutron/neutron/plugins/ml2/drivers/ovn/mech_driver/ovsdb/ovsdb_monitor.py:986}}
May 25 06:06:01.822843 np0000001367 devstack@neutron-api.service[87034]: DEBUG neutron.common.ovn.hash_ring_manager [None req-0b86810f-a908-458a-a27d-61ccbce22cbc None None] Hash Ring loaded. 2 active nodes. 0 offline nodes {{(pid=87034) _load_hash_ring /opt/stack/neutron/neutron/common/ovn/hash_ring_manager.py:102}}
May 25 06:06:01.823447 np0000001367 devstack@neutron-api.service[87034]: DEBUG neutron.plugins.ml2.drivers.ovn.mech_driver.ovsdb.ovsdb_monitor [None req-0b86810f-a908-458a-a27d-61ccbce22cbc None None] Hash Ring: Node ed686865f98f535cb2b970bdbe937406 (host: np0000001367) handling event "update" for row 30153f68-b18e-420d-8dea-390ea2f030bc (table: Chassis_Private) {{(pid=87034) notify /opt/stack/neutron/neutron/plugins/ml2/drivers/ovn/mech_driver/ovsdb/ovsdb_monitor.py:986}}
May 25 06:06:01.823789 np0000001367 devstack@neutron-api.service[87035]: DEBUG neutron.common.ovn.hash_ring_manager [None req-66875d18-7407-41ed-91fe-494b9a73bc80 None None] Hash Ring loaded. 2 active nodes. 0 offline nodes {{(pid=87035) _load_hash_ring /opt/stack/neutron/neutron/common/ovn/hash_ring_manager.py:102}}
May 25 06:06:01.823919 np0000001367 devstack@neutron-api.service[87034]: DEBUG neutron.plugins.ml2.drivers.ovn.mech_driver.ovsdb.ovsdb_monitor [None req-76fbcb29-736a-4a2d-bd06-a95e06b1bde4 None None] Hash Ring: Node ed686865f98f535cb2b970bdbe937406 (host: np0000001367) handling event "update" for row 7ec1901f-1aac-4ed9-9015-03c560c501af (table: NB_Global) {{(pid=87034) notify /opt/stack/neutron/neutron/plugins/ml2/drivers/ovn/mech_driver/ovsdb/ovsdb_monitor.py:986}}
May 25 06:06:01.824678 np0000001367 devstack@neutron-api.service[87034]: DEBUG neutron.plugins.ml2.drivers.ovn.mech_driver.ovsdb.ovsdb_monitor [None req-76fbcb29-736a-4a2d-bd06-a95e06b1bde4 None None] Hash Ring: Node ed686865f98f535cb2b970bdbe937406 (host: np0000001367) handling event "update" for row 7ec1901f-1aac-4ed9-9015-03c560c501af (table: NB_Global) {{(pid=87034) notify /opt/stack/neutron/neutron/plugins/ml2/drivers/ovn/mech_driver/ovsdb/ovsdb_monitor.py:986}}
May 25 06:06:01.825302 np0000001367 devstack@neutron-api.service[87034]: DEBUG neutron.plugins.ml2.drivers.ovn.mech_driver.ovsdb.ovsdb_monitor [None req-76fbcb29-736a-4a2d-bd06-a95e06b1bde4 None None] Hash Ring: Node ed686865f98f535cb2b970bdbe937406 (host: np0000001367) handling event "update" for row 7ec1901f-1aac-4ed9-9015-03c560c501af (table: NB_Global) {{(pid=87034) notify /opt/stack/neutron/neutron/plugins/ml2/drivers/ovn/mech_driver/ovsdb/ovsdb_monitor.py:986}}
May 25 06:06:01.825738 np0000001367 devstack@neutron-api.service[87035]: DEBUG neutron.api.rpc.callbacks.version_manager [None req-8001e9a9-48b1-418a-b207-183b942521ed admin admin] Tracked resource versions report:
May 25 06:06:01.825738 np0000001367 devstack@neutron-api.service[87035]: pushed versions:
May 25 06:06:01.825738 np0000001367 devstack@neutron-api.service[87035]: { 'AddressGroup': {'1.2'},
May 25 06:06:01.825738 np0000001367 devstack@neutron-api.service[87035]: 'Agent': {'1.1'},
May 25 06:06:01.825738 np0000001367 devstack@neutron-api.service[87035]: 'ConntrackHelper': {'1.0'},
May 25 06:06:01.825738 np0000001367 devstack@neutron-api.service[87035]: 'LocalIPAssociation': {'1.0'},
May 25 06:06:01.825738 np0000001367 devstack@neutron-api.service[87035]: 'Log': {'1.0'},
May 25 06:06:01.825738 np0000001367 devstack@neutron-api.service[87035]: 'NDPProxy': {'1.0'},
May 25 06:06:01.825738 np0000001367 devstack@neutron-api.service[87035]: 'Network': {'1.2'},
May 25 06:06:01.825738 np0000001367 devstack@neutron-api.service[87035]: 'Port': {'1.10'},
May 25 06:06:01.825738 np0000001367 devstack@neutron-api.service[87035]: 'PortForwarding': {'1.3'},
May 25 06:06:01.825738 np0000001367 devstack@neutron-api.service[87035]: 'QosPolicy': {'1.10'},
May 25 06:06:01.825738 np0000001367 devstack@neutron-api.service[87035]: 'SecurityGroup': {'1.6'},
May 25 06:06:01.825738 np0000001367 devstack@neutron-api.service[87035]: 'SecurityGroupRule': {'1.3'},
May 25 06:06:01.825738 np0000001367 devstack@neutron-api.service[87035]: 'SubPort': {'1.0'},
May 25 06:06:01.825738 np0000001367 devstack@neutron-api.service[87035]: 'Subnet': {'1.2'},
May 25 06:06:01.825738 np0000001367 devstack@neutron-api.service[87035]: 'Trunk': {'1.1'}}
May 25 06:06:01.825738 np0000001367 devstack@neutron-api.service[87035]: consumer versions:
May 25 06:06:01.825738 np0000001367 devstack@neutron-api.service[87035]: { OVN Neutron agent@np0000001367: {},
May 25 06:06:01.825738 np0000001367 devstack@neutron-api.service[87035]: OVN Controller Gateway agent@np0000001367: {}}
May 25 06:06:01.825738 np0000001367 devstack@neutron-api.service[87035]: {{(pid=87035) report /opt/stack/neutron/neutron/api/rpc/callbacks/version_manager.py:183}}
May 25 06:06:01.833449 np0000001367 devstack@neutron-api.service[87035]: DEBUG ovsdbapp.backend.ovs_idl.transaction [None req-f47b7f14-4bf1-4470-a22e-954c6b189793 None None] Running txn n=1 command(idx=0): AddNetworkCommand(_result=None, network_uuid=b5be0735-50d3-49a6-987a-932a46185c6f, may_exist=True, columns={'external_ids': {'neutron:network_name': 'shared', 'neutron:mtu': '1372', 'neutron:revision_number': '1', 'neutron:availability_zone_hints': '', 'neutron:provnet-network-type': 'geneve'}, 'other_config': {'mcast_snoop': 'false', 'mcast_flood_unregistered': 'false', 'vlan-passthru': 'false'}}) {{(pid=87035) do_commit /opt/stack/data/venv/lib/python3.12/site-packages/ovsdbapp/backend/ovs_idl/transaction.py:89}}
May 25 06:06:01.836318 np0000001367 devstack@neutron-api.service[87034]: DEBUG neutron.plugins.ml2.drivers.ovn.mech_driver.ovsdb.ovsdb_monitor [None req-76fbcb29-736a-4a2d-bd06-a95e06b1bde4 None None] Hash Ring: Node ed686865f98f535cb2b970bdbe937406 (host: np0000001367) handling event "create" for row b5be0735-50d3-49a6-987a-932a46185c6f (table: Logical_Switch) {{(pid=87034) notify /opt/stack/neutron/neutron/plugins/ml2/drivers/ovn/mech_driver/ovsdb/ovsdb_monitor.py:986}}
May 25 06:06:01.838372 np0000001367 devstack@neutron-api.service[87035]: DEBUG neutron.plugins.ml2.drivers.ovn.mech_driver.ovsdb.ovsdb_monitor [None req-66875d18-7407-41ed-91fe-494b9a73bc80 None None] Hash Ring: Node 15eea9b084db5974aff9ebcae713674b (host: np0000001367) handling event "create" for row e9173f32-719b-478e-b59e-7f394ed8641d (table: Datapath_Binding) {{(pid=87035) notify /opt/stack/neutron/neutron/plugins/ml2/drivers/ovn/mech_driver/ovsdb/ovsdb_monitor.py:986}}
May 25 06:06:01.858049 np0000001367 devstack@neutron-api.service[87035]: INFO neutron.db.ovn_revision_numbers_db [None req-8001e9a9-48b1-418a-b207-183b942521ed admin admin] Successfully bumped revision number for resource b5be0735-50d3-49a6-987a-932a46185c6f (type: networks) to 1
May 25 06:06:01.870306 np0000001367 devstack@neutron-api.service[87035]: DEBUG neutron_lib.callbacks.manager [None req-8001e9a9-48b1-418a-b207-183b942521ed admin admin] Publish callbacks ['neutron.plugins.ml2.plugin.SecurityGroupDbMixin._ensure_default_security_group_handler-5108'] for port (None), before_create {{(pid=87035) _notify_loop /opt/stack/data/venv/lib/python3.12/site-packages/neutron_lib/callbacks/manager.py:184}}
May 25 06:06:01.948396 np0000001367 devstack@neutron-api.service[87035]: DEBUG neutron_lib.callbacks.manager [None req-8001e9a9-48b1-418a-b207-183b942521ed admin admin] Publish callbacks ['neutron.plugins.ml2.drivers.ovn.mech_driver.mech_driver.OVNMechanismDriver._validate_allowed_address_pairs-384675'] for allowed_address_pair (3788e447-8993-429d-9bf6-88d51dfd2440), before_create {{(pid=87035) _notify_loop /opt/stack/data/venv/lib/python3.12/site-packages/neutron_lib/callbacks/manager.py:184}}
May 25 06:06:01.949227 np0000001367 devstack@neutron-api.service[87035]: DEBUG neutron_lib.callbacks.manager [None req-8001e9a9-48b1-418a-b207-183b942521ed admin admin] Publish callbacks [] for port (3788e447-8993-429d-9bf6-88d51dfd2440), precommit_create {{(pid=87035) _notify_loop /opt/stack/data/venv/lib/python3.12/site-packages/neutron_lib/callbacks/manager.py:184}}
May 25 06:06:01.949417 np0000001367 devstack@neutron-api.service[87035]: DEBUG neutron.plugins.ml2.drivers.ovn.mech_driver.mech_driver [None req-8001e9a9-48b1-418a-b207-183b942521ed admin admin] No provisioning block for port 3788e447-8993-429d-9bf6-88d51dfd2440 since it does not have a host {{(pid=87035) _is_port_provisioning_required /opt/stack/neutron/neutron/plugins/ml2/drivers/ovn/mech_driver/mech_driver.py:894}}
May 25 06:06:01.949568 np0000001367 devstack@neutron-api.service[87035]: DEBUG neutron.db.ovn_revision_numbers_db [None req-8001e9a9-48b1-418a-b207-183b942521ed admin admin] create_initial_revision uuid=3788e447-8993-429d-9bf6-88d51dfd2440, type=ports, rev=-1 {{(pid=87035) create_initial_revision /opt/stack/neutron/neutron/db/ovn_revision_numbers_db.py:98}}
May 25 06:06:01.974523 np0000001367 devstack@neutron-api.service[87035]: DEBUG neutron_lib.callbacks.manager [None req-8001e9a9-48b1-418a-b207-183b942521ed admin admin] Publish callbacks ['neutron.plugins.ml2.ovo_rpc._ObjectChangeHandler.handle_event-1238210'] for port (3788e447-8993-429d-9bf6-88d51dfd2440), after_create {{(pid=87035) _notify_loop /opt/stack/data/venv/lib/python3.12/site-packages/neutron_lib/callbacks/manager.py:184}}
May 25 06:06:01.999664 np0000001367 devstack@neutron-api.service[87035]: DEBUG neutron.api.rpc.handlers.resources_rpc [None req-8001e9a9-48b1-418a-b207-183b942521ed admin admin] Pushing event updated for resources: {'Port': ['ID=3788e447-8993-429d-9bf6-88d51dfd2440,revision_number=1']} {{(pid=87035) push /opt/stack/neutron/neutron/api/rpc/handlers/resources_rpc.py:237}}
