Jun 11 15:23:43.597485 np0000002636 devstack@g-api.service[98940]: DEBUG glance_store.location [None req-b258b609-4a6d-4aa7-ac54-539b8b394974 tempest-ImageDependencyTests-1054509681 tempest-ImageDependencyTests-1054509681-project-member] Registering scheme swift+https with {'store': , 'location_class': , 'store_entry': 'swift'} {{(pid=98940) register_scheme_map /opt/stack/data/venv/lib/python3.12/site-packages/glance_store/location.py:146}}
Jun 11 15:23:43.597485 np0000002636 devstack@g-api.service[98940]: DEBUG glance_store.location [None req-b258b609-4a6d-4aa7-ac54-539b8b394974 tempest-ImageDependencyTests-1054509681 tempest-ImageDependencyTests-1054509681-project-member] Registering scheme swift with {'store': , 'location_class': , 'store_entry': 'swift'} {{(pid=98940) register_scheme_map /opt/stack/data/venv/lib/python3.12/site-packages/glance_store/location.py:146}}
Jun 11 15:23:43.597485 np0000002636 devstack@g-api.service[98940]: DEBUG glance_store.location [None req-b258b609-4a6d-4aa7-ac54-539b8b394974 tempest-ImageDependencyTests-1054509681 tempest-ImageDependencyTests-1054509681-project-member] Registering scheme swift+https with {'store': , 'location_class': , 'store_entry': 'swift'} {{(pid=98940) register_scheme_map /opt/stack/data/venv/lib/python3.12/site-packages/glance_store/location.py:146}}
Jun 11 15:23:43.598804 np0000002636 devstack@g-api.service[98940]: DEBUG glance_store.location [None req-b258b609-4a6d-4aa7-ac54-539b8b394974 tempest-ImageDependencyTests-1054509681 tempest-ImageDependencyTests-1054509681-project-member] Registering scheme swift with {'store': , 'location_class': , 'store_entry': 'swift'} {{(pid=98940) register_scheme_map /opt/stack/data/venv/lib/python3.12/site-packages/glance_store/location.py:146}}
Jun 11 15:23:43.598804 np0000002636 devstack@g-api.service[98940]: DEBUG glance_store.location [None req-b258b609-4a6d-4aa7-ac54-539b8b394974 tempest-ImageDependencyTests-1054509681 tempest-ImageDependencyTests-1054509681-project-member] Registering scheme swift+http with {'store': , 'location_class': , 'store_entry': 'swift'} {{(pid=98940) register_scheme_map /opt/stack/data/venv/lib/python3.12/site-packages/glance_store/location.py:146}}
Jun 11 15:23:43.598804 np0000002636 devstack@g-api.service[98940]: DEBUG glance_store.location [None req-b258b609-4a6d-4aa7-ac54-539b8b394974 tempest-ImageDependencyTests-1054509681 tempest-ImageDependencyTests-1054509681-project-member] Registering scheme swift+https with {'store': , 'location_class': , 'store_entry': 'swift'} {{(pid=98940) register_scheme_map /opt/stack/data/venv/lib/python3.12/site-packages/glance_store/location.py:146}}
Jun 11 15:23:43.598804 np0000002636 devstack@g-api.service[98940]: DEBUG glance_store.location [None req-b258b609-4a6d-4aa7-ac54-539b8b394974 tempest-ImageDependencyTests-1054509681 tempest-ImageDependencyTests-1054509681-project-member] Registering scheme swift with {'store': , 'location_class': , 'store_entry': 'swift'} {{(pid=98940) register_scheme_map /opt/stack/data/venv/lib/python3.12/site-packages/glance_store/location.py:146}}
Jun 11 15:23:43.598804 np0000002636 devstack@g-api.service[98940]: DEBUG glance_store.location [None req-b258b609-4a6d-4aa7-ac54-539b8b394974 tempest-ImageDependencyTests-1054509681 tempest-ImageDependencyTests-1054509681-project-member] Registering scheme swift+http with {'store': , 'location_class': , 'store_entry': 'swift'} {{(pid=98940) register_scheme_map /opt/stack/data/venv/lib/python3.12/site-packages/glance_store/location.py:146}}
Jun 11 15:23:43.598804 np0000002636 devstack@g-api.service[98940]: DEBUG glance_store.location [None req-b258b609-4a6d-4aa7-ac54-539b8b394974 tempest-ImageDependencyTests-1054509681 tempest-ImageDependencyTests-1054509681-project-member] Registering scheme swift+config with {'store': , 'location_class': , 'store_entry': 'swift'} {{(pid=98940) register_scheme_map /opt/stack/data/venv/lib/python3.12/site-packages/glance_store/location.py:146}}
Jun 11 15:23:43.996013 np0000002636 devstack@g-api.service[98940]: DEBUG swiftclient [None req-b258b609-4a6d-4aa7-ac54-539b8b394974 tempest-ImageDependencyTests-1054509681 tempest-ImageDependencyTests-1054509681-project-member] REQ: curl -i https://10.4.3.195:8080/v1/AUTH_159eae9eab554398af72a30411fa6c25/glance -I -H "X-Auth-Token: gAAAAABqKtL_ULOM..." {{(pid=98940) http_log /opt/stack/data/venv/lib/python3.12/site-packages/swiftclient/client.py:160}}
Jun 11 15:23:43.996666 np0000002636 devstack@g-api.service[98940]: DEBUG swiftclient [None req-b258b609-4a6d-4aa7-ac54-539b8b394974 tempest-ImageDependencyTests-1054509681 tempest-ImageDependencyTests-1054509681-project-member] RESP STATUS: 204 No Content {{(pid=98940) http_log /opt/stack/data/venv/lib/python3.12/site-packages/swiftclient/client.py:161}}
Jun 11 15:23:43.996871 np0000002636 devstack@g-api.service[98940]: DEBUG swiftclient [None req-b258b609-4a6d-4aa7-ac54-539b8b394974 tempest-ImageDependencyTests-1054509681 tempest-ImageDependencyTests-1054509681-project-member] RESP HEADERS: {'Date': 'Thu, 11 Jun 2026 15:23:43 GMT', 'Server': 'Apache/2.4.58 (Ubuntu)', 'Content-Type': 'text/plain; charset=utf-8', 'X-Container-Object-Count': '3', 'X-Container-Bytes-Used': '64356352', 'X-Timestamp': '1781190791.47965', 'Last-Modified': 'Thu, 11 Jun 2026 15:13:12 GMT', 'Accept-Ranges': 'bytes', 'X-Storage-Policy': 'Policy-0', 'X-Container-Sharding': 'False', 'Vary': 'Accept', 'X-Trans-Id': 'tx49bf15bcd6fc462f840b7-006a2ad2ff', 'X-Openstack-Request-Id': 'tx49bf15bcd6fc462f840b7-006a2ad2ff', 'Connection': 'close'} {{(pid=98940) http_log /opt/stack/data/venv/lib/python3.12/site-packages/swiftclient/client.py:162}}
Jun 11 15:23:43.997050 np0000002636 devstack@g-api.service[98940]: DEBUG glance_store._drivers.swift.store [None req-b258b609-4a6d-4aa7-ac54-539b8b394974 tempest-ImageDependencyTests-1054509681 tempest-ImageDependencyTests-1054509681-project-member] Adding image object 'cb12c95e-f875-4cda-ae69-6609bc0ee722' to Swift {{(pid=98940) add /opt/stack/data/venv/lib/python3.12/site-packages/glance_store/_drivers/swift/store.py:970}}
Jun 11 15:23:44.004830 np0000002636 devstack@g-api.service[98940]: DEBUG oslo_utils.imageutils.format_inspector [None req-b258b609-4a6d-4aa7-ac54-539b8b394974 tempest-ImageDependencyTests-1054509681 tempest-ImageDependencyTests-1054509681-project-member] Format inspector for vmdk does not match, excluding from consideration (Signature KDMV not found: b'\xcc+7\x9a') {{(pid=98940) _process_chunk /opt/stack/data/venv/lib/python3.12/site-packages/oslo_utils/imageutils/format_inspector.py:1758}}
Jun 11 15:23:44.040225 np0000002636 devstack@g-api.service[98940]: DEBUG swiftclient [None req-b258b609-4a6d-4aa7-ac54-539b8b394974 tempest-ImageDependencyTests-1054509681 tempest-ImageDependencyTests-1054509681-project-member] REQ: curl -i https://10.4.3.195:8080/v1/AUTH_159eae9eab554398af72a30411fa6c25/glance/cb12c95e-f875-4cda-ae69-6609bc0ee722 -X PUT -H "X-Auth-Token: gAAAAABqKtL_ULOM..." -H "Content-Length: 1024" {{(pid=98940) http_log /opt/stack/data/venv/lib/python3.12/site-packages/swiftclient/client.py:160}}
Jun 11 15:23:44.040772 np0000002636 devstack@g-api.service[98940]: DEBUG swiftclient [None req-b258b609-4a6d-4aa7-ac54-539b8b394974 tempest-ImageDependencyTests-1054509681 tempest-ImageDependencyTests-1054509681-project-member] RESP STATUS: 201 Created {{(pid=98940) http_log /opt/stack/data/venv/lib/python3.12/site-packages/swiftclient/client.py:161}}
Jun 11 15:23:44.041564 np0000002636 devstack@g-api.service[98940]: DEBUG swiftclient [None req-b258b609-4a6d-4aa7-ac54-539b8b394974 tempest-ImageDependencyTests-1054509681 tempest-ImageDependencyTests-1054509681-project-member] RESP HEADERS: {'Date': 'Thu, 11 Jun 2026 15:23:44 GMT', 'Server': 'Apache/2.4.58 (Ubuntu)', 'Content-Type': 'text/html; charset=UTF-8', 'Content-Length': '0', 'Etag': 'bd34bde65eb4c8825a5b7ff0218f16f8', 'Last-Modified': 'Thu, 11 Jun 2026 15:23:45 GMT', 'X-Trans-Id': 'tx302e5b0ad36447f9872ca-006a2ad300', 'X-Openstack-Request-Id': 'tx302e5b0ad36447f9872ca-006a2ad300', 'Connection': 'close'} {{(pid=98940) http_log /opt/stack/data/venv/lib/python3.12/site-packages/swiftclient/client.py:162}}
Jun 11 15:23:44.043027 np0000002636 devstack@g-api.service[98940]: INFO glance.location [None req-b258b609-4a6d-4aa7-ac54-539b8b394974 tempest-ImageDependencyTests-1054509681 tempest-ImageDependencyTests-1054509681-project-member] Image format matched and virtual size computed: 1024
Jun 11 15:23:44.085491 np0000002636 devstack@g-api.service[98940]: DEBUG glance_store.backend [None req-b258b609-4a6d-4aa7-ac54-539b8b394974 tempest-ImageDependencyTests-1054509681 tempest-ImageDependencyTests-1054509681-project-member] Attempting to import store swift {{(pid=98940) _load_store /opt/stack/data/venv/lib/python3.12/site-packages/glance_store/backend.py:215}}
Jun 11 15:23:44.087161 np0000002636 devstack@g-api.service[98940]: DEBUG glance_store.capabilities [None req-b258b609-4a6d-4aa7-ac54-539b8b394974 tempest-ImageDependencyTests-1054509681 tempest-ImageDependencyTests-1054509681-project-member] Store glance_store._drivers.swift.store.SingleTenantStore doesn't support updating dynamic storage capabilities. Please overwrite 'update_capabilities' method of the store to implement updating logics if needed. {{(pid=98940) update_capabilities /opt/stack/data/venv/lib/python3.12/site-packages/glance_store/capabilities.py:91}}
Jun 11 15:23:44.087318 np0000002636 devstack@g-api.service[98940]: DEBUG glance_store.driver [None req-b258b609-4a6d-4aa7-ac54-539b8b394974 tempest-ImageDependencyTests-1054509681 tempest-ImageDependencyTests-1054509681-project-member] Late loading location class glance_store._drivers.swift.store.StoreLocation {{(pid=98940) get_store_location_class /opt/stack/data/venv/lib/python3.12/site-packages/glance_store/driver.py:134}}
Jun 11 15:23:44.087413 np0000002636 devstack@g-api.service[98940]: DEBUG glance_store.location [None req-b258b609-4a6d-4aa7-ac54-539b8b394974 tempest-ImageDependencyTests-1054509681 tempest-ImageDependencyTests-1054509681-project-member] Registering scheme swift+https with {'store': , 'location_class': , 'store_entry': 'swift'} {{(pid=98940) register_scheme_map /opt/stack/data/venv/lib/python3.12/site-packages/glance_store/location.py:146}}
Jun 11 15:23:44.087554 np0000002636 devstack@g-api.service[98940]: DEBUG glance_store.location [None req-b258b609-4a6d-4aa7-ac54-539b8b394974 tempest-ImageDependencyTests-1054509681 tempest-ImageDependencyTests-1054509681-project-member] Registering scheme swift+https with {'store': , 'location_class': , 'store_entry': 'swift'} {{(pid=98940) register_scheme_map /opt/stack/data/venv/lib/python3.12/site-packages/glance_store/location.py:146}}
Jun 11 15:23:44.087627 np0000002636 devstack@g-api.service[98940]: DEBUG glance_store.location [None req-b258b609-4a6d-4aa7-ac54-539b8b394974 tempest-ImageDependencyTests-1054509681 tempest-ImageDependencyTests-1054509681-project-member] Registering scheme swift with {'store': , 'location_class': , 'store_entry': 'swift'} {{(pid=98940) register_scheme_map /opt/stack/data/venv/lib/python3.12/site-packages/glance_store/location.py:146}}
Jun 11 15:23:44.087711 np0000002636 devstack@g-api.service[98940]: DEBUG glance_store.location [None req-b258b609-4a6d-4aa7-ac54-539b8b394974 tempest-ImageDependencyTests-1054509681 tempest-ImageDependencyTests-1054509681-project-member] Registering scheme swift+https with {'store': , 'location_class': , 'store_entry': 'swift'} {{(pid=98940) register_scheme_map /opt/stack/data/venv/lib/python3.12/site-packages/glance_store/location.py:146}}
Jun 11 15:23:44.087765 np0000002636 devstack@g-api.service[98940]: DEBUG glance_store.location [None req-b258b609-4a6d-4aa7-ac54-539b8b394974 tempest-ImageDependencyTests-1054509681 tempest-ImageDependencyTests-1054509681-project-member] Registering scheme swift with {'store': , 'location_class': , 'store_entry': 'swift'} {{(pid=98940) register_scheme_map /opt/stack/data/venv/lib/python3.12/site-packages/glance_store/location.py:146}}
Jun 11 15:23:44.087891 np0000002636 devstack@g-api.service[98940]: DEBUG glance_store.location [None req-b258b609-4a6d-4aa7-ac54-539b8b394974 tempest-ImageDependencyTests-1054509681 tempest-ImageDependencyTests-1054509681-project-member] Registering scheme swift+http with {'store': , 'location_class': , 'store_entry': 'swift'} {{(pid=98940) register_scheme_map /opt/stack/data/venv/lib/python3.12/site-packages/glance_store/location.py:146}}
Jun 11 15:23:44.088014 np0000002636 devstack@g-api.service[98940]: DEBUG glance_store.location [None req-b258b609-4a6d-4aa7-ac54-539b8b394974 tempest-ImageDependencyTests-1054509681 tempest-ImageDependencyTests-1054509681-project-member] Registering scheme swift+https with {'store': , 'location_class': , 'store_entry': 'swift'} {{(pid=98940) register_scheme_map /opt/stack/data/venv/lib/python3.12/site-packages/glance_store/location.py:146}}
Jun 11 15:23:44.088090 np0000002636 devstack@g-api.service[98940]: DEBUG glance_store.location [None req-b258b609-4a6d-4aa7-ac54-539b8b394974 tempest-ImageDependencyTests-1054509681 tempest-ImageDependencyTests-1054509681-project-member] Registering scheme swift with {'store': , 'location_class': , 'store_entry': 'swift'} {{(pid=98940) register_scheme_map /opt/stack/data/venv/lib/python3.12/site-packages/glance_store/location.py:146}}
Jun 11 15:23:44.088196 np0000002636 devstack@g-api.service[98940]: DEBUG glance_store.location [None req-b258b609-4a6d-4aa7-ac54-539b8b394974 tempest-ImageDependencyTests-1054509681 tempest-ImageDependencyTests-1054509681-project-member] Registering scheme swift+http with {'store': , 'location_class': , 'store_entry': 'swift'} {{(pid=98940) register_scheme_map /opt/stack/data/venv/lib/python3.12/site-packages/glance_store/location.py:146}}
Jun 11 15:23:44.088288 np0000002636 devstack@g-api.service[98940]: DEBUG glance_store.location [None req-b258b609-4a6d-4aa7-ac54-539b8b394974 tempest-ImageDependencyTests-1054509681 tempest-ImageDependencyTests-1054509681-project-member] Registering scheme swift+config with {'store': , 'location_class': , 'store_entry': 'swift'} {{(pid=98940) register_scheme_map /opt/stack/data/venv/lib/python3.12/site-packages/glance_store/location.py:146}}
Jun 11 15:23:44.088378 np0000002636 devstack@g-api.service[98940]: DEBUG glance_store.backend [None req-b258b609-4a6d-4aa7-ac54-539b8b394974 tempest-ImageDependencyTests-1054509681 tempest-ImageDependencyTests-1054509681-project-member] Skipping store.set_acls... not implemented. {{(pid=98940) set_acls /opt/stack/data/venv/lib/python3.12/site-packages/glance_store/backend.py:507}}
Jun 11 15:23:44.093643 np0000002636 devstack@g-api.service[98940]: [pid: 98940|app: 0|req: 222/442] 127.0.0.1 () {40 vars in 847 bytes} [Thu Jun 11 15:23:42 2026] PUT /v2/images/cb12c95e-f875-4cda-ae69-6609bc0ee722/file => generated 0 bytes in 2037 msecs (HTTP/1.1 204) 4 headers in 171 bytes (1 switches on core 0)
Jun 11 15:23:44.107185 np0000002636 devstack@g-api.service[98939]: DEBUG glance.api.middleware.version_negotiation [None req-da40194f-58e0-4d8f-ae5f-e711bf9556ca tempest-VolumesImageMetadata-785760345 tempest-VolumesImageMetadata-785760345-project-member] Determining version of request: GET /v2/images/cb12c95e-f875-4cda-ae69-6609bc0ee722 Accept: application/json {{(pid=98939) process_request /opt/stack/glance/glance/api/middleware/version_negotiation.py:44}}
Jun 11 15:23:44.107770 np0000002636 devstack@g-api.service[98939]: DEBUG glance.api.middleware.version_negotiation [None req-da40194f-58e0-4d8f-ae5f-e711bf9556ca tempest-VolumesImageMetadata-785760345 tempest-VolumesImageMetadata-785760345-project-member] Using url versioning {{(pid=98939) process_request /opt/stack/glance/glance/api/middleware/version_negotiation.py:57}}
Jun 11 15:23:44.107770 np0000002636 devstack@g-api.service[98939]: DEBUG glance.api.middleware.version_negotiation [None req-da40194f-58e0-4d8f-ae5f-e711bf9556ca tempest-VolumesImageMetadata-785760345 tempest-VolumesImageMetadata-785760345-project-member] Matched version: v2 {{(pid=98939) process_request /opt/stack/glance/glance/api/middleware/version_negotiation.py:69}}
Jun 11 15:23:44.107770 np0000002636 devstack@g-api.service[98939]: DEBUG glance.api.middleware.version_negotiation [None req-da40194f-58e0-4d8f-ae5f-e711bf9556ca tempest-VolumesImageMetadata-785760345 tempest-VolumesImageMetadata-785760345-project-member] new path /v2/images/cb12c95e-f875-4cda-ae69-6609bc0ee722 {{(pid=98939) process_request /opt/stack/glance/glance/api/middleware/version_negotiation.py:70}}
Jun 11 15:23:44.117477 np0000002636 devstack@g-api.service[98939]: [pid: 98939|app: 0|req: 221/443] 127.0.0.1 () {40 vars in 838 bytes} [Thu Jun 11 15:23:44 2026] GET /v2/images/cb12c95e-f875-4cda-ae69-6609bc0ee722 => generated 808 bytes in 10 msecs (HTTP/1.1 200) 4 headers in 157 bytes (1 switches on core 0)
Jun 11 15:23:44.148496 np0000002636 devstack@g-api.service[98940]: DEBUG glance.api.middleware.version_negotiation [None req-b258b609-4a6d-4aa7-ac54-539b8b394974 tempest-ImageDependencyTests-1054509681 tempest-ImageDependencyTests-1054509681-project-member] Determining version of request: GET /versions Accept: */* {{(pid=98940) process_request /opt/stack/glance/glance/api/middleware/version_negotiation.py:44}}
Jun 11 15:23:44.151517 np0000002636 devstack@g-api.service[98940]: [pid: 98940|app: 0|req: 223/444] 127.0.0.1 () {44 vars in 1039 bytes} [Thu Jun 11 15:23:44 2026] GET /versions => generated 1407 bytes in 2 msecs (HTTP/1.1 200) 3 headers in 92 bytes (1 switches on core 0)
Jun 11 15:23:44.161131 np0000002636 devstack@g-api.service[98939]: DEBUG glance.api.middleware.version_negotiation [None req-660bcdaa-e618-44b1-a9d5-04dfdc52c8b3 tempest-ImageDependencyTests-1054509681 tempest-ImageDependencyTests-1054509681-project-member] Determining version of request: GET /v2/images/e1ef5a56-83e8-4452-911f-d58d1897fabf/locations Accept: */* {{(pid=98939) process_request /opt/stack/glance/glance/api/middleware/version_negotiation.py:44}}
Jun 11 15:23:44.162685 np0000002636 devstack@g-api.service[98939]: DEBUG glance.api.middleware.version_negotiation [None req-660bcdaa-e618-44b1-a9d5-04dfdc52c8b3 tempest-ImageDependencyTests-1054509681 tempest-ImageDependencyTests-1054509681-project-member] Using url versioning {{(pid=98939) process_request /opt/stack/glance/glance/api/middleware/version_negotiation.py:57}}
Jun 11 15:23:44.162885 np0000002636 devstack@g-api.service[98939]: DEBUG glance.api.middleware.version_negotiation [None req-660bcdaa-e618-44b1-a9d5-04dfdc52c8b3 tempest-ImageDependencyTests-1054509681 tempest-ImageDependencyTests-1054509681-project-member] Matched version: v2 {{(pid=98939) process_request /opt/stack/glance/glance/api/middleware/version_negotiation.py:69}}
Jun 11 15:23:44.163034 np0000002636 devstack@g-api.service[98939]: DEBUG glance.api.middleware.version_negotiation [None req-660bcdaa-e618-44b1-a9d5-04dfdc52c8b3 tempest-ImageDependencyTests-1054509681 tempest-ImageDependencyTests-1054509681-project-member] new path /v2/images/e1ef5a56-83e8-4452-911f-d58d1897fabf/locations {{(pid=98939) process_request /opt/stack/glance/glance/api/middleware/version_negotiation.py:70}}
Jun 11 15:23:44.267629 np0000002636 devstack@g-api.service[98940]: DEBUG glance.api.middleware.version_negotiation [None req-b258b609-4a6d-4aa7-ac54-539b8b394974 tempest-ImageDependencyTests-1054509681 tempest-ImageDependencyTests-1054509681-project-member] Determining version of request: GET /v2/images/cb12c95e-f875-4cda-ae69-6609bc0ee722 Accept: */* {{(pid=98940) process_request /opt/stack/glance/glance/api/middleware/version_negotiation.py:44}}
Jun 11 15:23:44.267629 np0000002636 devstack@g-api.service[98940]: DEBUG glance.api.middleware.version_negotiation [None req-b258b609-4a6d-4aa7-ac54-539b8b394974 tempest-ImageDependencyTests-1054509681 tempest-ImageDependencyTests-1054509681-project-member] Using url versioning {{(pid=98940) process_request /opt/stack/glance/glance/api/middleware/version_negotiation.py:57}}
Jun 11 15:23:44.267629 np0000002636 devstack@g-api.service[98940]: DEBUG glance.api.middleware.version_negotiation [None req-b258b609-4a6d-4aa7-ac54-539b8b394974 tempest-ImageDependencyTests-1054509681 tempest-ImageDependencyTests-1054509681-project-member] Matched version: v2 {{(pid=98940) process_request /opt/stack/glance/glance/api/middleware/version_negotiation.py:69}}
Jun 11 15:23:44.267629 np0000002636 devstack@g-api.service[98940]: DEBUG glance.api.middleware.version_negotiation [None req-b258b609-4a6d-4aa7-ac54-539b8b394974 tempest-ImageDependencyTests-1054509681 tempest-ImageDependencyTests-1054509681-project-member] new path /v2/images/cb12c95e-f875-4cda-ae69-6609bc0ee722 {{(pid=98940) process_request /opt/stack/glance/glance/api/middleware/version_negotiation.py:70}}
Jun 11 15:23:44.276405 np0000002636 devstack@g-api.service[98939]: [pid: 98939|app: 0|req: 222/445] 127.0.0.1 () {44 vars in 1135 bytes} [Thu Jun 11 15:23:44 2026] GET /v2/images/e1ef5a56-83e8-4452-911f-d58d1897fabf/locations => generated 92 bytes in 116 msecs (HTTP/1.1 200) 4 headers in 156 bytes (1 switches on core 0)
Jun 11 15:23:44.285066 np0000002636 devstack@g-api.service[98939]: DEBUG glance.api.middleware.version_negotiation [None req-da40194f-58e0-4d8f-ae5f-e711bf9556ca service glance] Determining version of request: GET /v2/images/e1ef5a56-83e8-4452-911f-d58d1897fabf Accept: */* {{(pid=98939) process_request /opt/stack/glance/glance/api/middleware/version_negotiation.py:44}}
Jun 11 15:23:44.285207 np0000002636 devstack@g-api.service[98940]: [pid: 98940|app: 0|req: 224/446] 127.0.0.1 () {44 vars in 1115 bytes} [Thu Jun 11 15:23:44 2026] GET /v2/images/cb12c95e-f875-4cda-ae69-6609bc0ee722 => generated 808 bytes in 23 msecs (HTTP/1.1 200) 4 headers in 157 bytes (1 switches on core 0)
Jun 11 15:23:44.285766 np0000002636 devstack@g-api.service[98939]: DEBUG glance.api.middleware.version_negotiation [None req-da40194f-58e0-4d8f-ae5f-e711bf9556ca service glance] Using url versioning {{(pid=98939) process_request /opt/stack/glance/glance/api/middleware/version_negotiation.py:57}}
Jun 11 15:23:44.286827 np0000002636 devstack@g-api.service[98939]: DEBUG glance.api.middleware.version_negotiation [None req-da40194f-58e0-4d8f-ae5f-e711bf9556ca service glance] Matched version: v2 {{(pid=98939) process_request /opt/stack/glance/glance/api/middleware/version_negotiation.py:69}}
Jun 11 15:23:44.287089 np0000002636 devstack@g-api.service[98939]: DEBUG glance.api.middleware.version_negotiation [None req-da40194f-58e0-4d8f-ae5f-e711bf9556ca service glance] new path /v2/images/e1ef5a56-83e8-4452-911f-d58d1897fabf {{(pid=98939) process_request /opt/stack/glance/glance/api/middleware/version_negotiation.py:70}}
Jun 11 15:23:44.296908 np0000002636 devstack@g-api.service[98940]: DEBUG glance.api.middleware.version_negotiation [None req-2ac38aa6-9bd3-4bf5-8511-6553772cfc28 tempest-ImageDependencyTests-1054509681 tempest-ImageDependencyTests-1054509681-project-member] Determining version of request: GET /v2/schemas/image Accept: */* {{(pid=98940) process_request /opt/stack/glance/glance/api/middleware/version_negotiation.py:44}}
Jun 11 15:23:44.297183 np0000002636 devstack@g-api.service[98940]: DEBUG glance.api.middleware.version_negotiation [None req-2ac38aa6-9bd3-4bf5-8511-6553772cfc28 tempest-ImageDependencyTests-1054509681 tempest-ImageDependencyTests-1054509681-project-member] Using url versioning {{(pid=98940) process_request /opt/stack/glance/glance/api/middleware/version_negotiation.py:57}}
Jun 11 15:23:44.299111 np0000002636 devstack@g-api.service[98940]: DEBUG glance.api.middleware.version_negotiation [None req-2ac38aa6-9bd3-4bf5-8511-6553772cfc28 tempest-ImageDependencyTests-1054509681 tempest-ImageDependencyTests-1054509681-project-member] Matched version: v2 {{(pid=98940) process_request /opt/stack/glance/glance/api/middleware/version_negotiation.py:69}}
Jun 11 15:23:44.299111 np0000002636 devstack@g-api.service[98940]: DEBUG glance.api.middleware.version_negotiation [None req-2ac38aa6-9bd3-4bf5-8511-6553772cfc28 tempest-ImageDependencyTests-1054509681 tempest-ImageDependencyTests-1054509681-project-member] new path /v2/schemas/image {{(pid=98940) process_request /opt/stack/glance/glance/api/middleware/version_negotiation.py:70}}
Jun 11 15:23:44.302942 np0000002636 devstack@g-api.service[98940]: [pid: 98940|app: 0|req: 225/447] 127.0.0.1 () {44 vars in 1055 bytes} [Thu Jun 11 15:23:44 2026] GET /v2/schemas/image => generated 6083 bytes in 6 msecs (HTTP/1.1 200) 4 headers in 158 bytes (1 switches on core 0)
Jun 11 15:23:44.308731 np0000002636 devstack@g-api.service[98939]: [pid: 98939|app: 0|req: 223/448] 127.0.0.1 () {44 vars in 1115 bytes} [Thu Jun 11 15:23:44 2026] GET /v2/images/e1ef5a56-83e8-4452-911f-d58d1897fabf => generated 1044 bytes in 24 msecs (HTTP/1.1 200) 4 headers in 158 bytes (1 switches on core 0)
Jun 11 15:23:44.315168 np0000002636 devstack@g-api.service[98940]: DEBUG glance.api.middleware.version_negotiation [None req-2ac38aa6-9bd3-4bf5-8511-6553772cfc28 tempest-ImageDependencyTests-1054509681 tempest-ImageDependencyTests-1054509681-project-member] Determining version of request: GET /v2/schemas/image Accept: */* {{(pid=98940) process_request /opt/stack/glance/glance/api/middleware/version_negotiation.py:44}}
Jun 11 15:23:44.315325 np0000002636 devstack@g-api.service[98940]: DEBUG glance.api.middleware.version_negotiation [None req-2ac38aa6-9bd3-4bf5-8511-6553772cfc28 tempest-ImageDependencyTests-1054509681 tempest-ImageDependencyTests-1054509681-project-member] Using url versioning {{(pid=98940) process_request /opt/stack/glance/glance/api/middleware/version_negotiation.py:57}}
Jun 11 15:23:44.315476 np0000002636 devstack@g-api.service[98940]: DEBUG glance.api.middleware.version_negotiation [None req-2ac38aa6-9bd3-4bf5-8511-6553772cfc28 tempest-ImageDependencyTests-1054509681 tempest-ImageDependencyTests-1054509681-project-member] Matched version: v2 {{(pid=98940) process_request /opt/stack/glance/glance/api/middleware/version_negotiation.py:69}}
Jun 11 15:23:44.315634 np0000002636 devstack@g-api.service[98940]: DEBUG glance.api.middleware.version_negotiation [None req-2ac38aa6-9bd3-4bf5-8511-6553772cfc28 tempest-ImageDependencyTests-1054509681 tempest-ImageDependencyTests-1054509681-project-member] new path /v2/schemas/image {{(pid=98940) process_request /opt/stack/glance/glance/api/middleware/version_negotiation.py:70}}
Jun 11 15:23:44.318346 np0000002636 devstack@g-api.service[98940]: [pid: 98940|app: 0|req: 226/449] 127.0.0.1 () {44 vars in 1055 bytes} [Thu Jun 11 15:23:44 2026] GET /v2/schemas/image => generated 6083 bytes in 3 msecs (HTTP/1.1 200) 4 headers in 158 bytes (1 switches on core 0)
Jun 11 15:23:44.322816 np0000002636 devstack@g-api.service[98939]: DEBUG glance.api.middleware.version_negotiation [None req-da40194f-58e0-4d8f-ae5f-e711bf9556ca tempest-VolumesImageMetadata-785760345 tempest-VolumesImageMetadata-785760345-project-member] Determining version of request: GET /v2/schemas/image Accept: */* {{(pid=98939) process_request /opt/stack/glance/glance/api/middleware/version_negotiation.py:44}}
Jun 11 15:23:44.323061 np0000002636 devstack@g-api.service[98939]: DEBUG glance.api.middleware.version_negotiation [None req-da40194f-58e0-4d8f-ae5f-e711bf9556ca tempest-VolumesImageMetadata-785760345 tempest-VolumesImageMetadata-785760345-project-member] Using url versioning {{(pid=98939) process_request /opt/stack/glance/glance/api/middleware/version_negotiation.py:57}}
Jun 11 15:23:44.323246 np0000002636 devstack@g-api.service[98939]: DEBUG glance.api.middleware.version_negotiation [None req-da40194f-58e0-4d8f-ae5f-e711bf9556ca tempest-VolumesImageMetadata-785760345 tempest-VolumesImageMetadata-785760345-project-member] Matched version: v2 {{(pid=98939) process_request /opt/stack/glance/glance/api/middleware/version_negotiation.py:69}}
Jun 11 15:23:44.323428 np0000002636 devstack@g-api.service[98939]: DEBUG glance.api.middleware.version_negotiation [None req-da40194f-58e0-4d8f-ae5f-e711bf9556ca tempest-VolumesImageMetadata-785760345 tempest-VolumesImageMetadata-785760345-project-member] new path /v2/schemas/image {{(pid=98939) process_request /opt/stack/glance/glance/api/middleware/version_negotiation.py:70}}
Jun 11 15:23:44.326190 np0000002636 devstack@g-api.service[98939]: [pid: 98939|app: 0|req: 224/450] 127.0.0.1 () {44 vars in 1055 bytes} [Thu Jun 11 15:23:44 2026] GET /v2/schemas/image => generated 6083 bytes in 7 msecs (HTTP/1.1 200) 4 headers in 158 bytes (1 switches on core 0)
Jun 11 15:23:44.330203 np0000002636 devstack@g-api.service[98940]: DEBUG glance.api.middleware.version_negotiation [None req-2ac38aa6-9bd3-4bf5-8511-6553772cfc28 tempest-ImageDependencyTests-1054509681 tempest-ImageDependencyTests-1054509681-project-member] Determining version of request: GET /v2/images/cb12c95e-f875-4cda-ae69-6609bc0ee722 Accept: */* {{(pid=98940) process_request /opt/stack/glance/glance/api/middleware/version_negotiation.py:44}}
Jun 11 15:23:44.331485 np0000002636 devstack@g-api.service[98940]: DEBUG glance.api.middleware.version_negotiation [None req-2ac38aa6-9bd3-4bf5-8511-6553772cfc28 tempest-ImageDependencyTests-1054509681 tempest-ImageDependencyTests-1054509681-project-member] Using url versioning {{(pid=98940) process_request /opt/stack/glance/glance/api/middleware/version_negotiation.py:57}}
Jun 11 15:23:44.331485 np0000002636 devstack@g-api.service[98940]: DEBUG glance.api.middleware.version_negotiation [None req-2ac38aa6-9bd3-4bf5-8511-6553772cfc28 tempest-ImageDependencyTests-1054509681 tempest-ImageDependencyTests-1054509681-project-member] Matched version: v2 {{(pid=98940) process_request /opt/stack/glance/glance/api/middleware/version_negotiation.py:69}}
Jun 11 15:23:44.331485 np0000002636 devstack@g-api.service[98940]: DEBUG glance.api.middleware.version_negotiation [None req-2ac38aa6-9bd3-4bf5-8511-6553772cfc28 tempest-ImageDependencyTests-1054509681 tempest-ImageDependencyTests-1054509681-project-member] new path /v2/images/cb12c95e-f875-4cda-ae69-6609bc0ee722 {{(pid=98940) process_request /opt/stack/glance/glance/api/middleware/version_negotiation.py:70}}
Jun 11 15:23:44.338654 np0000002636 devstack@g-api.service[98939]: DEBUG glance.api.middleware.version_negotiation [None req-da40194f-58e0-4d8f-ae5f-e711bf9556ca tempest-VolumesImageMetadata-785760345 tempest-VolumesImageMetadata-785760345-project-member] Determining version of request: GET /v2/schemas/image Accept: */* {{(pid=98939) process_request /opt/stack/glance/glance/api/middleware/version_negotiation.py:44}}
Jun 11 15:23:44.338968 np0000002636 devstack@g-api.service[98939]: DEBUG glance.api.middleware.version_negotiation [None req-da40194f-58e0-4d8f-ae5f-e711bf9556ca tempest-VolumesImageMetadata-785760345 tempest-VolumesImageMetadata-785760345-project-member] Using url versioning {{(pid=98939) process_request /opt/stack/glance/glance/api/middleware/version_negotiation.py:57}}
Jun 11 15:23:44.339339 np0000002636 devstack@g-api.service[98940]: [pid: 98940|app: 0|req: 227/451] 127.0.0.1 () {44 vars in 1115 bytes} [Thu Jun 11 15:23:44 2026] GET /v2/images/cb12c95e-f875-4cda-ae69-6609bc0ee722 => generated 808 bytes in 9 msecs (HTTP/1.1 200) 4 headers in 157 bytes (1 switches on core 0)
Jun 11 15:23:44.339598 np0000002636 devstack@g-api.service[98939]: DEBUG glance.api.middleware.version_negotiation [None req-da40194f-58e0-4d8f-ae5f-e711bf9556ca tempest-VolumesImageMetadata-785760345 tempest-VolumesImageMetadata-785760345-project-member] Matched version: v2 {{(pid=98939) process_request /opt/stack/glance/glance/api/middleware/version_negotiation.py:69}}
Jun 11 15:23:44.339877 np0000002636 devstack@g-api.service[98939]: DEBUG glance.api.middleware.version_negotiation [None req-da40194f-58e0-4d8f-ae5f-e711bf9556ca tempest-VolumesImageMetadata-785760345 tempest-VolumesImageMetadata-785760345-project-member] new path /v2/schemas/image {{(pid=98939) process_request /opt/stack/glance/glance/api/middleware/version_negotiation.py:70}}
Jun 11 15:23:44.346231 np0000002636 devstack@g-api.service[98939]: [pid: 98939|app: 0|req: 225/452] 127.0.0.1 () {44 vars in 1055 bytes} [Thu Jun 11 15:23:44 2026] GET /v2/schemas/image => generated 6083 bytes in 8 msecs (HTTP/1.1 200) 4 headers in 158 bytes (1 switches on core 0)
Jun 11 15:23:44.353036 np0000002636 devstack@g-api.service[98940]: DEBUG glance.api.middleware.version_negotiation [None req-2ac38aa6-9bd3-4bf5-8511-6553772cfc28 tempest-ImageDependencyTests-1054509681 tempest-ImageDependencyTests-1054509681-project-member] Determining version of request: GET /v2/schemas/image Accept: */* {{(pid=98940) process_request /opt/stack/glance/glance/api/middleware/version_negotiation.py:44}}
Jun 11 15:23:44.353036 np0000002636 devstack@g-api.service[98940]: DEBUG glance.api.middleware.version_negotiation [None req-2ac38aa6-9bd3-4bf5-8511-6553772cfc28 tempest-ImageDependencyTests-1054509681 tempest-ImageDependencyTests-1054509681-project-member] Using url versioning {{(pid=98940) process_request /opt/stack/glance/glance/api/middleware/version_negotiation.py:57}}
Jun 11 15:23:44.353036 np0000002636 devstack@g-api.service[98940]: DEBUG glance.api.middleware.version_negotiation [None req-2ac38aa6-9bd3-4bf5-8511-6553772cfc28 tempest-ImageDependencyTests-1054509681 tempest-ImageDependencyTests-1054509681-project-member] Matched version: v2 {{(pid=98940) process_request /opt/stack/glance/glance/api/middleware/version_negotiation.py:69}}
Jun 11 15:23:44.353036 np0000002636 devstack@g-api.service[98940]: DEBUG glance.api.middleware.version_negotiation [None req-2ac38aa6-9bd3-4bf5-8511-6553772cfc28 tempest-ImageDependencyTests-1054509681 tempest-ImageDependencyTests-1054509681-project-member] new path /v2/schemas/image {{(pid=98940) process_request /opt/stack/glance/glance/api/middleware/version_negotiation.py:70}}
Jun 11 15:23:44.354869 np0000002636 devstack@g-api.service[98940]: [pid: 98940|app: 0|req: 228/453] 127.0.0.1 () {44 vars in 1055 bytes} [Thu Jun 11 15:23:44 2026] GET /v2/schemas/image => generated 6083 bytes in 3 msecs (HTTP/1.1 200) 4 headers in 158 bytes (1 switches on core 0)
Jun 11 15:23:44.367257 np0000002636 devstack@g-api.service[98939]: DEBUG glance.api.middleware.version_negotiation [None req-da40194f-58e0-4d8f-ae5f-e711bf9556ca tempest-VolumesImageMetadata-785760345 tempest-VolumesImageMetadata-785760345-project-member] Determining version of request: GET /v2/schemas/image Accept: */* {{(pid=98939) process_request /opt/stack/glance/glance/api/middleware/version_negotiation.py:44}}
Jun 11 15:23:44.367540 np0000002636 devstack@g-api.service[98939]: DEBUG glance.api.middleware.version_negotiation [None req-da40194f-58e0-4d8f-ae5f-e711bf9556ca tempest-VolumesImageMetadata-785760345 tempest-VolumesImageMetadata-785760345-project-member] Using url versioning {{(pid=98939) process_request /opt/stack/glance/glance/api/middleware/version_negotiation.py:57}}
Jun 11 15:23:44.367723 np0000002636 devstack@g-api.service[98939]: DEBUG glance.api.middleware.version_negotiation [None req-da40194f-58e0-4d8f-ae5f-e711bf9556ca tempest-VolumesImageMetadata-785760345 tempest-VolumesImageMetadata-785760345-project-member] Matched version: v2 {{(pid=98939) process_request /opt/stack/glance/glance/api/middleware/version_negotiation.py:69}}
Jun 11 15:23:44.367874 np0000002636 devstack@g-api.service[98939]: DEBUG glance.api.middleware.version_negotiation [None req-da40194f-58e0-4d8f-ae5f-e711bf9556ca tempest-VolumesImageMetadata-785760345 tempest-VolumesImageMetadata-785760345-project-member] new path /v2/schemas/image {{(pid=98939) process_request /opt/stack/glance/glance/api/middleware/version_negotiation.py:70}}
Jun 11 15:23:44.371435 np0000002636 devstack@g-api.service[98939]: [pid: 98939|app: 0|req: 226/454] 127.0.0.1 () {44 vars in 1055 bytes} [Thu Jun 11 15:23:44 2026] GET /v2/schemas/image => generated 6083 bytes in 4 msecs (HTTP/1.1 200) 4 headers in 158 bytes (1 switches on core 0)
Jun 11 15:23:44.409648 np0000002636 devstack@g-api.service[98940]: DEBUG glance.api.middleware.version_negotiation [None req-2ac38aa6-9bd3-4bf5-8511-6553772cfc28 tempest-ImageDependencyTests-1054509681 tempest-ImageDependencyTests-1054509681-project-member] Determining version of request: GET /v2/images/cb12c95e-f875-4cda-ae69-6609bc0ee722 Accept: */* {{(pid=98940) process_request /opt/stack/glance/glance/api/middleware/version_negotiation.py:44}}
Jun 11 15:23:44.411786 np0000002636 devstack@g-api.service[98940]: DEBUG glance.api.middleware.version_negotiation [None req-2ac38aa6-9bd3-4bf5-8511-6553772cfc28 tempest-ImageDependencyTests-1054509681 tempest-ImageDependencyTests-1054509681-project-member] Using url versioning {{(pid=98940) process_request /opt/stack/glance/glance/api/middleware/version_negotiation.py:57}}
Jun 11 15:23:44.411786 np0000002636 devstack@g-api.service[98940]: DEBUG glance.api.middleware.version_negotiation [None req-2ac38aa6-9bd3-4bf5-8511-6553772cfc28 tempest-ImageDependencyTests-1054509681 tempest-ImageDependencyTests-1054509681-project-member] Matched version: v2 {{(pid=98940) process_request /opt/stack/glance/glance/api/middleware/version_negotiation.py:69}}
Jun 11 15:23:44.411786 np0000002636 devstack@g-api.service[98940]: DEBUG glance.api.middleware.version_negotiation [None req-2ac38aa6-9bd3-4bf5-8511-6553772cfc28 tempest-ImageDependencyTests-1054509681 tempest-ImageDependencyTests-1054509681-project-member] new path /v2/images/cb12c95e-f875-4cda-ae69-6609bc0ee722 {{(pid=98940) process_request /opt/stack/glance/glance/api/middleware/version_negotiation.py:70}}
Jun 11 15:23:44.422387 np0000002636 devstack@g-api.service[98940]: [pid: 98940|app: 0|req: 229/455] 127.0.0.1 () {44 vars in 1115 bytes} [Thu Jun 11 15:23:44 2026] GET /v2/images/cb12c95e-f875-4cda-ae69-6609bc0ee722 => generated 808 bytes in 13 msecs (HTTP/1.1 200) 4 headers in 157 bytes (1 switches on core 0)
Jun 11 15:23:44.434681 np0000002636 devstack@g-api.service[98939]: DEBUG glance.api.middleware.version_negotiation [None req-2ac38aa6-9bd3-4bf5-8511-6553772cfc28 tempest-ImageDependencyTests-1054509681 tempest-ImageDependencyTests-1054509681-project-member] Determining version of request: GET /v2/schemas/image Accept: */* {{(pid=98939) process_request /opt/stack/glance/glance/api/middleware/version_negotiation.py:44}}
Jun 11 15:23:44.435390 np0000002636 devstack@g-api.service[98939]: DEBUG glance.api.middleware.version_negotiation [None req-2ac38aa6-9bd3-4bf5-8511-6553772cfc28 tempest-ImageDependencyTests-1054509681 tempest-ImageDependencyTests-1054509681-project-member] Using url versioning {{(pid=98939) process_request /opt/stack/glance/glance/api/middleware/version_negotiation.py:57}}
Jun 11 15:23:44.435649 np0000002636 devstack@g-api.service[98939]: DEBUG glance.api.middleware.version_negotiation [None req-2ac38aa6-9bd3-4bf5-8511-6553772cfc28 tempest-ImageDependencyTests-1054509681 tempest-ImageDependencyTests-1054509681-project-member] Matched version: v2 {{(pid=98939) process_request /opt/stack/glance/glance/api/middleware/version_negotiation.py:69}}
Jun 11 15:23:44.436235 np0000002636 devstack@g-api.service[98939]: DEBUG glance.api.middleware.version_negotiation [None req-2ac38aa6-9bd3-4bf5-8511-6553772cfc28 tempest-ImageDependencyTests-1054509681 tempest-ImageDependencyTests-1054509681-project-member] new path /v2/schemas/image {{(pid=98939) process_request /opt/stack/glance/glance/api/middleware/version_negotiation.py:70}}
Jun 11 15:23:44.440309 np0000002636 devstack@g-api.service[98939]: [pid: 98939|app: 0|req: 227/456] 127.0.0.1 () {44 vars in 1055 bytes} [Thu Jun 11 15:23:44 2026] GET /v2/schemas/image => generated 6083 bytes in 6 msecs (HTTP/1.1 200) 4 headers in 158 bytes (1 switches on core 0)
Jun 11 15:23:44.896156 np0000002636 devstack@g-api.service[98940]: DEBUG glance.api.middleware.version_negotiation [None req-2ac38aa6-9bd3-4bf5-8511-6553772cfc28 tempest-ImageDependencyTests-1054509681 tempest-ImageDependencyTests-1054509681-project-member] Determining version of request: GET /versions Accept: */* {{(pid=98940) process_request /opt/stack/glance/glance/api/middleware/version_negotiation.py:44}}
Jun 11 15:23:44.898480 np0000002636 devstack@g-api.service[98940]: [pid: 98940|app: 0|req: 230/457] 127.0.0.1 () {44 vars in 1039 bytes} [Thu Jun 11 15:23:44 2026] GET /versions => generated 1407 bytes in 2 msecs (HTTP/1.1 200) 3 headers in 92 bytes (1 switches on core 0)
Jun 11 15:23:44.920668 np0000002636 devstack@g-api.service[98939]: DEBUG glance.api.middleware.version_negotiation [None req-2ac38aa6-9bd3-4bf5-8511-6553772cfc28 tempest-ImageDependencyTests-1054509681 tempest-ImageDependencyTests-1054509681-project-member] Determining version of request: GET /v2/images/cb12c95e-f875-4cda-ae69-6609bc0ee722/locations Accept: */* {{(pid=98939) process_request /opt/stack/glance/glance/api/middleware/version_negotiation.py:44}}
Jun 11 15:23:44.920668 np0000002636 devstack@g-api.service[98939]: DEBUG glance.api.middleware.version_negotiation [None req-2ac38aa6-9bd3-4bf5-8511-6553772cfc28 tempest-ImageDependencyTests-1054509681 tempest-ImageDependencyTests-1054509681-project-member] Using url versioning {{(pid=98939) process_request /opt/stack/glance/glance/api/middleware/version_negotiation.py:57}}
Jun 11 15:23:44.920668 np0000002636 devstack@g-api.service[98939]: DEBUG glance.api.middleware.version_negotiation [None req-2ac38aa6-9bd3-4bf5-8511-6553772cfc28 tempest-ImageDependencyTests-1054509681 tempest-ImageDependencyTests-1054509681-project-member] Matched version: v2 {{(pid=98939) process_request /opt/stack/glance/glance/api/middleware/version_negotiation.py:69}}
Jun 11 15:23:44.921150 np0000002636 devstack@g-api.service[98939]: DEBUG glance.api.middleware.version_negotiation [None req-2ac38aa6-9bd3-4bf5-8511-6553772cfc28 tempest-ImageDependencyTests-1054509681 tempest-ImageDependencyTests-1054509681-project-member] new path /v2/images/cb12c95e-f875-4cda-ae69-6609bc0ee722/locations {{(pid=98939) process_request /opt/stack/glance/glance/api/middleware/version_negotiation.py:70}}
Jun 11 15:23:44.999329 np0000002636 devstack@g-api.service[98939]: [pid: 98939|app: 0|req: 228/458] 127.0.0.1 () {44 vars in 1135 bytes} [Thu Jun 11 15:23:44 2026] GET /v2/images/cb12c95e-f875-4cda-ae69-6609bc0ee722/locations => generated 92 bytes in 79 msecs (HTTP/1.1 200) 4 headers in 156 bytes (1 switches on core 0)
Jun 11 15:23:45.014508 np0000002636 devstack@g-api.service[98940]: DEBUG glance.api.middleware.version_negotiation [None req-2ac38aa6-9bd3-4bf5-8511-6553772cfc28 tempest-ImageDependencyTests-1054509681 tempest-ImageDependencyTests-1054509681-project-member] Determining version of request: GET /v2/images/cb12c95e-f875-4cda-ae69-6609bc0ee722 Accept: */* {{(pid=98940) process_request /opt/stack/glance/glance/api/middleware/version_negotiation.py:44}}
Jun 11 15:23:45.014508 np0000002636 devstack@g-api.service[98940]: DEBUG glance.api.middleware.version_negotiation [None req-2ac38aa6-9bd3-4bf5-8511-6553772cfc28 tempest-ImageDependencyTests-1054509681 tempest-ImageDependencyTests-1054509681-project-member] Using url versioning {{(pid=98940) process_request /opt/stack/glance/glance/api/middleware/version_negotiation.py:57}}
Jun 11 15:23:45.014508 np0000002636 devstack@g-api.service[98940]: DEBUG glance.api.middleware.version_negotiation [None req-2ac38aa6-9bd3-4bf5-8511-6553772cfc28 tempest-ImageDependencyTests-1054509681 tempest-ImageDependencyTests-1054509681-project-member] Matched version: v2 {{(pid=98940) process_request /opt/stack/glance/glance/api/middleware/version_negotiation.py:69}}
Jun 11 15:23:45.014508 np0000002636 devstack@g-api.service[98940]: DEBUG glance.api.middleware.version_negotiation [None req-2ac38aa6-9bd3-4bf5-8511-6553772cfc28 tempest-ImageDependencyTests-1054509681 tempest-ImageDependencyTests-1054509681-project-member] new path /v2/images/cb12c95e-f875-4cda-ae69-6609bc0ee722 {{(pid=98940) process_request /opt/stack/glance/glance/api/middleware/version_negotiation.py:70}}
Jun 11 15:23:45.036820 np0000002636 devstack@g-api.service[98940]: [pid: 98940|app: 0|req: 231/459] 127.0.0.1 () {44 vars in 1115 bytes} [Thu Jun 11 15:23:45 2026] GET /v2/images/cb12c95e-f875-4cda-ae69-6609bc0ee722 => generated 808 bytes in 23 msecs (HTTP/1.1 200) 4 headers in 157 bytes (1 switches on core 0)
Jun 11 15:23:45.056732 np0000002636 devstack@g-api.service[98939]: DEBUG glance.api.middleware.version_negotiation [None req-2ac38aa6-9bd3-4bf5-8511-6553772cfc28 service glance] Determining version of request: GET /v2/schemas/image Accept: */* {{(pid=98939) process_request /opt/stack/glance/glance/api/middleware/version_negotiation.py:44}}
Jun 11 15:23:45.056881 np0000002636 devstack@g-api.service[98939]: DEBUG glance.api.middleware.version_negotiation [None req-2ac38aa6-9bd3-4bf5-8511-6553772cfc28 service glance] Using url versioning {{(pid=98939) process_request /opt/stack/glance/glance/api/middleware/version_negotiation.py:57}}
Jun 11 15:23:45.057012 np0000002636 devstack@g-api.service[98939]: DEBUG glance.api.middleware.version_negotiation [None req-2ac38aa6-9bd3-4bf5-8511-6553772cfc28 service glance] Matched version: v2 {{(pid=98939) process_request /opt/stack/glance/glance/api/middleware/version_negotiation.py:69}}
Jun 11 15:23:45.057172 np0000002636 devstack@g-api.service[98939]: DEBUG glance.api.middleware.version_negotiation [None req-2ac38aa6-9bd3-4bf5-8511-6553772cfc28 service glance] new path /v2/schemas/image {{(pid=98939) process_request /opt/stack/glance/glance/api/middleware/version_negotiation.py:70}}
Jun 11 15:23:45.062013 np0000002636 devstack@g-api.service[98939]: [pid: 98939|app: 0|req: 229/460] 127.0.0.1 () {44 vars in 1055 bytes} [Thu Jun 11 15:23:45 2026] GET /v2/schemas/image => generated 6083 bytes in 5 msecs (HTTP/1.1 200) 4 headers in 158 bytes (1 switches on core 0)
Jun 11 15:23:45.083988 np0000002636 devstack@g-api.service[98940]: DEBUG glance.api.middleware.version_negotiation [None req-2ac38aa6-9bd3-4bf5-8511-6553772cfc28 tempest-ImageDependencyTests-1054509681 tempest-ImageDependencyTests-1054509681-project-member] Determining version of request: GET /v2/schemas/image Accept: */* {{(pid=98940) process_request /opt/stack/glance/glance/api/middleware/version_negotiation.py:44}}
Jun 11 15:23:45.084181 np0000002636 devstack@g-api.service[98940]: DEBUG glance.api.middleware.version_negotiation [None req-2ac38aa6-9bd3-4bf5-8511-6553772cfc28 tempest-ImageDependencyTests-1054509681 tempest-ImageDependencyTests-1054509681-project-member] Using url versioning {{(pid=98940) process_request /opt/stack/glance/glance/api/middleware/version_negotiation.py:57}}
Jun 11 15:23:45.084340 np0000002636 devstack@g-api.service[98940]: DEBUG glance.api.middleware.version_negotiation [None req-2ac38aa6-9bd3-4bf5-8511-6553772cfc28 tempest-ImageDependencyTests-1054509681 tempest-ImageDependencyTests-1054509681-project-member] Matched version: v2 {{(pid=98940) process_request /opt/stack/glance/glance/api/middleware/version_negotiation.py:69}}
Jun 11 15:23:45.084479 np0000002636 devstack@g-api.service[98940]: DEBUG glance.api.middleware.version_negotiation [None req-2ac38aa6-9bd3-4bf5-8511-6553772cfc28 tempest-ImageDependencyTests-1054509681 tempest-ImageDependencyTests-1054509681-project-member] new path /v2/schemas/image {{(pid=98940) process_request /opt/stack/glance/glance/api/middleware/version_negotiation.py:70}}
Jun 11 15:23:45.088432 np0000002636 devstack@g-api.service[98940]: [pid: 98940|app: 0|req: 232/461] 127.0.0.1 () {44 vars in 1055 bytes} [Thu Jun 11 15:23:45 2026] GET /v2/schemas/image => generated 6083 bytes in 4 msecs (HTTP/1.1 200) 4 headers in 158 bytes (1 switches on core 0)
Jun 11 15:23:45.266053 np0000002636 devstack@g-api.service[98939]: DEBUG glance.api.middleware.version_negotiation [None req-2ac38aa6-9bd3-4bf5-8511-6553772cfc28 tempest-ImageDependencyTests-1054509681 tempest-ImageDependencyTests-1054509681-project-member] Determining version of request: GET /v2/images/cb12c95e-f875-4cda-ae69-6609bc0ee722 Accept: */* {{(pid=98939) process_request /opt/stack/glance/glance/api/middleware/version_negotiation.py:44}}
Jun 11 15:23:45.267043 np0000002636 devstack@g-api.service[98939]: DEBUG glance.api.middleware.version_negotiation [None req-2ac38aa6-9bd3-4bf5-8511-6553772cfc28 tempest-ImageDependencyTests-1054509681 tempest-ImageDependencyTests-1054509681-project-member] Using url versioning {{(pid=98939) process_request /opt/stack/glance/glance/api/middleware/version_negotiation.py:57}}
Jun 11 15:23:45.267043 np0000002636 devstack@g-api.service[98939]: DEBUG glance.api.middleware.version_negotiation [None req-2ac38aa6-9bd3-4bf5-8511-6553772cfc28 tempest-ImageDependencyTests-1054509681 tempest-ImageDependencyTests-1054509681-project-member] Matched version: v2 {{(pid=98939) process_request /opt/stack/glance/glance/api/middleware/version_negotiation.py:69}}
Jun 11 15:23:45.269211 np0000002636 devstack@g-api.service[98939]: DEBUG glance.api.middleware.version_negotiation [None req-2ac38aa6-9bd3-4bf5-8511-6553772cfc28 tempest-ImageDependencyTests-1054509681 tempest-ImageDependencyTests-1054509681-project-member] new path /v2/images/cb12c95e-f875-4cda-ae69-6609bc0ee722 {{(pid=98939) process_request /opt/stack/glance/glance/api/middleware/version_negotiation.py:70}}
Jun 11 15:23:45.293364 np0000002636 devstack@g-api.service[98939]: [pid: 98939|app: 0|req: 230/462] 127.0.0.1 () {44 vars in 1115 bytes} [Thu Jun 11 15:23:45 2026] GET /v2/images/cb12c95e-f875-4cda-ae69-6609bc0ee722 => generated 808 bytes in 27 msecs (HTTP/1.1 200) 4 headers in 157 bytes (1 switches on core 0)
