Jun 11 15:12:37.948403 np0000002636 devstack@neutron-api.service[86998]: DEBUG ovsdbapp.backend.ovs_idl.transaction [None req-b7ad031f-9d16-477c-af23-929498df348e None None] Transaction caused no change {{(pid=86998) do_commit /opt/stack/data/venv/lib/python3.12/site-packages/ovsdbapp/backend/ovs_idl/transaction.py:129}}
Jun 11 15:12:38.012291 np0000002636 devstack@neutron-api.service[86997]: DEBUG neutron.plugins.ml2.drivers.ovn.mech_driver.ovsdb.commands [None req-da7a6b6d-096d-4e59-855c-9090aed2dd3d None None] Converting tag [] to a tag_request {{(pid=86997) _tag_column_to_tag_request /opt/stack/neutron/neutron/plugins/ml2/drivers/ovn/mech_driver/ovsdb/commands.py:205}}
Jun 11 15:12:38.013445 np0000002636 devstack@neutron-api.service[86997]: DEBUG ovsdbapp.backend.ovs_idl.transaction [None req-77bd923d-64f6-4200-9df2-c03da50fbe10 None None] Running txn n=1 command(idx=0): CheckRevisionNumberCommand(_result=None, name=8a4c9602-5e47-43ea-b80b-be98e2136fa9, resource={'id': '8a4c9602-5e47-43ea-b80b-be98e2136fa9', 'name': '', 'network_id': 'd92f4833-a035-46db-888a-578291209eef', 'project_id': '', 'mac_address': 'fa:16:3e:55:ab:89', 'admin_state_up': True, 'status': 'ACTIVE', 'device_id': 'a9510fda-e3e6-4d2d-8ce5-692c5f3b50c6', 'device_owner': 'network:router_gateway', 'standard_attr_id': 23, 'fixed_ips': [{'subnet_id': '9ba6fda1-cd63-406b-8dec-afeb6ebeafac', 'ip_address': '172.24.5.22'}, {'subnet_id': 'f6f4760a-26eb-4880-a333-cb69c4be316b', 'ip_address': '2001:db8::1'}], 'allowed_address_pairs': [], 'extra_dhcp_opts': [], 'security_groups': [], 'description': '', 'binding:vnic_type': 'normal', 'binding:profile': {}, 'binding:host_id': 'np0000002636', 'binding:vif_type': 'ovs', 'binding:vif_details': {'port_filter': True, 'connectivity': 'l2', 'ovs_create_tap': False, 'bridge_name': 'br-int', 'datapath_type': 'system'}, 'port_security_enabled': False, 'tags': [], 'created_at': '2026-06-11T15:12:32Z', 'updated_at': '2026-06-11T15:12:36Z', 'revision_number': 8, 'tenant_id': '', 'network': {'id': 'd92f4833-a035-46db-888a-578291209eef', 'name': 'public', 'tenant_id': '9753f85f0ee8488b9c663393461db4a9', 'project_id': '9753f85f0ee8488b9c663393461db4a9', 'admin_state_up': True, 'mtu': 1430, 'status': 'ACTIVE', 'subnets': ['9ba6fda1-cd63-406b-8dec-afeb6ebeafac', 'f6f4760a-26eb-4880-a333-cb69c4be316b'], 'standard_attr_id': 18, 'shared': False, 'availability_zone_hints': [], 'availability_zones': [], 'ipv4_address_scope': None, 'ipv6_address_scope': None, 'router:external': True, 'qinq': False, 'vlan_transparent': False, 'description': '', 'port_security_enabled': True, 'is_default': True, 'tags': [], 'created_at': '2026-06-11T15:12:29Z', 'updated_at': '2026-06-11T15:12:36Z', 'revision_number': 3, 'provider:network_type': 'flat', 'provider:physical_network': 'public', 'provider:segmentation_id': None}}, resource_type=ports, if_exists=True) {{(pid=86997) do_commit /opt/stack/data/venv/lib/python3.12/site-packages/ovsdbapp/backend/ovs_idl/transaction.py:89}}
Jun 11 15:12:38.013594 np0000002636 devstack@neutron-api.service[86997]: DEBUG ovsdbapp.backend.ovs_idl.transaction [None req-77bd923d-64f6-4200-9df2-c03da50fbe10 None None] Running txn n=1 command(idx=1): SetLSwitchPortCommand(_result=None, lport=8a4c9602-5e47-43ea-b80b-be98e2136fa9, external_ids_update=None, columns={'external_ids': {'neutron:port_name': '', 'neutron:device_id': 'a9510fda-e3e6-4d2d-8ce5-692c5f3b50c6', 'neutron:project_id': '', 'neutron:cidrs': '172.24.5.22/24 2001:db8::1/64', 'neutron:device_owner': 'network:router_gateway', 'neutron:subnet_pool_addr_scope4': '', 'neutron:subnet_pool_addr_scope6': '', 'neutron:network_name': 'neutron-d92f4833-a035-46db-888a-578291209eef', 'neutron:security_group_ids': '', 'neutron:revision_number': '8', 'neutron:vnic_type': 'normal', 'neutron:port_capabilities': '', 'neutron:mtu': '', 'neutron:host_id': 'np0000002636'}, 'parent_name': [], 'options': {'requested-chassis': 'np0000002636', 'exclude-lb-vips-from-garp': 'true', 'nat-addresses': 'router', 'router-port': 'lrp-8a4c9602-5e47-43ea-b80b-be98e2136fa9'}, 'enabled': True, 'port_security': [], 'dhcpv4_options': [], 'dhcpv6_options': [], 'type': 'router', 'ha_chassis_group': [], 'tag_request': []}, if_exists=False) {{(pid=86997) do_commit /opt/stack/data/venv/lib/python3.12/site-packages/ovsdbapp/backend/ovs_idl/transaction.py:89}}
Jun 11 15:12:38.014535 np0000002636 devstack@neutron-api.service[86997]: DEBUG ovsdbapp.backend.ovs_idl.transaction [None req-77bd923d-64f6-4200-9df2-c03da50fbe10 None None] Running txn n=1 command(idx=2): PgDelPortCommand(_result=None, port_group=neutron_pg_drop, lsp=['8a4c9602-5e47-43ea-b80b-be98e2136fa9'], if_exists=False) {{(pid=86997) do_commit /opt/stack/data/venv/lib/python3.12/site-packages/ovsdbapp/backend/ovs_idl/transaction.py:89}}
Jun 11 15:12:38.038641 np0000002636 devstack@neutron-api.service[86997]: DEBUG ovsdbapp.backend.ovs_idl.transaction [None req-77bd923d-64f6-4200-9df2-c03da50fbe10 None None] Running txn n=1 command(idx=0): DbSetCommand(_result=None, table=Logical_Switch_Port, record=8a4c9602-5e47-43ea-b80b-be98e2136fa9, col_values=(('external_ids', {'neutron:host_id': 'np0000002636'}),), if_exists=True) {{(pid=86997) do_commit /opt/stack/data/venv/lib/python3.12/site-packages/ovsdbapp/backend/ovs_idl/transaction.py:89}}
Jun 11 15:12:38.039316 np0000002636 devstack@neutron-api.service[86997]: DEBUG ovsdbapp.backend.ovs_idl.transaction [None req-77bd923d-64f6-4200-9df2-c03da50fbe10 None None] Transaction caused no change {{(pid=86997) do_commit /opt/stack/data/venv/lib/python3.12/site-packages/ovsdbapp/backend/ovs_idl/transaction.py:129}}
Jun 11 15:12:38.286418 np0000002636 devstack@neutron-api.service[86998]: DEBUG neutron.api.wsgi [None req-8018c7e0-5562-4e17-bd33-4b2044e55f5a admin admin] Missing Content-Type {{(pid=86998) get_content_type /opt/stack/neutron/neutron/api/wsgi.py:80}}
Jun 11 15:12:38.337446 np0000002636 devstack@neutron-api.service[86998]: [pid: 86998|app: 0|req: 17/32] 10.4.3.195 () {64 vars in 1381 bytes} [Thu Jun 11 15:12:38 2026] GET /networking/v2.0/routers/a9510fda-e3e6-4d2d-8ce5-692c5f3b50c6 => generated 1108 bytes in 54 msecs (HTTP/1.1 200) 4 headers in 158 bytes (1 switches on core 0)
Jun 11 15:12:38.391256 np0000002636 devstack@neutron-api.service[86997]: DEBUG neutron.pecan_wsgi.hooks.policy_enforcement [None req-2eb86fe5-4dec-49b7-a8a0-fd6bf2256066 admin admin] Attributes excluded by policy engine: ['standard_attr_id'] {{(pid=86997) _exclude_attributes_by_policy /opt/stack/neutron/neutron/pecan_wsgi/hooks/policy_enforcement.py:256}}
Jun 11 15:12:38.393660 np0000002636 devstack@neutron-api.service[86997]: DEBUG neutron.pecan_wsgi.hooks.policy_enforcement [None req-2eb86fe5-4dec-49b7-a8a0-fd6bf2256066 admin admin] Attributes excluded by policy engine: ['standard_attr_id'] {{(pid=86997) _exclude_attributes_by_policy /opt/stack/neutron/neutron/pecan_wsgi/hooks/policy_enforcement.py:256}}
Jun 11 15:12:38.395942 np0000002636 devstack@neutron-api.service[86997]: DEBUG neutron.pecan_wsgi.hooks.policy_enforcement [None req-2eb86fe5-4dec-49b7-a8a0-fd6bf2256066 admin admin] Attributes excluded by policy engine: ['standard_attr_id'] {{(pid=86997) _exclude_attributes_by_policy /opt/stack/neutron/neutron/pecan_wsgi/hooks/policy_enforcement.py:256}}
Jun 11 15:12:38.397025 np0000002636 devstack@neutron-api.service[86997]: [pid: 86997|app: 0|req: 16/33] 10.4.3.195 () {64 vars in 1370 bytes} [Thu Jun 11 15:12:38 2026] GET /networking/v2.0/ports?device_id=a9510fda-e3e6-4d2d-8ce5-692c5f3b50c6 => generated 2594 bytes in 50 msecs (HTTP/1.1 200) 4 headers in 158 bytes (1 switches on core 0)
Jun 11 15:12:40.850147 np0000002636 devstack@neutron-api.service[86998]: DEBUG neutron.plugins.ml2.drivers.ovn.mech_driver.ovsdb.ovsdb_monitor [None req-b7ad031f-9d16-477c-af23-929498df348e None None] Touching Hash Ring node "3f9bcd7798b05647a3fbb55f9d7746c4" from IDL notify handler {{(pid=86998) notify /opt/stack/neutron/neutron/plugins/ml2/drivers/ovn/mech_driver/ovsdb/ovsdb_monitor.py:1007}}
Jun 11 15:12:40.856071 np0000002636 devstack@neutron-api.service[86998]: DEBUG neutron.plugins.ml2.drivers.ovn.mech_driver.ovsdb.ovsdb_monitor [None req-b7ad031f-9d16-477c-af23-929498df348e None None] Hash Ring: Node 3f9bcd7798b05647a3fbb55f9d7746c4 (host: np0000002636) handling event "update" for row aef6cedb-998d-4535-afe7-0c0b31201a40 (table: NB_Global) {{(pid=86998) notify /opt/stack/neutron/neutron/plugins/ml2/drivers/ovn/mech_driver/ovsdb/ovsdb_monitor.py:1015}}
Jun 11 15:12:41.058539 np0000002636 devstack@neutron-api.service[86998]: DEBUG neutron.plugins.ml2.drivers.ovn.mech_driver.ovsdb.ovsdb_monitor [None req-b7ad031f-9d16-477c-af23-929498df348e None None] Touching Hash Ring node "3f9bcd7798b05647a3fbb55f9d7746c4" from IDL notify handler {{(pid=86998) notify /opt/stack/neutron/neutron/plugins/ml2/drivers/ovn/mech_driver/ovsdb/ovsdb_monitor.py:1007}}
Jun 11 15:12:41.060881 np0000002636 devstack@neutron-api.service[86998]: DEBUG neutron.plugins.ml2.drivers.ovn.mech_driver.ovsdb.ovsdb_monitor [None req-b7ad031f-9d16-477c-af23-929498df348e None None] Hash Ring: Node 3f9bcd7798b05647a3fbb55f9d7746c4 (host: np0000002636) handling event "update" for row aef6cedb-998d-4535-afe7-0c0b31201a40 (table: NB_Global) {{(pid=86998) notify /opt/stack/neutron/neutron/plugins/ml2/drivers/ovn/mech_driver/ovsdb/ovsdb_monitor.py:1015}}
Jun 11 15:12:41.070073 np0000002636 devstack@neutron-api.service[86998]: DEBUG neutron.plugins.ml2.drivers.ovn.mech_driver.ovsdb.ovsdb_monitor [None req-b7ad031f-9d16-477c-af23-929498df348e None None] Touching Hash Ring node "3f9bcd7798b05647a3fbb55f9d7746c4" from IDL notify handler {{(pid=86998) notify /opt/stack/neutron/neutron/plugins/ml2/drivers/ovn/mech_driver/ovsdb/ovsdb_monitor.py:1007}}
Jun 11 15:12:41.072355 np0000002636 devstack@neutron-api.service[86998]: DEBUG neutron.plugins.ml2.drivers.ovn.mech_driver.ovsdb.ovsdb_monitor [None req-b7ad031f-9d16-477c-af23-929498df348e None None] Hash Ring: Node 3f9bcd7798b05647a3fbb55f9d7746c4 (host: np0000002636) handling event "update" for row aef6cedb-998d-4535-afe7-0c0b31201a40 (table: NB_Global) {{(pid=86998) notify /opt/stack/neutron/neutron/plugins/ml2/drivers/ovn/mech_driver/ovsdb/ovsdb_monitor.py:1015}}
Jun 11 15:12:41.085500 np0000002636 devstack@neutron-api.service[86998]: DEBUG neutron.plugins.ml2.drivers.ovn.mech_driver.ovsdb.ovsdb_monitor [None req-b7ad031f-9d16-477c-af23-929498df348e None None] Touching Hash Ring node "3f9bcd7798b05647a3fbb55f9d7746c4" from IDL notify handler {{(pid=86998) notify /opt/stack/neutron/neutron/plugins/ml2/drivers/ovn/mech_driver/ovsdb/ovsdb_monitor.py:1007}}
Jun 11 15:12:41.088436 np0000002636 devstack@neutron-api.service[86998]: DEBUG neutron.plugins.ml2.drivers.ovn.mech_driver.ovsdb.ovsdb_monitor [None req-b7ad031f-9d16-477c-af23-929498df348e None None] Hash Ring: Node 3f9bcd7798b05647a3fbb55f9d7746c4 (host: np0000002636) handling event "update" for row aef6cedb-998d-4535-afe7-0c0b31201a40 (table: NB_Global) {{(pid=86998) notify /opt/stack/neutron/neutron/plugins/ml2/drivers/ovn/mech_driver/ovsdb/ovsdb_monitor.py:1015}}
Jun 11 15:12:42.599621 np0000002636 devstack@neutron-api.service[86998]: WARNING neutron.plugins.ml2.drivers.ovn.mech_driver.ovsdb.ovn_client [None req-7ef04ff0-207f-4a7c-bbc3-4271160ea0b6 None None] No hosting information found for port eb10475f-7f35-4ff6-97fb-9353a5a8bc8e: RuntimeError: No hosting information found for port eb10475f-7f35-4ff6-97fb-9353a5a8bc8e
Jun 11 15:12:42.639524 np0000002636 devstack@neutron-api.service[86998]: INFO neutron.common.ovn.utils [None req-7ef04ff0-207f-4a7c-bbc3-4271160ea0b6 None None] HA Chassis Group neutron-d5648f3d-f352-4f2c-a24e-95b2c2f22d83 synchronized; highest priority chassis 33715f53-e399-4396-9c9b-07ff413f74e4
Jun 11 15:12:42.640660 np0000002636 devstack@neutron-api.service[86998]: DEBUG ovsdbapp.backend.ovs_idl.transaction [None req-b7ad031f-9d16-477c-af23-929498df348e None None] Running txn n=1 command(idx=0): DbSetCommand(_result=None, table=HA_Chassis_Group, record=neutron-d5648f3d-f352-4f2c-a24e-95b2c2f22d83, col_values=(('external_ids', {'neutron:availability_zone_hints': '', 'neutron:network_id': 'd5648f3d-f352-4f2c-a24e-95b2c2f22d83', 'neutron:router_id': 'a9510fda-e3e6-4d2d-8ce5-692c5f3b50c6'}),), if_exists=True) {{(pid=86998) do_commit /opt/stack/data/venv/lib/python3.12/site-packages/ovsdbapp/backend/ovs_idl/transaction.py:89}}
Jun 11 15:12:42.640660 np0000002636 devstack@neutron-api.service[86998]: DEBUG ovsdbapp.backend.ovs_idl.transaction [None req-b7ad031f-9d16-477c-af23-929498df348e None None] Running txn n=1 command(idx=1): HAChassisGroupAddChassisCommand(_result=None, hcg=neutron-d5648f3d-f352-4f2c-a24e-95b2c2f22d83, chassis=33715f53-e399-4396-9c9b-07ff413f74e4, priority=1, columns={}) {{(pid=86998) do_commit /opt/stack/data/venv/lib/python3.12/site-packages/ovsdbapp/backend/ovs_idl/transaction.py:89}}
Jun 11 15:12:42.640957 np0000002636 devstack@neutron-api.service[86998]: DEBUG ovsdbapp.backend.ovs_idl.transaction [None req-b7ad031f-9d16-477c-af23-929498df348e None None] Transaction caused no change {{(pid=86998) do_commit /opt/stack/data/venv/lib/python3.12/site-packages/ovsdbapp/backend/ovs_idl/transaction.py:129}}
Jun 11 15:12:42.707289 np0000002636 devstack@neutron-api.service[86998]: DEBUG ovsdbapp.backend.ovs_idl.transaction [None req-b7ad031f-9d16-477c-af23-929498df348e None None] Running txn n=1 command(idx=0): CheckRevisionNumberCommand(_result=None, name=lrp-eb10475f-7f35-4ff6-97fb-9353a5a8bc8e, resource={'id': 'eb10475f-7f35-4ff6-97fb-9353a5a8bc8e', 'name': '', 'network_id': 'd5648f3d-f352-4f2c-a24e-95b2c2f22d83', 'project_id': '9753f85f0ee8488b9c663393461db4a9', 'mac_address': 'fa:16:3e:4a:9f:6d', 'admin_state_up': True, 'status': 'ACTIVE', 'device_id': 'a9510fda-e3e6-4d2d-8ce5-692c5f3b50c6', 'device_owner': 'network:router_interface', 'standard_attr_id': 24, 'fixed_ips': [{'subnet_id': '2c4dd287-276a-447b-967a-889d0795e985', 'ip_address': 'fd19:8bb6:9034::1'}], 'allowed_address_pairs': [], 'extra_dhcp_opts': [], 'security_groups': [], 'description': '', 'binding:vnic_type': 'normal', 'binding:profile': {}, 'binding:host_id': '', 'binding:vif_type': 'unbound', 'binding:vif_details': {}, 'port_security_enabled': False, 'tags': [], 'created_at': '2026-06-11T15:12:34Z', 'updated_at': '2026-06-11T15:12:36Z', 'revision_number': 2, 'tenant_id': '9753f85f0ee8488b9c663393461db4a9'}, resource_type=router_ports, if_exists=True) {{(pid=86998) do_commit /opt/stack/data/venv/lib/python3.12/site-packages/ovsdbapp/backend/ovs_idl/transaction.py:89}}
Jun 11 15:12:42.707645 np0000002636 devstack@neutron-api.service[86998]: DEBUG ovsdbapp.backend.ovs_idl.transaction [None req-b7ad031f-9d16-477c-af23-929498df348e None None] Running txn n=1 command(idx=1): UpdateLRouterPortCommand(_result=None, name=lrp-eb10475f-7f35-4ff6-97fb-9353a5a8bc8e, columns={'external_ids': {'neutron:revision_number': '2', 'neutron:subnet_ids': '2c4dd287-276a-447b-967a-889d0795e985', 'neutron:network_name': 'neutron-d5648f3d-f352-4f2c-a24e-95b2c2f22d83', 'neutron:is_ext_gw': 'False', 'neutron:router_name': 'neutron-a9510fda-e3e6-4d2d-8ce5-692c5f3b50c6'}, 'options': {}, 'networks': ['fd19:8bb6:9034::1/64'], 'ipv6_ra_configs': {'address_mode': 'slaac', 'send_periodic': 'true', 'mtu': '1372'}}, if_exists=False) {{(pid=86998) do_commit /opt/stack/data/venv/lib/python3.12/site-packages/ovsdbapp/backend/ovs_idl/transaction.py:89}}
Jun 11 15:12:42.708019 np0000002636 devstack@neutron-api.service[86998]: DEBUG ovsdbapp.backend.ovs_idl.transaction [None req-b7ad031f-9d16-477c-af23-929498df348e None None] Running txn n=1 command(idx=2): SetLRouterPortInLSwitchPortCommand(_result=None, lswitch_port=eb10475f-7f35-4ff6-97fb-9353a5a8bc8e, lrouter_port=lrp-eb10475f-7f35-4ff6-97fb-9353a5a8bc8e, is_gw_port=False, if_exists=True, lsp_address=router) {{(pid=86998) do_commit /opt/stack/data/venv/lib/python3.12/site-packages/ovsdbapp/backend/ovs_idl/transaction.py:89}}
Jun 11 15:12:42.712254 np0000002636 devstack@neutron-api.service[86997]: DEBUG neutron.plugins.ml2.drivers.ovn.mech_driver.ovsdb.ovsdb_monitor [None req-be66564e-5de2-403d-b42c-f310e07f4e8b None None] Touching Hash Ring node "2b0c8bfacfd450a4b92e1b001d1b69a7" from IDL notify handler {{(pid=86997) notify /opt/stack/neutron/neutron/plugins/ml2/drivers/ovn/mech_driver/ovsdb/ovsdb_monitor.py:1007}}
Jun 11 15:12:42.712582 np0000002636 devstack@neutron-api.service[86998]: DEBUG neutron.plugins.ml2.drivers.ovn.mech_driver.ovsdb.ovsdb_monitor [None req-b7ad031f-9d16-477c-af23-929498df348e None None] Touching Hash Ring node "3f9bcd7798b05647a3fbb55f9d7746c4" from IDL notify handler {{(pid=86998) notify /opt/stack/neutron/neutron/plugins/ml2/drivers/ovn/mech_driver/ovsdb/ovsdb_monitor.py:1007}}
Jun 11 15:12:42.713923 np0000002636 devstack@neutron-api.service[86998]: DEBUG neutron.plugins.ml2.drivers.ovn.mech_driver.ovsdb.ovsdb_monitor [None req-0f30b2c2-9605-4d7a-af85-c37f60c99657 None None] Touching Hash Ring node "3f9bcd7798b05647a3fbb55f9d7746c4" from IDL notify handler {{(pid=86998) notify /opt/stack/neutron/neutron/plugins/ml2/drivers/ovn/mech_driver/ovsdb/ovsdb_monitor.py:1007}}
Jun 11 15:12:42.716443 np0000002636 devstack@neutron-api.service[86997]: DEBUG neutron.plugins.ml2.drivers.ovn.mech_driver.ovsdb.ovsdb_monitor [None req-77bd923d-64f6-4200-9df2-c03da50fbe10 None None] Touching Hash Ring node "2b0c8bfacfd450a4b92e1b001d1b69a7" from IDL notify handler {{(pid=86997) notify /opt/stack/neutron/neutron/plugins/ml2/drivers/ovn/mech_driver/ovsdb/ovsdb_monitor.py:1007}}
Jun 11 15:12:42.720005 np0000002636 devstack@neutron-api.service[86998]: DEBUG neutron.plugins.ml2.drivers.ovn.mech_driver.ovsdb.ovsdb_monitor [None req-0f30b2c2-9605-4d7a-af85-c37f60c99657 None None] Hash Ring: Node 3f9bcd7798b05647a3fbb55f9d7746c4 (host: np0000002636) handling event "update" for row dd25359e-8748-4e3c-831e-355a367ea54d (table: Port_Binding) {{(pid=86998) notify /opt/stack/neutron/neutron/plugins/ml2/drivers/ovn/mech_driver/ovsdb/ovsdb_monitor.py:1015}}
Jun 11 15:12:42.720422 np0000002636 devstack@neutron-api.service[86997]: DEBUG neutron.plugins.ml2.drivers.ovn.mech_driver.ovsdb.ovsdb_monitor [None req-be66564e-5de2-403d-b42c-f310e07f4e8b None None] Hash Ring: Node 2b0c8bfacfd450a4b92e1b001d1b69a7 (host: np0000002636) handling event "update" for row dd25359e-8748-4e3c-831e-355a367ea54d (table: Port_Binding) {{(pid=86997) notify /opt/stack/neutron/neutron/plugins/ml2/drivers/ovn/mech_driver/ovsdb/ovsdb_monitor.py:1015}}
Jun 11 15:12:42.721332 np0000002636 devstack@neutron-api.service[86998]: DEBUG neutron.plugins.ml2.drivers.ovn.mech_driver.ovsdb.ovsdb_monitor [None req-b7ad031f-9d16-477c-af23-929498df348e None None] Hash Ring: Node 3f9bcd7798b05647a3fbb55f9d7746c4 (host: np0000002636) handling event "update" for row 23b2d127-dfb4-4a1c-a68a-af3da660a5f7 (table: Logical_Router_Port) {{(pid=86998) notify /opt/stack/neutron/neutron/plugins/ml2/drivers/ovn/mech_driver/ovsdb/ovsdb_monitor.py:1015}}
Jun 11 15:12:42.722035 np0000002636 devstack@neutron-api.service[86997]: DEBUG neutron.plugins.ml2.drivers.ovn.mech_driver.ovsdb.ovsdb_monitor [None req-77bd923d-64f6-4200-9df2-c03da50fbe10 None None] Hash Ring: Node 2b0c8bfacfd450a4b92e1b001d1b69a7 (host: np0000002636) handling event "update" for row 23b2d127-dfb4-4a1c-a68a-af3da660a5f7 (table: Logical_Router_Port) {{(pid=86997) notify /opt/stack/neutron/neutron/plugins/ml2/drivers/ovn/mech_driver/ovsdb/ovsdb_monitor.py:1015}}
Jun 11 15:12:42.744234 np0000002636 devstack@neutron-api.service[86998]: INFO neutron.db.ovn_revision_numbers_db [None req-7ef04ff0-207f-4a7c-bbc3-4271160ea0b6 None None] Successfully bumped revision number for resource eb10475f-7f35-4ff6-97fb-9353a5a8bc8e (type: router_ports) to 2
Jun 11 15:12:42.797625 np0000002636 devstack@neutron-api.service[86998]: DEBUG ovsdbapp.backend.ovs_idl.transaction [None req-b7ad031f-9d16-477c-af23-929498df348e None None] Running txn n=1 command(idx=0): CheckRevisionNumberCommand(_result=None, name=lrp-eb10475f-7f35-4ff6-97fb-9353a5a8bc8e, resource={'id': 'eb10475f-7f35-4ff6-97fb-9353a5a8bc8e', 'name': '', 'network_id': 'd5648f3d-f352-4f2c-a24e-95b2c2f22d83', 'project_id': '9753f85f0ee8488b9c663393461db4a9', 'mac_address': 'fa:16:3e:4a:9f:6d', 'admin_state_up': True, 'status': 'ACTIVE', 'device_id': 'a9510fda-e3e6-4d2d-8ce5-692c5f3b50c6', 'device_owner': 'network:router_interface', 'standard_attr_id': 24, 'fixed_ips': [{'subnet_id': '2c4dd287-276a-447b-967a-889d0795e985', 'ip_address': 'fd19:8bb6:9034::1'}], 'allowed_address_pairs': [], 'extra_dhcp_opts': [], 'security_groups': [], 'description': '', 'binding:vnic_type': 'normal', 'binding:profile': {}, 'binding:host_id': '', 'binding:vif_type': 'unbound', 'binding:vif_details': {}, 'port_security_enabled': False, 'tags': [], 'created_at': '2026-06-11T15:12:34Z', 'updated_at': '2026-06-11T15:12:36Z', 'revision_number': 2, 'tenant_id': '9753f85f0ee8488b9c663393461db4a9'}, resource_type=router_ports, if_exists=True) {{(pid=86998) do_commit /opt/stack/data/venv/lib/python3.12/site-packages/ovsdbapp/backend/ovs_idl/transaction.py:89}}
Jun 11 15:12:42.797967 np0000002636 devstack@neutron-api.service[86998]: DEBUG ovsdbapp.backend.ovs_idl.transaction [None req-b7ad031f-9d16-477c-af23-929498df348e None None] Running txn n=1 command(idx=1): UpdateLRouterPortCommand(_result=None, name=lrp-eb10475f-7f35-4ff6-97fb-9353a5a8bc8e, columns={'external_ids': {'neutron:revision_number': '2', 'neutron:subnet_ids': '2c4dd287-276a-447b-967a-889d0795e985', 'neutron:network_name': 'neutron-d5648f3d-f352-4f2c-a24e-95b2c2f22d83', 'neutron:is_ext_gw': 'False', 'neutron:router_name': 'neutron-a9510fda-e3e6-4d2d-8ce5-692c5f3b50c6'}, 'options': {}, 'networks': ['fd19:8bb6:9034::1/64'], 'ipv6_ra_configs': {'address_mode': 'slaac', 'send_periodic': 'true', 'mtu': '1372'}}, if_exists=False) {{(pid=86998) do_commit /opt/stack/data/venv/lib/python3.12/site-packages/ovsdbapp/backend/ovs_idl/transaction.py:89}}
Jun 11 15:12:42.798351 np0000002636 devstack@neutron-api.service[86998]: DEBUG ovsdbapp.backend.ovs_idl.transaction [None req-b7ad031f-9d16-477c-af23-929498df348e None None] Running txn n=1 command(idx=2): SetLRouterPortInLSwitchPortCommand(_result=None, lswitch_port=eb10475f-7f35-4ff6-97fb-9353a5a8bc8e, lrouter_port=lrp-eb10475f-7f35-4ff6-97fb-9353a5a8bc8e, is_gw_port=False, if_exists=True, lsp_address=router) {{(pid=86998) do_commit /opt/stack/data/venv/lib/python3.12/site-packages/ovsdbapp/backend/ovs_idl/transaction.py:89}}
Jun 11 15:12:42.798741 np0000002636 devstack@neutron-api.service[86998]: DEBUG ovsdbapp.backend.ovs_idl.transaction [None req-b7ad031f-9d16-477c-af23-929498df348e None None] Transaction caused no change {{(pid=86998) do_commit /opt/stack/data/venv/lib/python3.12/site-packages/ovsdbapp/backend/ovs_idl/transaction.py:129}}
Jun 11 15:12:42.826247 np0000002636 devstack@neutron-api.service[86998]: INFO neutron.common.ovn.utils [None req-7ef04ff0-207f-4a7c-bbc3-4271160ea0b6 None None] HA Chassis Group neutron-d5648f3d-f352-4f2c-a24e-95b2c2f22d83 synchronized; highest priority chassis 33715f53-e399-4396-9c9b-07ff413f74e4
Jun 11 15:12:42.826869 np0000002636 devstack@neutron-api.service[86998]: DEBUG ovsdbapp.backend.ovs_idl.transaction [None req-b7ad031f-9d16-477c-af23-929498df348e None None] Running txn n=1 command(idx=0): DbSetCommand(_result=None, table=HA_Chassis_Group, record=neutron-d5648f3d-f352-4f2c-a24e-95b2c2f22d83, col_values=(('external_ids', {'neutron:availability_zone_hints': '', 'neutron:network_id': 'd5648f3d-f352-4f2c-a24e-95b2c2f22d83', 'neutron:router_id': 'a9510fda-e3e6-4d2d-8ce5-692c5f3b50c6'}),), if_exists=True) {{(pid=86998) do_commit /opt/stack/data/venv/lib/python3.12/site-packages/ovsdbapp/backend/ovs_idl/transaction.py:89}}
Jun 11 15:12:42.827200 np0000002636 devstack@neutron-api.service[86998]: DEBUG ovsdbapp.backend.ovs_idl.transaction [None req-b7ad031f-9d16-477c-af23-929498df348e None None] Running txn n=1 command(idx=1): HAChassisGroupAddChassisCommand(_result=None, hcg=neutron-d5648f3d-f352-4f2c-a24e-95b2c2f22d83, chassis=33715f53-e399-4396-9c9b-07ff413f74e4, priority=1, columns={}) {{(pid=86998) do_commit /opt/stack/data/venv/lib/python3.12/site-packages/ovsdbapp/backend/ovs_idl/transaction.py:89}}
Jun 11 15:12:42.827680 np0000002636 devstack@neutron-api.service[86998]: DEBUG ovsdbapp.backend.ovs_idl.transaction [None req-b7ad031f-9d16-477c-af23-929498df348e None None] Transaction caused no change {{(pid=86998) do_commit /opt/stack/data/venv/lib/python3.12/site-packages/ovsdbapp/backend/ovs_idl/transaction.py:129}}
Jun 11 15:12:42.859386 np0000002636 devstack@neutron-api.service[86998]: INFO neutron.common.ovn.utils [None req-7ef04ff0-207f-4a7c-bbc3-4271160ea0b6 None None] HA Chassis Group neutron-d5648f3d-f352-4f2c-a24e-95b2c2f22d83 synchronized; highest priority chassis 33715f53-e399-4396-9c9b-07ff413f74e4
Jun 11 15:12:42.859909 np0000002636 devstack@neutron-api.service[86998]: DEBUG ovsdbapp.backend.ovs_idl.transaction [None req-b7ad031f-9d16-477c-af23-929498df348e None None] Running txn n=1 command(idx=0): DbSetCommand(_result=None, table=HA_Chassis_Group, record=neutron-d5648f3d-f352-4f2c-a24e-95b2c2f22d83, col_values=(('external_ids', {'neutron:availability_zone_hints': '', 'neutron:network_id': 'd5648f3d-f352-4f2c-a24e-95b2c2f22d83', 'neutron:router_id': 'a9510fda-e3e6-4d2d-8ce5-692c5f3b50c6'}),), if_exists=True) {{(pid=86998) do_commit /opt/stack/data/venv/lib/python3.12/site-packages/ovsdbapp/backend/ovs_idl/transaction.py:89}}
Jun 11 15:12:42.860253 np0000002636 devstack@neutron-api.service[86998]: DEBUG ovsdbapp.backend.ovs_idl.transaction [None req-b7ad031f-9d16-477c-af23-929498df348e None None] Running txn n=1 command(idx=1): HAChassisGroupAddChassisCommand(_result=None, hcg=neutron-d5648f3d-f352-4f2c-a24e-95b2c2f22d83, chassis=33715f53-e399-4396-9c9b-07ff413f74e4, priority=1, columns={}) {{(pid=86998) do_commit /opt/stack/data/venv/lib/python3.12/site-packages/ovsdbapp/backend/ovs_idl/transaction.py:89}}
Jun 11 15:12:42.860631 np0000002636 devstack@neutron-api.service[86998]: DEBUG ovsdbapp.backend.ovs_idl.transaction [None req-b7ad031f-9d16-477c-af23-929498df348e None None] Transaction caused no change {{(pid=86998) do_commit /opt/stack/data/venv/lib/python3.12/site-packages/ovsdbapp/backend/ovs_idl/transaction.py:129}}
Jun 11 15:12:48.145870 np0000002636 devstack@neutron-api.service[86998]: DEBUG futurist.periodics [-] Submitting periodic callback 'neutron.plugins.ml2.drivers.ovn.mech_driver.ovsdb.maintenance.HashRingHealthCheckPeriodics.touch_hash_ring_node' {{(pid=86998) _process_scheduled /opt/stack/data/venv/lib/python3.12/site-packages/futurist/periodics.py:784}}
Jun 11 15:12:48.146221 np0000002636 devstack@neutron-api.service[86998]: DEBUG neutron.plugins.ml2.drivers.ovn.mech_driver.ovsdb.maintenance [-] Touching Hash Ring node "3f9bcd7798b05647a3fbb55f9d7746c4" from periodic health check thread {{(pid=86998) touch_hash_ring_node /opt/stack/neutron/neutron/plugins/ml2/drivers/ovn/mech_driver/ovsdb/maintenance.py:1418}}
Jun 11 15:12:49.005914 np0000002636 devstack@neutron-api.service[86997]: DEBUG futurist.periodics [-] Submitting periodic callback 'neutron.plugins.ml2.drivers.ovn.mech_driver.ovsdb.maintenance.HashRingHealthCheckPeriodics.touch_hash_ring_node' {{(pid=86997) _process_scheduled /opt/stack/data/venv/lib/python3.12/site-packages/futurist/periodics.py:784}}
Jun 11 15:12:49.006490 np0000002636 devstack@neutron-api.service[86997]: DEBUG neutron.plugins.ml2.drivers.ovn.mech_driver.ovsdb.maintenance [-] Touching Hash Ring node "2b0c8bfacfd450a4b92e1b001d1b69a7" from periodic health check thread {{(pid=86997) touch_hash_ring_node /opt/stack/neutron/neutron/plugins/ml2/drivers/ovn/mech_driver/ovsdb/maintenance.py:1418}}
Jun 11 15:12:58.154927 np0000002636 devstack@neutron-api.service[86998]: DEBUG dbcounter [-] [86998] Writing DB stats neutron:SELECT=2231,neutron:INSERT=703,neutron:DELETE=12,neutron:UPDATE=106 {{(pid=86998) stat_writer /opt/stack/data/venv/lib/python3.12/site-packages/dbcounter.py:115}}
Jun 11 15:12:59.012552 np0000002636 devstack@neutron-api.service[86997]: DEBUG dbcounter [-] [86997] Writing DB stats neutron:SELECT=3616,neutron:INSERT=98,neutron:DELETE=13,neutron:UPDATE=70 {{(pid=86997) stat_writer /opt/stack/data/venv/lib/python3.12/site-packages/dbcounter.py:115}}
Jun 11 15:13:03.146581 np0000002636 devstack@neutron-api.service[86998]: DEBUG futurist.periodics [-] Submitting periodic callback 'neutron.plugins.ml2.drivers.ovn.mech_driver.ovsdb.maintenance.HashRingHealthCheckPeriodics.touch_hash_ring_node' {{(pid=86998) _process_scheduled /opt/stack/data/venv/lib/python3.12/site-packages/futurist/periodics.py:784}}
Jun 11 15:13:03.146920 np0000002636 devstack@neutron-api.service[86998]: DEBUG neutron.plugins.ml2.drivers.ovn.mech_driver.ovsdb.maintenance [-] Touching Hash Ring node "3f9bcd7798b05647a3fbb55f9d7746c4" from periodic health check thread {{(pid=86998) touch_hash_ring_node /opt/stack/neutron/neutron/plugins/ml2/drivers/ovn/mech_driver/ovsdb/maintenance.py:1418}}
Jun 11 15:13:04.006569 np0000002636 devstack@neutron-api.service[86997]: DEBUG futurist.periodics [-] Submitting periodic callback 'neutron.plugins.ml2.drivers.ovn.mech_driver.ovsdb.maintenance.HashRingHealthCheckPeriodics.touch_hash_ring_node' {{(pid=86997) _process_scheduled /opt/stack/data/venv/lib/python3.12/site-packages/futurist/periodics.py:784}}
Jun 11 15:13:04.007749 np0000002636 devstack@neutron-api.service[86997]: DEBUG neutron.plugins.ml2.drivers.ovn.mech_driver.ovsdb.maintenance [-] Touching Hash Ring node "2b0c8bfacfd450a4b92e1b001d1b69a7" from periodic health check thread {{(pid=86997) touch_hash_ring_node /opt/stack/neutron/neutron/plugins/ml2/drivers/ovn/mech_driver/ovsdb/maintenance.py:1418}}
Jun 11 15:13:13.153554 np0000002636 devstack@neutron-api.service[86998]: DEBUG dbcounter [-] [86998] Writing DB stats neutron:UPDATE=1,neutron:SELECT=1 {{(pid=86998) stat_writer /opt/stack/data/venv/lib/python3.12/site-packages/dbcounter.py:115}}
Jun 11 15:13:14.014421 np0000002636 devstack@neutron-api.service[86997]: DEBUG dbcounter [-] [86997] Writing DB stats neutron:UPDATE=1,neutron:SELECT=1 {{(pid=86997) stat_writer /opt/stack/data/venv/lib/python3.12/site-packages/dbcounter.py:115}}
Jun 11 15:13:18.146923 np0000002636 devstack@neutron-api.service[86998]: DEBUG futurist.periodics [-] Submitting periodic callback 'neutron.plugins.ml2.drivers.ovn.mech_driver.ovsdb.maintenance.HashRingHealthCheckPeriodics.touch_hash_ring_node' {{(pid=86998) _process_scheduled /opt/stack/data/venv/lib/python3.12/site-packages/futurist/periodics.py:784}}
Jun 11 15:13:18.147535 np0000002636 devstack@neutron-api.service[86998]: DEBUG neutron.plugins.ml2.drivers.ovn.mech_driver.ovsdb.maintenance [-] Touching Hash Ring node "3f9bcd7798b05647a3fbb55f9d7746c4" from periodic health check thread {{(pid=86998) touch_hash_ring_node /opt/stack/neutron/neutron/plugins/ml2/drivers/ovn/mech_driver/ovsdb/maintenance.py:1418}}
Jun 11 15:13:19.007974 np0000002636 devstack@neutron-api.service[86997]: DEBUG futurist.periodics [-] Submitting periodic callback 'neutron.plugins.ml2.drivers.ovn.mech_driver.ovsdb.maintenance.HashRingHealthCheckPeriodics.touch_hash_ring_node' {{(pid=86997) _process_scheduled /opt/stack/data/venv/lib/python3.12/site-packages/futurist/periodics.py:784}}
Jun 11 15:13:19.008413 np0000002636 devstack@neutron-api.service[86997]: DEBUG neutron.plugins.ml2.drivers.ovn.mech_driver.ovsdb.maintenance [-] Touching Hash Ring node "2b0c8bfacfd450a4b92e1b001d1b69a7" from periodic health check thread {{(pid=86997) touch_hash_ring_node /opt/stack/neutron/neutron/plugins/ml2/drivers/ovn/mech_driver/ovsdb/maintenance.py:1418}}
Jun 11 15:13:28.156472 np0000002636 devstack@neutron-api.service[86998]: DEBUG dbcounter [-] [86998] Writing DB stats neutron:UPDATE=1,neutron:SELECT=1 {{(pid=86998) stat_writer /opt/stack/data/venv/lib/python3.12/site-packages/dbcounter.py:115}}
Jun 11 15:13:29.015183 np0000002636 devstack@neutron-api.service[86997]: DEBUG dbcounter [-] [86997] Writing DB stats neutron:UPDATE=1,neutron:SELECT=1 {{(pid=86997) stat_writer /opt/stack/data/venv/lib/python3.12/site-packages/dbcounter.py:115}}
Jun 11 15:13:33.147426 np0000002636 devstack@neutron-api.service[86998]: DEBUG futurist.periodics [-] Submitting periodic callback 'neutron.plugins.ml2.drivers.ovn.mech_driver.ovsdb.maintenance.HashRingHealthCheckPeriodics.touch_hash_ring_node' {{(pid=86998) _process_scheduled /opt/stack/data/venv/lib/python3.12/site-packages/futurist/periodics.py:784}}
Jun 11 15:13:33.147822 np0000002636 devstack@neutron-api.service[86998]: DEBUG neutron.plugins.ml2.drivers.ovn.mech_driver.ovsdb.maintenance [-] Touching Hash Ring node "3f9bcd7798b05647a3fbb55f9d7746c4" from periodic health check thread {{(pid=86998) touch_hash_ring_node /opt/stack/neutron/neutron/plugins/ml2/drivers/ovn/mech_driver/ovsdb/maintenance.py:1418}}
Jun 11 15:13:34.008468 np0000002636 devstack@neutron-api.service[86997]: DEBUG futurist.periodics [-] Submitting periodic callback 'neutron.plugins.ml2.drivers.ovn.mech_driver.ovsdb.maintenance.HashRingHealthCheckPeriodics.touch_hash_ring_node' {{(pid=86997) _process_scheduled /opt/stack/data/venv/lib/python3.12/site-packages/futurist/periodics.py:784}}
Jun 11 15:13:34.008920 np0000002636 devstack@neutron-api.service[86997]: DEBUG neutron.plugins.ml2.drivers.ovn.mech_driver.ovsdb.maintenance [-] Touching Hash Ring node "2b0c8bfacfd450a4b92e1b001d1b69a7" from periodic health check thread {{(pid=86997) touch_hash_ring_node /opt/stack/neutron/neutron/plugins/ml2/drivers/ovn/mech_driver/ovsdb/maintenance.py:1418}}
Jun 11 15:13:36.004600 np0000002636 devstack@neutron-api.service[86998]: DEBUG neutron.api.wsgi [None req-260570fa-f911-41b3-a022-a6c63d0be67c admin admin] Missing Content-Type {{(pid=86998) get_content_type /opt/stack/neutron/neutron/api/wsgi.py:80}}
Jun 11 15:13:36.005036 np0000002636 devstack@neutron-api.service[86998]: DEBUG neutron.api.wsgi [None req-260570fa-f911-41b3-a022-a6c63d0be67c admin admin] https://10.4.3.195/networking/v2.0/extensions returned with HTTP 200 {{(pid=86998) __call__ /opt/stack/neutron/neutron/api/wsgi.py:540}}
Jun 11 15:13:36.005391 np0000002636 devstack@neutron-api.service[86998]: [pid: 86998|app: 0|req: 18/34] 10.4.3.195 () {64 vars in 1292 bytes} [Thu Jun 11 15:13:36 2026] GET /networking/v2.0/extensions => generated 15873 bytes in 3 msecs (HTTP/1.1 200) 4 headers in 159 bytes (1 switches on core 0)
Jun 11 15:13:36.249571 np0000002636 devstack@neutron-api.service[86997]: INFO neutron.pecan_wsgi.hooks.translation [None req-1c7e3fdb-4a8e-487e-b944-90449b109ed5 admin admin] GET failed (client error): The resource could not be found.
Jun 11 15:13:36.250300 np0000002636 devstack@neutron-api.service[86997]: [pid: 86997|app: 0|req: 17/35] 10.4.3.195 () {64 vars in 1294 bytes} [Thu Jun 11 15:13:36 2026] GET /networking/v2.0/networks/public => generated 108 bytes in 8 msecs (HTTP/1.1 404) 4 headers in 164 bytes (1 switches on core 0)
Jun 11 15:13:36.290829 np0000002636 devstack@neutron-api.service[86998]: DEBUG neutron.pecan_wsgi.hooks.policy_enforcement [None req-ba4a6c0d-20d0-455c-a7b1-a6c16febc26b admin admin] Attributes excluded by policy engine: ['standard_attr_id'] {{(pid=86998) _exclude_attributes_by_policy /opt/stack/neutron/neutron/pecan_wsgi/hooks/policy_enforcement.py:256}}
Jun 11 15:13:36.291558 np0000002636 devstack@neutron-api.service[86998]: [pid: 86998|app: 0|req: 19/36] 10.4.3.195 () {64 vars in 1309 bytes} [Thu Jun 11 15:13:36 2026] GET /networking/v2.0/networks?name=public => generated 759 bytes in 35 msecs (HTTP/1.1 200) 4 headers in 157 bytes (1 switches on core 0)
Jun 11 15:13:36.470831 np0000002636 devstack@neutron-api.service[86997]: DEBUG neutron.api.v2.base [None req-79a8ef1b-0352-4471-a75f-0814cc6f4800 admin admin] Request body: {'network': {'shared': True, 'admin_state_up': True, 'name': 'shared'}} {{(pid=86997) prepare_request_body /opt/stack/neutron/neutron/api/v2/base.py:727}}
Jun 11 15:13:36.483334 np0000002636 devstack@neutron-api.service[86997]: DEBUG neutron.pecan_wsgi.hooks.quota_enforcement [None req-79a8ef1b-0352-4471-a75f-0814cc6f4800 admin admin] Made reservation on behalf of 9753f85f0ee8488b9c663393461db4a9 for: {'network': 1} {{(pid=86997) before /opt/stack/neutron/neutron/pecan_wsgi/hooks/quota_enforcement.py:66}}
Jun 11 15:13:36.486412 np0000002636 devstack@neutron-api.service[86997]: DEBUG neutron_lib.callbacks.manager [None req-79a8ef1b-0352-4471-a75f-0814cc6f4800 admin admin] Publish callbacks ['neutron.plugins.ml2.plugin.SecurityGroupDbMixin._ensure_default_security_group_handler-420176'] for network (None), before_create {{(pid=86997) _notify_loop /opt/stack/data/venv/lib/python3.12/site-packages/neutron_lib/callbacks/manager.py:184}}
Jun 11 15:13:36.513540 np0000002636 devstack@neutron-api.service[86997]: WARNING neutron.services.revisions.revision_plugin [None req-79a8ef1b-0352-4471-a75f-0814cc6f4800 admin admin] Could not find related network for resource to bump revision.
Jun 11 15:13:36.537449 np0000002636 devstack@neutron-api.service[86997]: DEBUG neutron.plugins.ml2.drivers.helpers [None req-79a8ef1b-0352-4471-a75f-0814cc6f4800 admin admin] geneve segment allocate from pool success with {'geneve_vni': 62915} {{(pid=86997) allocate_partially_specified_segment /opt/stack/neutron/neutron/plugins/ml2/drivers/helpers.py:142}}
Jun 11 15:13:36.543664 np0000002636 devstack@neutron-api.service[86997]: DEBUG neutron_lib.callbacks.manager [None req-79a8ef1b-0352-4471-a75f-0814cc6f4800 admin admin] Publish callbacks ['neutron.services.segments.db._add_segment_host_mapping_for_segment-7702737736838', 'neutron.plugins.ml2.plugin.Ml2Plugin._handle_segment_change-1724368'] for segment (54d3f189-ec27-4042-a23c-a42eed726def), precommit_create {{(pid=86997) _notify_loop /opt/stack/data/venv/lib/python3.12/site-packages/neutron_lib/callbacks/manager.py:184}}
Jun 11 15:13:36.543790 np0000002636 devstack@neutron-api.service[86997]: INFO neutron.db.segments_db [None req-79a8ef1b-0352-4471-a75f-0814cc6f4800 admin admin] Added segment 54d3f189-ec27-4042-a23c-a42eed726def of type geneve for network 3bd02b2a-beaf-4622-b4bd-401629d8e6d6
Jun 11 15:13:36.555246 np0000002636 devstack@neutron-api.service[86997]: DEBUG neutron_lib.callbacks.manager [None req-79a8ef1b-0352-4471-a75f-0814cc6f4800 admin admin] Publish callbacks ['neutron.services.auto_allocate.db._ensure_external_network_default_value_callback-7702735727606'] for network (3bd02b2a-beaf-4622-b4bd-401629d8e6d6), precommit_create {{(pid=86997) _notify_loop /opt/stack/data/venv/lib/python3.12/site-packages/neutron_lib/callbacks/manager.py:184}}
Jun 11 15:13:36.566852 np0000002636 devstack@neutron-api.service[86997]: DEBUG neutron.plugins.ml2.drivers.ovn.mech_driver.mech_driver [None req-79a8ef1b-0352-4471-a75f-0814cc6f4800 admin admin] Validating network segment with type geneve, segmentation ID 62915, physical network None {{(pid=86997) _validate_network_segments /opt/stack/neutron/neutron/plugins/ml2/drivers/ovn/mech_driver/mech_driver.py:643}}
Jun 11 15:13:36.567002 np0000002636 devstack@neutron-api.service[86997]: DEBUG neutron.db.ovn_revision_numbers_db [None req-79a8ef1b-0352-4471-a75f-0814cc6f4800 admin admin] create_initial_revision uuid=3bd02b2a-beaf-4622-b4bd-401629d8e6d6, type=networks, rev=-1 {{(pid=86997) create_initial_revision /opt/stack/neutron/neutron/db/ovn_revision_numbers_db.py:98}}
Jun 11 15:13:36.575729 np0000002636 devstack@neutron-api.service[86997]: DEBUG neutron_lib.callbacks.manager [None req-79a8ef1b-0352-4471-a75f-0814cc6f4800 admin admin] Publish callbacks ['neutron.plugins.ml2.ovo_rpc._ObjectChangeHandler.handle_event-2246394'] for network (3bd02b2a-beaf-4622-b4bd-401629d8e6d6), after_create {{(pid=86997) _notify_loop /opt/stack/data/venv/lib/python3.12/site-packages/neutron_lib/callbacks/manager.py:184}}
Jun 11 15:13:36.589168 np0000002636 devstack@neutron-api.service[86997]: DEBUG neutron.api.rpc.handlers.resources_rpc [None req-79a8ef1b-0352-4471-a75f-0814cc6f4800 admin admin] Pushing event updated for resources: {'Network': ['ID=3bd02b2a-beaf-4622-b4bd-401629d8e6d6,revision_number=1']} {{(pid=86997) push /opt/stack/neutron/neutron/api/rpc/handlers/resources_rpc.py:237}}
Jun 11 15:13:36.592517 np0000002636 devstack@neutron-api.service[86997]: DEBUG ovsdbapp.backend.ovs_idl.transaction [None req-77bd923d-64f6-4200-9df2-c03da50fbe10 None None] Running txn n=1 command(idx=0): CheckLivenessCommand(_result=None) {{(pid=86997) do_commit /opt/stack/data/venv/lib/python3.12/site-packages/ovsdbapp/backend/ovs_idl/transaction.py:89}}
Jun 11 15:13:36.608076 np0000002636 devstack@neutron-api.service[86997]: DEBUG neutron.plugins.ml2.drivers.ovn.mech_driver.ovsdb.ovsdb_monitor [None req-be66564e-5de2-403d-b42c-f310e07f4e8b None None] ChassisAgentWriteEvent : Matched Chassis_Private, update, None None {{(pid=86997) matches /opt/stack/neutron/neutron/plugins/ml2/drivers/ovn/mech_driver/ovsdb/ovsdb_monitor.py:64}}
Jun 11 15:13:36.611663 np0000002636 devstack@neutron-api.service[86998]: DEBUG neutron.plugins.ml2.drivers.ovn.mech_driver.ovsdb.ovsdb_monitor [None req-0f30b2c2-9605-4d7a-af85-c37f60c99657 None None] ChassisAgentWriteEvent : Matched Chassis_Private, update, None None {{(pid=86998) matches /opt/stack/neutron/neutron/plugins/ml2/drivers/ovn/mech_driver/ovsdb/ovsdb_monitor.py:64}}
Jun 11 15:13:36.617093 np0000002636 devstack@neutron-api.service[86998]: DEBUG neutron.common.ovn.hash_ring_manager [None req-b7ad031f-9d16-477c-af23-929498df348e None None] Hash Ring loaded. 2 active nodes. 0 offline nodes {{(pid=86998) _load_hash_ring /opt/stack/neutron/neutron/common/ovn/hash_ring_manager.py:102}}
Jun 11 15:13:36.617334 np0000002636 devstack@neutron-api.service[86998]: DEBUG neutron.plugins.ml2.drivers.ovn.mech_driver.ovsdb.ovsdb_monitor [None req-b7ad031f-9d16-477c-af23-929498df348e None None] Hash Ring: Node 3f9bcd7798b05647a3fbb55f9d7746c4 (host: np0000002636) handling event "update" for row aef6cedb-998d-4535-afe7-0c0b31201a40 (table: NB_Global) {{(pid=86998) notify /opt/stack/neutron/neutron/plugins/ml2/drivers/ovn/mech_driver/ovsdb/ovsdb_monitor.py:1015}}
Jun 11 15:13:36.618611 np0000002636 devstack@neutron-api.service[86998]: DEBUG neutron.plugins.ml2.drivers.ovn.mech_driver.ovsdb.ovsdb_monitor [None req-b7ad031f-9d16-477c-af23-929498df348e None None] Hash Ring: Node 3f9bcd7798b05647a3fbb55f9d7746c4 (host: np0000002636) handling event "update" for row aef6cedb-998d-4535-afe7-0c0b31201a40 (table: NB_Global) {{(pid=86998) notify /opt/stack/neutron/neutron/plugins/ml2/drivers/ovn/mech_driver/ovsdb/ovsdb_monitor.py:1015}}
Jun 11 15:13:36.618652 np0000002636 devstack@neutron-api.service[86997]: DEBUG neutron.common.ovn.hash_ring_manager [None req-77bd923d-64f6-4200-9df2-c03da50fbe10 None None] Hash Ring loaded. 2 active nodes. 0 offline nodes {{(pid=86997) _load_hash_ring /opt/stack/neutron/neutron/common/ovn/hash_ring_manager.py:102}}
Jun 11 15:13:36.619275 np0000002636 devstack@neutron-api.service[86998]: DEBUG neutron.plugins.ml2.drivers.ovn.mech_driver.ovsdb.ovsdb_monitor [None req-b7ad031f-9d16-477c-af23-929498df348e None None] Hash Ring: Node 3f9bcd7798b05647a3fbb55f9d7746c4 (host: np0000002636) handling event "update" for row aef6cedb-998d-4535-afe7-0c0b31201a40 (table: NB_Global) {{(pid=86998) notify /opt/stack/neutron/neutron/plugins/ml2/drivers/ovn/mech_driver/ovsdb/ovsdb_monitor.py:1015}}
Jun 11 15:13:36.619859 np0000002636 devstack@neutron-api.service[86998]: DEBUG neutron.plugins.ml2.drivers.ovn.mech_driver.ovsdb.ovsdb_monitor [None req-b7ad031f-9d16-477c-af23-929498df348e None None] Hash Ring: Node 3f9bcd7798b05647a3fbb55f9d7746c4 (host: np0000002636) handling event "update" for row aef6cedb-998d-4535-afe7-0c0b31201a40 (table: NB_Global) {{(pid=86998) notify /opt/stack/neutron/neutron/plugins/ml2/drivers/ovn/mech_driver/ovsdb/ovsdb_monitor.py:1015}}
Jun 11 15:13:36.620173 np0000002636 devstack@neutron-api.service[86998]: DEBUG neutron.common.ovn.hash_ring_manager [None req-0f30b2c2-9605-4d7a-af85-c37f60c99657 None None] Hash Ring loaded. 2 active nodes. 0 offline nodes {{(pid=86998) _load_hash_ring /opt/stack/neutron/neutron/common/ovn/hash_ring_manager.py:102}}
Jun 11 15:13:36.620584 np0000002636 devstack@neutron-api.service[86997]: DEBUG neutron.common.ovn.hash_ring_manager [None req-be66564e-5de2-403d-b42c-f310e07f4e8b None None] Hash Ring loaded. 2 active nodes. 0 offline nodes {{(pid=86997) _load_hash_ring /opt/stack/neutron/neutron/common/ovn/hash_ring_manager.py:102}}
Jun 11 15:13:36.620879 np0000002636 devstack@neutron-api.service[86997]: DEBUG neutron.plugins.ml2.drivers.ovn.mech_driver.ovsdb.ovsdb_monitor [None req-be66564e-5de2-403d-b42c-f310e07f4e8b None None] Hash Ring: Node 2b0c8bfacfd450a4b92e1b001d1b69a7 (host: np0000002636) handling event "update" for row 61910987-1be5-4f97-881c-38f2f1bab0a1 (table: Chassis_Private) {{(pid=86997) notify /opt/stack/neutron/neutron/plugins/ml2/drivers/ovn/mech_driver/ovsdb/ovsdb_monitor.py:1015}}
Jun 11 15:13:36.623309 np0000002636 devstack@neutron-api.service[86997]: DEBUG neutron.api.rpc.callbacks.version_manager [None req-79a8ef1b-0352-4471-a75f-0814cc6f4800 admin admin] Tracked resource versions report:
Jun 11 15:13:36.623309 np0000002636 devstack@neutron-api.service[86997]: pushed versions:
Jun 11 15:13:36.623309 np0000002636 devstack@neutron-api.service[86997]: { 'AddressGroup': {'1.2'},
Jun 11 15:13:36.623309 np0000002636 devstack@neutron-api.service[86997]: 'Agent': {'1.1'},
Jun 11 15:13:36.623309 np0000002636 devstack@neutron-api.service[86997]: 'ConntrackHelper': {'1.0'},
Jun 11 15:13:36.623309 np0000002636 devstack@neutron-api.service[86997]: 'LocalIPAssociation': {'1.0'},
Jun 11 15:13:36.623309 np0000002636 devstack@neutron-api.service[86997]: 'Log': {'1.0'},
Jun 11 15:13:36.623309 np0000002636 devstack@neutron-api.service[86997]: 'NDPProxy': {'1.0'},
Jun 11 15:13:36.623309 np0000002636 devstack@neutron-api.service[86997]: 'Network': {'1.3'},
Jun 11 15:13:36.623309 np0000002636 devstack@neutron-api.service[86997]: 'Port': {'1.11'},
Jun 11 15:13:36.623309 np0000002636 devstack@neutron-api.service[86997]: 'PortForwarding': {'1.3'},
Jun 11 15:13:36.623309 np0000002636 devstack@neutron-api.service[86997]: 'QosPolicy': {'1.10'},
Jun 11 15:13:36.623309 np0000002636 devstack@neutron-api.service[86997]: 'SecurityGroup': {'1.6'},
Jun 11 15:13:36.623309 np0000002636 devstack@neutron-api.service[86997]: 'SecurityGroupRule': {'1.3'},
Jun 11 15:13:36.623309 np0000002636 devstack@neutron-api.service[86997]: 'SubPort': {'1.0'},
Jun 11 15:13:36.623309 np0000002636 devstack@neutron-api.service[86997]: 'Subnet': {'1.2'},
Jun 11 15:13:36.623309 np0000002636 devstack@neutron-api.service[86997]: 'Trunk': {'1.1'}}
Jun 11 15:13:36.623309 np0000002636 devstack@neutron-api.service[86997]: consumer versions:
Jun 11 15:13:36.623309 np0000002636 devstack@neutron-api.service[86997]: { OVN Neutron agent@np0000002636: {},
Jun 11 15:13:36.623309 np0000002636 devstack@neutron-api.service[86997]: OVN Controller Gateway agent@np0000002636: {}}
Jun 11 15:13:36.623309 np0000002636 devstack@neutron-api.service[86997]: {{(pid=86997) report /opt/stack/neutron/neutron/api/rpc/callbacks/version_manager.py:183}}
Jun 11 15:13:36.631285 np0000002636 devstack@neutron-api.service[86997]: DEBUG ovsdbapp.backend.ovs_idl.transaction [None req-77bd923d-64f6-4200-9df2-c03da50fbe10 None None] Running txn n=1 command(idx=0): AddNetworkCommand(_result=None, network_uuid=3bd02b2a-beaf-4622-b4bd-401629d8e6d6, may_exist=True, columns={'external_ids': {'neutron:network_name': 'shared', 'neutron:mtu': '1372', 'neutron:revision_number': '1', 'neutron:availability_zone_hints': '', 'neutron:provnet-network-type': 'geneve'}, 'other_config': {'mcast_snoop': 'false', 'mcast_flood_unregistered': 'false', 'vlan-passthru': 'false'}}) {{(pid=86997) do_commit /opt/stack/data/venv/lib/python3.12/site-packages/ovsdbapp/backend/ovs_idl/transaction.py:89}}
Jun 11 15:13:36.633911 np0000002636 devstack@neutron-api.service[86998]: DEBUG neutron.plugins.ml2.drivers.ovn.mech_driver.ovsdb.ovsdb_monitor [None req-b7ad031f-9d16-477c-af23-929498df348e None None] Hash Ring: Node 3f9bcd7798b05647a3fbb55f9d7746c4 (host: np0000002636) handling event "create" for row 3bd02b2a-beaf-4622-b4bd-401629d8e6d6 (table: Logical_Switch) {{(pid=86998) notify /opt/stack/neutron/neutron/plugins/ml2/drivers/ovn/mech_driver/ovsdb/ovsdb_monitor.py:1015}}
Jun 11 15:13:36.635214 np0000002636 devstack@neutron-api.service[86997]: DEBUG neutron.plugins.ml2.drivers.ovn.mech_driver.ovsdb.ovsdb_monitor [None req-be66564e-5de2-403d-b42c-f310e07f4e8b None None] Hash Ring: Node 2b0c8bfacfd450a4b92e1b001d1b69a7 (host: np0000002636) handling event "create" for row ead0e192-1839-4059-82c6-45c96d94e686 (table: Datapath_Binding) {{(pid=86997) notify /opt/stack/neutron/neutron/plugins/ml2/drivers/ovn/mech_driver/ovsdb/ovsdb_monitor.py:1015}}
Jun 11 15:13:36.653102 np0000002636 devstack@neutron-api.service[86997]: INFO neutron.db.ovn_revision_numbers_db [None req-79a8ef1b-0352-4471-a75f-0814cc6f4800 admin admin] Successfully bumped revision number for resource 3bd02b2a-beaf-4622-b4bd-401629d8e6d6 (type: networks) to 1
Jun 11 15:13:36.663343 np0000002636 devstack@neutron-api.service[86997]: DEBUG neutron_lib.callbacks.manager [None req-79a8ef1b-0352-4471-a75f-0814cc6f4800 admin admin] Publish callbacks ['neutron.plugins.ml2.plugin.SecurityGroupDbMixin._ensure_default_security_group_handler-420176'] for port (None), before_create {{(pid=86997) _notify_loop /opt/stack/data/venv/lib/python3.12/site-packages/neutron_lib/callbacks/manager.py:184}}
