Aug 03 10:53:29.123589 np0000006341 devstack@c-api.service[96961]: WARNING castellan.key_manager [None req-fa172e0d-2268-4e71-8f1d-1c747b86c326 None None] Deprecation Warning : cinder.keymgr.conf_key_mgr.ConfKeyManager is not a stevedore based driver, trying to load it as a class: stevedore.exception.NoMatches: No 'castellan.drivers' driver found, looking for 'cinder.keymgr.conf_key_mgr.ConfKeyManager'
Aug 03 10:53:29.123618 np0000006341 devstack@c-api.service[96960]: DEBUG cinder.api.v3.router [None req-dfcb08cb-bd22-41e4-bae9-9ead3ee46366 None None] Extension SnapshotUnmanage extending resource: snapshots {{(pid=96960) _setup_extensions /opt/stack/cinder/cinder/api/v3/router.py:155}}
Aug 03 10:53:29.123650 np0000006341 devstack@c-api.service[96959]: WARNING stevedore.named [None req-336f9206-89a6-4925-bacb-d374cb37415f None None] Could not load cinder.keymgr.conf_key_mgr.ConfKeyManager
Aug 03 10:53:29.123692 np0000006341 devstack@c-api.service[96960]: DEBUG cinder.api.v3.router [None req-dfcb08cb-bd22-41e4-bae9-9ead3ee46366 None None] Extension ExtendedSnapshotAttributes extending resource: snapshots {{(pid=96960) _setup_extensions /opt/stack/cinder/cinder/api/v3/router.py:155}}
Aug 03 10:53:29.123750 np0000006341 devstack@c-api.service[96959]: WARNING castellan.key_manager [None req-336f9206-89a6-4925-bacb-d374cb37415f None None] Deprecation Warning : cinder.keymgr.conf_key_mgr.ConfKeyManager is not a stevedore based driver, trying to load it as a class: stevedore.exception.NoMatches: No 'castellan.drivers' driver found, looking for 'cinder.keymgr.conf_key_mgr.ConfKeyManager'
Aug 03 10:53:29.123807 np0000006341 devstack@c-api.service[96960]: DEBUG cinder.api.v3.router [None req-dfcb08cb-bd22-41e4-bae9-9ead3ee46366 None None] Extension VolumeHostAttribute extending resource: volumes {{(pid=96960) _setup_extensions /opt/stack/cinder/cinder/api/v3/router.py:155}}
Aug 03 10:53:29.123914 np0000006341 devstack@c-api.service[96960]: DEBUG cinder.api.v3.router [None req-dfcb08cb-bd22-41e4-bae9-9ead3ee46366 None None] Extension VolumeTypeEncryption extending resource: types {{(pid=96960) _setup_extensions /opt/stack/cinder/cinder/api/v3/router.py:155}}
Aug 03 10:53:29.124006 np0000006341 devstack@c-api.service[96960]: DEBUG cinder.api.v3.router [None req-dfcb08cb-bd22-41e4-bae9-9ead3ee46366 None None] Extension VolumeUnmanage extending resource: volumes {{(pid=96960) _setup_extensions /opt/stack/cinder/cinder/api/v3/router.py:155}}
Aug 03 10:53:29.124068 np0000006341 devstack@c-api.service[96961]: DEBUG cinder.api.v3.router [None req-fa172e0d-2268-4e71-8f1d-1c747b86c326 None None] Extension VolumeImageMetadata extending resource: volumes {{(pid=96961) _setup_extensions /opt/stack/cinder/cinder/api/v3/router.py:155}}
Aug 03 10:53:29.124119 np0000006341 devstack@c-api.service[96960]: DEBUG cinder.api.v3.router [None req-dfcb08cb-bd22-41e4-bae9-9ead3ee46366 None None] Extension UsedLimits extending resource: limits {{(pid=96960) _setup_extensions /opt/stack/cinder/cinder/api/v3/router.py:155}}
Aug 03 10:53:29.124179 np0000006341 devstack@c-api.service[96960]: DEBUG cinder.api.v3.router [None req-dfcb08cb-bd22-41e4-bae9-9ead3ee46366 None None] Extension SnapshotActions extending resource: snapshots {{(pid=96960) _setup_extensions /opt/stack/cinder/cinder/api/v3/router.py:155}}
Aug 03 10:53:29.124234 np0000006341 devstack@c-api.service[96961]: DEBUG cinder.api.v3.router [None req-fa172e0d-2268-4e71-8f1d-1c747b86c326 None None] Extension SnapshotUnmanage extending resource: snapshots {{(pid=96961) _setup_extensions /opt/stack/cinder/cinder/api/v3/router.py:155}}
Aug 03 10:53:29.124298 np0000006341 devstack@c-api.service[96960]: DEBUG cinder.api.v3.router [None req-dfcb08cb-bd22-41e4-bae9-9ead3ee46366 None None] Extension VolumeMigStatusAttribute extending resource: volumes {{(pid=96960) _setup_extensions /opt/stack/cinder/cinder/api/v3/router.py:155}}
Aug 03 10:53:29.124357 np0000006341 devstack@c-api.service[96961]: DEBUG cinder.api.v3.router [None req-fa172e0d-2268-4e71-8f1d-1c747b86c326 None None] Extension ExtendedSnapshotAttributes extending resource: snapshots {{(pid=96961) _setup_extensions /opt/stack/cinder/cinder/api/v3/router.py:155}}
Aug 03 10:53:29.124401 np0000006341 devstack@c-api.service[96959]: WARNING stevedore.named [None req-336f9206-89a6-4925-bacb-d374cb37415f None None] Could not load cinder.keymgr.conf_key_mgr.ConfKeyManager
Aug 03 10:53:29.124439 np0000006341 devstack@c-api.service[96960]: DEBUG cinder.api.v3.router [None req-dfcb08cb-bd22-41e4-bae9-9ead3ee46366 None None] Extension VolumeTypeAccess extending resource: types {{(pid=96960) _setup_extensions /opt/stack/cinder/cinder/api/v3/router.py:155}}
Aug 03 10:53:29.124476 np0000006341 devstack@c-api.service[96961]: DEBUG cinder.api.v3.router [None req-fa172e0d-2268-4e71-8f1d-1c747b86c326 None None] Extension VolumeHostAttribute extending resource: volumes {{(pid=96961) _setup_extensions /opt/stack/cinder/cinder/api/v3/router.py:155}}
Aug 03 10:53:29.124516 np0000006341 devstack@c-api.service[96959]: WARNING castellan.key_manager [None req-336f9206-89a6-4925-bacb-d374cb37415f None None] Deprecation Warning : cinder.keymgr.conf_key_mgr.ConfKeyManager is not a stevedore based driver, trying to load it as a class: stevedore.exception.NoMatches: No 'castellan.drivers' driver found, looking for 'cinder.keymgr.conf_key_mgr.ConfKeyManager'
Aug 03 10:53:29.124553 np0000006341 devstack@c-api.service[96960]: DEBUG cinder.api.v3.router [None req-dfcb08cb-bd22-41e4-bae9-9ead3ee46366 None None] Extension AdminActions extending resource: volumes {{(pid=96960) _setup_extensions /opt/stack/cinder/cinder/api/v3/router.py:155}}
Aug 03 10:53:29.124591 np0000006341 devstack@c-api.service[96961]: DEBUG cinder.api.v3.router [None req-fa172e0d-2268-4e71-8f1d-1c747b86c326 None None] Extension VolumeTypeEncryption extending resource: types {{(pid=96961) _setup_extensions /opt/stack/cinder/cinder/api/v3/router.py:155}}
Aug 03 10:53:29.124639 np0000006341 devstack@c-api.service[96960]: DEBUG cinder.api.v3.router [None req-dfcb08cb-bd22-41e4-bae9-9ead3ee46366 None None] Extension AdminActions extending resource: snapshots {{(pid=96960) _setup_extensions /opt/stack/cinder/cinder/api/v3/router.py:155}}
Aug 03 10:53:29.124682 np0000006341 devstack@c-api.service[96961]: DEBUG cinder.api.v3.router [None req-fa172e0d-2268-4e71-8f1d-1c747b86c326 None None] Extension VolumeUnmanage extending resource: volumes {{(pid=96961) _setup_extensions /opt/stack/cinder/cinder/api/v3/router.py:155}}
Aug 03 10:53:29.124720 np0000006341 devstack@c-api.service[96960]: DEBUG cinder.api.v3.router [None req-dfcb08cb-bd22-41e4-bae9-9ead3ee46366 None None] Extension AdminActions extending resource: backups {{(pid=96960) _setup_extensions /opt/stack/cinder/cinder/api/v3/router.py:155}}
Aug 03 10:53:29.124760 np0000006341 devstack@c-api.service[96961]: DEBUG cinder.api.v3.router [None req-fa172e0d-2268-4e71-8f1d-1c747b86c326 None None] Extension UsedLimits extending resource: limits {{(pid=96961) _setup_extensions /opt/stack/cinder/cinder/api/v3/router.py:155}}
Aug 03 10:53:29.124813 np0000006341 devstack@c-api.service[96960]: DEBUG cinder.api.v3.router [None req-dfcb08cb-bd22-41e4-bae9-9ead3ee46366 None None] Extension VolumeActions extending resource: volumes {{(pid=96960) _setup_extensions /opt/stack/cinder/cinder/api/v3/router.py:155}}
Aug 03 10:53:29.124851 np0000006341 devstack@c-api.service[96961]: DEBUG cinder.api.v3.router [None req-fa172e0d-2268-4e71-8f1d-1c747b86c326 None None] Extension SnapshotActions extending resource: snapshots {{(pid=96961) _setup_extensions /opt/stack/cinder/cinder/api/v3/router.py:155}}
Aug 03 10:53:29.124899 np0000006341 devstack@c-api.service[96961]: DEBUG cinder.api.v3.router [None req-fa172e0d-2268-4e71-8f1d-1c747b86c326 None None] Extension VolumeMigStatusAttribute extending resource: volumes {{(pid=96961) _setup_extensions /opt/stack/cinder/cinder/api/v3/router.py:155}}
Aug 03 10:53:29.124946 np0000006341 devstack@c-api.service[96960]: DEBUG cinder.api.v3.router [None req-dfcb08cb-bd22-41e4-bae9-9ead3ee46366 None None] Extension VolumeTenantAttribute extending resource: volumes {{(pid=96960) _setup_extensions /opt/stack/cinder/cinder/api/v3/router.py:155}}
Aug 03 10:53:29.124991 np0000006341 devstack@c-api.service[96959]: DEBUG cinder.api.v3.router [None req-336f9206-89a6-4925-bacb-d374cb37415f None None] Extension VolumeImageMetadata extending resource: volumes {{(pid=96959) _setup_extensions /opt/stack/cinder/cinder/api/v3/router.py:155}}
Aug 03 10:53:29.125031 np0000006341 devstack@c-api.service[96961]: DEBUG cinder.api.v3.router [None req-fa172e0d-2268-4e71-8f1d-1c747b86c326 None None] Extension VolumeTypeAccess extending resource: types {{(pid=96961) _setup_extensions /opt/stack/cinder/cinder/api/v3/router.py:155}}
Aug 03 10:53:29.125069 np0000006341 devstack@c-api.service[96960]: DEBUG cinder.api.v3.router [None req-dfcb08cb-bd22-41e4-bae9-9ead3ee46366 None None] Extension TypesManage extending resource: types {{(pid=96960) _setup_extensions /opt/stack/cinder/cinder/api/v3/router.py:155}}
Aug 03 10:53:29.125107 np0000006341 devstack@c-api.service[96961]: DEBUG cinder.api.v3.router [None req-fa172e0d-2268-4e71-8f1d-1c747b86c326 None None] Extension AdminActions extending resource: volumes {{(pid=96961) _setup_extensions /opt/stack/cinder/cinder/api/v3/router.py:155}}
Aug 03 10:53:29.125147 np0000006341 devstack@c-api.service[96959]: DEBUG cinder.api.v3.router [None req-336f9206-89a6-4925-bacb-d374cb37415f None None] Extension SnapshotUnmanage extending resource: snapshots {{(pid=96959) _setup_extensions /opt/stack/cinder/cinder/api/v3/router.py:155}}
Aug 03 10:53:29.125202 np0000006341 devstack@c-api.service[96961]: DEBUG cinder.api.v3.router [None req-fa172e0d-2268-4e71-8f1d-1c747b86c326 None None] Extension AdminActions extending resource: snapshots {{(pid=96961) _setup_extensions /opt/stack/cinder/cinder/api/v3/router.py:155}}
Aug 03 10:53:29.125258 np0000006341 devstack@c-api.service[96959]: DEBUG cinder.api.v3.router [None req-336f9206-89a6-4925-bacb-d374cb37415f None None] Extension ExtendedSnapshotAttributes extending resource: snapshots {{(pid=96959) _setup_extensions /opt/stack/cinder/cinder/api/v3/router.py:155}}
Aug 03 10:53:29.125306 np0000006341 devstack@c-api.service[96961]: DEBUG cinder.api.v3.router [None req-fa172e0d-2268-4e71-8f1d-1c747b86c326 None None] Extension AdminActions extending resource: backups {{(pid=96961) _setup_extensions /opt/stack/cinder/cinder/api/v3/router.py:155}}
Aug 03 10:53:29.125352 np0000006341 devstack@c-api.service[96959]: DEBUG cinder.api.v3.router [None req-336f9206-89a6-4925-bacb-d374cb37415f None None] Extension VolumeHostAttribute extending resource: volumes {{(pid=96959) _setup_extensions /opt/stack/cinder/cinder/api/v3/router.py:155}}
Aug 03 10:53:29.125396 np0000006341 devstack@c-api.service[96961]: DEBUG cinder.api.v3.router [None req-fa172e0d-2268-4e71-8f1d-1c747b86c326 None None] Extension VolumeActions extending resource: volumes {{(pid=96961) _setup_extensions /opt/stack/cinder/cinder/api/v3/router.py:155}}
Aug 03 10:53:29.125444 np0000006341 devstack@c-api.service[96959]: DEBUG cinder.api.v3.router [None req-336f9206-89a6-4925-bacb-d374cb37415f None None] Extension VolumeTypeEncryption extending resource: types {{(pid=96959) _setup_extensions /opt/stack/cinder/cinder/api/v3/router.py:155}}
Aug 03 10:53:29.125488 np0000006341 devstack@c-api.service[96959]: DEBUG cinder.api.v3.router [None req-336f9206-89a6-4925-bacb-d374cb37415f None None] Extension VolumeUnmanage extending resource: volumes {{(pid=96959) _setup_extensions /opt/stack/cinder/cinder/api/v3/router.py:155}}
Aug 03 10:53:29.125525 np0000006341 devstack@c-api.service[96961]: DEBUG cinder.api.v3.router [None req-fa172e0d-2268-4e71-8f1d-1c747b86c326 None None] Extension VolumeTenantAttribute extending resource: volumes {{(pid=96961) _setup_extensions /opt/stack/cinder/cinder/api/v3/router.py:155}}
Aug 03 10:53:29.125569 np0000006341 devstack@c-api.service[96961]: DEBUG cinder.api.v3.router [None req-fa172e0d-2268-4e71-8f1d-1c747b86c326 None None] Extension TypesManage extending resource: types {{(pid=96961) _setup_extensions /opt/stack/cinder/cinder/api/v3/router.py:155}}
Aug 03 10:53:29.125610 np0000006341 devstack@c-api.service[96959]: DEBUG cinder.api.v3.router [None req-336f9206-89a6-4925-bacb-d374cb37415f None None] Extension UsedLimits extending resource: limits {{(pid=96959) _setup_extensions /opt/stack/cinder/cinder/api/v3/router.py:155}}
Aug 03 10:53:29.125652 np0000006341 devstack@c-api.service[96959]: DEBUG cinder.api.v3.router [None req-336f9206-89a6-4925-bacb-d374cb37415f None None] Extension SnapshotActions extending resource: snapshots {{(pid=96959) _setup_extensions /opt/stack/cinder/cinder/api/v3/router.py:155}}
Aug 03 10:53:29.125732 np0000006341 devstack@c-api.service[96959]: DEBUG cinder.api.v3.router [None req-336f9206-89a6-4925-bacb-d374cb37415f None None] Extension VolumeMigStatusAttribute extending resource: volumes {{(pid=96959) _setup_extensions /opt/stack/cinder/cinder/api/v3/router.py:155}}
Aug 03 10:53:29.125838 np0000006341 devstack@c-api.service[96959]: DEBUG cinder.api.v3.router [None req-336f9206-89a6-4925-bacb-d374cb37415f None None] Extension VolumeTypeAccess extending resource: types {{(pid=96959) _setup_extensions /opt/stack/cinder/cinder/api/v3/router.py:155}}
Aug 03 10:53:29.125955 np0000006341 devstack@c-api.service[96959]: DEBUG cinder.api.v3.router [None req-336f9206-89a6-4925-bacb-d374cb37415f None None] Extension AdminActions extending resource: volumes {{(pid=96959) _setup_extensions /opt/stack/cinder/cinder/api/v3/router.py:155}}
Aug 03 10:53:29.126056 np0000006341 devstack@c-api.service[96959]: DEBUG cinder.api.v3.router [None req-336f9206-89a6-4925-bacb-d374cb37415f None None] Extension AdminActions extending resource: snapshots {{(pid=96959) _setup_extensions /opt/stack/cinder/cinder/api/v3/router.py:155}}
Aug 03 10:53:29.126147 np0000006341 devstack@c-api.service[96959]: DEBUG cinder.api.v3.router [None req-336f9206-89a6-4925-bacb-d374cb37415f None None] Extension AdminActions extending resource: backups {{(pid=96959) _setup_extensions /opt/stack/cinder/cinder/api/v3/router.py:155}}
Aug 03 10:53:29.126263 np0000006341 devstack@c-api.service[96959]: DEBUG cinder.api.v3.router [None req-336f9206-89a6-4925-bacb-d374cb37415f None None] Extension VolumeActions extending resource: volumes {{(pid=96959) _setup_extensions /opt/stack/cinder/cinder/api/v3/router.py:155}}
Aug 03 10:53:29.126390 np0000006341 devstack@c-api.service[96959]: DEBUG cinder.api.v3.router [None req-336f9206-89a6-4925-bacb-d374cb37415f None None] Extension VolumeTenantAttribute extending resource: volumes {{(pid=96959) _setup_extensions /opt/stack/cinder/cinder/api/v3/router.py:155}}
Aug 03 10:53:29.126482 np0000006341 devstack@c-api.service[96959]: DEBUG cinder.api.v3.router [None req-336f9206-89a6-4925-bacb-d374cb37415f None None] Extension TypesManage extending resource: types {{(pid=96959) _setup_extensions /opt/stack/cinder/cinder/api/v3/router.py:155}}
Aug 03 10:53:29.131929 np0000006341 devstack@c-api.service[96960]: WSGI app 0 (mountpoint='') ready in 3 seconds on interpreter 0x7a429c0a4668 pid: 96960 (default app)
Aug 03 10:53:29.133198 np0000006341 devstack@c-api.service[96961]: WSGI app 0 (mountpoint='') ready in 3 seconds on interpreter 0x7a429c0a4668 pid: 96961 (default app)
Aug 03 10:53:29.134285 np0000006341 devstack@c-api.service[96959]: WSGI app 0 (mountpoint='') ready in 3 seconds on interpreter 0x7a429c0a4668 pid: 96959 (default app)
Aug 03 10:53:29.140413 np0000006341 devstack@c-api.service[96960]: DEBUG cinder.api.middleware.request_id [None req-c468a2ba-414b-4142-a5f6-fc151953c7d5 None None] RequestId filter calling following filter/app {{(pid=96960) _context_setter /opt/stack/cinder/cinder/api/middleware/request_id.py:62}}
Aug 03 10:53:29.143254 np0000006341 devstack@c-api.service[96960]: [pid: 96960|app: 0|req: 1/1] 10.4.3.213 () {60 vars in 925 bytes} [Mon Aug 3 10:53:29 2026] GET /volume/v3/ => generated 114 bytes in 11 msecs (HTTP/1.1 401) 5 headers in 229 bytes (1 switches on core 0)
Aug 03 10:53:33.853281 np0000006341 devstack@c-api.service[96961]: DEBUG cinder.api.middleware.request_id [None req-436615c1-8972-4620-97be-c664ddbc178c None None] RequestId filter calling following filter/app {{(pid=96961) _context_setter /opt/stack/cinder/cinder/api/middleware/request_id.py:62}}
Aug 03 10:53:34.429430 np0000006341 devstack@c-api.service[96961]: INFO cinder.api.openstack.wsgi [None req-436615c1-8972-4620-97be-c664ddbc178c admin admin] POST https://10.4.3.213/volume/v3/types
Aug 03 10:53:34.430065 np0000006341 devstack@c-api.service[96961]: DEBUG cinder.api.openstack.wsgi [None req-436615c1-8972-4620-97be-c664ddbc178c admin admin] Action: 'create', calling method: _create, body: {"volume_type": {"name": "storpool", "description": null}} {{(pid=96961) _process_stack /opt/stack/cinder/cinder/api/openstack/wsgi.py:876}}
Aug 03 10:53:34.432271 np0000006341 devstack@c-api.service[96961]: /opt/stack/data/venv/lib/python3.12/site-packages/oslo_context/context.py:102: DeprecationWarning: Policy enforcement is depending on the value of is_admin. This key is deprecated. Please update your policy file to use the standard policy values.
Aug 03 10:53:34.432271 np0000006341 devstack@c-api.service[96961]: warnings.warn(
Aug 03 10:53:34.460261 np0000006341 devstack@c-api.service[96961]: DEBUG oslo_db.sqlalchemy.engines [None req-436615c1-8972-4620-97be-c664ddbc178c admin admin] MySQL server mode set to STRICT_TRANS_TABLES,STRICT_ALL_TABLES,NO_ZERO_IN_DATE,NO_ZERO_DATE,ERROR_FOR_DIVISION_BY_ZERO,TRADITIONAL,NO_ENGINE_SUBSTITUTION {{(pid=96961) _check_effective_sql_mode /opt/stack/data/venv/lib/python3.12/site-packages/oslo_db/sqlalchemy/engines.py:325}}
Aug 03 10:53:34.484519 np0000006341 devstack@c-api.service[96961]: INFO cinder.api.openstack.wsgi [None req-436615c1-8972-4620-97be-c664ddbc178c admin admin] https://10.4.3.213/volume/v3/types returned with HTTP 200
Aug 03 10:53:34.484922 np0000006341 devstack@c-api.service[96961]: [pid: 96961|app: 0|req: 1/2] 10.4.3.213 () {68 vars in 1302 bytes} [Mon Aug 3 10:53:33 2026] POST /volume/v3/types => generated 183 bytes in 646 msecs (HTTP/1.1 200) 7 headers in 285 bytes (1 switches on core 0)
Aug 03 10:53:34.501442 np0000006341 devstack@c-api.service[96959]: DEBUG cinder.api.middleware.request_id [None req-97523591-b785-4482-9388-e90b8ff284f8 None None] RequestId filter calling following filter/app {{(pid=96959) _context_setter /opt/stack/cinder/cinder/api/middleware/request_id.py:62}}
Aug 03 10:53:34.803022 np0000006341 devstack@c-api.service[96959]: INFO cinder.api.openstack.wsgi [None req-97523591-b785-4482-9388-e90b8ff284f8 admin admin] POST https://10.4.3.213/volume/v3/types/b24cb882-d488-474e-9beb-87ea2d02c704/extra_specs
Aug 03 10:53:34.803722 np0000006341 devstack@c-api.service[96959]: DEBUG cinder.api.openstack.wsgi [None req-97523591-b785-4482-9388-e90b8ff284f8 admin admin] Action: 'create', calling method: create, body: {"extra_specs": {"volume_backend_name": "storpool"}} {{(pid=96959) _process_stack /opt/stack/cinder/cinder/api/openstack/wsgi.py:876}}
Aug 03 10:53:34.805598 np0000006341 devstack@c-api.service[96959]: /opt/stack/data/venv/lib/python3.12/site-packages/oslo_context/context.py:102: DeprecationWarning: Policy enforcement is depending on the value of is_admin. This key is deprecated. Please update your policy file to use the standard policy values.
Aug 03 10:53:34.805598 np0000006341 devstack@c-api.service[96959]: warnings.warn(
Aug 03 10:53:34.835310 np0000006341 devstack@c-api.service[96959]: DEBUG oslo_db.sqlalchemy.engines [None req-97523591-b785-4482-9388-e90b8ff284f8 admin admin] MySQL server mode set to STRICT_TRANS_TABLES,STRICT_ALL_TABLES,NO_ZERO_IN_DATE,NO_ZERO_DATE,ERROR_FOR_DIVISION_BY_ZERO,TRADITIONAL,NO_ENGINE_SUBSTITUTION {{(pid=96959) _check_effective_sql_mode /opt/stack/data/venv/lib/python3.12/site-packages/oslo_db/sqlalchemy/engines.py:325}}
Aug 03 10:53:34.891265 np0000006341 devstack@c-api.service[96959]: INFO cinder.api.openstack.wsgi [None req-97523591-b785-4482-9388-e90b8ff284f8 admin admin] https://10.4.3.213/volume/v3/types/b24cb882-d488-474e-9beb-87ea2d02c704/extra_specs returned with HTTP 200
Aug 03 10:53:34.891781 np0000006341 devstack@c-api.service[96959]: [pid: 96959|app: 0|req: 1/3] 10.4.3.213 () {68 vars in 1449 bytes} [Mon Aug 3 10:53:34 2026] POST /volume/v3/types/b24cb882-d488-474e-9beb-87ea2d02c704/extra_specs => generated 52 bytes in 398 msecs (HTTP/1.1 200) 7 headers in 284 bytes (1 switches on core 0)
Aug 03 10:53:39.046872 np0000006341 devstack@c-api.service[96960]: DEBUG dbcounter [-] [96960] Writing DB stats cinder:SELECT=6 {{(pid=96960) stat_writer /opt/stack/data/venv/lib/python3.12/site-packages/dbcounter.py:115}}
Aug 03 10:53:44.482347 np0000006341 devstack@c-api.service[96961]: DEBUG dbcounter [-] [96961] Writing DB stats cinder:SELECT=9,cinder:INSERT=1 {{(pid=96961) stat_writer /opt/stack/data/venv/lib/python3.12/site-packages/dbcounter.py:115}}
Aug 03 10:53:44.889917 np0000006341 devstack@c-api.service[96959]: DEBUG dbcounter [-] [96959] Writing DB stats cinder:SELECT=11,cinder:INSERT=1 {{(pid=96959) stat_writer /opt/stack/data/venv/lib/python3.12/site-packages/dbcounter.py:115}}
Aug 03 10:53:59.891029 np0000006341 devstack@c-api.service[96960]: DEBUG cinder.api.middleware.request_id [None req-c6a39558-6427-4987-8513-79900f69e7f7 None None] RequestId filter calling following filter/app {{(pid=96960) _context_setter /opt/stack/cinder/cinder/api/middleware/request_id.py:62}}
Aug 03 10:53:59.891736 np0000006341 devstack@c-api.service[96960]: INFO cinder.api.openstack.wsgi [None req-c6a39558-6427-4987-8513-79900f69e7f7 None None] GET https://10.4.3.213/volume//
Aug 03 10:53:59.891943 np0000006341 devstack@c-api.service[96960]: DEBUG cinder.api.openstack.wsgi [None req-c6a39558-6427-4987-8513-79900f69e7f7 None None] Empty body provided in request {{(pid=96960) get_body /opt/stack/cinder/cinder/api/openstack/wsgi.py:725}}
Aug 03 10:53:59.892174 np0000006341 devstack@c-api.service[96960]: DEBUG cinder.api.openstack.wsgi [None req-c6a39558-6427-4987-8513-79900f69e7f7 None None] Calling method 'all' {{(pid=96960) _process_stack /opt/stack/cinder/cinder/api/openstack/wsgi.py:878}}
Aug 03 10:53:59.892702 np0000006341 devstack@c-api.service[96960]: INFO cinder.api.openstack.wsgi [None req-c6a39558-6427-4987-8513-79900f69e7f7 None None] https://10.4.3.213/volume// returned with HTTP 300
Aug 03 10:53:59.893067 np0000006341 devstack@c-api.service[96960]: [pid: 96960|app: 0|req: 2/4] 10.4.3.213 () {66 vars in 1425 bytes} [Mon Aug 3 10:53:59 2026] GET /volume/ => generated 386 bytes in 2 msecs (HTTP/1.1 300) 7 headers in 299 bytes (1 switches on core 0)
Aug 03 10:54:38.729913 np0000006341 devstack@c-api.service[96961]: DEBUG cinder.api.middleware.request_id [None req-0f12a5e7-fc22-4a9d-aadc-fb504ed3b63a None None] RequestId filter calling following filter/app {{(pid=96961) _context_setter /opt/stack/cinder/cinder/api/middleware/request_id.py:62}}
Aug 03 10:54:38.894993 np0000006341 devstack@c-api.service[96961]: INFO cinder.api.openstack.wsgi [None req-0f12a5e7-fc22-4a9d-aadc-fb504ed3b63a tempest-verify_tempest_config-721707633 tempest-verify_tempest_config-721707633-project-member] GET https://10.4.3.213/volume/v3/extensions
Aug 03 10:54:38.895233 np0000006341 devstack@c-api.service[96961]: DEBUG cinder.api.openstack.wsgi [None req-0f12a5e7-fc22-4a9d-aadc-fb504ed3b63a tempest-verify_tempest_config-721707633 tempest-verify_tempest_config-721707633-project-member] Empty body provided in request {{(pid=96961) get_body /opt/stack/cinder/cinder/api/openstack/wsgi.py:725}}
Aug 03 10:54:38.895431 np0000006341 devstack@c-api.service[96961]: DEBUG cinder.api.openstack.wsgi [None req-0f12a5e7-fc22-4a9d-aadc-fb504ed3b63a tempest-verify_tempest_config-721707633 tempest-verify_tempest_config-721707633-project-member] Calling method 'index' {{(pid=96961) _process_stack /opt/stack/cinder/cinder/api/openstack/wsgi.py:878}}
Aug 03 10:54:38.895819 np0000006341 devstack@c-api.service[96961]: INFO cinder.api.openstack.wsgi [None req-0f12a5e7-fc22-4a9d-aadc-fb504ed3b63a tempest-verify_tempest_config-721707633 tempest-verify_tempest_config-721707633-project-member] https://10.4.3.213/volume/v3/extensions returned with HTTP 200
Aug 03 10:54:38.896367 np0000006341 devstack@c-api.service[96961]: [pid: 96961|app: 0|req: 2/5] 10.4.3.213 () {66 vars in 1246 bytes} [Mon Aug 3 10:54:38 2026] GET /volume/v3/extensions => generated 5245 bytes in 167 msecs (HTTP/1.1 200) 7 headers in 286 bytes (1 switches on core 0)
Aug 03 10:55:24.396719 np0000006341 devstack@c-api.service[96959]: DEBUG cinder.api.middleware.request_id [None req-6b1580c1-ced2-420d-9c01-e19a93dd7bbf None None] RequestId filter calling following filter/app {{(pid=96959) _context_setter /opt/stack/cinder/cinder/api/middleware/request_id.py:62}}
Aug 03 10:55:24.824277 np0000006341 devstack@c-api.service[96959]: INFO cinder.api.openstack.wsgi [None req-6b1580c1-ced2-420d-9c01-e19a93dd7bbf tempest-GroupSnapshotsV319Test-758738583 tempest-GroupSnapshotsV319Test-758738583-project-admin] POST https://10.4.3.213/volume/v3/types
Aug 03 10:55:24.824696 np0000006341 devstack@c-api.service[96959]: DEBUG cinder.api.openstack.wsgi [None req-6b1580c1-ced2-420d-9c01-e19a93dd7bbf tempest-GroupSnapshotsV319Test-758738583 tempest-GroupSnapshotsV319Test-758738583-project-admin] Action: 'create', calling method: _create, body: {"volume_type": {"name": "tempest-GroupSnapshotsV319Test-volume-type-466008930"}} {{(pid=96959) _process_stack /opt/stack/cinder/cinder/api/openstack/wsgi.py:876}}
Aug 03 10:55:24.906261 np0000006341 devstack@c-api.service[96959]: INFO cinder.api.openstack.wsgi [None req-6b1580c1-ced2-420d-9c01-e19a93dd7bbf tempest-GroupSnapshotsV319Test-758738583 tempest-GroupSnapshotsV319Test-758738583-project-admin] https://10.4.3.213/volume/v3/types returned with HTTP 200
Aug 03 10:55:24.906639 np0000006341 devstack@c-api.service[96959]: [pid: 96959|app: 0|req: 2/6] 10.4.3.213 () {68 vars in 1252 bytes} [Mon Aug 3 10:55:24 2026] POST /volume/v3/types => generated 227 bytes in 510 msecs (HTTP/1.1 200) 7 headers in 285 bytes (1 switches on core 0)
Aug 03 10:55:24.915102 np0000006341 devstack@c-api.service[96960]: DEBUG cinder.api.middleware.request_id [None req-115eadb0-0079-47a8-8f19-fed3dbee088e None None] RequestId filter calling following filter/app {{(pid=96960) _context_setter /opt/stack/cinder/cinder/api/middleware/request_id.py:62}}
Aug 03 10:55:25.238599 np0000006341 devstack@c-api.service[96960]: INFO cinder.api.openstack.wsgi [None req-115eadb0-0079-47a8-8f19-fed3dbee088e tempest-GroupSnapshotsV319Test-758738583 tempest-GroupSnapshotsV319Test-758738583-project-admin] POST https://10.4.3.213/volume/v3/group_types
Aug 03 10:55:25.239468 np0000006341 devstack@c-api.service[96960]: DEBUG cinder.api.openstack.wsgi [None req-115eadb0-0079-47a8-8f19-fed3dbee088e tempest-GroupSnapshotsV319Test-758738583 tempest-GroupSnapshotsV319Test-758738583-project-admin] Action: 'create', calling method: version_select, body: {"group_type": {"name": "tempest-GroupSnapshotsV319Test-group-type-2098314771"}} {{(pid=96960) _process_stack /opt/stack/cinder/cinder/api/openstack/wsgi.py:876}}
Aug 03 10:55:25.241861 np0000006341 devstack@c-api.service[96960]: /opt/stack/data/venv/lib/python3.12/site-packages/oslo_context/context.py:102: DeprecationWarning: Policy enforcement is depending on the value of is_admin. This key is deprecated. Please update your policy file to use the standard policy values.
Aug 03 10:55:25.241861 np0000006341 devstack@c-api.service[96960]: warnings.warn(
Aug 03 10:55:25.285969 np0000006341 devstack@c-api.service[96960]: DEBUG oslo_db.sqlalchemy.engines [None req-115eadb0-0079-47a8-8f19-fed3dbee088e tempest-GroupSnapshotsV319Test-758738583 tempest-GroupSnapshotsV319Test-758738583-project-admin] MySQL server mode set to STRICT_TRANS_TABLES,STRICT_ALL_TABLES,NO_ZERO_IN_DATE,NO_ZERO_DATE,ERROR_FOR_DIVISION_BY_ZERO,TRADITIONAL,NO_ENGINE_SUBSTITUTION {{(pid=96960) _check_effective_sql_mode /opt/stack/data/venv/lib/python3.12/site-packages/oslo_db/sqlalchemy/engines.py:325}}
Aug 03 10:55:25.483808 np0000006341 devstack@c-api.service[96960]: INFO cinder.api.openstack.wsgi [None req-115eadb0-0079-47a8-8f19-fed3dbee088e tempest-GroupSnapshotsV319Test-758738583 tempest-GroupSnapshotsV319Test-758738583-project-admin] https://10.4.3.213/volume/v3/group_types returned with HTTP 202
Aug 03 10:55:25.484269 np0000006341 devstack@c-api.service[96960]: [pid: 96960|app: 0|req: 3/7] 10.4.3.213 () {70 vars in 1311 bytes} [Mon Aug 3 10:55:24 2026] POST /volume/v3/group_types => generated 185 bytes in 570 msecs (HTTP/1.1 202) 7 headers in 292 bytes (1 switches on core 0)
Aug 03 10:55:25.492797 np0000006341 devstack@c-api.service[96961]: DEBUG cinder.api.middleware.request_id [None req-48b94107-2a0e-40d0-b567-01b105ebb994 None None] RequestId filter calling following filter/app {{(pid=96961) _context_setter /opt/stack/cinder/cinder/api/middleware/request_id.py:62}}
Aug 03 10:55:25.633618 np0000006341 devstack@c-api.service[96961]: INFO cinder.api.openstack.wsgi [None req-48b94107-2a0e-40d0-b567-01b105ebb994 tempest-GroupSnapshotsV319Test-1363002754 tempest-GroupSnapshotsV319Test-1363002754-project-member] POST https://10.4.3.213/volume/v3/groups
Aug 03 10:55:25.634170 np0000006341 devstack@c-api.service[96961]: DEBUG cinder.api.openstack.wsgi [None req-48b94107-2a0e-40d0-b567-01b105ebb994 tempest-GroupSnapshotsV319Test-1363002754 tempest-GroupSnapshotsV319Test-1363002754-project-member] Action: 'create', calling method: version_select, body: {"group": {"group_type": "028c9235-0d8f-4d3d-8c9b-1c27524882d8", "volume_types": ["d64f6b87-99ad-45b1-b1d9-c212df1725f5"], "name": "tempest-GroupSnapshotsV319Test-Group-1341437710"}} {{(pid=96961) _process_stack /opt/stack/cinder/cinder/api/openstack/wsgi.py:876}}
Aug 03 10:55:25.635516 np0000006341 devstack@c-api.service[96961]: DEBUG cinder.api.v3.groups [None req-48b94107-2a0e-40d0-b567-01b105ebb994 tempest-GroupSnapshotsV319Test-1363002754 tempest-GroupSnapshotsV319Test-1363002754-project-member] Creating new group {'group': {'group_type': '028c9235-0d8f-4d3d-8c9b-1c27524882d8', 'volume_types': ['d64f6b87-99ad-45b1-b1d9-c212df1725f5'], 'name': 'tempest-GroupSnapshotsV319Test-Group-1341437710'}} {{(pid=96961) create /opt/stack/cinder/cinder/api/v3/groups.py:190}}
Aug 03 10:55:25.645802 np0000006341 devstack@c-api.service[96961]: INFO cinder.api.v3.groups [None req-48b94107-2a0e-40d0-b567-01b105ebb994 tempest-GroupSnapshotsV319Test-1363002754 tempest-GroupSnapshotsV319Test-1363002754-project-member] Creating group tempest-GroupSnapshotsV319Test-Group-1341437710.
Aug 03 10:55:25.663996 np0000006341 devstack@c-api.service[96961]: DEBUG cinder.volume.api [None req-48b94107-2a0e-40d0-b567-01b105ebb994 tempest-GroupSnapshotsV319Test-1363002754 tempest-GroupSnapshotsV319Test-1363002754-project-member] Availability zone cache updated, next update will occur around 2026-08-03 11:55:25.663440. {{(pid=96961) list_availability_zones /opt/stack/cinder/cinder/volume/api.py:155}}
Aug 03 10:55:25.664135 np0000006341 devstack@c-api.service[96961]: INFO cinder.volume.api [None req-48b94107-2a0e-40d0-b567-01b105ebb994 tempest-GroupSnapshotsV319Test-1363002754 tempest-GroupSnapshotsV319Test-1363002754-project-member] Availability Zones retrieved successfully.
Aug 03 10:55:25.735582 np0000006341 devstack@c-api.service[96961]: DEBUG cinder.quota [None req-48b94107-2a0e-40d0-b567-01b105ebb994 tempest-GroupSnapshotsV319Test-1363002754 tempest-GroupSnapshotsV319Test-1363002754-project-member] Created reservations ['a6cc32f4-204d-4d27-a4c7-fff91006c36d'] {{(pid=96961) reserve /opt/stack/cinder/cinder/quota.py:752}}
Aug 03 10:55:25.784299 np0000006341 devstack@c-api.service[96961]: INFO cinder.api.openstack.wsgi [None req-48b94107-2a0e-40d0-b567-01b105ebb994 tempest-GroupSnapshotsV319Test-1363002754 tempest-GroupSnapshotsV319Test-1363002754-project-member] https://10.4.3.213/volume/v3/groups returned with HTTP 202
Aug 03 10:55:25.784695 np0000006341 devstack@c-api.service[96961]: [pid: 96961|app: 0|req: 3/8] 10.4.3.213 () {70 vars in 1297 bytes} [Mon Aug 3 10:55:25 2026] POST /volume/v3/groups => generated 116 bytes in 292 msecs (HTTP/1.1 202) 7 headers in 292 bytes (1 switches on core 0)
Aug 03 10:55:25.792578 np0000006341 devstack@c-api.service[96959]: DEBUG cinder.api.middleware.request_id [None req-6b0698de-b661-48b1-886f-0f4b8f3243c9 None None] RequestId filter calling following filter/app {{(pid=96959) _context_setter /opt/stack/cinder/cinder/api/middleware/request_id.py:62}}
Aug 03 10:55:25.795445 np0000006341 devstack@c-api.service[96959]: INFO cinder.api.openstack.wsgi [None req-6b0698de-b661-48b1-886f-0f4b8f3243c9 tempest-GroupSnapshotsV319Test-1363002754 tempest-GroupSnapshotsV319Test-1363002754-project-member] GET https://10.4.3.213/volume/v3/groups/f4ed8d60-9283-4a3b-91aa-f77557affd8e
Aug 03 10:55:25.795644 np0000006341 devstack@c-api.service[96959]: DEBUG cinder.api.openstack.wsgi [None req-6b0698de-b661-48b1-886f-0f4b8f3243c9 tempest-GroupSnapshotsV319Test-1363002754 tempest-GroupSnapshotsV319Test-1363002754-project-member] Empty body provided in request {{(pid=96959) get_body /opt/stack/cinder/cinder/api/openstack/wsgi.py:725}}
Aug 03 10:55:25.796036 np0000006341 devstack@c-api.service[96959]: DEBUG cinder.api.openstack.wsgi [None req-6b0698de-b661-48b1-886f-0f4b8f3243c9 tempest-GroupSnapshotsV319Test-1363002754 tempest-GroupSnapshotsV319Test-1363002754-project-member] Calling method 'version_select' {{(pid=96959) _process_stack /opt/stack/cinder/cinder/api/openstack/wsgi.py:878}}
Aug 03 10:55:25.796036 np0000006341 devstack@c-api.service[96959]: DEBUG cinder.api.v3.groups [None req-6b0698de-b661-48b1-886f-0f4b8f3243c9 tempest-GroupSnapshotsV319Test-1363002754 tempest-GroupSnapshotsV319Test-1363002754-project-member] show called for member f4ed8d60-9283-4a3b-91aa-f77557affd8e {{(pid=96959) show /opt/stack/cinder/cinder/api/v3/groups.py:58}}
Aug 03 10:55:25.803897 np0000006341 devstack@c-api.service[96959]: /opt/stack/data/venv/lib/python3.12/site-packages/oslo_context/context.py:102: DeprecationWarning: Policy enforcement is depending on the value of is_admin. This key is deprecated. Please update your policy file to use the standard policy values.
Aug 03 10:55:25.803897 np0000006341 devstack@c-api.service[96959]: warnings.warn(
Aug 03 10:55:25.823091 np0000006341 devstack@c-api.service[96959]: INFO cinder.api.openstack.wsgi [None req-6b0698de-b661-48b1-886f-0f4b8f3243c9 tempest-GroupSnapshotsV319Test-1363002754 tempest-GroupSnapshotsV319Test-1363002754-project-member] https://10.4.3.213/volume/v3/groups/f4ed8d60-9283-4a3b-91aa-f77557affd8e returned with HTTP 200
Aug 03 10:55:25.823519 np0000006341 devstack@c-api.service[96959]: [pid: 96959|app: 0|req: 3/9] 10.4.3.213 () {68 vars in 1386 bytes} [Mon Aug 3 10:55:25 2026] GET /volume/v3/groups/f4ed8d60-9283-4a3b-91aa-f77557affd8e => generated 396 bytes in 31 msecs (HTTP/1.1 200) 7 headers in 286 bytes (1 switches on core 0)
Aug 03 10:55:26.833251 np0000006341 devstack@c-api.service[96960]: DEBUG cinder.api.middleware.request_id [None req-d39feabb-171c-46ae-a231-8381ed47e0f0 None None] RequestId filter calling following filter/app {{(pid=96960) _context_setter /opt/stack/cinder/cinder/api/middleware/request_id.py:62}}
Aug 03 10:55:26.834554 np0000006341 devstack@c-api.service[96960]: INFO cinder.api.openstack.wsgi [None req-d39feabb-171c-46ae-a231-8381ed47e0f0 tempest-GroupSnapshotsV319Test-1363002754 tempest-GroupSnapshotsV319Test-1363002754-project-member] GET https://10.4.3.213/volume/v3/groups/f4ed8d60-9283-4a3b-91aa-f77557affd8e
Aug 03 10:55:26.834801 np0000006341 devstack@c-api.service[96960]: DEBUG cinder.api.openstack.wsgi [None req-d39feabb-171c-46ae-a231-8381ed47e0f0 tempest-GroupSnapshotsV319Test-1363002754 tempest-GroupSnapshotsV319Test-1363002754-project-member] Empty body provided in request {{(pid=96960) get_body /opt/stack/cinder/cinder/api/openstack/wsgi.py:725}}
Aug 03 10:55:26.834999 np0000006341 devstack@c-api.service[96960]: DEBUG cinder.api.openstack.wsgi [None req-d39feabb-171c-46ae-a231-8381ed47e0f0 tempest-GroupSnapshotsV319Test-1363002754 tempest-GroupSnapshotsV319Test-1363002754-project-member] Calling method 'version_select' {{(pid=96960) _process_stack /opt/stack/cinder/cinder/api/openstack/wsgi.py:878}}
Aug 03 10:55:26.835111 np0000006341 devstack@c-api.service[96960]: DEBUG cinder.api.v3.groups [None req-d39feabb-171c-46ae-a231-8381ed47e0f0 tempest-GroupSnapshotsV319Test-1363002754 tempest-GroupSnapshotsV319Test-1363002754-project-member] show called for member f4ed8d60-9283-4a3b-91aa-f77557affd8e {{(pid=96960) show /opt/stack/cinder/cinder/api/v3/groups.py:58}}
Aug 03 10:55:26.841018 np0000006341 devstack@c-api.service[96960]: /opt/stack/data/venv/lib/python3.12/site-packages/oslo_context/context.py:102: DeprecationWarning: Policy enforcement is depending on the value of is_admin. This key is deprecated. Please update your policy file to use the standard policy values.
Aug 03 10:55:26.841018 np0000006341 devstack@c-api.service[96960]: warnings.warn(
Aug 03 10:55:26.855276 np0000006341 devstack@c-api.service[96960]: INFO cinder.api.openstack.wsgi [None req-d39feabb-171c-46ae-a231-8381ed47e0f0 tempest-GroupSnapshotsV319Test-1363002754 tempest-GroupSnapshotsV319Test-1363002754-project-member] https://10.4.3.213/volume/v3/groups/f4ed8d60-9283-4a3b-91aa-f77557affd8e returned with HTTP 200
Aug 03 10:55:26.855913 np0000006341 devstack@c-api.service[96960]: [pid: 96960|app: 0|req: 4/10] 10.4.3.213 () {68 vars in 1386 bytes} [Mon Aug 3 10:55:26 2026] GET /volume/v3/groups/f4ed8d60-9283-4a3b-91aa-f77557affd8e => generated 397 bytes in 24 msecs (HTTP/1.1 200) 7 headers in 286 bytes (1 switches on core 0)
Aug 03 10:55:26.864391 np0000006341 devstack@c-api.service[96961]: DEBUG cinder.api.middleware.request_id [None req-f1e36bf4-1d90-496e-a031-faabccf8c821 None None] RequestId filter calling following filter/app {{(pid=96961) _context_setter /opt/stack/cinder/cinder/api/middleware/request_id.py:62}}
Aug 03 10:55:26.866160 np0000006341 devstack@c-api.service[96961]: INFO cinder.api.openstack.wsgi [None req-f1e36bf4-1d90-496e-a031-faabccf8c821 tempest-GroupSnapshotsV319Test-1363002754 tempest-GroupSnapshotsV319Test-1363002754-project-member] POST https://10.4.3.213/volume/v3/volumes
Aug 03 10:55:26.866632 np0000006341 devstack@c-api.service[96961]: DEBUG cinder.api.openstack.wsgi [None req-f1e36bf4-1d90-496e-a031-faabccf8c821 tempest-GroupSnapshotsV319Test-1363002754 tempest-GroupSnapshotsV319Test-1363002754-project-member] Action: 'create', calling method: create, body: {"volume": {"name": "tempest-volume-333682612", "volume_type": "d64f6b87-99ad-45b1-b1d9-c212df1725f5", "group_id": "f4ed8d60-9283-4a3b-91aa-f77557affd8e", "size": 1}} {{(pid=96961) _process_stack /opt/stack/cinder/cinder/api/openstack/wsgi.py:876}}
Aug 03 10:55:26.868303 np0000006341 devstack@c-api.service[96961]: DEBUG cinder.api.v3.volumes [None req-f1e36bf4-1d90-496e-a031-faabccf8c821 tempest-GroupSnapshotsV319Test-1363002754 tempest-GroupSnapshotsV319Test-1363002754-project-member] Create volume request body: {'volume': {'name': 'tempest-volume-333682612', 'volume_type': 'd64f6b87-99ad-45b1-b1d9-c212df1725f5', 'group_id': 'f4ed8d60-9283-4a3b-91aa-f77557affd8e', 'size': 1}} {{(pid=96961) create /opt/stack/cinder/cinder/api/v3/volumes.py:368}}
Aug 03 10:55:26.882246 np0000006341 devstack@c-api.service[96961]: /opt/stack/data/venv/lib/python3.12/site-packages/oslo_context/context.py:102: DeprecationWarning: Policy enforcement is depending on the value of is_admin. This key is deprecated. Please update your policy file to use the standard policy values.
Aug 03 10:55:26.882246 np0000006341 devstack@c-api.service[96961]: warnings.warn(
Aug 03 10:55:26.883115 np0000006341 devstack@c-api.service[96961]: INFO cinder.api.v3.volumes [None req-f1e36bf4-1d90-496e-a031-faabccf8c821 tempest-GroupSnapshotsV319Test-1363002754 tempest-GroupSnapshotsV319Test-1363002754-project-member] Create volume of 1 GB
Aug 03 10:55:26.903902 np0000006341 devstack@c-api.service[96961]: DEBUG cinder.volume.api [None req-f1e36bf4-1d90-496e-a031-faabccf8c821 tempest-GroupSnapshotsV319Test-1363002754 tempest-GroupSnapshotsV319Test-1363002754-project-member] Availability zone cache updated, next update will occur around 2026-08-03 11:55:26.903561. {{(pid=96961) list_availability_zones /opt/stack/cinder/cinder/volume/api.py:155}}
Aug 03 10:55:26.904111 np0000006341 devstack@c-api.service[96961]: INFO cinder.volume.api [None req-f1e36bf4-1d90-496e-a031-faabccf8c821 tempest-GroupSnapshotsV319Test-1363002754 tempest-GroupSnapshotsV319Test-1363002754-project-member] Availability Zones retrieved successfully.
Aug 03 10:55:26.926753 np0000006341 devstack@c-api.service[96961]: DEBUG cinder.volume.api [None req-f1e36bf4-1d90-496e-a031-faabccf8c821 tempest-GroupSnapshotsV319Test-1363002754 tempest-GroupSnapshotsV319Test-1363002754-project-member] Flow 'volume_create_api' (7df18bfc-9209-4323-9530-6d8b7c661620) transitioned into state 'RUNNING' from state 'PENDING' {{(pid=96961) _flow_receiver /opt/stack/data/venv/lib/python3.12/site-packages/taskflow/listeners/logging.py:160}}
Aug 03 10:55:26.928062 np0000006341 devstack@c-api.service[96961]: DEBUG cinder.volume.api [None req-f1e36bf4-1d90-496e-a031-faabccf8c821 tempest-GroupSnapshotsV319Test-1363002754 tempest-GroupSnapshotsV319Test-1363002754-project-member] Task 'cinder.volume.flows.api.create_volume.ExtractVolumeRequestTask;volume:create' (b890e973-c832-40a5-9931-c002a5219c22) transitioned into state 'RUNNING' from state 'PENDING' {{(pid=96961) _task_receiver /opt/stack/data/venv/lib/python3.12/site-packages/taskflow/listeners/logging.py:242}}
Aug 03 10:55:26.928763 np0000006341 devstack@c-api.service[96961]: /opt/stack/data/venv/lib/python3.12/site-packages/oslo_context/context.py:102: DeprecationWarning: Policy enforcement is depending on the value of is_admin. This key is deprecated. Please update your policy file to use the standard policy values.
Aug 03 10:55:26.928763 np0000006341 devstack@c-api.service[96961]: warnings.warn(
Aug 03 10:55:26.929321 np0000006341 devstack@c-api.service[96961]: DEBUG cinder.volume.flows.api.create_volume [None req-f1e36bf4-1d90-496e-a031-faabccf8c821 tempest-GroupSnapshotsV319Test-1363002754 tempest-GroupSnapshotsV319Test-1363002754-project-member] Validating volume size '1' using validate_int {{(pid=96961) _extract_size /opt/stack/cinder/cinder/volume/flows/api/create_volume.py:226}}
Aug 03 10:55:26.951438 np0000006341 devstack@c-api.service[96961]: DEBUG cinder.volume.api [None req-f1e36bf4-1d90-496e-a031-faabccf8c821 tempest-GroupSnapshotsV319Test-1363002754 tempest-GroupSnapshotsV319Test-1363002754-project-member] Task 'cinder.volume.flows.api.create_volume.ExtractVolumeRequestTask;volume:create' (b890e973-c832-40a5-9931-c002a5219c22) transitioned into state 'SUCCESS' from state 'RUNNING' with result '{'size': 1, 'snapshot_id': None, 'source_volid': None, 'volume_type': VolumeType(created_at=2026-08-03T10:55:25Z,deleted=False,deleted_at=None,description=None,extra_specs={},id=d64f6b87-99ad-45b1-b1d9-c212df1725f5,is_public=True,name='tempest-GroupSnapshotsV319Test-volume-type-466008930',projects=[],qos_specs=,qos_specs_id=None,updated_at=None), 'volume_type_id': 'd64f6b87-99ad-45b1-b1d9-c212df1725f5', 'encryption_key_id': None, 'qos_specs': None, 'consistencygroup_id': None, 'cgsnapshot_id': None, 'group_id': 'f4ed8d60-9283-4a3b-91aa-f77557affd8e', 'replication_status': 'disabled', 'refresh_az': False, 'backup_id': None, 'multiattach': False, 'availability_zones': ['nova']}' {{(pid=96961) _task_receiver /opt/stack/data/venv/lib/python3.12/site-packages/taskflow/listeners/logging.py:218}}
Aug 03 10:55:26.952261 np0000006341 devstack@c-api.service[96961]: DEBUG cinder.volume.api [None req-f1e36bf4-1d90-496e-a031-faabccf8c821 tempest-GroupSnapshotsV319Test-1363002754 tempest-GroupSnapshotsV319Test-1363002754-project-member] Task 'cinder.volume.flows.api.create_volume.QuotaReserveTask;volume:create' (7b8066c6-fe77-476b-9df9-e78139dadebc) transitioned into state 'RUNNING' from state 'PENDING' {{(pid=96961) _task_receiver /opt/stack/data/venv/lib/python3.12/site-packages/taskflow/listeners/logging.py:242}}
Aug 03 10:55:26.981698 np0000006341 devstack@c-api.service[96961]: WARNING cinder.quota [None req-f1e36bf4-1d90-496e-a031-faabccf8c821 tempest-GroupSnapshotsV319Test-1363002754 tempest-GroupSnapshotsV319Test-1363002754-project-member] Deprecated: Default quota for resource: volumes_tempest-GroupSnapshotsV319Test-volume-type-466008930 is set by the default quota flag: quota_volumes_tempest-GroupSnapshotsV319Test-volume-type-466008930, it is now deprecated. Please use the default quota class for default quota.
Aug 03 10:55:26.981974 np0000006341 devstack@c-api.service[96961]: WARNING cinder.quota [None req-f1e36bf4-1d90-496e-a031-faabccf8c821 tempest-GroupSnapshotsV319Test-1363002754 tempest-GroupSnapshotsV319Test-1363002754-project-member] Deprecated: Default quota for resource: gigabytes_tempest-GroupSnapshotsV319Test-volume-type-466008930 is set by the default quota flag: quota_gigabytes_tempest-GroupSnapshotsV319Test-volume-type-466008930, it is now deprecated. Please use the default quota class for default quota.
Aug 03 10:55:27.246667 np0000006341 devstack@c-api.service[96961]: DEBUG cinder.quota [None req-f1e36bf4-1d90-496e-a031-faabccf8c821 tempest-GroupSnapshotsV319Test-1363002754 tempest-GroupSnapshotsV319Test-1363002754-project-member] Created reservations ['ff8d687c-f325-48c6-9bf9-a95165d3ee73', 'f5aa5743-3d40-4636-92b8-e7d9735aa9bf', 'b5699da3-f2ed-42a4-a722-b67bc499f047', '916a2a73-3e2f-4aed-9f21-91076a6e85a0'] {{(pid=96961) reserve /opt/stack/cinder/cinder/quota.py:752}}
Aug 03 10:55:27.246667 np0000006341 devstack@c-api.service[96961]: DEBUG cinder.volume.api [None req-f1e36bf4-1d90-496e-a031-faabccf8c821 tempest-GroupSnapshotsV319Test-1363002754 tempest-GroupSnapshotsV319Test-1363002754-project-member] Task 'cinder.volume.flows.api.create_volume.QuotaReserveTask;volume:create' (7b8066c6-fe77-476b-9df9-e78139dadebc) transitioned into state 'SUCCESS' from state 'RUNNING' with result '{'reservations': ['ff8d687c-f325-48c6-9bf9-a95165d3ee73', 'f5aa5743-3d40-4636-92b8-e7d9735aa9bf', 'b5699da3-f2ed-42a4-a722-b67bc499f047', '916a2a73-3e2f-4aed-9f21-91076a6e85a0']}' {{(pid=96961) _task_receiver /opt/stack/data/venv/lib/python3.12/site-packages/taskflow/listeners/logging.py:218}}
Aug 03 10:55:27.247125 np0000006341 devstack@c-api.service[96961]: DEBUG cinder.volume.api [None req-f1e36bf4-1d90-496e-a031-faabccf8c821 tempest-GroupSnapshotsV319Test-1363002754 tempest-GroupSnapshotsV319Test-1363002754-project-member] Task 'cinder.volume.flows.api.create_volume.EntryCreateTask;volume:create' (a3edc55d-e3bf-4c00-82bf-238fd1b3a9a7) transitioned into state 'RUNNING' from state 'PENDING' {{(pid=96961) _task_receiver /opt/stack/data/venv/lib/python3.12/site-packages/taskflow/listeners/logging.py:242}}
Aug 03 10:55:27.453477 np0000006341 devstack@c-api.service[96961]: DEBUG cinder.volume.api [None req-f1e36bf4-1d90-496e-a031-faabccf8c821 tempest-GroupSnapshotsV319Test-1363002754 tempest-GroupSnapshotsV319Test-1363002754-project-member] Task 'cinder.volume.flows.api.create_volume.EntryCreateTask;volume:create' (a3edc55d-e3bf-4c00-82bf-238fd1b3a9a7) transitioned into state 'SUCCESS' from state 'RUNNING' with result '{'volume_id': '8b9a70a6-8193-4961-b88c-6ae76cbd1176', 'volume_properties': VolumeProperties(attach_status='detached',availability_zone='nova',cgsnapshot_id=None,consistencygroup_id=None,display_description=None,display_name='tempest-volume-333682612',encryption_key_id=None,group_id=f4ed8d60-9283-4a3b-91aa-f77557affd8e,group_type_id=,metadata={},multiattach=False,project_id='07772c3ac92d4ec8a4a8c1b390eff6d6',qos_specs=None,replication_status=,reservations=['ff8d687c-f325-48c6-9bf9-a95165d3ee73','f5aa5743-3d40-4636-92b8-e7d9735aa9bf','b5699da3-f2ed-42a4-a722-b67bc499f047','916a2a73-3e2f-4aed-9f21-91076a6e85a0'],size=1,snapshot_id=None,source_replicaid=,source_volid=None,status='creating',user_id='bbfca6c147ac4413bb0b773d5c84825c',volume_type_id=d64f6b87-99ad-45b1-b1d9-c212df1725f5), 'volume': Volume(_name_id=None,admin_metadata=,attach_status='detached',availability_zone='nova',bootable=False,cluster=,cluster_name=None,consistencygroup=,consistencygroup_id=None,created_at=2026-08-03T10:55:27Z,deleted=False,deleted_at=None,display_description=None,display_name='tempest-volume-333682612',ec2_id=None,encryption_key_id=None,glance_metadata=,group=,group_id=f4ed8d60-9283-4a3b-91aa-f77557affd8e,host=None,id=8b9a70a6-8193-4961-b88c-6ae76cbd1176,launched_at=None,metadata={},migration_status=None,multiattach=False,previous_status=None,project_id='07772c3ac92d4ec8a4a8c1b390eff6d6',provider_auth=None,provider_geometry=None,provider_id=None,provider_location=None,replication_driver_data=None,replication_extended_status=None,replication_status=None,scheduled_at=None,service_uuid=None,shared_targets=True,size=1,snapshot_id=None,snapshots=,source_volid=None,status='creating',terminated_at=None,updated_at=None,use_quota=True,user_id='bbfca6c147ac4413bb0b773d5c84825c',volume_attachment=VolumeAttachmentList,volume_type=VolumeType(d64f6b87-99ad-45b1-b1d9-c212df1725f5),volume_type_id=d64f6b87-99ad-45b1-b1d9-c212df1725f5)}' {{(pid=96961) _task_receiver /opt/stack/data/venv/lib/python3.12/site-packages/taskflow/listeners/logging.py:218}}
