Aug 03 10:55:51.046240 np0000006341 devstack@g-api.service[99695]: DEBUG glance.api.middleware.version_negotiation [None req-9e6953e8-3fb5-4a0e-a693-39e220953711 tempest-ServerBootFromVolumeStableRescueTest-619107953 tempest-ServerBootFromVolumeStableRescueTest-619107953-project-member] Determining version of request: GET /v2/images/d6942376-820b-4d93-a4fc-66cbffdef102 Accept: */* {{(pid=99695) process_request /opt/stack/glance/glance/api/middleware/version_negotiation.py:44}}
Aug 03 10:55:51.046240 np0000006341 devstack@g-api.service[99695]: DEBUG glance.api.middleware.version_negotiation [None req-9e6953e8-3fb5-4a0e-a693-39e220953711 tempest-ServerBootFromVolumeStableRescueTest-619107953 tempest-ServerBootFromVolumeStableRescueTest-619107953-project-member] Using url versioning {{(pid=99695) process_request /opt/stack/glance/glance/api/middleware/version_negotiation.py:57}}
Aug 03 10:55:51.046240 np0000006341 devstack@g-api.service[99695]: DEBUG glance.api.middleware.version_negotiation [None req-9e6953e8-3fb5-4a0e-a693-39e220953711 tempest-ServerBootFromVolumeStableRescueTest-619107953 tempest-ServerBootFromVolumeStableRescueTest-619107953-project-member] Matched version: v2 {{(pid=99695) process_request /opt/stack/glance/glance/api/middleware/version_negotiation.py:69}}
Aug 03 10:55:51.046720 np0000006341 devstack@g-api.service[99695]: DEBUG glance.api.middleware.version_negotiation [None req-9e6953e8-3fb5-4a0e-a693-39e220953711 tempest-ServerBootFromVolumeStableRescueTest-619107953 tempest-ServerBootFromVolumeStableRescueTest-619107953-project-member] new path /v2/images/d6942376-820b-4d93-a4fc-66cbffdef102 {{(pid=99695) process_request /opt/stack/glance/glance/api/middleware/version_negotiation.py:70}}
Aug 03 10:55:51.058759 np0000006341 devstack@g-api.service[99695]: [pid: 99695|app: 0|req: 9/27] 127.0.0.1 () {44 vars in 1115 bytes} [Mon Aug 3 10:55:51 2026] GET /v2/images/d6942376-820b-4d93-a4fc-66cbffdef102 => generated 1044 bytes in 13 msecs (HTTP/1.1 200) 4 headers in 158 bytes (1 switches on core 0)
Aug 03 10:55:51.083916 np0000006341 devstack@g-api.service[99696]: DEBUG glance.api.middleware.version_negotiation [None req-9779f5b7-0d96-4470-8885-180029c73c3c tempest-DeleteServersTestJSON-1697534913 tempest-DeleteServersTestJSON-1697534913-project-member] Determining version of request: GET /v2/schemas/image Accept: */* {{(pid=99696) process_request /opt/stack/glance/glance/api/middleware/version_negotiation.py:44}}
Aug 03 10:55:51.083916 np0000006341 devstack@g-api.service[99696]: DEBUG glance.api.middleware.version_negotiation [None req-9779f5b7-0d96-4470-8885-180029c73c3c tempest-DeleteServersTestJSON-1697534913 tempest-DeleteServersTestJSON-1697534913-project-member] Using url versioning {{(pid=99696) process_request /opt/stack/glance/glance/api/middleware/version_negotiation.py:57}}
Aug 03 10:55:51.083916 np0000006341 devstack@g-api.service[99696]: DEBUG glance.api.middleware.version_negotiation [None req-9779f5b7-0d96-4470-8885-180029c73c3c tempest-DeleteServersTestJSON-1697534913 tempest-DeleteServersTestJSON-1697534913-project-member] Matched version: v2 {{(pid=99696) process_request /opt/stack/glance/glance/api/middleware/version_negotiation.py:69}}
Aug 03 10:55:51.084408 np0000006341 devstack@g-api.service[99696]: DEBUG glance.api.middleware.version_negotiation [None req-9779f5b7-0d96-4470-8885-180029c73c3c tempest-DeleteServersTestJSON-1697534913 tempest-DeleteServersTestJSON-1697534913-project-member] new path /v2/schemas/image {{(pid=99696) process_request /opt/stack/glance/glance/api/middleware/version_negotiation.py:70}}
Aug 03 10:55:51.084455 np0000006341 devstack@g-api.service[99697]: DEBUG glance.api.middleware.version_negotiation [None req-9779f5b7-0d96-4470-8885-180029c73c3c tempest-DeleteServersTestJSON-1697534913 tempest-DeleteServersTestJSON-1697534913-project-member] Determining version of request: GET /v2/images/d6942376-820b-4d93-a4fc-66cbffdef102 Accept: application/json {{(pid=99697) process_request /opt/stack/glance/glance/api/middleware/version_negotiation.py:44}}
Aug 03 10:55:51.084658 np0000006341 devstack@g-api.service[99697]: DEBUG glance.api.middleware.version_negotiation [None req-9779f5b7-0d96-4470-8885-180029c73c3c tempest-DeleteServersTestJSON-1697534913 tempest-DeleteServersTestJSON-1697534913-project-member] Using url versioning {{(pid=99697) process_request /opt/stack/glance/glance/api/middleware/version_negotiation.py:57}}
Aug 03 10:55:51.084840 np0000006341 devstack@g-api.service[99697]: DEBUG glance.api.middleware.version_negotiation [None req-9779f5b7-0d96-4470-8885-180029c73c3c tempest-DeleteServersTestJSON-1697534913 tempest-DeleteServersTestJSON-1697534913-project-member] Matched version: v2 {{(pid=99697) process_request /opt/stack/glance/glance/api/middleware/version_negotiation.py:69}}
Aug 03 10:55:51.084980 np0000006341 devstack@g-api.service[99697]: DEBUG glance.api.middleware.version_negotiation [None req-9779f5b7-0d96-4470-8885-180029c73c3c tempest-DeleteServersTestJSON-1697534913 tempest-DeleteServersTestJSON-1697534913-project-member] new path /v2/images/d6942376-820b-4d93-a4fc-66cbffdef102 {{(pid=99697) process_request /opt/stack/glance/glance/api/middleware/version_negotiation.py:70}}
Aug 03 10:55:51.088079 np0000006341 devstack@g-api.service[99696]: [pid: 99696|app: 0|req: 9/28] 127.0.0.1 () {44 vars in 1055 bytes} [Mon Aug 3 10:55:51 2026] GET /v2/schemas/image => generated 6083 bytes in 4 msecs (HTTP/1.1 200) 4 headers in 158 bytes (1 switches on core 0)
Aug 03 10:55:51.320686 np0000006341 devstack@g-api.service[99697]: [pid: 99697|app: 0|req: 11/29] 127.0.0.1 () {40 vars in 838 bytes} [Mon Aug 3 10:55:51 2026] GET /v2/images/d6942376-820b-4d93-a4fc-66cbffdef102 => generated 1044 bytes in 236 msecs (HTTP/1.1 200) 4 headers in 158 bytes (1 switches on core 0)
Aug 03 10:55:51.327719 np0000006341 devstack@g-api.service[99695]: DEBUG glance.api.middleware.version_negotiation [None req-9779f5b7-0d96-4470-8885-180029c73c3c tempest-DeleteServersTestJSON-1697534913 tempest-DeleteServersTestJSON-1697534913-project-member] Determining version of request: GET /v2/images/d6942376-820b-4d93-a4fc-66cbffdef102/file Accept: application/json {{(pid=99695) process_request /opt/stack/glance/glance/api/middleware/version_negotiation.py:44}}
Aug 03 10:55:51.327865 np0000006341 devstack@g-api.service[99695]: DEBUG glance.api.middleware.version_negotiation [None req-9779f5b7-0d96-4470-8885-180029c73c3c tempest-DeleteServersTestJSON-1697534913 tempest-DeleteServersTestJSON-1697534913-project-member] Using url versioning {{(pid=99695) process_request /opt/stack/glance/glance/api/middleware/version_negotiation.py:57}}
Aug 03 10:55:51.327977 np0000006341 devstack@g-api.service[99695]: DEBUG glance.api.middleware.version_negotiation [None req-9779f5b7-0d96-4470-8885-180029c73c3c tempest-DeleteServersTestJSON-1697534913 tempest-DeleteServersTestJSON-1697534913-project-member] Matched version: v2 {{(pid=99695) process_request /opt/stack/glance/glance/api/middleware/version_negotiation.py:69}}
Aug 03 10:55:51.328071 np0000006341 devstack@g-api.service[99695]: DEBUG glance.api.middleware.version_negotiation [None req-9779f5b7-0d96-4470-8885-180029c73c3c tempest-DeleteServersTestJSON-1697534913 tempest-DeleteServersTestJSON-1697534913-project-member] new path /v2/images/d6942376-820b-4d93-a4fc-66cbffdef102/file {{(pid=99695) process_request /opt/stack/glance/glance/api/middleware/version_negotiation.py:70}}
Aug 03 10:55:51.567198 np0000006341 devstack@g-api.service[99695]: DEBUG glance.api.middleware.cache [None req-509cca94-a92f-497b-9ea2-8458fdcbaec8 tempest-AttachSCSIVolumeTestJSON-99879532 tempest-AttachSCSIVolumeTestJSON-99879532-project-admin] Cache hit for image 'd6942376-820b-4d93-a4fc-66cbffdef102' {{(pid=99695) process_request /opt/stack/glance/glance/api/middleware/cache.py:160}}
Aug 03 10:55:51.576377 np0000006341 devstack@g-api.service[99696]: DEBUG glance.api.middleware.version_negotiation [None req-9779f5b7-0d96-4470-8885-180029c73c3c tempest-DeleteServersTestJSON-1697534913 tempest-DeleteServersTestJSON-1697534913-project-member] Determining version of request: POST /v2/images Accept: application/json {{(pid=99696) process_request /opt/stack/glance/glance/api/middleware/version_negotiation.py:44}}
Aug 03 10:55:51.576377 np0000006341 devstack@g-api.service[99696]: DEBUG glance.api.middleware.version_negotiation [None req-9779f5b7-0d96-4470-8885-180029c73c3c tempest-DeleteServersTestJSON-1697534913 tempest-DeleteServersTestJSON-1697534913-project-member] Using url versioning {{(pid=99696) process_request /opt/stack/glance/glance/api/middleware/version_negotiation.py:57}}
Aug 03 10:55:51.576518 np0000006341 devstack@g-api.service[99696]: DEBUG glance.api.middleware.version_negotiation [None req-9779f5b7-0d96-4470-8885-180029c73c3c tempest-DeleteServersTestJSON-1697534913 tempest-DeleteServersTestJSON-1697534913-project-member] Matched version: v2 {{(pid=99696) process_request /opt/stack/glance/glance/api/middleware/version_negotiation.py:69}}
Aug 03 10:55:51.576594 np0000006341 devstack@g-api.service[99696]: DEBUG glance.api.middleware.version_negotiation [None req-9779f5b7-0d96-4470-8885-180029c73c3c tempest-DeleteServersTestJSON-1697534913 tempest-DeleteServersTestJSON-1697534913-project-member] new path /v2/images {{(pid=99696) process_request /opt/stack/glance/glance/api/middleware/version_negotiation.py:70}}
Aug 03 10:55:52.179521 np0000006341 devstack@g-api.service[99696]: [pid: 99696|app: 0|req: 10/30] 127.0.0.1 () {42 vars in 786 bytes} [Mon Aug 3 10:55:51 2026] POST /v2/images => generated 690 bytes in 600 msecs (HTTP/1.1 201) 6 headers in 315 bytes (1 switches on core 0)
Aug 03 10:55:52.186741 np0000006341 devstack@g-api.service[99697]: DEBUG glance.api.middleware.version_negotiation [None req-509fa675-96e0-440b-b249-dea9ca39c0c3 tempest-AttachSCSIVolumeTestJSON-737545626 tempest-AttachSCSIVolumeTestJSON-737545626-project-reader] Determining version of request: PUT /v2/images/e2bc2290-9ed1-4bcc-a4f7-4a06275718fd/file Accept: {{(pid=99697) process_request /opt/stack/glance/glance/api/middleware/version_negotiation.py:44}}
Aug 03 10:55:52.187521 np0000006341 devstack@g-api.service[99697]: DEBUG glance.api.middleware.version_negotiation [None req-509fa675-96e0-440b-b249-dea9ca39c0c3 tempest-AttachSCSIVolumeTestJSON-737545626 tempest-AttachSCSIVolumeTestJSON-737545626-project-reader] Using url versioning {{(pid=99697) process_request /opt/stack/glance/glance/api/middleware/version_negotiation.py:57}}
Aug 03 10:55:52.187521 np0000006341 devstack@g-api.service[99697]: DEBUG glance.api.middleware.version_negotiation [None req-509fa675-96e0-440b-b249-dea9ca39c0c3 tempest-AttachSCSIVolumeTestJSON-737545626 tempest-AttachSCSIVolumeTestJSON-737545626-project-reader] Matched version: v2 {{(pid=99697) process_request /opt/stack/glance/glance/api/middleware/version_negotiation.py:69}}
Aug 03 10:55:52.187521 np0000006341 devstack@g-api.service[99697]: DEBUG glance.api.middleware.version_negotiation [None req-509fa675-96e0-440b-b249-dea9ca39c0c3 tempest-AttachSCSIVolumeTestJSON-737545626 tempest-AttachSCSIVolumeTestJSON-737545626-project-reader] new path /v2/images/e2bc2290-9ed1-4bcc-a4f7-4a06275718fd/file {{(pid=99697) process_request /opt/stack/glance/glance/api/middleware/version_negotiation.py:70}}
Aug 03 10:55:52.231840 np0000006341 devstack@g-api.service[99695]: [pid: 99695|app: 0|req: 10/31] 127.0.0.1 () {40 vars in 848 bytes} [Mon Aug 3 10:55:51 2026] GET /v2/images/d6942376-820b-4d93-a4fc-66cbffdef102/file => generated 21692416 bytes in 904 msecs (HTTP/1.1 200) 5 headers in 217 bytes (339 switches on core 0)
Aug 03 10:55:52.767767 np0000006341 devstack@g-api.service[99696]: DEBUG glance.api.middleware.version_negotiation [None req-06dab49e-708c-459e-8001-fab564872b01 tempest-AttachSCSIVolumeTestJSON-99879532 tempest-AttachSCSIVolumeTestJSON-99879532-project-admin] Determining version of request: GET /v2/images/d6942376-820b-4d93-a4fc-66cbffdef102 Accept: */* {{(pid=99696) process_request /opt/stack/glance/glance/api/middleware/version_negotiation.py:44}}
Aug 03 10:55:52.767767 np0000006341 devstack@g-api.service[99696]: DEBUG glance.api.middleware.version_negotiation [None req-06dab49e-708c-459e-8001-fab564872b01 tempest-AttachSCSIVolumeTestJSON-99879532 tempest-AttachSCSIVolumeTestJSON-99879532-project-admin] Using url versioning {{(pid=99696) process_request /opt/stack/glance/glance/api/middleware/version_negotiation.py:57}}
Aug 03 10:55:52.767767 np0000006341 devstack@g-api.service[99696]: DEBUG glance.api.middleware.version_negotiation [None req-06dab49e-708c-459e-8001-fab564872b01 tempest-AttachSCSIVolumeTestJSON-99879532 tempest-AttachSCSIVolumeTestJSON-99879532-project-admin] Matched version: v2 {{(pid=99696) process_request /opt/stack/glance/glance/api/middleware/version_negotiation.py:69}}
Aug 03 10:55:52.767767 np0000006341 devstack@g-api.service[99696]: DEBUG glance.api.middleware.version_negotiation [None req-06dab49e-708c-459e-8001-fab564872b01 tempest-AttachSCSIVolumeTestJSON-99879532 tempest-AttachSCSIVolumeTestJSON-99879532-project-admin] new path /v2/images/d6942376-820b-4d93-a4fc-66cbffdef102 {{(pid=99696) process_request /opt/stack/glance/glance/api/middleware/version_negotiation.py:70}}
Aug 03 10:55:52.817415 np0000006341 devstack@g-api.service[99697]: INFO glance.api.v2.image_data [None req-c51205f2-4f52-4660-ac91-5526af55d398 tempest-AttachSCSIVolumeTestJSON-99879532 tempest-AttachSCSIVolumeTestJSON-99879532-project-admin] Unable to create trust: no such option collect_timing in group [keystone_authtoken] Use the existing user token.
Aug 03 10:55:53.005530 np0000006341 devstack@g-api.service[99696]: [pid: 99696|app: 0|req: 11/32] 127.0.0.1 () {44 vars in 1115 bytes} [Mon Aug 3 10:55:52 2026] GET /v2/images/d6942376-820b-4d93-a4fc-66cbffdef102 => generated 1044 bytes in 238 msecs (HTTP/1.1 200) 4 headers in 158 bytes (1 switches on core 0)
Aug 03 10:55:53.013930 np0000006341 devstack@g-api.service[99695]: DEBUG glance.api.middleware.version_negotiation [None req-509cca94-a92f-497b-9ea2-8458fdcbaec8 tempest-AttachSCSIVolumeTestJSON-99879532 tempest-AttachSCSIVolumeTestJSON-99879532-project-admin] Determining version of request: GET /v2/schemas/image Accept: */* {{(pid=99695) process_request /opt/stack/glance/glance/api/middleware/version_negotiation.py:44}}
Aug 03 10:55:53.014073 np0000006341 devstack@g-api.service[99695]: DEBUG glance.api.middleware.version_negotiation [None req-509cca94-a92f-497b-9ea2-8458fdcbaec8 tempest-AttachSCSIVolumeTestJSON-99879532 tempest-AttachSCSIVolumeTestJSON-99879532-project-admin] Using url versioning {{(pid=99695) process_request /opt/stack/glance/glance/api/middleware/version_negotiation.py:57}}
Aug 03 10:55:53.014179 np0000006341 devstack@g-api.service[99695]: DEBUG glance.api.middleware.version_negotiation [None req-509cca94-a92f-497b-9ea2-8458fdcbaec8 tempest-AttachSCSIVolumeTestJSON-99879532 tempest-AttachSCSIVolumeTestJSON-99879532-project-admin] Matched version: v2 {{(pid=99695) process_request /opt/stack/glance/glance/api/middleware/version_negotiation.py:69}}
Aug 03 10:55:53.014286 np0000006341 devstack@g-api.service[99695]: DEBUG glance.api.middleware.version_negotiation [None req-509cca94-a92f-497b-9ea2-8458fdcbaec8 tempest-AttachSCSIVolumeTestJSON-99879532 tempest-AttachSCSIVolumeTestJSON-99879532-project-admin] new path /v2/schemas/image {{(pid=99695) process_request /opt/stack/glance/glance/api/middleware/version_negotiation.py:70}}
Aug 03 10:55:53.016965 np0000006341 devstack@g-api.service[99695]: [pid: 99695|app: 0|req: 11/33] 127.0.0.1 () {44 vars in 1055 bytes} [Mon Aug 3 10:55:53 2026] GET /v2/schemas/image => generated 6083 bytes in 3 msecs (HTTP/1.1 200) 4 headers in 158 bytes (1 switches on core 0)
Aug 03 10:55:53.029008 np0000006341 devstack@g-api.service[99696]: DEBUG glance.api.middleware.version_negotiation [None req-6d7251bb-4315-40ad-858d-e4044a0d921c tempest-TaggedBootDevicesTest_v242-1128966108 tempest-TaggedBootDevicesTest_v242-1128966108-project-member] Determining version of request: GET /v2/schemas/image Accept: */* {{(pid=99696) process_request /opt/stack/glance/glance/api/middleware/version_negotiation.py:44}}
Aug 03 10:55:53.029140 np0000006341 devstack@g-api.service[99696]: DEBUG glance.api.middleware.version_negotiation [None req-6d7251bb-4315-40ad-858d-e4044a0d921c tempest-TaggedBootDevicesTest_v242-1128966108 tempest-TaggedBootDevicesTest_v242-1128966108-project-member] Using url versioning {{(pid=99696) process_request /opt/stack/glance/glance/api/middleware/version_negotiation.py:57}}
Aug 03 10:55:53.029274 np0000006341 devstack@g-api.service[99696]: DEBUG glance.api.middleware.version_negotiation [None req-6d7251bb-4315-40ad-858d-e4044a0d921c tempest-TaggedBootDevicesTest_v242-1128966108 tempest-TaggedBootDevicesTest_v242-1128966108-project-member] Matched version: v2 {{(pid=99696) process_request /opt/stack/glance/glance/api/middleware/version_negotiation.py:69}}
Aug 03 10:55:53.029394 np0000006341 devstack@g-api.service[99696]: DEBUG glance.api.middleware.version_negotiation [None req-6d7251bb-4315-40ad-858d-e4044a0d921c tempest-TaggedBootDevicesTest_v242-1128966108 tempest-TaggedBootDevicesTest_v242-1128966108-project-member] new path /v2/schemas/image {{(pid=99696) process_request /opt/stack/glance/glance/api/middleware/version_negotiation.py:70}}
Aug 03 10:55:53.031793 np0000006341 devstack@g-api.service[99696]: [pid: 99696|app: 0|req: 12/34] 127.0.0.1 () {44 vars in 1055 bytes} [Mon Aug 3 10:55:53 2026] GET /v2/schemas/image => generated 6083 bytes in 3 msecs (HTTP/1.1 200) 4 headers in 158 bytes (1 switches on core 0)
Aug 03 10:55:53.045487 np0000006341 devstack@g-api.service[99695]: DEBUG glance.api.middleware.version_negotiation [None req-6d7251bb-4315-40ad-858d-e4044a0d921c tempest-TaggedBootDevicesTest_v242-1128966108 tempest-TaggedBootDevicesTest_v242-1128966108-project-member] Determining version of request: GET /v2/images/d6942376-820b-4d93-a4fc-66cbffdef102 Accept: */* {{(pid=99695) process_request /opt/stack/glance/glance/api/middleware/version_negotiation.py:44}}
Aug 03 10:55:53.048622 np0000006341 devstack@g-api.service[99695]: DEBUG glance.api.middleware.version_negotiation [None req-6d7251bb-4315-40ad-858d-e4044a0d921c tempest-TaggedBootDevicesTest_v242-1128966108 tempest-TaggedBootDevicesTest_v242-1128966108-project-member] Using url versioning {{(pid=99695) process_request /opt/stack/glance/glance/api/middleware/version_negotiation.py:57}}
Aug 03 10:55:53.048622 np0000006341 devstack@g-api.service[99695]: DEBUG glance.api.middleware.version_negotiation [None req-6d7251bb-4315-40ad-858d-e4044a0d921c tempest-TaggedBootDevicesTest_v242-1128966108 tempest-TaggedBootDevicesTest_v242-1128966108-project-member] Matched version: v2 {{(pid=99695) process_request /opt/stack/glance/glance/api/middleware/version_negotiation.py:69}}
Aug 03 10:55:53.048622 np0000006341 devstack@g-api.service[99695]: DEBUG glance.api.middleware.version_negotiation [None req-6d7251bb-4315-40ad-858d-e4044a0d921c tempest-TaggedBootDevicesTest_v242-1128966108 tempest-TaggedBootDevicesTest_v242-1128966108-project-member] new path /v2/images/d6942376-820b-4d93-a4fc-66cbffdef102 {{(pid=99695) process_request /opt/stack/glance/glance/api/middleware/version_negotiation.py:70}}
Aug 03 10:55:53.072257 np0000006341 devstack@g-api.service[99695]: [pid: 99695|app: 0|req: 12/35] 127.0.0.1 () {44 vars in 1115 bytes} [Mon Aug 3 10:55:53 2026] GET /v2/images/d6942376-820b-4d93-a4fc-66cbffdef102 => generated 1044 bytes in 28 msecs (HTTP/1.1 200) 4 headers in 158 bytes (1 switches on core 0)
Aug 03 10:55:53.082854 np0000006341 devstack@g-api.service[99696]: DEBUG glance.api.middleware.version_negotiation [None req-6d7251bb-4315-40ad-858d-e4044a0d921c tempest-TaggedBootDevicesTest_v242-1128966108 tempest-TaggedBootDevicesTest_v242-1128966108-project-member] Determining version of request: GET /v2/schemas/image Accept: */* {{(pid=99696) process_request /opt/stack/glance/glance/api/middleware/version_negotiation.py:44}}
Aug 03 10:55:53.083033 np0000006341 devstack@g-api.service[99696]: DEBUG glance.api.middleware.version_negotiation [None req-6d7251bb-4315-40ad-858d-e4044a0d921c tempest-TaggedBootDevicesTest_v242-1128966108 tempest-TaggedBootDevicesTest_v242-1128966108-project-member] Using url versioning {{(pid=99696) process_request /opt/stack/glance/glance/api/middleware/version_negotiation.py:57}}
Aug 03 10:55:53.083139 np0000006341 devstack@g-api.service[99696]: DEBUG glance.api.middleware.version_negotiation [None req-6d7251bb-4315-40ad-858d-e4044a0d921c tempest-TaggedBootDevicesTest_v242-1128966108 tempest-TaggedBootDevicesTest_v242-1128966108-project-member] Matched version: v2 {{(pid=99696) process_request /opt/stack/glance/glance/api/middleware/version_negotiation.py:69}}
Aug 03 10:55:53.083243 np0000006341 devstack@g-api.service[99696]: DEBUG glance.api.middleware.version_negotiation [None req-6d7251bb-4315-40ad-858d-e4044a0d921c tempest-TaggedBootDevicesTest_v242-1128966108 tempest-TaggedBootDevicesTest_v242-1128966108-project-member] new path /v2/schemas/image {{(pid=99696) process_request /opt/stack/glance/glance/api/middleware/version_negotiation.py:70}}
Aug 03 10:55:53.086586 np0000006341 devstack@g-api.service[99696]: [pid: 99696|app: 0|req: 13/36] 127.0.0.1 () {44 vars in 1055 bytes} [Mon Aug 3 10:55:53 2026] GET /v2/schemas/image => generated 6083 bytes in 4 msecs (HTTP/1.1 200) 4 headers in 158 bytes (1 switches on core 0)
Aug 03 10:55:53.097339 np0000006341 devstack@g-api.service[99695]: DEBUG glance.api.middleware.version_negotiation [None req-6d7251bb-4315-40ad-858d-e4044a0d921c tempest-TaggedBootDevicesTest_v242-1128966108 tempest-TaggedBootDevicesTest_v242-1128966108-project-member] Determining version of request: GET /v2/schemas/image Accept: */* {{(pid=99695) process_request /opt/stack/glance/glance/api/middleware/version_negotiation.py:44}}
Aug 03 10:55:53.097404 np0000006341 devstack@g-api.service[99695]: DEBUG glance.api.middleware.version_negotiation [None req-6d7251bb-4315-40ad-858d-e4044a0d921c tempest-TaggedBootDevicesTest_v242-1128966108 tempest-TaggedBootDevicesTest_v242-1128966108-project-member] Using url versioning {{(pid=99695) process_request /opt/stack/glance/glance/api/middleware/version_negotiation.py:57}}
Aug 03 10:55:53.098059 np0000006341 devstack@g-api.service[99695]: DEBUG glance.api.middleware.version_negotiation [None req-6d7251bb-4315-40ad-858d-e4044a0d921c tempest-TaggedBootDevicesTest_v242-1128966108 tempest-TaggedBootDevicesTest_v242-1128966108-project-member] Matched version: v2 {{(pid=99695) process_request /opt/stack/glance/glance/api/middleware/version_negotiation.py:69}}
Aug 03 10:55:53.098059 np0000006341 devstack@g-api.service[99695]: DEBUG glance.api.middleware.version_negotiation [None req-6d7251bb-4315-40ad-858d-e4044a0d921c tempest-TaggedBootDevicesTest_v242-1128966108 tempest-TaggedBootDevicesTest_v242-1128966108-project-member] new path /v2/schemas/image {{(pid=99695) process_request /opt/stack/glance/glance/api/middleware/version_negotiation.py:70}}
Aug 03 10:55:53.100209 np0000006341 devstack@g-api.service[99695]: [pid: 99695|app: 0|req: 13/37] 127.0.0.1 () {44 vars in 1055 bytes} [Mon Aug 3 10:55:53 2026] GET /v2/schemas/image => generated 6083 bytes in 3 msecs (HTTP/1.1 200) 4 headers in 158 bytes (1 switches on core 0)
Aug 03 10:55:53.123277 np0000006341 devstack@g-api.service[99696]: DEBUG glance.api.middleware.version_negotiation [None req-6d7251bb-4315-40ad-858d-e4044a0d921c tempest-TaggedBootDevicesTest_v242-1128966108 tempest-TaggedBootDevicesTest_v242-1128966108-project-member] Determining version of request: GET /v2/images/d6942376-820b-4d93-a4fc-66cbffdef102 Accept: */* {{(pid=99696) process_request /opt/stack/glance/glance/api/middleware/version_negotiation.py:44}}
Aug 03 10:55:53.123277 np0000006341 devstack@g-api.service[99696]: DEBUG glance.api.middleware.version_negotiation [None req-6d7251bb-4315-40ad-858d-e4044a0d921c tempest-TaggedBootDevicesTest_v242-1128966108 tempest-TaggedBootDevicesTest_v242-1128966108-project-member] Using url versioning {{(pid=99696) process_request /opt/stack/glance/glance/api/middleware/version_negotiation.py:57}}
Aug 03 10:55:53.123511 np0000006341 devstack@g-api.service[99696]: DEBUG glance.api.middleware.version_negotiation [None req-6d7251bb-4315-40ad-858d-e4044a0d921c tempest-TaggedBootDevicesTest_v242-1128966108 tempest-TaggedBootDevicesTest_v242-1128966108-project-member] Matched version: v2 {{(pid=99696) process_request /opt/stack/glance/glance/api/middleware/version_negotiation.py:69}}
Aug 03 10:55:53.123511 np0000006341 devstack@g-api.service[99696]: DEBUG glance.api.middleware.version_negotiation [None req-6d7251bb-4315-40ad-858d-e4044a0d921c tempest-TaggedBootDevicesTest_v242-1128966108 tempest-TaggedBootDevicesTest_v242-1128966108-project-member] new path /v2/images/d6942376-820b-4d93-a4fc-66cbffdef102 {{(pid=99696) process_request /opt/stack/glance/glance/api/middleware/version_negotiation.py:70}}
Aug 03 10:55:53.137683 np0000006341 devstack@g-api.service[99696]: [pid: 99696|app: 0|req: 14/38] 127.0.0.1 () {44 vars in 1115 bytes} [Mon Aug 3 10:55:53 2026] GET /v2/images/d6942376-820b-4d93-a4fc-66cbffdef102 => generated 1044 bytes in 14 msecs (HTTP/1.1 200) 4 headers in 158 bytes (1 switches on core 0)
Aug 03 10:55:53.147619 np0000006341 devstack@g-api.service[99695]: DEBUG glance.api.middleware.version_negotiation [None req-6d7251bb-4315-40ad-858d-e4044a0d921c tempest-TaggedBootDevicesTest_v242-1128966108 tempest-TaggedBootDevicesTest_v242-1128966108-project-member] Determining version of request: GET /v2/schemas/image Accept: */* {{(pid=99695) process_request /opt/stack/glance/glance/api/middleware/version_negotiation.py:44}}
Aug 03 10:55:53.147619 np0000006341 devstack@g-api.service[99695]: DEBUG glance.api.middleware.version_negotiation [None req-6d7251bb-4315-40ad-858d-e4044a0d921c tempest-TaggedBootDevicesTest_v242-1128966108 tempest-TaggedBootDevicesTest_v242-1128966108-project-member] Using url versioning {{(pid=99695) process_request /opt/stack/glance/glance/api/middleware/version_negotiation.py:57}}
Aug 03 10:55:53.147791 np0000006341 devstack@g-api.service[99695]: DEBUG glance.api.middleware.version_negotiation [None req-6d7251bb-4315-40ad-858d-e4044a0d921c tempest-TaggedBootDevicesTest_v242-1128966108 tempest-TaggedBootDevicesTest_v242-1128966108-project-member] Matched version: v2 {{(pid=99695) process_request /opt/stack/glance/glance/api/middleware/version_negotiation.py:69}}
Aug 03 10:55:53.147918 np0000006341 devstack@g-api.service[99695]: DEBUG glance.api.middleware.version_negotiation [None req-6d7251bb-4315-40ad-858d-e4044a0d921c tempest-TaggedBootDevicesTest_v242-1128966108 tempest-TaggedBootDevicesTest_v242-1128966108-project-member] new path /v2/schemas/image {{(pid=99695) process_request /opt/stack/glance/glance/api/middleware/version_negotiation.py:70}}
Aug 03 10:55:53.153327 np0000006341 devstack@g-api.service[99695]: [pid: 99695|app: 0|req: 14/39] 127.0.0.1 () {44 vars in 1055 bytes} [Mon Aug 3 10:55:53 2026] GET /v2/schemas/image => generated 6083 bytes in 6 msecs (HTTP/1.1 200) 4 headers in 158 bytes (1 switches on core 0)
Aug 03 10:55:53.165767 np0000006341 devstack@g-api.service[99696]: DEBUG glance.api.middleware.version_negotiation [None req-6d7251bb-4315-40ad-858d-e4044a0d921c tempest-TaggedBootDevicesTest_v242-1128966108 tempest-TaggedBootDevicesTest_v242-1128966108-project-member] Determining version of request: GET /v2/schemas/image Accept: */* {{(pid=99696) process_request /opt/stack/glance/glance/api/middleware/version_negotiation.py:44}}
Aug 03 10:55:53.166847 np0000006341 devstack@g-api.service[99696]: DEBUG glance.api.middleware.version_negotiation [None req-6d7251bb-4315-40ad-858d-e4044a0d921c tempest-TaggedBootDevicesTest_v242-1128966108 tempest-TaggedBootDevicesTest_v242-1128966108-project-member] Using url versioning {{(pid=99696) process_request /opt/stack/glance/glance/api/middleware/version_negotiation.py:57}}
Aug 03 10:55:53.166847 np0000006341 devstack@g-api.service[99696]: DEBUG glance.api.middleware.version_negotiation [None req-6d7251bb-4315-40ad-858d-e4044a0d921c tempest-TaggedBootDevicesTest_v242-1128966108 tempest-TaggedBootDevicesTest_v242-1128966108-project-member] Matched version: v2 {{(pid=99696) process_request /opt/stack/glance/glance/api/middleware/version_negotiation.py:69}}
Aug 03 10:55:53.166847 np0000006341 devstack@g-api.service[99696]: DEBUG glance.api.middleware.version_negotiation [None req-6d7251bb-4315-40ad-858d-e4044a0d921c tempest-TaggedBootDevicesTest_v242-1128966108 tempest-TaggedBootDevicesTest_v242-1128966108-project-member] new path /v2/schemas/image {{(pid=99696) process_request /opt/stack/glance/glance/api/middleware/version_negotiation.py:70}}
Aug 03 10:55:53.173018 np0000006341 devstack@g-api.service[99696]: [pid: 99696|app: 0|req: 15/40] 127.0.0.1 () {44 vars in 1055 bytes} [Mon Aug 3 10:55:53 2026] GET /v2/schemas/image => generated 6083 bytes in 7 msecs (HTTP/1.1 200) 4 headers in 158 bytes (1 switches on core 0)
Aug 03 10:55:53.426884 np0000006341 devstack@g-api.service[99697]: DEBUG glance.location [None req-c51205f2-4f52-4660-ac91-5526af55d398 tempest-AttachSCSIVolumeTestJSON-99879532 tempest-AttachSCSIVolumeTestJSON-99879532-project-admin] Enabling in-flight format inspection for qcow2 {{(pid=99697) set_data /opt/stack/glance/glance/location.py:596}}
Aug 03 10:55:53.427468 np0000006341 devstack@g-api.service[99697]: DEBUG glance_store.backend [None req-c51205f2-4f52-4660-ac91-5526af55d398 tempest-AttachSCSIVolumeTestJSON-99879532 tempest-AttachSCSIVolumeTestJSON-99879532-project-admin] Attempting to import store swift {{(pid=99697) _load_store /opt/stack/data/venv/lib/python3.12/site-packages/glance_store/backend.py:215}}
Aug 03 10:55:53.430113 np0000006341 devstack@g-api.service[99697]: DEBUG glance_store.capabilities [None req-c51205f2-4f52-4660-ac91-5526af55d398 tempest-AttachSCSIVolumeTestJSON-99879532 tempest-AttachSCSIVolumeTestJSON-99879532-project-admin] Store glance_store._drivers.swift.store.SingleTenantStore doesn't support updating dynamic storage capabilities. Please overwrite 'update_capabilities' method of the store to implement updating logics if needed. {{(pid=99697) update_capabilities /opt/stack/data/venv/lib/python3.12/site-packages/glance_store/capabilities.py:91}}
Aug 03 10:55:53.430289 np0000006341 devstack@g-api.service[99697]: DEBUG glance_store.driver [None req-c51205f2-4f52-4660-ac91-5526af55d398 tempest-AttachSCSIVolumeTestJSON-99879532 tempest-AttachSCSIVolumeTestJSON-99879532-project-admin] Late loading location class glance_store._drivers.swift.store.StoreLocation {{(pid=99697) get_store_location_class /opt/stack/data/venv/lib/python3.12/site-packages/glance_store/driver.py:134}}
Aug 03 10:55:53.430453 np0000006341 devstack@g-api.service[99697]: DEBUG glance_store.location [None req-c51205f2-4f52-4660-ac91-5526af55d398 tempest-AttachSCSIVolumeTestJSON-99879532 tempest-AttachSCSIVolumeTestJSON-99879532-project-admin] Registering scheme swift+https with {'store': , 'location_class': , 'store_entry': 'swift'} {{(pid=99697) register_scheme_map /opt/stack/data/venv/lib/python3.12/site-packages/glance_store/location.py:146}}
Aug 03 10:55:53.430762 np0000006341 devstack@g-api.service[99697]: DEBUG glance_store.location [None req-c51205f2-4f52-4660-ac91-5526af55d398 tempest-AttachSCSIVolumeTestJSON-99879532 tempest-AttachSCSIVolumeTestJSON-99879532-project-admin] Registering scheme swift+https with {'store': , 'location_class': , 'store_entry': 'swift'} {{(pid=99697) register_scheme_map /opt/stack/data/venv/lib/python3.12/site-packages/glance_store/location.py:146}}
Aug 03 10:55:53.430873 np0000006341 devstack@g-api.service[99697]: DEBUG glance_store.location [None req-c51205f2-4f52-4660-ac91-5526af55d398 tempest-AttachSCSIVolumeTestJSON-99879532 tempest-AttachSCSIVolumeTestJSON-99879532-project-admin] Registering scheme swift with {'store': , 'location_class': , 'store_entry': 'swift'} {{(pid=99697) register_scheme_map /opt/stack/data/venv/lib/python3.12/site-packages/glance_store/location.py:146}}
Aug 03 10:55:53.431014 np0000006341 devstack@g-api.service[99697]: DEBUG glance_store.location [None req-c51205f2-4f52-4660-ac91-5526af55d398 tempest-AttachSCSIVolumeTestJSON-99879532 tempest-AttachSCSIVolumeTestJSON-99879532-project-admin] Registering scheme swift+https with {'store': , 'location_class': , 'store_entry': 'swift'} {{(pid=99697) register_scheme_map /opt/stack/data/venv/lib/python3.12/site-packages/glance_store/location.py:146}}
Aug 03 10:55:53.431183 np0000006341 devstack@g-api.service[99697]: DEBUG glance_store.location [None req-c51205f2-4f52-4660-ac91-5526af55d398 tempest-AttachSCSIVolumeTestJSON-99879532 tempest-AttachSCSIVolumeTestJSON-99879532-project-admin] Registering scheme swift with {'store': , 'location_class': , 'store_entry': 'swift'} {{(pid=99697) register_scheme_map /opt/stack/data/venv/lib/python3.12/site-packages/glance_store/location.py:146}}
Aug 03 10:55:53.431274 np0000006341 devstack@g-api.service[99697]: DEBUG glance_store.location [None req-c51205f2-4f52-4660-ac91-5526af55d398 tempest-AttachSCSIVolumeTestJSON-99879532 tempest-AttachSCSIVolumeTestJSON-99879532-project-admin] Registering scheme swift+http with {'store': , 'location_class': , 'store_entry': 'swift'} {{(pid=99697) register_scheme_map /opt/stack/data/venv/lib/python3.12/site-packages/glance_store/location.py:146}}
Aug 03 10:55:53.431510 np0000006341 devstack@g-api.service[99697]: DEBUG glance_store.location [None req-c51205f2-4f52-4660-ac91-5526af55d398 tempest-AttachSCSIVolumeTestJSON-99879532 tempest-AttachSCSIVolumeTestJSON-99879532-project-admin] Registering scheme swift+https with {'store': , 'location_class': , 'store_entry': 'swift'} {{(pid=99697) register_scheme_map /opt/stack/data/venv/lib/python3.12/site-packages/glance_store/location.py:146}}
Aug 03 10:55:53.431670 np0000006341 devstack@g-api.service[99697]: DEBUG glance_store.location [None req-c51205f2-4f52-4660-ac91-5526af55d398 tempest-AttachSCSIVolumeTestJSON-99879532 tempest-AttachSCSIVolumeTestJSON-99879532-project-admin] Registering scheme swift with {'store': , 'location_class': , 'store_entry': 'swift'} {{(pid=99697) register_scheme_map /opt/stack/data/venv/lib/python3.12/site-packages/glance_store/location.py:146}}
Aug 03 10:55:53.431772 np0000006341 devstack@g-api.service[99697]: DEBUG glance_store.location [None req-c51205f2-4f52-4660-ac91-5526af55d398 tempest-AttachSCSIVolumeTestJSON-99879532 tempest-AttachSCSIVolumeTestJSON-99879532-project-admin] Registering scheme swift+http with {'store': , 'location_class': , 'store_entry': 'swift'} {{(pid=99697) register_scheme_map /opt/stack/data/venv/lib/python3.12/site-packages/glance_store/location.py:146}}
Aug 03 10:55:53.432006 np0000006341 devstack@g-api.service[99697]: DEBUG glance_store.location [None req-c51205f2-4f52-4660-ac91-5526af55d398 tempest-AttachSCSIVolumeTestJSON-99879532 tempest-AttachSCSIVolumeTestJSON-99879532-project-admin] Registering scheme swift+config with {'store': , 'location_class': , 'store_entry': 'swift'} {{(pid=99697) register_scheme_map /opt/stack/data/venv/lib/python3.12/site-packages/glance_store/location.py:146}}
Aug 03 10:55:53.759332 np0000006341 devstack@g-api.service[99697]: DEBUG swiftclient [None req-c51205f2-4f52-4660-ac91-5526af55d398 tempest-AttachSCSIVolumeTestJSON-99879532 tempest-AttachSCSIVolumeTestJSON-99879532-project-admin] REQ: curl -i https://10.4.3.213:8080/v1/AUTH_f6b64a1f24284bb5964353ae5b0fa595/glance -I -H "X-Auth-Token: gAAAAABqcHO5P2An..." {{(pid=99697) http_log /opt/stack/data/venv/lib/python3.12/site-packages/swiftclient/client.py:160}}
Aug 03 10:55:53.759401 np0000006341 devstack@g-api.service[99697]: DEBUG swiftclient [None req-c51205f2-4f52-4660-ac91-5526af55d398 tempest-AttachSCSIVolumeTestJSON-99879532 tempest-AttachSCSIVolumeTestJSON-99879532-project-admin] RESP STATUS: 204 No Content {{(pid=99697) http_log /opt/stack/data/venv/lib/python3.12/site-packages/swiftclient/client.py:161}}
Aug 03 10:55:53.759592 np0000006341 devstack@g-api.service[99697]: DEBUG swiftclient [None req-c51205f2-4f52-4660-ac91-5526af55d398 tempest-AttachSCSIVolumeTestJSON-99879532 tempest-AttachSCSIVolumeTestJSON-99879532-project-admin] RESP HEADERS: {'Date': 'Mon, 03 Aug 2026 10:55:53 GMT', 'Server': 'Apache/2.4.58 (Ubuntu)', 'Content-Type': 'text/plain; charset=utf-8', 'X-Container-Object-Count': '3', 'X-Container-Bytes-Used': '64356352', 'X-Timestamp': '1785754424.88840', 'Last-Modified': 'Mon, 03 Aug 2026 10:53:45 GMT', 'Accept-Ranges': 'bytes', 'X-Storage-Policy': 'Policy-0', 'X-Container-Sharding': 'False', 'Vary': 'Accept', 'X-Trans-Id': 'tx3bdfbd6c2097420691a27-006a7073b9', 'X-Openstack-Request-Id': 'tx3bdfbd6c2097420691a27-006a7073b9', 'Connection': 'close'} {{(pid=99697) http_log /opt/stack/data/venv/lib/python3.12/site-packages/swiftclient/client.py:162}}
Aug 03 10:55:53.759814 np0000006341 devstack@g-api.service[99697]: DEBUG glance_store._drivers.swift.store [None req-c51205f2-4f52-4660-ac91-5526af55d398 tempest-AttachSCSIVolumeTestJSON-99879532 tempest-AttachSCSIVolumeTestJSON-99879532-project-admin] Adding image object 'e2bc2290-9ed1-4bcc-a4f7-4a06275718fd' to Swift {{(pid=99697) add /opt/stack/data/venv/lib/python3.12/site-packages/glance_store/_drivers/swift/store.py:970}}
Aug 03 10:55:53.760053 np0000006341 devstack@g-api.service[99697]: DEBUG glance_store._drivers.swift.store [None req-c51205f2-4f52-4660-ac91-5526af55d398 tempest-AttachSCSIVolumeTestJSON-99879532 tempest-AttachSCSIVolumeTestJSON-99879532-project-admin] Cannot determine image size because it is either not provided in the request or chunked-transfer encoding is used. Adding image as a segmented object to Swift. {{(pid=99697) add /opt/stack/data/venv/lib/python3.12/site-packages/glance_store/_drivers/swift/store.py:994}}
Aug 03 10:55:53.765555 np0000006341 devstack@g-api.service[99697]: DEBUG oslo_utils.imageutils.format_inspector [None req-c51205f2-4f52-4660-ac91-5526af55d398 tempest-AttachSCSIVolumeTestJSON-99879532 tempest-AttachSCSIVolumeTestJSON-99879532-project-admin] Format inspector for vmdk does not match, excluding from consideration (Signature KDMV not found: b'QFI\xfb') {{(pid=99697) _process_chunk /opt/stack/data/venv/lib/python3.12/site-packages/oslo_utils/imageutils/format_inspector.py:1758}}
Aug 03 10:55:53.767720 np0000006341 devstack@g-api.service[99697]: DEBUG oslo_utils.imageutils.format_inspector [None req-c51205f2-4f52-4660-ac91-5526af55d398 tempest-AttachSCSIVolumeTestJSON-99879532 tempest-AttachSCSIVolumeTestJSON-99879532-project-admin] Format inspector for vhdx does not match, excluding from consideration (Region signature not found at 30000) {{(pid=99697) _process_chunk /opt/stack/data/venv/lib/python3.12/site-packages/oslo_utils/imageutils/format_inspector.py:1758}}
Aug 03 10:55:53.788398 np0000006341 devstack@g-api.service[99695]: DEBUG glance.api.middleware.version_negotiation [None req-6d7251bb-4315-40ad-858d-e4044a0d921c tempest-TaggedBootDevicesTest_v242-1128966108 tempest-TaggedBootDevicesTest_v242-1128966108-project-member] Determining version of request: GET /versions Accept: */* {{(pid=99695) process_request /opt/stack/glance/glance/api/middleware/version_negotiation.py:44}}
Aug 03 10:55:53.789496 np0000006341 devstack@g-api.service[99695]: [pid: 99695|app: 0|req: 15/41] 127.0.0.1 () {44 vars in 1039 bytes} [Mon Aug 3 10:55:53 2026] GET /versions => generated 1515 bytes in 1 msecs (HTTP/1.1 200) 3 headers in 92 bytes (1 switches on core 0)
Aug 03 10:55:53.797874 np0000006341 devstack@g-api.service[99696]: DEBUG glance.api.middleware.version_negotiation [None req-6d7251bb-4315-40ad-858d-e4044a0d921c tempest-TaggedBootDevicesTest_v242-1128966108 tempest-TaggedBootDevicesTest_v242-1128966108-project-member] Determining version of request: GET /v2/images/d6942376-820b-4d93-a4fc-66cbffdef102/locations Accept: */* {{(pid=99696) process_request /opt/stack/glance/glance/api/middleware/version_negotiation.py:44}}
Aug 03 10:55:53.797874 np0000006341 devstack@g-api.service[99696]: DEBUG glance.api.middleware.version_negotiation [None req-6d7251bb-4315-40ad-858d-e4044a0d921c tempest-TaggedBootDevicesTest_v242-1128966108 tempest-TaggedBootDevicesTest_v242-1128966108-project-member] Using url versioning {{(pid=99696) process_request /opt/stack/glance/glance/api/middleware/version_negotiation.py:57}}
Aug 03 10:55:53.797874 np0000006341 devstack@g-api.service[99696]: DEBUG glance.api.middleware.version_negotiation [None req-6d7251bb-4315-40ad-858d-e4044a0d921c tempest-TaggedBootDevicesTest_v242-1128966108 tempest-TaggedBootDevicesTest_v242-1128966108-project-member] Matched version: v2 {{(pid=99696) process_request /opt/stack/glance/glance/api/middleware/version_negotiation.py:69}}
Aug 03 10:55:53.797874 np0000006341 devstack@g-api.service[99696]: DEBUG glance.api.middleware.version_negotiation [None req-6d7251bb-4315-40ad-858d-e4044a0d921c tempest-TaggedBootDevicesTest_v242-1128966108 tempest-TaggedBootDevicesTest_v242-1128966108-project-member] new path /v2/images/d6942376-820b-4d93-a4fc-66cbffdef102/locations {{(pid=99696) process_request /opt/stack/glance/glance/api/middleware/version_negotiation.py:70}}
Aug 03 10:55:54.002941 np0000006341 devstack@g-api.service[99697]: DEBUG swiftclient [None req-c51205f2-4f52-4660-ac91-5526af55d398 tempest-AttachSCSIVolumeTestJSON-99879532 tempest-AttachSCSIVolumeTestJSON-99879532-project-admin] REQ: curl -i https://10.4.3.213:8080/v1/AUTH_f6b64a1f24284bb5964353ae5b0fa595/glance/e2bc2290-9ed1-4bcc-a4f7-4a06275718fd-00001 -X PUT -H "X-Auth-Token: gAAAAABqcHO5P2An..." {{(pid=99697) http_log /opt/stack/data/venv/lib/python3.12/site-packages/swiftclient/client.py:160}}
Aug 03 10:55:54.003069 np0000006341 devstack@g-api.service[99697]: DEBUG swiftclient [None req-c51205f2-4f52-4660-ac91-5526af55d398 tempest-AttachSCSIVolumeTestJSON-99879532 tempest-AttachSCSIVolumeTestJSON-99879532-project-admin] RESP STATUS: 201 Created {{(pid=99697) http_log /opt/stack/data/venv/lib/python3.12/site-packages/swiftclient/client.py:161}}
Aug 03 10:55:54.003283 np0000006341 devstack@g-api.service[99697]: DEBUG swiftclient [None req-c51205f2-4f52-4660-ac91-5526af55d398 tempest-AttachSCSIVolumeTestJSON-99879532 tempest-AttachSCSIVolumeTestJSON-99879532-project-admin] RESP HEADERS: {'Date': 'Mon, 03 Aug 2026 10:55:54 GMT', 'Server': 'Apache/2.4.58 (Ubuntu)', 'Content-Type': 'text/html; charset=UTF-8', 'Content-Length': '0', 'Etag': '87617e24a5e30cb3b87fda8c0764838f', 'Last-Modified': 'Mon, 03 Aug 2026 10:55:54 GMT', 'X-Trans-Id': 'tx56765893edde4ae786e4d-006a7073b9', 'X-Openstack-Request-Id': 'tx56765893edde4ae786e4d-006a7073b9', 'Connection': 'close'} {{(pid=99697) http_log /opt/stack/data/venv/lib/python3.12/site-packages/swiftclient/client.py:162}}
Aug 03 10:55:54.003434 np0000006341 devstack@g-api.service[99697]: DEBUG glance_store._drivers.swift.store [None req-c51205f2-4f52-4660-ac91-5526af55d398 tempest-AttachSCSIVolumeTestJSON-99879532 tempest-AttachSCSIVolumeTestJSON-99879532-project-admin] Wrote chunk e2bc2290-9ed1-4bcc-a4f7-4a06275718fd-00001 (1/?) of length 21692416 to Swift returning MD5 of content: 87617e24a5e30cb3b87fda8c0764838f {{(pid=99697) add /opt/stack/data/venv/lib/python3.12/site-packages/glance_store/_drivers/swift/store.py:1059}}
Aug 03 10:55:54.003766 np0000006341 devstack@g-api.service[99697]: DEBUG glance_store._drivers.swift.store [None req-c51205f2-4f52-4660-ac91-5526af55d398 tempest-AttachSCSIVolumeTestJSON-99879532 tempest-AttachSCSIVolumeTestJSON-99879532-project-admin] Not writing zero-length chunk. {{(pid=99697) add /opt/stack/data/venv/lib/python3.12/site-packages/glance_store/_drivers/swift/store.py:1028}}
Aug 03 10:55:54.048263 np0000006341 devstack@g-api.service[99697]: DEBUG swiftclient [None req-c51205f2-4f52-4660-ac91-5526af55d398 tempest-AttachSCSIVolumeTestJSON-99879532 tempest-AttachSCSIVolumeTestJSON-99879532-project-admin] REQ: curl -i https://10.4.3.213:8080/v1/AUTH_f6b64a1f24284bb5964353ae5b0fa595/glance/e2bc2290-9ed1-4bcc-a4f7-4a06275718fd -X PUT -H "X-Object-Manifest: glance/e2bc2290-9ed1-4bcc-a4f7-4a06275718fd-" -H "X-Auth-Token: gAAAAABqcHO5P2An..." -H "Content-Length: 0" {{(pid=99697) http_log /opt/stack/data/venv/lib/python3.12/site-packages/swiftclient/client.py:160}}
Aug 03 10:55:54.048374 np0000006341 devstack@g-api.service[99697]: DEBUG swiftclient [None req-c51205f2-4f52-4660-ac91-5526af55d398 tempest-AttachSCSIVolumeTestJSON-99879532 tempest-AttachSCSIVolumeTestJSON-99879532-project-admin] RESP STATUS: 201 Created {{(pid=99697) http_log /opt/stack/data/venv/lib/python3.12/site-packages/swiftclient/client.py:161}}
Aug 03 10:55:54.048539 np0000006341 devstack@g-api.service[99697]: DEBUG swiftclient [None req-c51205f2-4f52-4660-ac91-5526af55d398 tempest-AttachSCSIVolumeTestJSON-99879532 tempest-AttachSCSIVolumeTestJSON-99879532-project-admin] RESP HEADERS: {'Date': 'Mon, 03 Aug 2026 10:55:54 GMT', 'Server': 'Apache/2.4.58 (Ubuntu)', 'Content-Type': 'text/html; charset=UTF-8', 'Content-Length': '0', 'Etag': 'd41d8cd98f00b204e9800998ecf8427e', 'Last-Modified': 'Mon, 03 Aug 2026 10:55:55 GMT', 'X-Trans-Id': 'tx1f3f05a6f2d746e7b0765-006a7073ba', 'X-Openstack-Request-Id': 'tx1f3f05a6f2d746e7b0765-006a7073ba', 'Connection': 'close'} {{(pid=99697) http_log /opt/stack/data/venv/lib/python3.12/site-packages/swiftclient/client.py:162}}
Aug 03 10:55:54.049025 np0000006341 devstack@g-api.service[99697]: INFO glance.location [None req-c51205f2-4f52-4660-ac91-5526af55d398 tempest-AttachSCSIVolumeTestJSON-99879532 tempest-AttachSCSIVolumeTestJSON-99879532-project-admin] Image format matched and virtual size computed: 117440512
Aug 03 10:55:54.072753 np0000006341 devstack@g-api.service[99697]: DEBUG glance_store.backend [None req-c51205f2-4f52-4660-ac91-5526af55d398 tempest-AttachSCSIVolumeTestJSON-99879532 tempest-AttachSCSIVolumeTestJSON-99879532-project-admin] Attempting to import store swift {{(pid=99697) _load_store /opt/stack/data/venv/lib/python3.12/site-packages/glance_store/backend.py:215}}
Aug 03 10:55:54.073951 np0000006341 devstack@g-api.service[99697]: DEBUG glance_store.capabilities [None req-c51205f2-4f52-4660-ac91-5526af55d398 tempest-AttachSCSIVolumeTestJSON-99879532 tempest-AttachSCSIVolumeTestJSON-99879532-project-admin] Store glance_store._drivers.swift.store.SingleTenantStore doesn't support updating dynamic storage capabilities. Please overwrite 'update_capabilities' method of the store to implement updating logics if needed. {{(pid=99697) update_capabilities /opt/stack/data/venv/lib/python3.12/site-packages/glance_store/capabilities.py:91}}
Aug 03 10:55:54.074037 np0000006341 devstack@g-api.service[99697]: DEBUG glance_store.driver [None req-c51205f2-4f52-4660-ac91-5526af55d398 tempest-AttachSCSIVolumeTestJSON-99879532 tempest-AttachSCSIVolumeTestJSON-99879532-project-admin] Late loading location class glance_store._drivers.swift.store.StoreLocation {{(pid=99697) get_store_location_class /opt/stack/data/venv/lib/python3.12/site-packages/glance_store/driver.py:134}}
Aug 03 10:55:54.074126 np0000006341 devstack@g-api.service[99697]: DEBUG glance_store.location [None req-c51205f2-4f52-4660-ac91-5526af55d398 tempest-AttachSCSIVolumeTestJSON-99879532 tempest-AttachSCSIVolumeTestJSON-99879532-project-admin] Registering scheme swift+https with {'store': , 'location_class': , 'store_entry': 'swift'} {{(pid=99697) register_scheme_map /opt/stack/data/venv/lib/python3.12/site-packages/glance_store/location.py:146}}
Aug 03 10:55:54.074212 np0000006341 devstack@g-api.service[99697]: DEBUG glance_store.location [None req-c51205f2-4f52-4660-ac91-5526af55d398 tempest-AttachSCSIVolumeTestJSON-99879532 tempest-AttachSCSIVolumeTestJSON-99879532-project-admin] Registering scheme swift+https with {'store': , 'location_class': , 'store_entry': 'swift'} {{(pid=99697) register_scheme_map /opt/stack/data/venv/lib/python3.12/site-packages/glance_store/location.py:146}}
Aug 03 10:55:54.074303 np0000006341 devstack@g-api.service[99697]: DEBUG glance_store.location [None req-c51205f2-4f52-4660-ac91-5526af55d398 tempest-AttachSCSIVolumeTestJSON-99879532 tempest-AttachSCSIVolumeTestJSON-99879532-project-admin] Registering scheme swift with {'store': , 'location_class': , 'store_entry': 'swift'} {{(pid=99697) register_scheme_map /opt/stack/data/venv/lib/python3.12/site-packages/glance_store/location.py:146}}
Aug 03 10:55:54.074395 np0000006341 devstack@g-api.service[99697]: DEBUG glance_store.location [None req-c51205f2-4f52-4660-ac91-5526af55d398 tempest-AttachSCSIVolumeTestJSON-99879532 tempest-AttachSCSIVolumeTestJSON-99879532-project-admin] Registering scheme swift+https with {'store': , 'location_class': , 'store_entry': 'swift'} {{(pid=99697) register_scheme_map /opt/stack/data/venv/lib/python3.12/site-packages/glance_store/location.py:146}}
Aug 03 10:55:54.074449 np0000006341 devstack@g-api.service[99697]: DEBUG glance_store.location [None req-c51205f2-4f52-4660-ac91-5526af55d398 tempest-AttachSCSIVolumeTestJSON-99879532 tempest-AttachSCSIVolumeTestJSON-99879532-project-admin] Registering scheme swift with {'store': , 'location_class': , 'store_entry': 'swift'} {{(pid=99697) register_scheme_map /opt/stack/data/venv/lib/python3.12/site-packages/glance_store/location.py:146}}
Aug 03 10:55:54.074499 np0000006341 devstack@g-api.service[99697]: DEBUG glance_store.location [None req-c51205f2-4f52-4660-ac91-5526af55d398 tempest-AttachSCSIVolumeTestJSON-99879532 tempest-AttachSCSIVolumeTestJSON-99879532-project-admin] Registering scheme swift+http with {'store': , 'location_class': , 'store_entry': 'swift'} {{(pid=99697) register_scheme_map /opt/stack/data/venv/lib/python3.12/site-packages/glance_store/location.py:146}}
