Aug 03 10:56:40.878275 np0000006341 devstack@g-api.service[99696]: DEBUG glance.api.middleware.version_negotiation [None req-74ae786b-9d85-4509-8c92-88b34322bdab tempest-ServerBootFromVolumeStableRescueTest-619107953 tempest-ServerBootFromVolumeStableRescueTest-619107953-project-member] new path /v2/images/4237fcc6-2577-464e-8361-b35637b5de5f {{(pid=99696) process_request /opt/stack/glance/glance/api/middleware/version_negotiation.py:70}}
Aug 03 10:56:40.889358 np0000006341 devstack@g-api.service[99696]: [pid: 99696|app: 0|req: 51/143] 127.0.0.1 () {40 vars in 838 bytes} [Mon Aug 3 10:56:40 2026] GET /v2/images/4237fcc6-2577-464e-8361-b35637b5de5f => generated 1358 bytes in 12 msecs (HTTP/1.1 200) 4 headers in 158 bytes (1 switches on core 0)
Aug 03 10:56:40.998076 np0000006341 devstack@g-api.service[99697]: [pid: 99697|app: 0|req: 45/144] 127.0.0.1 () {46 vars in 1158 bytes} [Mon Aug 3 10:56:40 2026] PATCH /v2/images/4237fcc6-2577-464e-8361-b35637b5de5f => generated 1469 bytes in 130 msecs (HTTP/1.1 200) 4 headers in 158 bytes (1 switches on core 0)
Aug 03 10:56:41.040470 np0000006341 devstack@g-api.service[99695]: DEBUG glance.api.middleware.version_negotiation [None req-74ae786b-9d85-4509-8c92-88b34322bdab tempest-ServerBootFromVolumeStableRescueTest-619107953 tempest-ServerBootFromVolumeStableRescueTest-619107953-project-member] Determining version of request: GET /v2/images/4237fcc6-2577-464e-8361-b35637b5de5f Accept: */* {{(pid=99695) process_request /opt/stack/glance/glance/api/middleware/version_negotiation.py:44}}
Aug 03 10:56:41.040673 np0000006341 devstack@g-api.service[99695]: DEBUG glance.api.middleware.version_negotiation [None req-74ae786b-9d85-4509-8c92-88b34322bdab tempest-ServerBootFromVolumeStableRescueTest-619107953 tempest-ServerBootFromVolumeStableRescueTest-619107953-project-member] Using url versioning {{(pid=99695) process_request /opt/stack/glance/glance/api/middleware/version_negotiation.py:57}}
Aug 03 10:56:41.040890 np0000006341 devstack@g-api.service[99695]: DEBUG glance.api.middleware.version_negotiation [None req-74ae786b-9d85-4509-8c92-88b34322bdab tempest-ServerBootFromVolumeStableRescueTest-619107953 tempest-ServerBootFromVolumeStableRescueTest-619107953-project-member] Matched version: v2 {{(pid=99695) process_request /opt/stack/glance/glance/api/middleware/version_negotiation.py:69}}
Aug 03 10:56:41.040997 np0000006341 devstack@g-api.service[99695]: DEBUG glance.api.middleware.version_negotiation [None req-74ae786b-9d85-4509-8c92-88b34322bdab tempest-ServerBootFromVolumeStableRescueTest-619107953 tempest-ServerBootFromVolumeStableRescueTest-619107953-project-member] new path /v2/images/4237fcc6-2577-464e-8361-b35637b5de5f {{(pid=99695) process_request /opt/stack/glance/glance/api/middleware/version_negotiation.py:70}}
Aug 03 10:56:41.052233 np0000006341 devstack@g-api.service[99695]: [pid: 99695|app: 0|req: 49/145] 127.0.0.1 () {44 vars in 1115 bytes} [Mon Aug 3 10:56:41 2026] GET /v2/images/4237fcc6-2577-464e-8361-b35637b5de5f => generated 1469 bytes in 12 msecs (HTTP/1.1 200) 4 headers in 158 bytes (1 switches on core 0)
Aug 03 10:56:41.083752 np0000006341 devstack@g-api.service[99696]: DEBUG glance.api.middleware.version_negotiation [None req-31489cbc-7419-4f59-8ec2-32e636a490c6 tempest-ServerBootFromVolumeStableRescueTest-619107953 tempest-ServerBootFromVolumeStableRescueTest-619107953-project-member] Determining version of request: PUT /v2/images/4237fcc6-2577-464e-8361-b35637b5de5f/file Accept: */* {{(pid=99696) process_request /opt/stack/glance/glance/api/middleware/version_negotiation.py:44}}
Aug 03 10:56:41.083955 np0000006341 devstack@g-api.service[99696]: DEBUG glance.api.middleware.version_negotiation [None req-31489cbc-7419-4f59-8ec2-32e636a490c6 tempest-ServerBootFromVolumeStableRescueTest-619107953 tempest-ServerBootFromVolumeStableRescueTest-619107953-project-member] Using url versioning {{(pid=99696) process_request /opt/stack/glance/glance/api/middleware/version_negotiation.py:57}}
Aug 03 10:56:41.084131 np0000006341 devstack@g-api.service[99696]: DEBUG glance.api.middleware.version_negotiation [None req-31489cbc-7419-4f59-8ec2-32e636a490c6 tempest-ServerBootFromVolumeStableRescueTest-619107953 tempest-ServerBootFromVolumeStableRescueTest-619107953-project-member] Matched version: v2 {{(pid=99696) process_request /opt/stack/glance/glance/api/middleware/version_negotiation.py:69}}
Aug 03 10:56:41.084292 np0000006341 devstack@g-api.service[99696]: DEBUG glance.api.middleware.version_negotiation [None req-31489cbc-7419-4f59-8ec2-32e636a490c6 tempest-ServerBootFromVolumeStableRescueTest-619107953 tempest-ServerBootFromVolumeStableRescueTest-619107953-project-member] new path /v2/images/4237fcc6-2577-464e-8361-b35637b5de5f/file {{(pid=99696) process_request /opt/stack/glance/glance/api/middleware/version_negotiation.py:70}}
Aug 03 10:56:41.598137 np0000006341 devstack@g-api.service[99696]: INFO glance.api.v2.image_data [None req-74ae786b-9d85-4509-8c92-88b34322bdab tempest-ServerBootFromVolumeStableRescueTest-619107953 tempest-ServerBootFromVolumeStableRescueTest-619107953-project-member] Unable to create trust: no such option collect_timing in group [keystone_authtoken] Use the existing user token.
Aug 03 10:56:41.897077 np0000006341 devstack@g-api.service[99697]: DEBUG glance.api.middleware.version_negotiation [None req-74ae786b-9d85-4509-8c92-88b34322bdab tempest-ServerBootFromVolumeStableRescueTest-619107953 tempest-ServerBootFromVolumeStableRescueTest-619107953-project-member] Determining version of request: GET /v2/images/4237fcc6-2577-464e-8361-b35637b5de5f Accept: application/json {{(pid=99697) process_request /opt/stack/glance/glance/api/middleware/version_negotiation.py:44}}
Aug 03 10:56:41.897502 np0000006341 devstack@g-api.service[99697]: DEBUG glance.api.middleware.version_negotiation [None req-74ae786b-9d85-4509-8c92-88b34322bdab tempest-ServerBootFromVolumeStableRescueTest-619107953 tempest-ServerBootFromVolumeStableRescueTest-619107953-project-member] Using url versioning {{(pid=99697) process_request /opt/stack/glance/glance/api/middleware/version_negotiation.py:57}}
Aug 03 10:56:41.897502 np0000006341 devstack@g-api.service[99697]: DEBUG glance.api.middleware.version_negotiation [None req-74ae786b-9d85-4509-8c92-88b34322bdab tempest-ServerBootFromVolumeStableRescueTest-619107953 tempest-ServerBootFromVolumeStableRescueTest-619107953-project-member] Matched version: v2 {{(pid=99697) process_request /opt/stack/glance/glance/api/middleware/version_negotiation.py:69}}
Aug 03 10:56:41.897502 np0000006341 devstack@g-api.service[99697]: DEBUG glance.api.middleware.version_negotiation [None req-74ae786b-9d85-4509-8c92-88b34322bdab tempest-ServerBootFromVolumeStableRescueTest-619107953 tempest-ServerBootFromVolumeStableRescueTest-619107953-project-member] new path /v2/images/4237fcc6-2577-464e-8361-b35637b5de5f {{(pid=99697) process_request /opt/stack/glance/glance/api/middleware/version_negotiation.py:70}}
Aug 03 10:56:41.911768 np0000006341 devstack@g-api.service[99697]: [pid: 99697|app: 0|req: 46/146] 127.0.0.1 () {40 vars in 838 bytes} [Mon Aug 3 10:56:41 2026] GET /v2/images/4237fcc6-2577-464e-8361-b35637b5de5f => generated 1469 bytes in 15 msecs (HTTP/1.1 200) 4 headers in 158 bytes (1 switches on core 0)
Aug 03 10:56:42.122339 np0000006341 devstack@g-api.service[99696]: DEBUG glance.location [None req-74ae786b-9d85-4509-8c92-88b34322bdab tempest-ServerBootFromVolumeStableRescueTest-619107953 tempest-ServerBootFromVolumeStableRescueTest-619107953-project-member] Enabling in-flight format inspection for qcow2 {{(pid=99696) set_data /opt/stack/glance/glance/location.py:596}}
Aug 03 10:56:42.122828 np0000006341 devstack@g-api.service[99696]: DEBUG glance_store.backend [None req-74ae786b-9d85-4509-8c92-88b34322bdab tempest-ServerBootFromVolumeStableRescueTest-619107953 tempest-ServerBootFromVolumeStableRescueTest-619107953-project-member] Attempting to import store swift {{(pid=99696) _load_store /opt/stack/data/venv/lib/python3.12/site-packages/glance_store/backend.py:215}}
Aug 03 10:56:42.123976 np0000006341 devstack@g-api.service[99696]: DEBUG glance_store.capabilities [None req-74ae786b-9d85-4509-8c92-88b34322bdab tempest-ServerBootFromVolumeStableRescueTest-619107953 tempest-ServerBootFromVolumeStableRescueTest-619107953-project-member] Store glance_store._drivers.swift.store.SingleTenantStore doesn't support updating dynamic storage capabilities. Please overwrite 'update_capabilities' method of the store to implement updating logics if needed. {{(pid=99696) update_capabilities /opt/stack/data/venv/lib/python3.12/site-packages/glance_store/capabilities.py:91}}
Aug 03 10:56:42.124127 np0000006341 devstack@g-api.service[99696]: DEBUG glance_store.driver [None req-74ae786b-9d85-4509-8c92-88b34322bdab tempest-ServerBootFromVolumeStableRescueTest-619107953 tempest-ServerBootFromVolumeStableRescueTest-619107953-project-member] Late loading location class glance_store._drivers.swift.store.StoreLocation {{(pid=99696) get_store_location_class /opt/stack/data/venv/lib/python3.12/site-packages/glance_store/driver.py:134}}
Aug 03 10:56:42.124127 np0000006341 devstack@g-api.service[99696]: DEBUG glance_store.location [None req-74ae786b-9d85-4509-8c92-88b34322bdab tempest-ServerBootFromVolumeStableRescueTest-619107953 tempest-ServerBootFromVolumeStableRescueTest-619107953-project-member] Registering scheme swift+https with {'store': , 'location_class': , 'store_entry': 'swift'} {{(pid=99696) register_scheme_map /opt/stack/data/venv/lib/python3.12/site-packages/glance_store/location.py:146}}
Aug 03 10:56:42.124294 np0000006341 devstack@g-api.service[99696]: DEBUG glance_store.location [None req-74ae786b-9d85-4509-8c92-88b34322bdab tempest-ServerBootFromVolumeStableRescueTest-619107953 tempest-ServerBootFromVolumeStableRescueTest-619107953-project-member] Registering scheme swift+https with {'store': , 'location_class': , 'store_entry': 'swift'} {{(pid=99696) register_scheme_map /opt/stack/data/venv/lib/python3.12/site-packages/glance_store/location.py:146}}
Aug 03 10:56:42.124294 np0000006341 devstack@g-api.service[99696]: DEBUG glance_store.location [None req-74ae786b-9d85-4509-8c92-88b34322bdab tempest-ServerBootFromVolumeStableRescueTest-619107953 tempest-ServerBootFromVolumeStableRescueTest-619107953-project-member] Registering scheme swift with {'store': , 'location_class': , 'store_entry': 'swift'} {{(pid=99696) register_scheme_map /opt/stack/data/venv/lib/python3.12/site-packages/glance_store/location.py:146}}
Aug 03 10:56:42.124410 np0000006341 devstack@g-api.service[99696]: DEBUG glance_store.location [None req-74ae786b-9d85-4509-8c92-88b34322bdab tempest-ServerBootFromVolumeStableRescueTest-619107953 tempest-ServerBootFromVolumeStableRescueTest-619107953-project-member] Registering scheme swift+https with {'store': , 'location_class': , 'store_entry': 'swift'} {{(pid=99696) register_scheme_map /opt/stack/data/venv/lib/python3.12/site-packages/glance_store/location.py:146}}
Aug 03 10:56:42.124410 np0000006341 devstack@g-api.service[99696]: DEBUG glance_store.location [None req-74ae786b-9d85-4509-8c92-88b34322bdab tempest-ServerBootFromVolumeStableRescueTest-619107953 tempest-ServerBootFromVolumeStableRescueTest-619107953-project-member] Registering scheme swift with {'store': , 'location_class': , 'store_entry': 'swift'} {{(pid=99696) register_scheme_map /opt/stack/data/venv/lib/python3.12/site-packages/glance_store/location.py:146}}
Aug 03 10:56:42.124494 np0000006341 devstack@g-api.service[99696]: DEBUG glance_store.location [None req-74ae786b-9d85-4509-8c92-88b34322bdab tempest-ServerBootFromVolumeStableRescueTest-619107953 tempest-ServerBootFromVolumeStableRescueTest-619107953-project-member] Registering scheme swift+http with {'store': , 'location_class': , 'store_entry': 'swift'} {{(pid=99696) register_scheme_map /opt/stack/data/venv/lib/python3.12/site-packages/glance_store/location.py:146}}
Aug 03 10:56:42.124551 np0000006341 devstack@g-api.service[99696]: DEBUG glance_store.location [None req-74ae786b-9d85-4509-8c92-88b34322bdab tempest-ServerBootFromVolumeStableRescueTest-619107953 tempest-ServerBootFromVolumeStableRescueTest-619107953-project-member] Registering scheme swift+https with {'store': , 'location_class': , 'store_entry': 'swift'} {{(pid=99696) register_scheme_map /opt/stack/data/venv/lib/python3.12/site-packages/glance_store/location.py:146}}
Aug 03 10:56:42.124626 np0000006341 devstack@g-api.service[99696]: DEBUG glance_store.location [None req-74ae786b-9d85-4509-8c92-88b34322bdab tempest-ServerBootFromVolumeStableRescueTest-619107953 tempest-ServerBootFromVolumeStableRescueTest-619107953-project-member] Registering scheme swift with {'store': , 'location_class': , 'store_entry': 'swift'} {{(pid=99696) register_scheme_map /opt/stack/data/venv/lib/python3.12/site-packages/glance_store/location.py:146}}
Aug 03 10:56:42.124715 np0000006341 devstack@g-api.service[99696]: DEBUG glance_store.location [None req-74ae786b-9d85-4509-8c92-88b34322bdab tempest-ServerBootFromVolumeStableRescueTest-619107953 tempest-ServerBootFromVolumeStableRescueTest-619107953-project-member] Registering scheme swift+http with {'store': , 'location_class': , 'store_entry': 'swift'} {{(pid=99696) register_scheme_map /opt/stack/data/venv/lib/python3.12/site-packages/glance_store/location.py:146}}
Aug 03 10:56:42.124755 np0000006341 devstack@g-api.service[99696]: DEBUG glance_store.location [None req-74ae786b-9d85-4509-8c92-88b34322bdab tempest-ServerBootFromVolumeStableRescueTest-619107953 tempest-ServerBootFromVolumeStableRescueTest-619107953-project-member] Registering scheme swift+config with {'store': , 'location_class': , 'store_entry': 'swift'} {{(pid=99696) register_scheme_map /opt/stack/data/venv/lib/python3.12/site-packages/glance_store/location.py:146}}
Aug 03 10:56:42.542555 np0000006341 devstack@g-api.service[99696]: DEBUG swiftclient [None req-74ae786b-9d85-4509-8c92-88b34322bdab tempest-ServerBootFromVolumeStableRescueTest-619107953 tempest-ServerBootFromVolumeStableRescueTest-619107953-project-member] REQ: curl -i https://10.4.3.213:8080/v1/AUTH_f6b64a1f24284bb5964353ae5b0fa595/glance -I -H "X-Auth-Token: gAAAAABqcHPqd4In..." {{(pid=99696) http_log /opt/stack/data/venv/lib/python3.12/site-packages/swiftclient/client.py:160}}
Aug 03 10:56:42.542674 np0000006341 devstack@g-api.service[99696]: DEBUG swiftclient [None req-74ae786b-9d85-4509-8c92-88b34322bdab tempest-ServerBootFromVolumeStableRescueTest-619107953 tempest-ServerBootFromVolumeStableRescueTest-619107953-project-member] RESP STATUS: 204 No Content {{(pid=99696) http_log /opt/stack/data/venv/lib/python3.12/site-packages/swiftclient/client.py:161}}
Aug 03 10:56:42.542832 np0000006341 devstack@g-api.service[99696]: DEBUG swiftclient [None req-74ae786b-9d85-4509-8c92-88b34322bdab tempest-ServerBootFromVolumeStableRescueTest-619107953 tempest-ServerBootFromVolumeStableRescueTest-619107953-project-member] RESP HEADERS: {'Date': 'Mon, 03 Aug 2026 10:56:42 GMT', 'Server': 'Apache/2.4.58 (Ubuntu)', 'Content-Type': 'text/plain; charset=utf-8', 'X-Container-Object-Count': '7', 'X-Container-Bytes-Used': '109576192', 'X-Timestamp': '1785754424.88840', 'Last-Modified': 'Mon, 03 Aug 2026 10:53:45 GMT', 'Accept-Ranges': 'bytes', 'X-Storage-Policy': 'Policy-0', 'X-Container-Sharding': 'False', 'Vary': 'Accept', 'X-Trans-Id': 'txed6a00eb80e3417ab4dc6-006a7073ea', 'X-Openstack-Request-Id': 'txed6a00eb80e3417ab4dc6-006a7073ea', 'Connection': 'close'} {{(pid=99696) http_log /opt/stack/data/venv/lib/python3.12/site-packages/swiftclient/client.py:162}}
Aug 03 10:56:42.542978 np0000006341 devstack@g-api.service[99696]: DEBUG glance_store._drivers.swift.store [None req-74ae786b-9d85-4509-8c92-88b34322bdab tempest-ServerBootFromVolumeStableRescueTest-619107953 tempest-ServerBootFromVolumeStableRescueTest-619107953-project-member] Adding image object '4237fcc6-2577-464e-8361-b35637b5de5f' to Swift {{(pid=99696) add /opt/stack/data/venv/lib/python3.12/site-packages/glance_store/_drivers/swift/store.py:970}}
Aug 03 10:56:42.543045 np0000006341 devstack@g-api.service[99696]: DEBUG glance_store._drivers.swift.store [None req-74ae786b-9d85-4509-8c92-88b34322bdab tempest-ServerBootFromVolumeStableRescueTest-619107953 tempest-ServerBootFromVolumeStableRescueTest-619107953-project-member] Cannot determine image size because it is either not provided in the request or chunked-transfer encoding is used. Adding image as a segmented object to Swift. {{(pid=99696) add /opt/stack/data/venv/lib/python3.12/site-packages/glance_store/_drivers/swift/store.py:994}}
Aug 03 10:56:42.549415 np0000006341 devstack@g-api.service[99696]: DEBUG oslo_utils.imageutils.format_inspector [None req-74ae786b-9d85-4509-8c92-88b34322bdab tempest-ServerBootFromVolumeStableRescueTest-619107953 tempest-ServerBootFromVolumeStableRescueTest-619107953-project-member] Format inspector for vmdk does not match, excluding from consideration (Signature KDMV not found: b'QFI\xfb') {{(pid=99696) _process_chunk /opt/stack/data/venv/lib/python3.12/site-packages/oslo_utils/imageutils/format_inspector.py:1758}}
Aug 03 10:56:42.551914 np0000006341 devstack@g-api.service[99696]: DEBUG oslo_utils.imageutils.format_inspector [None req-74ae786b-9d85-4509-8c92-88b34322bdab tempest-ServerBootFromVolumeStableRescueTest-619107953 tempest-ServerBootFromVolumeStableRescueTest-619107953-project-member] Format inspector for vhdx does not match, excluding from consideration (Region signature not found at 30000) {{(pid=99696) _process_chunk /opt/stack/data/venv/lib/python3.12/site-packages/oslo_utils/imageutils/format_inspector.py:1758}}
Aug 03 10:56:42.751068 np0000006341 devstack@g-api.service[99696]: DEBUG swiftclient [None req-74ae786b-9d85-4509-8c92-88b34322bdab tempest-ServerBootFromVolumeStableRescueTest-619107953 tempest-ServerBootFromVolumeStableRescueTest-619107953-project-member] REQ: curl -i https://10.4.3.213:8080/v1/AUTH_f6b64a1f24284bb5964353ae5b0fa595/glance/4237fcc6-2577-464e-8361-b35637b5de5f-00001 -X PUT -H "X-Auth-Token: gAAAAABqcHPqd4In..." {{(pid=99696) http_log /opt/stack/data/venv/lib/python3.12/site-packages/swiftclient/client.py:160}}
Aug 03 10:56:42.751178 np0000006341 devstack@g-api.service[99696]: DEBUG swiftclient [None req-74ae786b-9d85-4509-8c92-88b34322bdab tempest-ServerBootFromVolumeStableRescueTest-619107953 tempest-ServerBootFromVolumeStableRescueTest-619107953-project-member] RESP STATUS: 201 Created {{(pid=99696) http_log /opt/stack/data/venv/lib/python3.12/site-packages/swiftclient/client.py:161}}
Aug 03 10:56:42.751363 np0000006341 devstack@g-api.service[99696]: DEBUG swiftclient [None req-74ae786b-9d85-4509-8c92-88b34322bdab tempest-ServerBootFromVolumeStableRescueTest-619107953 tempest-ServerBootFromVolumeStableRescueTest-619107953-project-member] RESP HEADERS: {'Date': 'Mon, 03 Aug 2026 10:56:42 GMT', 'Server': 'Apache/2.4.58 (Ubuntu)', 'Content-Type': 'text/html; charset=UTF-8', 'Content-Length': '0', 'Etag': '4fa343ee581d8d2e78533191fd1ac3e1', 'Last-Modified': 'Mon, 03 Aug 2026 10:56:43 GMT', 'X-Trans-Id': 'txce27581831724d37bd23c-006a7073ea', 'X-Openstack-Request-Id': 'txce27581831724d37bd23c-006a7073ea', 'Connection': 'close'} {{(pid=99696) http_log /opt/stack/data/venv/lib/python3.12/site-packages/swiftclient/client.py:162}}
Aug 03 10:56:42.751439 np0000006341 devstack@g-api.service[99696]: DEBUG glance_store._drivers.swift.store [None req-74ae786b-9d85-4509-8c92-88b34322bdab tempest-ServerBootFromVolumeStableRescueTest-619107953 tempest-ServerBootFromVolumeStableRescueTest-619107953-project-member] Wrote chunk 4237fcc6-2577-464e-8361-b35637b5de5f-00001 (1/?) of length 23527424 to Swift returning MD5 of content: 4fa343ee581d8d2e78533191fd1ac3e1 {{(pid=99696) add /opt/stack/data/venv/lib/python3.12/site-packages/glance_store/_drivers/swift/store.py:1059}}
Aug 03 10:56:42.751691 np0000006341 devstack@g-api.service[99696]: DEBUG glance_store._drivers.swift.store [None req-74ae786b-9d85-4509-8c92-88b34322bdab tempest-ServerBootFromVolumeStableRescueTest-619107953 tempest-ServerBootFromVolumeStableRescueTest-619107953-project-member] Not writing zero-length chunk. {{(pid=99696) add /opt/stack/data/venv/lib/python3.12/site-packages/glance_store/_drivers/swift/store.py:1028}}
Aug 03 10:56:42.771799 np0000006341 devstack@g-api.service[99696]: DEBUG swiftclient [None req-74ae786b-9d85-4509-8c92-88b34322bdab tempest-ServerBootFromVolumeStableRescueTest-619107953 tempest-ServerBootFromVolumeStableRescueTest-619107953-project-member] REQ: curl -i https://10.4.3.213:8080/v1/AUTH_f6b64a1f24284bb5964353ae5b0fa595/glance/4237fcc6-2577-464e-8361-b35637b5de5f -X PUT -H "X-Object-Manifest: glance/4237fcc6-2577-464e-8361-b35637b5de5f-" -H "X-Auth-Token: gAAAAABqcHPqd4In..." -H "Content-Length: 0" {{(pid=99696) http_log /opt/stack/data/venv/lib/python3.12/site-packages/swiftclient/client.py:160}}
Aug 03 10:56:42.771974 np0000006341 devstack@g-api.service[99696]: DEBUG swiftclient [None req-74ae786b-9d85-4509-8c92-88b34322bdab tempest-ServerBootFromVolumeStableRescueTest-619107953 tempest-ServerBootFromVolumeStableRescueTest-619107953-project-member] RESP STATUS: 201 Created {{(pid=99696) http_log /opt/stack/data/venv/lib/python3.12/site-packages/swiftclient/client.py:161}}
Aug 03 10:56:42.772121 np0000006341 devstack@g-api.service[99696]: DEBUG swiftclient [None req-74ae786b-9d85-4509-8c92-88b34322bdab tempest-ServerBootFromVolumeStableRescueTest-619107953 tempest-ServerBootFromVolumeStableRescueTest-619107953-project-member] RESP HEADERS: {'Date': 'Mon, 03 Aug 2026 10:56:42 GMT', 'Server': 'Apache/2.4.58 (Ubuntu)', 'Content-Type': 'text/html; charset=UTF-8', 'Content-Length': '0', 'Etag': 'd41d8cd98f00b204e9800998ecf8427e', 'Last-Modified': 'Mon, 03 Aug 2026 10:56:43 GMT', 'X-Trans-Id': 'txf37cd9cd833b454b9389e-006a7073ea', 'X-Openstack-Request-Id': 'txf37cd9cd833b454b9389e-006a7073ea', 'Connection': 'close'} {{(pid=99696) http_log /opt/stack/data/venv/lib/python3.12/site-packages/swiftclient/client.py:162}}
Aug 03 10:56:42.772722 np0000006341 devstack@g-api.service[99696]: INFO glance.location [None req-74ae786b-9d85-4509-8c92-88b34322bdab tempest-ServerBootFromVolumeStableRescueTest-619107953 tempest-ServerBootFromVolumeStableRescueTest-619107953-project-member] Image format matched and virtual size computed: 1073741824
Aug 03 10:56:42.814467 np0000006341 devstack@g-api.service[99696]: DEBUG glance_store.backend [None req-74ae786b-9d85-4509-8c92-88b34322bdab tempest-ServerBootFromVolumeStableRescueTest-619107953 tempest-ServerBootFromVolumeStableRescueTest-619107953-project-member] Attempting to import store swift {{(pid=99696) _load_store /opt/stack/data/venv/lib/python3.12/site-packages/glance_store/backend.py:215}}
Aug 03 10:56:42.816010 np0000006341 devstack@g-api.service[99696]: DEBUG glance_store.capabilities [None req-74ae786b-9d85-4509-8c92-88b34322bdab tempest-ServerBootFromVolumeStableRescueTest-619107953 tempest-ServerBootFromVolumeStableRescueTest-619107953-project-member] Store glance_store._drivers.swift.store.SingleTenantStore doesn't support updating dynamic storage capabilities. Please overwrite 'update_capabilities' method of the store to implement updating logics if needed. {{(pid=99696) update_capabilities /opt/stack/data/venv/lib/python3.12/site-packages/glance_store/capabilities.py:91}}
Aug 03 10:56:42.816134 np0000006341 devstack@g-api.service[99696]: DEBUG glance_store.driver [None req-74ae786b-9d85-4509-8c92-88b34322bdab tempest-ServerBootFromVolumeStableRescueTest-619107953 tempest-ServerBootFromVolumeStableRescueTest-619107953-project-member] Late loading location class glance_store._drivers.swift.store.StoreLocation {{(pid=99696) get_store_location_class /opt/stack/data/venv/lib/python3.12/site-packages/glance_store/driver.py:134}}
Aug 03 10:56:42.816295 np0000006341 devstack@g-api.service[99696]: DEBUG glance_store.location [None req-74ae786b-9d85-4509-8c92-88b34322bdab tempest-ServerBootFromVolumeStableRescueTest-619107953 tempest-ServerBootFromVolumeStableRescueTest-619107953-project-member] Registering scheme swift+https with {'store': , 'location_class': , 'store_entry': 'swift'} {{(pid=99696) register_scheme_map /opt/stack/data/venv/lib/python3.12/site-packages/glance_store/location.py:146}}
Aug 03 10:56:42.816414 np0000006341 devstack@g-api.service[99696]: DEBUG glance_store.location [None req-74ae786b-9d85-4509-8c92-88b34322bdab tempest-ServerBootFromVolumeStableRescueTest-619107953 tempest-ServerBootFromVolumeStableRescueTest-619107953-project-member] Registering scheme swift+https with {'store': , 'location_class': , 'store_entry': 'swift'} {{(pid=99696) register_scheme_map /opt/stack/data/venv/lib/python3.12/site-packages/glance_store/location.py:146}}
Aug 03 10:56:42.816510 np0000006341 devstack@g-api.service[99696]: DEBUG glance_store.location [None req-74ae786b-9d85-4509-8c92-88b34322bdab tempest-ServerBootFromVolumeStableRescueTest-619107953 tempest-ServerBootFromVolumeStableRescueTest-619107953-project-member] Registering scheme swift with {'store': , 'location_class': , 'store_entry': 'swift'} {{(pid=99696) register_scheme_map /opt/stack/data/venv/lib/python3.12/site-packages/glance_store/location.py:146}}
Aug 03 10:56:42.816510 np0000006341 devstack@g-api.service[99696]: DEBUG glance_store.location [None req-74ae786b-9d85-4509-8c92-88b34322bdab tempest-ServerBootFromVolumeStableRescueTest-619107953 tempest-ServerBootFromVolumeStableRescueTest-619107953-project-member] Registering scheme swift+https with {'store': , 'location_class': , 'store_entry': 'swift'} {{(pid=99696) register_scheme_map /opt/stack/data/venv/lib/python3.12/site-packages/glance_store/location.py:146}}
Aug 03 10:56:42.816642 np0000006341 devstack@g-api.service[99696]: DEBUG glance_store.location [None req-74ae786b-9d85-4509-8c92-88b34322bdab tempest-ServerBootFromVolumeStableRescueTest-619107953 tempest-ServerBootFromVolumeStableRescueTest-619107953-project-member] Registering scheme swift with {'store': , 'location_class': , 'store_entry': 'swift'} {{(pid=99696) register_scheme_map /opt/stack/data/venv/lib/python3.12/site-packages/glance_store/location.py:146}}
Aug 03 10:56:42.816642 np0000006341 devstack@g-api.service[99696]: DEBUG glance_store.location [None req-74ae786b-9d85-4509-8c92-88b34322bdab tempest-ServerBootFromVolumeStableRescueTest-619107953 tempest-ServerBootFromVolumeStableRescueTest-619107953-project-member] Registering scheme swift+http with {'store': , 'location_class': , 'store_entry': 'swift'} {{(pid=99696) register_scheme_map /opt/stack/data/venv/lib/python3.12/site-packages/glance_store/location.py:146}}
Aug 03 10:56:42.816745 np0000006341 devstack@g-api.service[99696]: DEBUG glance_store.location [None req-74ae786b-9d85-4509-8c92-88b34322bdab tempest-ServerBootFromVolumeStableRescueTest-619107953 tempest-ServerBootFromVolumeStableRescueTest-619107953-project-member] Registering scheme swift+https with {'store': , 'location_class': , 'store_entry': 'swift'} {{(pid=99696) register_scheme_map /opt/stack/data/venv/lib/python3.12/site-packages/glance_store/location.py:146}}
Aug 03 10:56:42.816795 np0000006341 devstack@g-api.service[99696]: DEBUG glance_store.location [None req-74ae786b-9d85-4509-8c92-88b34322bdab tempest-ServerBootFromVolumeStableRescueTest-619107953 tempest-ServerBootFromVolumeStableRescueTest-619107953-project-member] Registering scheme swift with {'store': , 'location_class': , 'store_entry': 'swift'} {{(pid=99696) register_scheme_map /opt/stack/data/venv/lib/python3.12/site-packages/glance_store/location.py:146}}
Aug 03 10:56:42.816840 np0000006341 devstack@g-api.service[99696]: DEBUG glance_store.location [None req-74ae786b-9d85-4509-8c92-88b34322bdab tempest-ServerBootFromVolumeStableRescueTest-619107953 tempest-ServerBootFromVolumeStableRescueTest-619107953-project-member] Registering scheme swift+http with {'store': , 'location_class': , 'store_entry': 'swift'} {{(pid=99696) register_scheme_map /opt/stack/data/venv/lib/python3.12/site-packages/glance_store/location.py:146}}
Aug 03 10:56:42.816885 np0000006341 devstack@g-api.service[99696]: DEBUG glance_store.location [None req-74ae786b-9d85-4509-8c92-88b34322bdab tempest-ServerBootFromVolumeStableRescueTest-619107953 tempest-ServerBootFromVolumeStableRescueTest-619107953-project-member] Registering scheme swift+config with {'store': , 'location_class': , 'store_entry': 'swift'} {{(pid=99696) register_scheme_map /opt/stack/data/venv/lib/python3.12/site-packages/glance_store/location.py:146}}
Aug 03 10:56:42.816975 np0000006341 devstack@g-api.service[99696]: DEBUG glance_store.backend [None req-74ae786b-9d85-4509-8c92-88b34322bdab tempest-ServerBootFromVolumeStableRescueTest-619107953 tempest-ServerBootFromVolumeStableRescueTest-619107953-project-member] Skipping store.set_acls... not implemented. {{(pid=99696) set_acls /opt/stack/data/venv/lib/python3.12/site-packages/glance_store/backend.py:507}}
Aug 03 10:56:42.819342 np0000006341 devstack@g-api.service[99696]: [pid: 99696|app: 0|req: 52/147] 127.0.0.1 () {46 vars in 1158 bytes} [Mon Aug 3 10:56:41 2026] PUT /v2/images/4237fcc6-2577-464e-8361-b35637b5de5f/file => generated 0 bytes in 1735 msecs (HTTP/1.1 204) 4 headers in 171 bytes (1 switches on core 0)
Aug 03 10:56:42.867096 np0000006341 devstack@g-api.service[99695]: DEBUG glance.api.middleware.version_negotiation [None req-74ae786b-9d85-4509-8c92-88b34322bdab tempest-ServerBootFromVolumeStableRescueTest-619107953 tempest-ServerBootFromVolumeStableRescueTest-619107953-project-member] Determining version of request: GET /v2/images/4237fcc6-2577-464e-8361-b35637b5de5f Accept: */* {{(pid=99695) process_request /opt/stack/glance/glance/api/middleware/version_negotiation.py:44}}
Aug 03 10:56:42.867596 np0000006341 devstack@g-api.service[99695]: DEBUG glance.api.middleware.version_negotiation [None req-74ae786b-9d85-4509-8c92-88b34322bdab tempest-ServerBootFromVolumeStableRescueTest-619107953 tempest-ServerBootFromVolumeStableRescueTest-619107953-project-member] Using url versioning {{(pid=99695) process_request /opt/stack/glance/glance/api/middleware/version_negotiation.py:57}}
Aug 03 10:56:42.867795 np0000006341 devstack@g-api.service[99695]: DEBUG glance.api.middleware.version_negotiation [None req-74ae786b-9d85-4509-8c92-88b34322bdab tempest-ServerBootFromVolumeStableRescueTest-619107953 tempest-ServerBootFromVolumeStableRescueTest-619107953-project-member] Matched version: v2 {{(pid=99695) process_request /opt/stack/glance/glance/api/middleware/version_negotiation.py:69}}
Aug 03 10:56:42.868024 np0000006341 devstack@g-api.service[99695]: DEBUG glance.api.middleware.version_negotiation [None req-74ae786b-9d85-4509-8c92-88b34322bdab tempest-ServerBootFromVolumeStableRescueTest-619107953 tempest-ServerBootFromVolumeStableRescueTest-619107953-project-member] new path /v2/images/4237fcc6-2577-464e-8361-b35637b5de5f {{(pid=99695) process_request /opt/stack/glance/glance/api/middleware/version_negotiation.py:70}}
Aug 03 10:56:42.880754 np0000006341 devstack@g-api.service[99695]: [pid: 99695|app: 0|req: 50/148] 127.0.0.1 () {44 vars in 1115 bytes} [Mon Aug 3 10:56:42 2026] GET /v2/images/4237fcc6-2577-464e-8361-b35637b5de5f => generated 1639 bytes in 14 msecs (HTTP/1.1 200) 4 headers in 158 bytes (1 switches on core 0)
Aug 03 10:56:42.919115 np0000006341 devstack@g-api.service[99696]: DEBUG glance.api.middleware.version_negotiation [None req-74ae786b-9d85-4509-8c92-88b34322bdab tempest-ServerBootFromVolumeStableRescueTest-619107953 tempest-ServerBootFromVolumeStableRescueTest-619107953-project-member] Determining version of request: GET /v2/schemas/image Accept: */* {{(pid=99696) process_request /opt/stack/glance/glance/api/middleware/version_negotiation.py:44}}
Aug 03 10:56:42.919754 np0000006341 devstack@g-api.service[99697]: DEBUG glance.api.middleware.version_negotiation [None req-343dc3b8-90e5-4164-b063-9e16aca0256b tempest-ServerBootFromVolumeStableRescueTest-619107953 tempest-ServerBootFromVolumeStableRescueTest-619107953-project-member] Determining version of request: GET /v2/images/4237fcc6-2577-464e-8361-b35637b5de5f Accept: application/json {{(pid=99697) process_request /opt/stack/glance/glance/api/middleware/version_negotiation.py:44}}
Aug 03 10:56:42.920124 np0000006341 devstack@g-api.service[99696]: DEBUG glance.api.middleware.version_negotiation [None req-74ae786b-9d85-4509-8c92-88b34322bdab tempest-ServerBootFromVolumeStableRescueTest-619107953 tempest-ServerBootFromVolumeStableRescueTest-619107953-project-member] Using url versioning {{(pid=99696) process_request /opt/stack/glance/glance/api/middleware/version_negotiation.py:57}}
Aug 03 10:56:42.920124 np0000006341 devstack@g-api.service[99696]: DEBUG glance.api.middleware.version_negotiation [None req-74ae786b-9d85-4509-8c92-88b34322bdab tempest-ServerBootFromVolumeStableRescueTest-619107953 tempest-ServerBootFromVolumeStableRescueTest-619107953-project-member] Matched version: v2 {{(pid=99696) process_request /opt/stack/glance/glance/api/middleware/version_negotiation.py:69}}
Aug 03 10:56:42.920124 np0000006341 devstack@g-api.service[99696]: DEBUG glance.api.middleware.version_negotiation [None req-74ae786b-9d85-4509-8c92-88b34322bdab tempest-ServerBootFromVolumeStableRescueTest-619107953 tempest-ServerBootFromVolumeStableRescueTest-619107953-project-member] new path /v2/schemas/image {{(pid=99696) process_request /opt/stack/glance/glance/api/middleware/version_negotiation.py:70}}
Aug 03 10:56:42.920283 np0000006341 devstack@g-api.service[99697]: DEBUG glance.api.middleware.version_negotiation [None req-343dc3b8-90e5-4164-b063-9e16aca0256b tempest-ServerBootFromVolumeStableRescueTest-619107953 tempest-ServerBootFromVolumeStableRescueTest-619107953-project-member] Using url versioning {{(pid=99697) process_request /opt/stack/glance/glance/api/middleware/version_negotiation.py:57}}
Aug 03 10:56:42.920500 np0000006341 devstack@g-api.service[99697]: DEBUG glance.api.middleware.version_negotiation [None req-343dc3b8-90e5-4164-b063-9e16aca0256b tempest-ServerBootFromVolumeStableRescueTest-619107953 tempest-ServerBootFromVolumeStableRescueTest-619107953-project-member] Matched version: v2 {{(pid=99697) process_request /opt/stack/glance/glance/api/middleware/version_negotiation.py:69}}
Aug 03 10:56:42.921128 np0000006341 devstack@g-api.service[99697]: DEBUG glance.api.middleware.version_negotiation [None req-343dc3b8-90e5-4164-b063-9e16aca0256b tempest-ServerBootFromVolumeStableRescueTest-619107953 tempest-ServerBootFromVolumeStableRescueTest-619107953-project-member] new path /v2/images/4237fcc6-2577-464e-8361-b35637b5de5f {{(pid=99697) process_request /opt/stack/glance/glance/api/middleware/version_negotiation.py:70}}
Aug 03 10:56:42.922671 np0000006341 devstack@g-api.service[99696]: [pid: 99696|app: 0|req: 53/149] 127.0.0.1 () {44 vars in 1055 bytes} [Mon Aug 3 10:56:42 2026] GET /v2/schemas/image => generated 6083 bytes in 3 msecs (HTTP/1.1 200) 4 headers in 158 bytes (1 switches on core 0)
Aug 03 10:56:42.932094 np0000006341 devstack@g-api.service[99697]: [pid: 99697|app: 0|req: 47/150] 127.0.0.1 () {40 vars in 838 bytes} [Mon Aug 3 10:56:42 2026] GET /v2/images/4237fcc6-2577-464e-8361-b35637b5de5f => generated 1639 bytes in 13 msecs (HTTP/1.1 200) 4 headers in 158 bytes (1 switches on core 0)
Aug 03 10:56:42.941813 np0000006341 devstack@g-api.service[99695]: DEBUG glance.api.middleware.version_negotiation [None req-74ae786b-9d85-4509-8c92-88b34322bdab tempest-ServerBootFromVolumeStableRescueTest-619107953 tempest-ServerBootFromVolumeStableRescueTest-619107953-project-member] Determining version of request: GET /v2/images/4237fcc6-2577-464e-8361-b35637b5de5f Accept: application/json {{(pid=99695) process_request /opt/stack/glance/glance/api/middleware/version_negotiation.py:44}}
Aug 03 10:56:42.941813 np0000006341 devstack@g-api.service[99695]: DEBUG glance.api.middleware.version_negotiation [None req-74ae786b-9d85-4509-8c92-88b34322bdab tempest-ServerBootFromVolumeStableRescueTest-619107953 tempest-ServerBootFromVolumeStableRescueTest-619107953-project-member] Using url versioning {{(pid=99695) process_request /opt/stack/glance/glance/api/middleware/version_negotiation.py:57}}
Aug 03 10:56:42.941813 np0000006341 devstack@g-api.service[99695]: DEBUG glance.api.middleware.version_negotiation [None req-74ae786b-9d85-4509-8c92-88b34322bdab tempest-ServerBootFromVolumeStableRescueTest-619107953 tempest-ServerBootFromVolumeStableRescueTest-619107953-project-member] Matched version: v2 {{(pid=99695) process_request /opt/stack/glance/glance/api/middleware/version_negotiation.py:69}}
Aug 03 10:56:42.941813 np0000006341 devstack@g-api.service[99695]: DEBUG glance.api.middleware.version_negotiation [None req-74ae786b-9d85-4509-8c92-88b34322bdab tempest-ServerBootFromVolumeStableRescueTest-619107953 tempest-ServerBootFromVolumeStableRescueTest-619107953-project-member] new path /v2/images/4237fcc6-2577-464e-8361-b35637b5de5f {{(pid=99695) process_request /opt/stack/glance/glance/api/middleware/version_negotiation.py:70}}
Aug 03 10:56:42.951542 np0000006341 devstack@g-api.service[99695]: [pid: 99695|app: 0|req: 51/151] 127.0.0.1 () {40 vars in 838 bytes} [Mon Aug 3 10:56:42 2026] GET /v2/images/4237fcc6-2577-464e-8361-b35637b5de5f => generated 1639 bytes in 12 msecs (HTTP/1.1 200) 4 headers in 158 bytes (1 switches on core 0)
Aug 03 10:56:43.384209 np0000006341 devstack@g-api.service[99696]: DEBUG glance.api.middleware.version_negotiation [None req-74ae786b-9d85-4509-8c92-88b34322bdab tempest-ServerBootFromVolumeStableRescueTest-619107953 tempest-ServerBootFromVolumeStableRescueTest-619107953-project-member] Determining version of request: GET /v2/images/d6942376-820b-4d93-a4fc-66cbffdef102 Accept: */* {{(pid=99696) process_request /opt/stack/glance/glance/api/middleware/version_negotiation.py:44}}
Aug 03 10:56:43.384601 np0000006341 devstack@g-api.service[99696]: DEBUG glance.api.middleware.version_negotiation [None req-74ae786b-9d85-4509-8c92-88b34322bdab tempest-ServerBootFromVolumeStableRescueTest-619107953 tempest-ServerBootFromVolumeStableRescueTest-619107953-project-member] Using url versioning {{(pid=99696) process_request /opt/stack/glance/glance/api/middleware/version_negotiation.py:57}}
Aug 03 10:56:43.384601 np0000006341 devstack@g-api.service[99696]: DEBUG glance.api.middleware.version_negotiation [None req-74ae786b-9d85-4509-8c92-88b34322bdab tempest-ServerBootFromVolumeStableRescueTest-619107953 tempest-ServerBootFromVolumeStableRescueTest-619107953-project-member] Matched version: v2 {{(pid=99696) process_request /opt/stack/glance/glance/api/middleware/version_negotiation.py:69}}
Aug 03 10:56:43.384730 np0000006341 devstack@g-api.service[99696]: DEBUG glance.api.middleware.version_negotiation [None req-74ae786b-9d85-4509-8c92-88b34322bdab tempest-ServerBootFromVolumeStableRescueTest-619107953 tempest-ServerBootFromVolumeStableRescueTest-619107953-project-member] new path /v2/images/d6942376-820b-4d93-a4fc-66cbffdef102 {{(pid=99696) process_request /opt/stack/glance/glance/api/middleware/version_negotiation.py:70}}
Aug 03 10:56:43.396577 np0000006341 devstack@g-api.service[99696]: [pid: 99696|app: 0|req: 54/152] 127.0.0.1 () {44 vars in 1115 bytes} [Mon Aug 3 10:56:43 2026] GET /v2/images/d6942376-820b-4d93-a4fc-66cbffdef102 => generated 1044 bytes in 12 msecs (HTTP/1.1 200) 4 headers in 158 bytes (1 switches on core 0)
Aug 03 10:56:43.431669 np0000006341 devstack@g-api.service[99697]: DEBUG glance.api.middleware.version_negotiation [None req-ee7f7fb8-e4e0-463e-ae73-eec2342f14bf tempest-ServerBootFromVolumeStableRescueTest-619107953 tempest-ServerBootFromVolumeStableRescueTest-619107953-project-member] Determining version of request: GET /v2/schemas/image Accept: */* {{(pid=99697) process_request /opt/stack/glance/glance/api/middleware/version_negotiation.py:44}}
Aug 03 10:56:43.431875 np0000006341 devstack@g-api.service[99697]: DEBUG glance.api.middleware.version_negotiation [None req-ee7f7fb8-e4e0-463e-ae73-eec2342f14bf tempest-ServerBootFromVolumeStableRescueTest-619107953 tempest-ServerBootFromVolumeStableRescueTest-619107953-project-member] Using url versioning {{(pid=99697) process_request /opt/stack/glance/glance/api/middleware/version_negotiation.py:57}}
Aug 03 10:56:43.431966 np0000006341 devstack@g-api.service[99697]: DEBUG glance.api.middleware.version_negotiation [None req-ee7f7fb8-e4e0-463e-ae73-eec2342f14bf tempest-ServerBootFromVolumeStableRescueTest-619107953 tempest-ServerBootFromVolumeStableRescueTest-619107953-project-member] Matched version: v2 {{(pid=99697) process_request /opt/stack/glance/glance/api/middleware/version_negotiation.py:69}}
Aug 03 10:56:43.432044 np0000006341 devstack@g-api.service[99697]: DEBUG glance.api.middleware.version_negotiation [None req-ee7f7fb8-e4e0-463e-ae73-eec2342f14bf tempest-ServerBootFromVolumeStableRescueTest-619107953 tempest-ServerBootFromVolumeStableRescueTest-619107953-project-member] new path /v2/schemas/image {{(pid=99697) process_request /opt/stack/glance/glance/api/middleware/version_negotiation.py:70}}
Aug 03 10:56:43.434780 np0000006341 devstack@g-api.service[99697]: [pid: 99697|app: 0|req: 48/153] 127.0.0.1 () {44 vars in 1055 bytes} [Mon Aug 3 10:56:43 2026] GET /v2/schemas/image => generated 6083 bytes in 4 msecs (HTTP/1.1 200) 4 headers in 158 bytes (1 switches on core 0)
Aug 03 10:56:45.973290 np0000006341 devstack@g-api.service[99695]: DEBUG glance.api.middleware.version_negotiation [None req-2fc39d54-1d33-4995-8475-ef529d5490df tempest-ServerBootFromVolumeStableRescueTest-619107953 tempest-ServerBootFromVolumeStableRescueTest-619107953-project-member] Determining version of request: GET /v2/images/d6942376-820b-4d93-a4fc-66cbffdef102 Accept: */* {{(pid=99695) process_request /opt/stack/glance/glance/api/middleware/version_negotiation.py:44}}
Aug 03 10:56:45.973716 np0000006341 devstack@g-api.service[99695]: DEBUG glance.api.middleware.version_negotiation [None req-2fc39d54-1d33-4995-8475-ef529d5490df tempest-ServerBootFromVolumeStableRescueTest-619107953 tempest-ServerBootFromVolumeStableRescueTest-619107953-project-member] Using url versioning {{(pid=99695) process_request /opt/stack/glance/glance/api/middleware/version_negotiation.py:57}}
Aug 03 10:56:45.973716 np0000006341 devstack@g-api.service[99695]: DEBUG glance.api.middleware.version_negotiation [None req-2fc39d54-1d33-4995-8475-ef529d5490df tempest-ServerBootFromVolumeStableRescueTest-619107953 tempest-ServerBootFromVolumeStableRescueTest-619107953-project-member] Matched version: v2 {{(pid=99695) process_request /opt/stack/glance/glance/api/middleware/version_negotiation.py:69}}
Aug 03 10:56:45.973716 np0000006341 devstack@g-api.service[99695]: DEBUG glance.api.middleware.version_negotiation [None req-2fc39d54-1d33-4995-8475-ef529d5490df tempest-ServerBootFromVolumeStableRescueTest-619107953 tempest-ServerBootFromVolumeStableRescueTest-619107953-project-member] new path /v2/images/d6942376-820b-4d93-a4fc-66cbffdef102 {{(pid=99695) process_request /opt/stack/glance/glance/api/middleware/version_negotiation.py:70}}
Aug 03 10:56:45.986998 np0000006341 devstack@g-api.service[99695]: [pid: 99695|app: 0|req: 52/154] 127.0.0.1 () {44 vars in 1115 bytes} [Mon Aug 3 10:56:45 2026] GET /v2/images/d6942376-820b-4d93-a4fc-66cbffdef102 => generated 1044 bytes in 14 msecs (HTTP/1.1 200) 4 headers in 158 bytes (1 switches on core 0)
Aug 03 10:56:45.993574 np0000006341 devstack@g-api.service[99696]: DEBUG glance.api.middleware.version_negotiation [None req-7d35beae-c039-468d-9d52-3fde499e4d4c tempest-ServerBootFromVolumeStableRescueTest-619107953 tempest-ServerBootFromVolumeStableRescueTest-619107953-project-member] Determining version of request: GET /v2/schemas/image Accept: */* {{(pid=99696) process_request /opt/stack/glance/glance/api/middleware/version_negotiation.py:44}}
Aug 03 10:56:45.993970 np0000006341 devstack@g-api.service[99696]: DEBUG glance.api.middleware.version_negotiation [None req-7d35beae-c039-468d-9d52-3fde499e4d4c tempest-ServerBootFromVolumeStableRescueTest-619107953 tempest-ServerBootFromVolumeStableRescueTest-619107953-project-member] Using url versioning {{(pid=99696) process_request /opt/stack/glance/glance/api/middleware/version_negotiation.py:57}}
Aug 03 10:56:45.993970 np0000006341 devstack@g-api.service[99696]: DEBUG glance.api.middleware.version_negotiation [None req-7d35beae-c039-468d-9d52-3fde499e4d4c tempest-ServerBootFromVolumeStableRescueTest-619107953 tempest-ServerBootFromVolumeStableRescueTest-619107953-project-member] Matched version: v2 {{(pid=99696) process_request /opt/stack/glance/glance/api/middleware/version_negotiation.py:69}}
Aug 03 10:56:45.993970 np0000006341 devstack@g-api.service[99696]: DEBUG glance.api.middleware.version_negotiation [None req-7d35beae-c039-468d-9d52-3fde499e4d4c tempest-ServerBootFromVolumeStableRescueTest-619107953 tempest-ServerBootFromVolumeStableRescueTest-619107953-project-member] new path /v2/schemas/image {{(pid=99696) process_request /opt/stack/glance/glance/api/middleware/version_negotiation.py:70}}
Aug 03 10:56:45.996578 np0000006341 devstack@g-api.service[99696]: [pid: 99696|app: 0|req: 55/155] 127.0.0.1 () {44 vars in 1055 bytes} [Mon Aug 3 10:56:45 2026] GET /v2/schemas/image => generated 6083 bytes in 3 msecs (HTTP/1.1 200) 4 headers in 158 bytes (1 switches on core 0)
Aug 03 10:56:46.004973 np0000006341 devstack@g-api.service[99697]: DEBUG glance.api.middleware.version_negotiation [None req-7d35beae-c039-468d-9d52-3fde499e4d4c tempest-ServerBootFromVolumeStableRescueTest-619107953 tempest-ServerBootFromVolumeStableRescueTest-619107953-project-member] Determining version of request: GET /v2/schemas/image Accept: */* {{(pid=99697) process_request /opt/stack/glance/glance/api/middleware/version_negotiation.py:44}}
Aug 03 10:56:46.005323 np0000006341 devstack@g-api.service[99697]: DEBUG glance.api.middleware.version_negotiation [None req-7d35beae-c039-468d-9d52-3fde499e4d4c tempest-ServerBootFromVolumeStableRescueTest-619107953 tempest-ServerBootFromVolumeStableRescueTest-619107953-project-member] Using url versioning {{(pid=99697) process_request /opt/stack/glance/glance/api/middleware/version_negotiation.py:57}}
Aug 03 10:56:46.005323 np0000006341 devstack@g-api.service[99697]: DEBUG glance.api.middleware.version_negotiation [None req-7d35beae-c039-468d-9d52-3fde499e4d4c tempest-ServerBootFromVolumeStableRescueTest-619107953 tempest-ServerBootFromVolumeStableRescueTest-619107953-project-member] Matched version: v2 {{(pid=99697) process_request /opt/stack/glance/glance/api/middleware/version_negotiation.py:69}}
Aug 03 10:56:46.005781 np0000006341 devstack@g-api.service[99697]: DEBUG glance.api.middleware.version_negotiation [None req-7d35beae-c039-468d-9d52-3fde499e4d4c tempest-ServerBootFromVolumeStableRescueTest-619107953 tempest-ServerBootFromVolumeStableRescueTest-619107953-project-member] new path /v2/schemas/image {{(pid=99697) process_request /opt/stack/glance/glance/api/middleware/version_negotiation.py:70}}
Aug 03 10:56:46.011914 np0000006341 devstack@g-api.service[99697]: [pid: 99697|app: 0|req: 49/156] 127.0.0.1 () {44 vars in 1055 bytes} [Mon Aug 3 10:56:46 2026] GET /v2/schemas/image => generated 6083 bytes in 7 msecs (HTTP/1.1 200) 4 headers in 158 bytes (1 switches on core 0)
Aug 03 10:56:46.023697 np0000006341 devstack@g-api.service[99695]: DEBUG glance.api.middleware.version_negotiation [None req-7d35beae-c039-468d-9d52-3fde499e4d4c tempest-ServerBootFromVolumeStableRescueTest-619107953 tempest-ServerBootFromVolumeStableRescueTest-619107953-project-member] Determining version of request: GET /v2/images/d6942376-820b-4d93-a4fc-66cbffdef102 Accept: */* {{(pid=99695) process_request /opt/stack/glance/glance/api/middleware/version_negotiation.py:44}}
Aug 03 10:56:46.023932 np0000006341 devstack@g-api.service[99695]: DEBUG glance.api.middleware.version_negotiation [None req-7d35beae-c039-468d-9d52-3fde499e4d4c tempest-ServerBootFromVolumeStableRescueTest-619107953 tempest-ServerBootFromVolumeStableRescueTest-619107953-project-member] Using url versioning {{(pid=99695) process_request /opt/stack/glance/glance/api/middleware/version_negotiation.py:57}}
Aug 03 10:56:46.024115 np0000006341 devstack@g-api.service[99695]: DEBUG glance.api.middleware.version_negotiation [None req-7d35beae-c039-468d-9d52-3fde499e4d4c tempest-ServerBootFromVolumeStableRescueTest-619107953 tempest-ServerBootFromVolumeStableRescueTest-619107953-project-member] Matched version: v2 {{(pid=99695) process_request /opt/stack/glance/glance/api/middleware/version_negotiation.py:69}}
Aug 03 10:56:46.024282 np0000006341 devstack@g-api.service[99695]: DEBUG glance.api.middleware.version_negotiation [None req-7d35beae-c039-468d-9d52-3fde499e4d4c tempest-ServerBootFromVolumeStableRescueTest-619107953 tempest-ServerBootFromVolumeStableRescueTest-619107953-project-member] new path /v2/images/d6942376-820b-4d93-a4fc-66cbffdef102 {{(pid=99695) process_request /opt/stack/glance/glance/api/middleware/version_negotiation.py:70}}
Aug 03 10:56:46.036628 np0000006341 devstack@g-api.service[99695]: [pid: 99695|app: 0|req: 53/157] 127.0.0.1 () {44 vars in 1115 bytes} [Mon Aug 3 10:56:46 2026] GET /v2/images/d6942376-820b-4d93-a4fc-66cbffdef102 => generated 1044 bytes in 13 msecs (HTTP/1.1 200) 4 headers in 158 bytes (1 switches on core 0)
Aug 03 10:56:46.049809 np0000006341 devstack@g-api.service[99696]: DEBUG glance.api.middleware.version_negotiation [None req-7d35beae-c039-468d-9d52-3fde499e4d4c tempest-ServerBootFromVolumeStableRescueTest-619107953 tempest-ServerBootFromVolumeStableRescueTest-619107953-project-member] Determining version of request: GET /v2/schemas/image Accept: */* {{(pid=99696) process_request /opt/stack/glance/glance/api/middleware/version_negotiation.py:44}}
