Aug 03 10:53:37.947128 np0000006341 devstack@g-api.service[99697]: DEBUG glance_store.backend [-] Attempting to import store http {{(pid=99697) _load_store /opt/stack/data/venv/lib/python3.12/site-packages/glance_store/backend.py:215}}
Aug 03 10:53:37.947341 np0000006341 devstack@g-api.service[99697]: DEBUG glance_store.capabilities [-] Store glance_store._drivers.http.Store doesn't support updating dynamic storage capabilities. Please overwrite 'update_capabilities' method of the store to implement updating logics if needed. {{(pid=99697) update_capabilities /opt/stack/data/venv/lib/python3.12/site-packages/glance_store/capabilities.py:91}}
Aug 03 10:53:37.947407 np0000006341 devstack@g-api.service[99697]: DEBUG glance_store.backend [-] Registering store http with schemes ('http', 'https') {{(pid=99697) create_stores /opt/stack/data/venv/lib/python3.12/site-packages/glance_store/backend.py:261}}
Aug 03 10:53:37.947449 np0000006341 devstack@g-api.service[99697]: DEBUG glance_store.driver [-] Late loading location class glance_store._drivers.http.StoreLocation {{(pid=99697) get_store_location_class /opt/stack/data/venv/lib/python3.12/site-packages/glance_store/driver.py:134}}
Aug 03 10:53:37.947504 np0000006341 devstack@g-api.service[99697]: DEBUG glance_store.location [-] Registering scheme http with {'store': , 'location_class': , 'store_entry': 'http'} {{(pid=99697) register_scheme_map /opt/stack/data/venv/lib/python3.12/site-packages/glance_store/location.py:146}}
Aug 03 10:53:37.947550 np0000006341 devstack@g-api.service[99697]: DEBUG glance_store.location [-] Registering scheme https with {'store': , 'location_class': , 'store_entry': 'http'} {{(pid=99697) register_scheme_map /opt/stack/data/venv/lib/python3.12/site-packages/glance_store/location.py:146}}
Aug 03 10:53:37.947589 np0000006341 devstack@g-api.service[99697]: DEBUG glance_store.backend [-] Attempting to import store file {{(pid=99697) _load_store /opt/stack/data/venv/lib/python3.12/site-packages/glance_store/backend.py:215}}
Aug 03 10:53:37.948083 np0000006341 devstack@g-api.service[99697]: DEBUG glance_store.capabilities [-] Store glance_store._drivers.filesystem.Store doesn't support updating dynamic storage capabilities. Please overwrite 'update_capabilities' method of the store to implement updating logics if needed. {{(pid=99697) update_capabilities /opt/stack/data/venv/lib/python3.12/site-packages/glance_store/capabilities.py:91}}
Aug 03 10:53:37.948145 np0000006341 devstack@g-api.service[99697]: DEBUG glance_store.backend [-] Registering store file with schemes ('file', 'filesystem') {{(pid=99697) create_stores /opt/stack/data/venv/lib/python3.12/site-packages/glance_store/backend.py:261}}
Aug 03 10:53:37.948201 np0000006341 devstack@g-api.service[99697]: DEBUG glance_store.driver [-] Late loading location class glance_store._drivers.filesystem.StoreLocation {{(pid=99697) get_store_location_class /opt/stack/data/venv/lib/python3.12/site-packages/glance_store/driver.py:134}}
Aug 03 10:53:37.948264 np0000006341 devstack@g-api.service[99697]: DEBUG glance_store.location [-] Registering scheme file with {'store': , 'location_class': , 'store_entry': 'file'} {{(pid=99697) register_scheme_map /opt/stack/data/venv/lib/python3.12/site-packages/glance_store/location.py:146}}
Aug 03 10:53:37.948318 np0000006341 devstack@g-api.service[99697]: DEBUG glance_store.location [-] Registering scheme filesystem with {'store': , 'location_class': , 'store_entry': 'file'} {{(pid=99697) register_scheme_map /opt/stack/data/venv/lib/python3.12/site-packages/glance_store/location.py:146}}
Aug 03 10:53:37.948438 np0000006341 devstack@g-api.service[99697]: DEBUG glance_store.backend [-] Attempting to import store swift {{(pid=99697) _load_store /opt/stack/data/venv/lib/python3.12/site-packages/glance_store/backend.py:215}}
Aug 03 10:53:37.949504 np0000006341 devstack@g-api.service[99697]: DEBUG glance_store.capabilities [-] Store glance_store._drivers.swift.store.SingleTenantStore doesn't support updating dynamic storage capabilities. Please overwrite 'update_capabilities' method of the store to implement updating logics if needed. {{(pid=99697) update_capabilities /opt/stack/data/venv/lib/python3.12/site-packages/glance_store/capabilities.py:91}}
Aug 03 10:53:37.949573 np0000006341 devstack@g-api.service[99697]: DEBUG glance_store.driver [-] Late loading location class glance_store._drivers.swift.store.StoreLocation {{(pid=99697) get_store_location_class /opt/stack/data/venv/lib/python3.12/site-packages/glance_store/driver.py:134}}
Aug 03 10:53:37.949620 np0000006341 devstack@g-api.service[99697]: DEBUG glance_store.location [-] Registering scheme swift+https with {'store': , 'location_class': , 'store_entry': 'swift'} {{(pid=99697) register_scheme_map /opt/stack/data/venv/lib/python3.12/site-packages/glance_store/location.py:146}}
Aug 03 10:53:37.949670 np0000006341 devstack@g-api.service[99697]: DEBUG glance_store.location [-] Registering scheme swift+https with {'store': , 'location_class': , 'store_entry': 'swift'} {{(pid=99697) register_scheme_map /opt/stack/data/venv/lib/python3.12/site-packages/glance_store/location.py:146}}
Aug 03 10:53:37.949720 np0000006341 devstack@g-api.service[99697]: DEBUG glance_store.location [-] Registering scheme swift with {'store': , 'location_class': , 'store_entry': 'swift'} {{(pid=99697) register_scheme_map /opt/stack/data/venv/lib/python3.12/site-packages/glance_store/location.py:146}}
Aug 03 10:53:37.949792 np0000006341 devstack@g-api.service[99697]: DEBUG glance_store.location [-] Registering scheme swift+https with {'store': , 'location_class': , 'store_entry': 'swift'} {{(pid=99697) register_scheme_map /opt/stack/data/venv/lib/python3.12/site-packages/glance_store/location.py:146}}
Aug 03 10:53:37.949845 np0000006341 devstack@g-api.service[99697]: DEBUG glance_store.location [-] Registering scheme swift with {'store': , 'location_class': , 'store_entry': 'swift'} {{(pid=99697) register_scheme_map /opt/stack/data/venv/lib/python3.12/site-packages/glance_store/location.py:146}}
Aug 03 10:53:37.949900 np0000006341 devstack@g-api.service[99697]: DEBUG glance_store.location [-] Registering scheme swift+http with {'store': , 'location_class': , 'store_entry': 'swift'} {{(pid=99697) register_scheme_map /opt/stack/data/venv/lib/python3.12/site-packages/glance_store/location.py:146}}
Aug 03 10:53:37.949964 np0000006341 devstack@g-api.service[99697]: DEBUG glance_store.location [-] Registering scheme swift+https with {'store': , 'location_class': , 'store_entry': 'swift'} {{(pid=99697) register_scheme_map /opt/stack/data/venv/lib/python3.12/site-packages/glance_store/location.py:146}}
Aug 03 10:53:37.949964 np0000006341 devstack@g-api.service[99697]: DEBUG glance_store.location [-] Registering scheme swift with {'store': , 'location_class': , 'store_entry': 'swift'} {{(pid=99697) register_scheme_map /opt/stack/data/venv/lib/python3.12/site-packages/glance_store/location.py:146}}
Aug 03 10:53:37.950037 np0000006341 devstack@g-api.service[99697]: DEBUG glance_store.location [-] Registering scheme swift+http with {'store': , 'location_class': , 'store_entry': 'swift'} {{(pid=99697) register_scheme_map /opt/stack/data/venv/lib/python3.12/site-packages/glance_store/location.py:146}}
Aug 03 10:53:37.950037 np0000006341 devstack@g-api.service[99697]: DEBUG glance_store.location [-] Registering scheme swift+config with {'store': , 'location_class': , 'store_entry': 'swift'} {{(pid=99697) register_scheme_map /opt/stack/data/venv/lib/python3.12/site-packages/glance_store/location.py:146}}
Aug 03 10:53:37.950402 np0000006341 devstack@g-api.service[99697]: DEBUG glance.sqlite_migration [-] SQLite caching database not located, skipping migration {{(pid=99697) get_db_path /opt/stack/glance/glance/sqlite_migration.py:68}}
Aug 03 10:53:37.950599 np0000006341 devstack@g-api.service[99697]: WARNING glance.common.wsgi_app [-] Import methods are enabled but staging directory /tmp/staging/ does not exist; Imports will fail!
Aug 03 10:53:38.074327 np0000006341 devstack@g-api.service[99695]: DEBUG glance.common.config [None req-0bb99454-581e-4a0e-85b9-84a7de2d9aca None None] Loading glance-api-keystone+cachemanagement from /etc/glance/glance-api-paste.ini {{(pid=99695) load_paste_app /opt/stack/glance/glance/common/config.py:765}}
Aug 03 10:53:38.074468 np0000006341 devstack@g-api.service[99696]: DEBUG glance.common.config [None req-68fff724-3d81-4ebc-89b6-4ff263fb49dc None None] Loading glance-api-keystone+cachemanagement from /etc/glance/glance-api-paste.ini {{(pid=99696) load_paste_app /opt/stack/glance/glance/common/config.py:765}}
Aug 03 10:53:38.091697 np0000006341 devstack@g-api.service[99697]: DEBUG glance.common.config [None req-9d7452f0-0379-41b1-ad98-0e5e134c7737 None None] Loading glance-api-keystone+cachemanagement from /etc/glance/glance-api-paste.ini {{(pid=99697) load_paste_app /opt/stack/glance/glance/common/config.py:765}}
Aug 03 10:53:38.680671 np0000006341 devstack@g-api.service[99695]: INFO glance.image_cache [None req-0bb99454-581e-4a0e-85b9-84a7de2d9aca None None] Image cache loaded driver 'centralized_db'.
Aug 03 10:53:38.682968 np0000006341 devstack@g-api.service[99697]: INFO glance.image_cache [None req-9d7452f0-0379-41b1-ad98-0e5e134c7737 None None] Image cache loaded driver 'centralized_db'.
Aug 03 10:53:38.690413 np0000006341 devstack@g-api.service[99696]: INFO glance.image_cache [None req-68fff724-3d81-4ebc-89b6-4ff263fb49dc None None] Image cache loaded driver 'centralized_db'.
Aug 03 10:53:38.725962 np0000006341 devstack@g-api.service[99695]: INFO dbcounter [None req-0bb99454-581e-4a0e-85b9-84a7de2d9aca None None] Registered counter for database glance
Aug 03 10:53:38.727236 np0000006341 devstack@g-api.service[99697]: INFO dbcounter [None req-9d7452f0-0379-41b1-ad98-0e5e134c7737 None None] Registered counter for database glance
Aug 03 10:53:38.747813 np0000006341 devstack@g-api.service[99696]: INFO dbcounter [None req-68fff724-3d81-4ebc-89b6-4ff263fb49dc None None] Registered counter for database glance
Aug 03 10:53:38.762970 np0000006341 devstack@g-api.service[99695]: DEBUG oslo_db.sqlalchemy.engines [None req-0bb99454-581e-4a0e-85b9-84a7de2d9aca None None] MySQL server mode set to STRICT_TRANS_TABLES,STRICT_ALL_TABLES,NO_ZERO_IN_DATE,NO_ZERO_DATE,ERROR_FOR_DIVISION_BY_ZERO,TRADITIONAL,NO_ENGINE_SUBSTITUTION {{(pid=99695) _check_effective_sql_mode /opt/stack/data/venv/lib/python3.12/site-packages/oslo_db/sqlalchemy/engines.py:325}}
Aug 03 10:53:38.764899 np0000006341 devstack@g-api.service[99697]: DEBUG oslo_db.sqlalchemy.engines [None req-9d7452f0-0379-41b1-ad98-0e5e134c7737 None None] MySQL server mode set to STRICT_TRANS_TABLES,STRICT_ALL_TABLES,NO_ZERO_IN_DATE,NO_ZERO_DATE,ERROR_FOR_DIVISION_BY_ZERO,TRADITIONAL,NO_ENGINE_SUBSTITUTION {{(pid=99697) _check_effective_sql_mode /opt/stack/data/venv/lib/python3.12/site-packages/oslo_db/sqlalchemy/engines.py:325}}
Aug 03 10:53:38.786499 np0000006341 devstack@g-api.service[99696]: DEBUG oslo_db.sqlalchemy.engines [None req-68fff724-3d81-4ebc-89b6-4ff263fb49dc None None] MySQL server mode set to STRICT_TRANS_TABLES,STRICT_ALL_TABLES,NO_ZERO_IN_DATE,NO_ZERO_DATE,ERROR_FOR_DIVISION_BY_ZERO,TRADITIONAL,NO_ENGINE_SUBSTITUTION {{(pid=99696) _check_effective_sql_mode /opt/stack/data/venv/lib/python3.12/site-packages/oslo_db/sqlalchemy/engines.py:325}}
Aug 03 10:53:38.870744 np0000006341 devstack@g-api.service[99697]: DEBUG dbcounter [-] [99697] Writer thread running {{(pid=99697) stat_writer /opt/stack/data/venv/lib/python3.12/site-packages/dbcounter.py:102}}
Aug 03 10:53:38.878827 np0000006341 devstack@g-api.service[99695]: DEBUG dbcounter [-] [99695] Writer thread running {{(pid=99695) stat_writer /opt/stack/data/venv/lib/python3.12/site-packages/dbcounter.py:102}}
Aug 03 10:53:38.881529 np0000006341 devstack@g-api.service[99695]: DEBUG glance.image_cache.drivers.centralized_db [None req-0bb99454-581e-4a0e-85b9-84a7de2d9aca None None] Node reference is already recorded, ignoring it {{(pid=99695) configure /opt/stack/glance/glance/image_cache/drivers/centralized_db.py:71}}
Aug 03 10:53:38.882715 np0000006341 devstack@g-api.service[99697]: INFO glance.image_cache [None req-9d7452f0-0379-41b1-ad98-0e5e134c7737 None None] Image cache loaded driver 'centralized_db'.
Aug 03 10:53:38.886901 np0000006341 devstack@g-api.service[99695]: INFO glance.image_cache [None req-0bb99454-581e-4a0e-85b9-84a7de2d9aca None None] Image cache loaded driver 'centralized_db'.
Aug 03 10:53:38.889522 np0000006341 devstack@g-api.service[99697]: DEBUG glance.image_cache.drivers.centralized_db [None req-9d7452f0-0379-41b1-ad98-0e5e134c7737 None None] Node reference is already recorded, ignoring it {{(pid=99697) configure /opt/stack/glance/glance/image_cache/drivers/centralized_db.py:71}}
Aug 03 10:53:38.894544 np0000006341 devstack@g-api.service[99695]: DEBUG glance.image_cache.drivers.centralized_db [None req-0bb99454-581e-4a0e-85b9-84a7de2d9aca None None] Node reference is already recorded, ignoring it {{(pid=99695) configure /opt/stack/glance/glance/image_cache/drivers/centralized_db.py:71}}
Aug 03 10:53:38.895113 np0000006341 devstack@g-api.service[99697]: DEBUG glance.api.v2.cached_images [None req-9d7452f0-0379-41b1-ad98-0e5e134c7737 None None] Started cache worker thread {{(pid=99697) __init__ /opt/stack/glance/glance/api/v2/cached_images.py:71}}
Aug 03 10:53:38.896413 np0000006341 devstack@g-api.service[99697]: INFO glance.image_cache [None req-9d7452f0-0379-41b1-ad98-0e5e134c7737 None None] Image cache loaded driver 'centralized_db'.
Aug 03 10:53:38.899540 np0000006341 devstack@g-api.service[99695]: DEBUG glance.api.v2.cached_images [None req-0bb99454-581e-4a0e-85b9-84a7de2d9aca None None] Started cache worker thread {{(pid=99695) __init__ /opt/stack/glance/glance/api/v2/cached_images.py:71}}
Aug 03 10:53:38.900171 np0000006341 devstack@g-api.service[99695]: INFO glance.image_cache [None req-0bb99454-581e-4a0e-85b9-84a7de2d9aca None None] Image cache loaded driver 'centralized_db'.
Aug 03 10:53:38.902833 np0000006341 devstack@g-api.service[99697]: DEBUG glance.image_cache.drivers.centralized_db [None req-9d7452f0-0379-41b1-ad98-0e5e134c7737 None None] Node reference is already recorded, ignoring it {{(pid=99697) configure /opt/stack/glance/glance/image_cache/drivers/centralized_db.py:71}}
Aug 03 10:53:38.906888 np0000006341 devstack@g-api.service[99697]: INFO glance.api.middleware.cache_manage [None req-9d7452f0-0379-41b1-ad98-0e5e134c7737 None None] Initialized image cache management middleware
Aug 03 10:53:38.907025 np0000006341 devstack@g-api.service[99697]: INFO glance.image_cache [None req-9d7452f0-0379-41b1-ad98-0e5e134c7737 None None] Image cache loaded driver 'centralized_db'.
Aug 03 10:53:38.908279 np0000006341 devstack@g-api.service[99695]: DEBUG glance.image_cache.drivers.centralized_db [None req-0bb99454-581e-4a0e-85b9-84a7de2d9aca None None] Node reference is already recorded, ignoring it {{(pid=99695) configure /opt/stack/glance/glance/image_cache/drivers/centralized_db.py:71}}
Aug 03 10:53:38.909901 np0000006341 devstack@g-api.service[99696]: DEBUG dbcounter [-] [99696] Writer thread running {{(pid=99696) stat_writer /opt/stack/data/venv/lib/python3.12/site-packages/dbcounter.py:102}}
Aug 03 10:53:38.912975 np0000006341 devstack@g-api.service[99696]: DEBUG glance.image_cache.drivers.centralized_db [None req-68fff724-3d81-4ebc-89b6-4ff263fb49dc None None] Node reference is already recorded, ignoring it {{(pid=99696) configure /opt/stack/glance/glance/image_cache/drivers/centralized_db.py:71}}
Aug 03 10:53:38.914435 np0000006341 devstack@g-api.service[99695]: INFO glance.api.middleware.cache_manage [None req-0bb99454-581e-4a0e-85b9-84a7de2d9aca None None] Initialized image cache management middleware
Aug 03 10:53:38.914582 np0000006341 devstack@g-api.service[99695]: INFO glance.image_cache [None req-0bb99454-581e-4a0e-85b9-84a7de2d9aca None None] Image cache loaded driver 'centralized_db'.
Aug 03 10:53:38.914664 np0000006341 devstack@g-api.service[99697]: DEBUG glance.image_cache.drivers.centralized_db [None req-9d7452f0-0379-41b1-ad98-0e5e134c7737 None None] Node reference is already recorded, ignoring it {{(pid=99697) configure /opt/stack/glance/glance/image_cache/drivers/centralized_db.py:71}}
Aug 03 10:53:38.918055 np0000006341 devstack@g-api.service[99696]: INFO glance.image_cache [None req-68fff724-3d81-4ebc-89b6-4ff263fb49dc None None] Image cache loaded driver 'centralized_db'.
Aug 03 10:53:38.918104 np0000006341 devstack@g-api.service[99697]: INFO glance.api.middleware.cache [None req-9d7452f0-0379-41b1-ad98-0e5e134c7737 None None] Initialized image cache middleware
Aug 03 10:53:38.921298 np0000006341 devstack@g-api.service[99695]: DEBUG glance.image_cache.drivers.centralized_db [None req-0bb99454-581e-4a0e-85b9-84a7de2d9aca None None] Node reference is already recorded, ignoring it {{(pid=99695) configure /opt/stack/glance/glance/image_cache/drivers/centralized_db.py:71}}
Aug 03 10:53:38.924922 np0000006341 devstack@g-api.service[99696]: DEBUG glance.image_cache.drivers.centralized_db [None req-68fff724-3d81-4ebc-89b6-4ff263fb49dc None None] Node reference is already recorded, ignoring it {{(pid=99696) configure /opt/stack/glance/glance/image_cache/drivers/centralized_db.py:71}}
Aug 03 10:53:38.927661 np0000006341 devstack@g-api.service[99695]: INFO glance.api.middleware.cache [None req-0bb99454-581e-4a0e-85b9-84a7de2d9aca None None] Initialized image cache middleware
Aug 03 10:53:38.928253 np0000006341 devstack@g-api.service[99697]: DEBUG glance.common.config [None req-9d7452f0-0379-41b1-ad98-0e5e134c7737 None None] ******************************************************************************** {{(pid=99697) log_opt_values /opt/stack/data/venv/lib/python3.12/site-packages/oslo_config/cfg.py:3226}}
Aug 03 10:53:38.928344 np0000006341 devstack@g-api.service[99697]: DEBUG glance.common.config [None req-9d7452f0-0379-41b1-ad98-0e5e134c7737 None None] Configuration options gathered from: {{(pid=99697) log_opt_values /opt/stack/data/venv/lib/python3.12/site-packages/oslo_config/cfg.py:3227}}
Aug 03 10:53:38.928629 np0000006341 devstack@g-api.service[99697]: DEBUG glance.common.config [None req-9d7452f0-0379-41b1-ad98-0e5e134c7737 None None] command line args: [] {{(pid=99697) log_opt_values /opt/stack/data/venv/lib/python3.12/site-packages/oslo_config/cfg.py:3228}}
Aug 03 10:53:38.928741 np0000006341 devstack@g-api.service[99697]: DEBUG glance.common.config [None req-9d7452f0-0379-41b1-ad98-0e5e134c7737 None None] config files: ['/etc/glance/glance-image-import.conf', '/etc/glance/glance-api.conf'] {{(pid=99697) log_opt_values /opt/stack/data/venv/lib/python3.12/site-packages/oslo_config/cfg.py:3229}}
Aug 03 10:53:38.928828 np0000006341 devstack@g-api.service[99697]: DEBUG glance.common.config [None req-9d7452f0-0379-41b1-ad98-0e5e134c7737 None None] ================================================================================ {{(pid=99697) log_opt_values /opt/stack/data/venv/lib/python3.12/site-packages/oslo_config/cfg.py:3234}}
Aug 03 10:53:38.928945 np0000006341 devstack@g-api.service[99697]: DEBUG glance.common.config [None req-9d7452f0-0379-41b1-ad98-0e5e134c7737 None None] allow_anonymous_access = False {{(pid=99697) log_opt_values /opt/stack/data/venv/lib/python3.12/site-packages/oslo_config/cfg.py:3242}}
Aug 03 10:53:38.929031 np0000006341 devstack@g-api.service[99697]: DEBUG glance.common.config [None req-9d7452f0-0379-41b1-ad98-0e5e134c7737 None None] api_limit_max = 1000 {{(pid=99697) log_opt_values /opt/stack/data/venv/lib/python3.12/site-packages/oslo_config/cfg.py:3242}}
Aug 03 10:53:38.929130 np0000006341 devstack@g-api.service[99697]: DEBUG glance.common.config [None req-9d7452f0-0379-41b1-ad98-0e5e134c7737 None None] config_dir = [] {{(pid=99697) log_opt_values /opt/stack/data/venv/lib/python3.12/site-packages/oslo_config/cfg.py:3242}}
Aug 03 10:53:38.929239 np0000006341 devstack@g-api.service[99697]: DEBUG glance.common.config [None req-9d7452f0-0379-41b1-ad98-0e5e134c7737 None None] config_file = ['/etc/glance/glance-image-import.conf', '/etc/glance/glance-api.conf'] {{(pid=99697) log_opt_values /opt/stack/data/venv/lib/python3.12/site-packages/oslo_config/cfg.py:3242}}
Aug 03 10:53:38.929335 np0000006341 devstack@g-api.service[99697]: DEBUG glance.common.config [None req-9d7452f0-0379-41b1-ad98-0e5e134c7737 None None] config_source = [] {{(pid=99697) log_opt_values /opt/stack/data/venv/lib/python3.12/site-packages/oslo_config/cfg.py:3242}}
Aug 03 10:53:38.929434 np0000006341 devstack@g-api.service[99697]: DEBUG glance.common.config [None req-9d7452f0-0379-41b1-ad98-0e5e134c7737 None None] control_exchange = glance {{(pid=99697) log_opt_values /opt/stack/data/venv/lib/python3.12/site-packages/oslo_config/cfg.py:3242}}
Aug 03 10:53:38.929497 np0000006341 devstack@g-api.service[99697]: DEBUG glance.common.config [None req-9d7452f0-0379-41b1-ad98-0e5e134c7737 None None] debug = True {{(pid=99697) log_opt_values /opt/stack/data/venv/lib/python3.12/site-packages/oslo_config/cfg.py:3242}}
Aug 03 10:53:38.929651 np0000006341 devstack@g-api.service[99697]: DEBUG glance.common.config [None req-9d7452f0-0379-41b1-ad98-0e5e134c7737 None None] default_log_levels = ['amqp=WARN', 'boto=WARN', 'sqlalchemy=WARN', 'suds=INFO', 'oslo.messaging=INFO', 'oslo_messaging=INFO', 'iso8601=WARN', 'requests.packages.urllib3.connectionpool=WARN', 'urllib3.connectionpool=WARN', 'websocket=WARN', 'requests.packages.urllib3.util.retry=WARN', 'urllib3.util.retry=WARN', 'keystonemiddleware=WARN', 'routes.middleware=WARN', 'stevedore=WARN', 'taskflow=WARN', 'keystoneauth=WARN', 'oslo.cache=INFO', 'oslo_policy=INFO', 'dogpile.core.dogpile=INFO'] {{(pid=99697) log_opt_values /opt/stack/data/venv/lib/python3.12/site-packages/oslo_config/cfg.py:3242}}
Aug 03 10:53:38.929730 np0000006341 devstack@g-api.service[99696]: DEBUG glance.api.v2.cached_images [None req-68fff724-3d81-4ebc-89b6-4ff263fb49dc None None] Started cache worker thread {{(pid=99696) __init__ /opt/stack/glance/glance/api/v2/cached_images.py:71}}
Aug 03 10:53:38.929763 np0000006341 devstack@g-api.service[99697]: DEBUG glance.common.config [None req-9d7452f0-0379-41b1-ad98-0e5e134c7737 None None] default_publisher_id = image.localhost {{(pid=99697) log_opt_values /opt/stack/data/venv/lib/python3.12/site-packages/oslo_config/cfg.py:3242}}
Aug 03 10:53:38.929859 np0000006341 devstack@g-api.service[99697]: DEBUG glance.common.config [None req-9d7452f0-0379-41b1-ad98-0e5e134c7737 None None] delayed_delete = False {{(pid=99697) log_opt_values /opt/stack/data/venv/lib/python3.12/site-packages/oslo_config/cfg.py:3242}}
Aug 03 10:53:38.929958 np0000006341 devstack@g-api.service[99697]: DEBUG glance.common.config [None req-9d7452f0-0379-41b1-ad98-0e5e134c7737 None None] digest_algorithm = sha256 {{(pid=99697) log_opt_values /opt/stack/data/venv/lib/python3.12/site-packages/oslo_config/cfg.py:3242}}
Aug 03 10:53:38.930049 np0000006341 devstack@g-api.service[99697]: DEBUG glance.common.config [None req-9d7452f0-0379-41b1-ad98-0e5e134c7737 None None] disabled_notifications = [] {{(pid=99697) log_opt_values /opt/stack/data/venv/lib/python3.12/site-packages/oslo_config/cfg.py:3242}}
Aug 03 10:53:38.930135 np0000006341 devstack@g-api.service[99697]: DEBUG glance.common.config [None req-9d7452f0-0379-41b1-ad98-0e5e134c7737 None None] do_secure_hash = True {{(pid=99697) log_opt_values /opt/stack/data/venv/lib/python3.12/site-packages/oslo_config/cfg.py:3242}}
Aug 03 10:53:38.930237 np0000006341 devstack@g-api.service[99697]: DEBUG glance.common.config [None req-9d7452f0-0379-41b1-ad98-0e5e134c7737 None None] enabled_backends = None {{(pid=99697) log_opt_values /opt/stack/data/venv/lib/python3.12/site-packages/oslo_config/cfg.py:3242}}
Aug 03 10:53:38.930348 np0000006341 devstack@g-api.service[99696]: INFO glance.image_cache [None req-68fff724-3d81-4ebc-89b6-4ff263fb49dc None None] Image cache loaded driver 'centralized_db'.
Aug 03 10:53:38.930397 np0000006341 devstack@g-api.service[99697]: DEBUG glance.common.config [None req-9d7452f0-0379-41b1-ad98-0e5e134c7737 None None] enabled_import_methods = ['glance-direct', 'web-download', 'copy-image'] {{(pid=99697) log_opt_values /opt/stack/data/venv/lib/python3.12/site-packages/oslo_config/cfg.py:3242}}
Aug 03 10:53:38.930436 np0000006341 devstack@g-api.service[99697]: DEBUG glance.common.config [None req-9d7452f0-0379-41b1-ad98-0e5e134c7737 None None] fatal_deprecations = False {{(pid=99697) log_opt_values /opt/stack/data/venv/lib/python3.12/site-packages/oslo_config/cfg.py:3242}}
Aug 03 10:53:38.930517 np0000006341 devstack@g-api.service[99697]: DEBUG glance.common.config [None req-9d7452f0-0379-41b1-ad98-0e5e134c7737 None None] hashing_algorithm = sha512 {{(pid=99697) log_opt_values /opt/stack/data/venv/lib/python3.12/site-packages/oslo_config/cfg.py:3242}}
Aug 03 10:53:38.930601 np0000006341 devstack@g-api.service[99697]: DEBUG glance.common.config [None req-9d7452f0-0379-41b1-ad98-0e5e134c7737 None None] http_retries = 3 {{(pid=99697) log_opt_values /opt/stack/data/venv/lib/python3.12/site-packages/oslo_config/cfg.py:3242}}
Aug 03 10:53:38.930693 np0000006341 devstack@g-api.service[99697]: DEBUG glance.common.config [None req-9d7452f0-0379-41b1-ad98-0e5e134c7737 None None] image_cache_dir = /opt/stack/data/glance/cache/ {{(pid=99697) log_opt_values /opt/stack/data/venv/lib/python3.12/site-packages/oslo_config/cfg.py:3242}}
Aug 03 10:53:38.930791 np0000006341 devstack@g-api.service[99697]: DEBUG glance.common.config [None req-9d7452f0-0379-41b1-ad98-0e5e134c7737 None None] image_cache_driver = centralized_db {{(pid=99697) log_opt_values /opt/stack/data/venv/lib/python3.12/site-packages/oslo_config/cfg.py:3242}}
Aug 03 10:53:38.930878 np0000006341 devstack@g-api.service[99697]: DEBUG glance.common.config [None req-9d7452f0-0379-41b1-ad98-0e5e134c7737 None None] image_cache_max_size = 10737418240 {{(pid=99697) log_opt_values /opt/stack/data/venv/lib/python3.12/site-packages/oslo_config/cfg.py:3242}}
Aug 03 10:53:38.930974 np0000006341 devstack@g-api.service[99697]: DEBUG glance.common.config [None req-9d7452f0-0379-41b1-ad98-0e5e134c7737 None None] image_cache_sqlite_db = cache.db {{(pid=99697) log_opt_values /opt/stack/data/venv/lib/python3.12/site-packages/oslo_config/cfg.py:3242}}
Aug 03 10:53:38.931056 np0000006341 devstack@g-api.service[99697]: DEBUG glance.common.config [None req-9d7452f0-0379-41b1-ad98-0e5e134c7737 None None] image_cache_stall_time = 86400 {{(pid=99697) log_opt_values /opt/stack/data/venv/lib/python3.12/site-packages/oslo_config/cfg.py:3242}}
Aug 03 10:53:38.931147 np0000006341 devstack@g-api.service[99697]: DEBUG glance.common.config [None req-9d7452f0-0379-41b1-ad98-0e5e134c7737 None None] image_location_quota = 10 {{(pid=99697) log_opt_values /opt/stack/data/venv/lib/python3.12/site-packages/oslo_config/cfg.py:3242}}
Aug 03 10:53:38.931279 np0000006341 devstack@g-api.service[99697]: DEBUG glance.common.config [None req-9d7452f0-0379-41b1-ad98-0e5e134c7737 None None] image_member_quota = 128 {{(pid=99697) log_opt_values /opt/stack/data/venv/lib/python3.12/site-packages/oslo_config/cfg.py:3242}}
Aug 03 10:53:38.931363 np0000006341 devstack@g-api.service[99697]: DEBUG glance.common.config [None req-9d7452f0-0379-41b1-ad98-0e5e134c7737 None None] image_property_quota = 128 {{(pid=99697) log_opt_values /opt/stack/data/venv/lib/python3.12/site-packages/oslo_config/cfg.py:3242}}
Aug 03 10:53:38.931447 np0000006341 devstack@g-api.service[99697]: DEBUG glance.common.config [None req-9d7452f0-0379-41b1-ad98-0e5e134c7737 None None] image_size_cap = 1099511627776 {{(pid=99697) log_opt_values /opt/stack/data/venv/lib/python3.12/site-packages/oslo_config/cfg.py:3242}}
Aug 03 10:53:38.931531 np0000006341 devstack@g-api.service[99697]: DEBUG glance.common.config [None req-9d7452f0-0379-41b1-ad98-0e5e134c7737 None None] image_tag_quota = 128 {{(pid=99697) log_opt_values /opt/stack/data/venv/lib/python3.12/site-packages/oslo_config/cfg.py:3242}}
Aug 03 10:53:38.931621 np0000006341 devstack@g-api.service[99697]: DEBUG glance.common.config [None req-9d7452f0-0379-41b1-ad98-0e5e134c7737 None None] instance_format = [instance: %(uuid)s] {{(pid=99697) log_opt_values /opt/stack/data/venv/lib/python3.12/site-packages/oslo_config/cfg.py:3242}}
Aug 03 10:53:38.931710 np0000006341 devstack@g-api.service[99697]: DEBUG glance.common.config [None req-9d7452f0-0379-41b1-ad98-0e5e134c7737 None None] instance_uuid_format = [instance: %(uuid)s] {{(pid=99697) log_opt_values /opt/stack/data/venv/lib/python3.12/site-packages/oslo_config/cfg.py:3242}}
Aug 03 10:53:38.931821 np0000006341 devstack@g-api.service[99697]: DEBUG glance.common.config [None req-9d7452f0-0379-41b1-ad98-0e5e134c7737 None None] limit_param_default = 25 {{(pid=99697) log_opt_values /opt/stack/data/venv/lib/python3.12/site-packages/oslo_config/cfg.py:3242}}
Aug 03 10:53:38.931925 np0000006341 devstack@g-api.service[99697]: DEBUG glance.common.config [None req-9d7452f0-0379-41b1-ad98-0e5e134c7737 None None] log_color = False {{(pid=99697) log_opt_values /opt/stack/data/venv/lib/python3.12/site-packages/oslo_config/cfg.py:3242}}
Aug 03 10:53:38.932016 np0000006341 devstack@g-api.service[99697]: DEBUG glance.common.config [None req-9d7452f0-0379-41b1-ad98-0e5e134c7737 None None] log_config_append = None {{(pid=99697) log_opt_values /opt/stack/data/venv/lib/python3.12/site-packages/oslo_config/cfg.py:3242}}
Aug 03 10:53:38.932107 np0000006341 devstack@g-api.service[99697]: DEBUG glance.common.config [None req-9d7452f0-0379-41b1-ad98-0e5e134c7737 None None] log_date_format = %Y-%m-%d %H:%M:%S {{(pid=99697) log_opt_values /opt/stack/data/venv/lib/python3.12/site-packages/oslo_config/cfg.py:3242}}
Aug 03 10:53:38.932193 np0000006341 devstack@g-api.service[99697]: DEBUG glance.common.config [None req-9d7452f0-0379-41b1-ad98-0e5e134c7737 None None] log_dir = None {{(pid=99697) log_opt_values /opt/stack/data/venv/lib/python3.12/site-packages/oslo_config/cfg.py:3242}}
Aug 03 10:53:38.932301 np0000006341 devstack@g-api.service[99697]: DEBUG glance.common.config [None req-9d7452f0-0379-41b1-ad98-0e5e134c7737 None None] log_file = None {{(pid=99697) log_opt_values /opt/stack/data/venv/lib/python3.12/site-packages/oslo_config/cfg.py:3242}}
Aug 03 10:53:38.932388 np0000006341 devstack@g-api.service[99697]: DEBUG glance.common.config [None req-9d7452f0-0379-41b1-ad98-0e5e134c7737 None None] log_rotate_interval = 1 {{(pid=99697) log_opt_values /opt/stack/data/venv/lib/python3.12/site-packages/oslo_config/cfg.py:3242}}
Aug 03 10:53:38.932480 np0000006341 devstack@g-api.service[99697]: DEBUG glance.common.config [None req-9d7452f0-0379-41b1-ad98-0e5e134c7737 None None] log_rotate_interval_type = days {{(pid=99697) log_opt_values /opt/stack/data/venv/lib/python3.12/site-packages/oslo_config/cfg.py:3242}}
Aug 03 10:53:38.932568 np0000006341 devstack@g-api.service[99697]: DEBUG glance.common.config [None req-9d7452f0-0379-41b1-ad98-0e5e134c7737 None None] log_rotation_type = none {{(pid=99697) log_opt_values /opt/stack/data/venv/lib/python3.12/site-packages/oslo_config/cfg.py:3242}}
Aug 03 10:53:38.932635 np0000006341 devstack@g-api.service[99697]: DEBUG glance.common.config [None req-9d7452f0-0379-41b1-ad98-0e5e134c7737 None None] logging_context_format_string = %(color)s%(levelname)s %(name)s [%(global_request_id)s %(request_id)s %(project_name)s %(user_name)s%(color)s] %(instance)s%(color)s%(message)s {{(pid=99697) log_opt_values /opt/stack/data/venv/lib/python3.12/site-packages/oslo_config/cfg.py:3242}}
Aug 03 10:53:38.932697 np0000006341 devstack@g-api.service[99697]: DEBUG glance.common.config [None req-9d7452f0-0379-41b1-ad98-0e5e134c7737 None None] logging_debug_format_suffix = {{(pid=%(process)d) %(funcName)s %(pathname)s:%(lineno)d}} {{(pid=99697) log_opt_values /opt/stack/data/venv/lib/python3.12/site-packages/oslo_config/cfg.py:3242}}
Aug 03 10:53:38.932800 np0000006341 devstack@g-api.service[99697]: DEBUG glance.common.config [None req-9d7452f0-0379-41b1-ad98-0e5e134c7737 None None] logging_default_format_string = %(color)s%(levelname)s %(name)s [-%(color)s] %(instance)s%(color)s%(message)s {{(pid=99697) log_opt_values /opt/stack/data/venv/lib/python3.12/site-packages/oslo_config/cfg.py:3242}}
Aug 03 10:53:38.932892 np0000006341 devstack@g-api.service[99697]: DEBUG glance.common.config [None req-9d7452f0-0379-41b1-ad98-0e5e134c7737 None None] logging_exception_prefix = ERROR %(name)s %(instance)s {{(pid=99697) log_opt_values /opt/stack/data/venv/lib/python3.12/site-packages/oslo_config/cfg.py:3242}}
Aug 03 10:53:38.932967 np0000006341 devstack@g-api.service[99697]: DEBUG glance.common.config [None req-9d7452f0-0379-41b1-ad98-0e5e134c7737 None None] logging_user_identity_format = %(user)s %(project)s %(domain)s %(system_scope)s %(user_domain)s %(project_domain)s {{(pid=99697) log_opt_values /opt/stack/data/venv/lib/python3.12/site-packages/oslo_config/cfg.py:3242}}
Aug 03 10:53:38.933053 np0000006341 devstack@g-api.service[99697]: DEBUG glance.common.config [None req-9d7452f0-0379-41b1-ad98-0e5e134c7737 None None] max_logfile_count = 30 {{(pid=99697) log_opt_values /opt/stack/data/venv/lib/python3.12/site-packages/oslo_config/cfg.py:3242}}
Aug 03 10:53:38.933141 np0000006341 devstack@g-api.service[99697]: DEBUG glance.common.config [None req-9d7452f0-0379-41b1-ad98-0e5e134c7737 None None] max_logfile_size_mb = 200 {{(pid=99697) log_opt_values /opt/stack/data/venv/lib/python3.12/site-packages/oslo_config/cfg.py:3242}}
Aug 03 10:53:38.933267 np0000006341 devstack@g-api.service[99697]: DEBUG glance.common.config [None req-9d7452f0-0379-41b1-ad98-0e5e134c7737 None None] max_request_id_length = 64 {{(pid=99697) log_opt_values /opt/stack/data/venv/lib/python3.12/site-packages/oslo_config/cfg.py:3242}}
Aug 03 10:53:38.933354 np0000006341 devstack@g-api.service[99697]: DEBUG glance.common.config [None req-9d7452f0-0379-41b1-ad98-0e5e134c7737 None None] metadata_encryption_key = **** {{(pid=99697) log_opt_values /opt/stack/data/venv/lib/python3.12/site-packages/oslo_config/cfg.py:3242}}
Aug 03 10:53:38.933444 np0000006341 devstack@g-api.service[99697]: DEBUG glance.common.config [None req-9d7452f0-0379-41b1-ad98-0e5e134c7737 None None] node_staging_uri = file:///tmp/staging/ {{(pid=99697) log_opt_values /opt/stack/data/venv/lib/python3.12/site-packages/oslo_config/cfg.py:3242}}
Aug 03 10:53:38.933530 np0000006341 devstack@g-api.service[99697]: DEBUG glance.common.config [None req-9d7452f0-0379-41b1-ad98-0e5e134c7737 None None] property_protection_file = None {{(pid=99697) log_opt_values /opt/stack/data/venv/lib/python3.12/site-packages/oslo_config/cfg.py:3242}}
Aug 03 10:53:38.933618 np0000006341 devstack@g-api.service[99697]: DEBUG glance.common.config [None req-9d7452f0-0379-41b1-ad98-0e5e134c7737 None None] property_protection_rule_format = roles {{(pid=99697) log_opt_values /opt/stack/data/venv/lib/python3.12/site-packages/oslo_config/cfg.py:3242}}
Aug 03 10:53:38.933703 np0000006341 devstack@g-api.service[99697]: DEBUG glance.common.config [None req-9d7452f0-0379-41b1-ad98-0e5e134c7737 None None] public_endpoint = https://10.4.3.213/image {{(pid=99697) log_opt_values /opt/stack/data/venv/lib/python3.12/site-packages/oslo_config/cfg.py:3242}}
Aug 03 10:53:38.933805 np0000006341 devstack@g-api.service[99697]: DEBUG glance.common.config [None req-9d7452f0-0379-41b1-ad98-0e5e134c7737 None None] publish_errors = False {{(pid=99697) log_opt_values /opt/stack/data/venv/lib/python3.12/site-packages/oslo_config/cfg.py:3242}}
Aug 03 10:53:38.933907 np0000006341 devstack@g-api.service[99697]: DEBUG glance.common.config [None req-9d7452f0-0379-41b1-ad98-0e5e134c7737 None None] pydev_worker_debug_host = None {{(pid=99697) log_opt_values /opt/stack/data/venv/lib/python3.12/site-packages/oslo_config/cfg.py:3242}}
Aug 03 10:53:38.934000 np0000006341 devstack@g-api.service[99697]: DEBUG glance.common.config [None req-9d7452f0-0379-41b1-ad98-0e5e134c7737 None None] pydev_worker_debug_port = 5678 {{(pid=99697) log_opt_values /opt/stack/data/venv/lib/python3.12/site-packages/oslo_config/cfg.py:3242}}
Aug 03 10:53:38.934084 np0000006341 devstack@g-api.service[99697]: DEBUG glance.common.config [None req-9d7452f0-0379-41b1-ad98-0e5e134c7737 None None] rate_limit_burst = 0 {{(pid=99697) log_opt_values /opt/stack/data/venv/lib/python3.12/site-packages/oslo_config/cfg.py:3242}}
Aug 03 10:53:38.934174 np0000006341 devstack@g-api.service[99697]: DEBUG glance.common.config [None req-9d7452f0-0379-41b1-ad98-0e5e134c7737 None None] rate_limit_except_level = CRITICAL {{(pid=99697) log_opt_values /opt/stack/data/venv/lib/python3.12/site-packages/oslo_config/cfg.py:3242}}
Aug 03 10:53:38.934281 np0000006341 devstack@g-api.service[99697]: DEBUG glance.common.config [None req-9d7452f0-0379-41b1-ad98-0e5e134c7737 None None] rate_limit_interval = 0 {{(pid=99697) log_opt_values /opt/stack/data/venv/lib/python3.12/site-packages/oslo_config/cfg.py:3242}}
Aug 03 10:53:38.934369 np0000006341 devstack@g-api.service[99697]: DEBUG glance.common.config [None req-9d7452f0-0379-41b1-ad98-0e5e134c7737 None None] scrub_pool_size = 1 {{(pid=99697) log_opt_values /opt/stack/data/venv/lib/python3.12/site-packages/oslo_config/cfg.py:3242}}
Aug 03 10:53:38.934450 np0000006341 devstack@g-api.service[99697]: DEBUG glance.common.config [None req-9d7452f0-0379-41b1-ad98-0e5e134c7737 None None] scrub_time = 0 {{(pid=99697) log_opt_values /opt/stack/data/venv/lib/python3.12/site-packages/oslo_config/cfg.py:3242}}
Aug 03 10:53:38.934532 np0000006341 devstack@g-api.service[99697]: DEBUG glance.common.config [None req-9d7452f0-0379-41b1-ad98-0e5e134c7737 None None] shell_completion = None {{(pid=99697) log_opt_values /opt/stack/data/venv/lib/python3.12/site-packages/oslo_config/cfg.py:3242}}
Aug 03 10:53:38.934620 np0000006341 devstack@g-api.service[99697]: DEBUG glance.common.config [None req-9d7452f0-0379-41b1-ad98-0e5e134c7737 None None] show_image_direct_url = False {{(pid=99697) log_opt_values /opt/stack/data/venv/lib/python3.12/site-packages/oslo_config/cfg.py:3242}}
Aug 03 10:53:38.934822 np0000006341 devstack@g-api.service[99697]: WARNING oslo_config.cfg [None req-9d7452f0-0379-41b1-ad98-0e5e134c7737 None None] Deprecated: Option "show_multiple_locations" from group "DEFAULT" is deprecated for removal (Use of this option, deprecated since Newton, is a security risk and will be removed once we figure out a way to satisfy those use cases that currently require it. An earlier announcement that the same functionality can be achieved with greater granularity by using policies is incorrect. You cannot work around this option via policy configuration at the present time, though that is the direction we believe the fix will take. Please keep an eye on the Glance release notes to stay up to date on progress in addressing this issue.). Its value may be silently ignored in the future.
Aug 03 10:53:38.934923 np0000006341 devstack@g-api.service[99697]: DEBUG glance.common.config [None req-9d7452f0-0379-41b1-ad98-0e5e134c7737 None None] show_multiple_locations = False {{(pid=99697) log_opt_values /opt/stack/data/venv/lib/python3.12/site-packages/oslo_config/cfg.py:3242}}
Aug 03 10:53:38.935017 np0000006341 devstack@g-api.service[99697]: DEBUG glance.common.config [None req-9d7452f0-0379-41b1-ad98-0e5e134c7737 None None] syslog_log_facility = LOG_USER {{(pid=99697) log_opt_values /opt/stack/data/venv/lib/python3.12/site-packages/oslo_config/cfg.py:3242}}
Aug 03 10:53:38.935107 np0000006341 devstack@g-api.service[99697]: DEBUG glance.common.config [None req-9d7452f0-0379-41b1-ad98-0e5e134c7737 None None] transport_url = **** {{(pid=99697) log_opt_values /opt/stack/data/venv/lib/python3.12/site-packages/oslo_config/cfg.py:3242}}
Aug 03 10:53:38.935229 np0000006341 devstack@g-api.service[99697]: DEBUG glance.common.config [None req-9d7452f0-0379-41b1-ad98-0e5e134c7737 None None] use_journal = False {{(pid=99697) log_opt_values /opt/stack/data/venv/lib/python3.12/site-packages/oslo_config/cfg.py:3242}}
Aug 03 10:53:38.935326 np0000006341 devstack@g-api.service[99697]: DEBUG glance.common.config [None req-9d7452f0-0379-41b1-ad98-0e5e134c7737 None None] use_json = False {{(pid=99697) log_opt_values /opt/stack/data/venv/lib/python3.12/site-packages/oslo_config/cfg.py:3242}}
Aug 03 10:53:38.935441 np0000006341 devstack@g-api.service[99697]: DEBUG glance.common.config [None req-9d7452f0-0379-41b1-ad98-0e5e134c7737 None None] use_keystone_limits = True {{(pid=99697) log_opt_values /opt/stack/data/venv/lib/python3.12/site-packages/oslo_config/cfg.py:3242}}
Aug 03 10:53:38.935531 np0000006341 devstack@g-api.service[99697]: DEBUG glance.common.config [None req-9d7452f0-0379-41b1-ad98-0e5e134c7737 None None] use_stderr = False {{(pid=99697) log_opt_values /opt/stack/data/venv/lib/python3.12/site-packages/oslo_config/cfg.py:3242}}
Aug 03 10:53:38.935621 np0000006341 devstack@g-api.service[99697]: DEBUG glance.common.config [None req-9d7452f0-0379-41b1-ad98-0e5e134c7737 None None] use_syslog = False {{(pid=99697) log_opt_values /opt/stack/data/venv/lib/python3.12/site-packages/oslo_config/cfg.py:3242}}
Aug 03 10:53:38.935710 np0000006341 devstack@g-api.service[99697]: DEBUG glance.common.config [None req-9d7452f0-0379-41b1-ad98-0e5e134c7737 None None] user_storage_quota = 0 {{(pid=99697) log_opt_values /opt/stack/data/venv/lib/python3.12/site-packages/oslo_config/cfg.py:3242}}
Aug 03 10:53:38.935824 np0000006341 devstack@g-api.service[99697]: DEBUG glance.common.config [None req-9d7452f0-0379-41b1-ad98-0e5e134c7737 None None] worker_self_reference_url = http://127.0.0.1:60999 {{(pid=99697) log_opt_values /opt/stack/data/venv/lib/python3.12/site-packages/oslo_config/cfg.py:3242}}
Aug 03 10:53:38.935933 np0000006341 devstack@g-api.service[99697]: DEBUG glance.common.config [None req-9d7452f0-0379-41b1-ad98-0e5e134c7737 None None] oslo_concurrency.disable_process_locking = False {{(pid=99697) log_opt_values /opt/stack/data/venv/lib/python3.12/site-packages/oslo_config/cfg.py:3253}}
Aug 03 10:53:38.936028 np0000006341 devstack@g-api.service[99697]: DEBUG glance.common.config [None req-9d7452f0-0379-41b1-ad98-0e5e134c7737 None None] oslo_concurrency.lock_path = /opt/stack/data/glance/locks {{(pid=99697) log_opt_values /opt/stack/data/venv/lib/python3.12/site-packages/oslo_config/cfg.py:3253}}
Aug 03 10:53:38.936124 np0000006341 devstack@g-api.service[99697]: DEBUG glance.common.config [None req-9d7452f0-0379-41b1-ad98-0e5e134c7737 None None] oslo_middleware.enable_proxy_headers_parsing = False {{(pid=99697) log_opt_values /opt/stack/data/venv/lib/python3.12/site-packages/oslo_config/cfg.py:3253}}
Aug 03 10:53:38.936228 np0000006341 devstack@g-api.service[99697]: DEBUG glance.common.config [None req-9d7452f0-0379-41b1-ad98-0e5e134c7737 None None] oslo_middleware.http_basic_auth_user_file = /etc/htpasswd {{(pid=99697) log_opt_values /opt/stack/data/venv/lib/python3.12/site-packages/oslo_config/cfg.py:3253}}
Aug 03 10:53:38.936330 np0000006341 devstack@g-api.service[99697]: DEBUG glance.common.config [None req-9d7452f0-0379-41b1-ad98-0e5e134c7737 None None] paste_deploy.config_file = None {{(pid=99697) log_opt_values /opt/stack/data/venv/lib/python3.12/site-packages/oslo_config/cfg.py:3253}}
Aug 03 10:53:38.936422 np0000006341 devstack@g-api.service[99697]: DEBUG glance.common.config [None req-9d7452f0-0379-41b1-ad98-0e5e134c7737 None None] paste_deploy.flavor = keystone+cachemanagement {{(pid=99697) log_opt_values /opt/stack/data/venv/lib/python3.12/site-packages/oslo_config/cfg.py:3253}}
Aug 03 10:53:38.936541 np0000006341 devstack@g-api.service[99697]: DEBUG glance.common.config [None req-9d7452f0-0379-41b1-ad98-0e5e134c7737 None None] image_format.container_formats = ['ami', 'ari', 'aki', 'bare', 'ovf', 'ova', 'docker', 'compressed'] {{(pid=99697) log_opt_values /opt/stack/data/venv/lib/python3.12/site-packages/oslo_config/cfg.py:3253}}
Aug 03 10:53:38.936667 np0000006341 devstack@g-api.service[99697]: DEBUG glance.common.config [None req-9d7452f0-0379-41b1-ad98-0e5e134c7737 None None] image_format.disk_formats = ['ami', 'ari', 'aki', 'vhd', 'vhdx', 'vmdk', 'raw', 'qcow2', 'vdi', 'iso', 'ploop'] {{(pid=99697) log_opt_values /opt/stack/data/venv/lib/python3.12/site-packages/oslo_config/cfg.py:3253}}
Aug 03 10:53:38.936754 np0000006341 devstack@g-api.service[99697]: DEBUG glance.common.config [None req-9d7452f0-0379-41b1-ad98-0e5e134c7737 None None] image_format.gpt_safety_checks_nonfatal = [] {{(pid=99697) log_opt_values /opt/stack/data/venv/lib/python3.12/site-packages/oslo_config/cfg.py:3253}}
Aug 03 10:53:38.936860 np0000006341 devstack@g-api.service[99697]: DEBUG glance.common.config [None req-9d7452f0-0379-41b1-ad98-0e5e134c7737 None None] image_format.require_image_format_match = True {{(pid=99697) log_opt_values /opt/stack/data/venv/lib/python3.12/site-packages/oslo_config/cfg.py:3253}}
Aug 03 10:53:38.936963 np0000006341 devstack@g-api.service[99697]: DEBUG glance.common.config [None req-9d7452f0-0379-41b1-ad98-0e5e134c7737 None None] image_format.vmdk_allowed_types = ['streamOptimized', 'monolithicSparse'] {{(pid=99697) log_opt_values /opt/stack/data/venv/lib/python3.12/site-packages/oslo_config/cfg.py:3253}}
Aug 03 10:53:38.937011 np0000006341 devstack@g-api.service[99696]: DEBUG glance.image_cache.drivers.centralized_db [None req-68fff724-3d81-4ebc-89b6-4ff263fb49dc None None] Node reference is already recorded, ignoring it {{(pid=99696) configure /opt/stack/glance/glance/image_cache/drivers/centralized_db.py:71}}
Aug 03 10:53:38.937057 np0000006341 devstack@g-api.service[99697]: DEBUG glance.common.config [None req-9d7452f0-0379-41b1-ad98-0e5e134c7737 None None] task.task_executor = taskflow {{(pid=99697) log_opt_values /opt/stack/data/venv/lib/python3.12/site-packages/oslo_config/cfg.py:3253}}
Aug 03 10:53:38.937156 np0000006341 devstack@g-api.service[99697]: DEBUG glance.common.config [None req-9d7452f0-0379-41b1-ad98-0e5e134c7737 None None] task.task_time_to_live = 48 {{(pid=99697) log_opt_values /opt/stack/data/venv/lib/python3.12/site-packages/oslo_config/cfg.py:3253}}
Aug 03 10:53:38.937284 np0000006341 devstack@g-api.service[99697]: DEBUG glance.common.config [None req-9d7452f0-0379-41b1-ad98-0e5e134c7737 None None] task.work_dir = None {{(pid=99697) log_opt_values /opt/stack/data/venv/lib/python3.12/site-packages/oslo_config/cfg.py:3253}}
Aug 03 10:53:38.937380 np0000006341 devstack@g-api.service[99697]: DEBUG glance.common.config [None req-9d7452f0-0379-41b1-ad98-0e5e134c7737 None None] wsgi.python_interpreter = /opt/stack/data/venv/bin/python3 {{(pid=99697) log_opt_values /opt/stack/data/venv/lib/python3.12/site-packages/oslo_config/cfg.py:3253}}
Aug 03 10:53:38.937466 np0000006341 devstack@g-api.service[99697]: DEBUG glance.common.config [None req-9d7452f0-0379-41b1-ad98-0e5e134c7737 None None] wsgi.task_pool_threads = 16 {{(pid=99697) log_opt_values /opt/stack/data/venv/lib/python3.12/site-packages/oslo_config/cfg.py:3253}}
Aug 03 10:53:38.937556 np0000006341 devstack@g-api.service[99697]: DEBUG glance.common.config [None req-9d7452f0-0379-41b1-ad98-0e5e134c7737 None None] import_filtering_opts.allowed_hosts = [] {{(pid=99697) log_opt_values /opt/stack/data/venv/lib/python3.12/site-packages/oslo_config/cfg.py:3253}}
Aug 03 10:53:38.937647 np0000006341 devstack@g-api.service[99697]: DEBUG glance.common.config [None req-9d7452f0-0379-41b1-ad98-0e5e134c7737 None None] import_filtering_opts.allowed_ports = [80, 443] {{(pid=99697) log_opt_values /opt/stack/data/venv/lib/python3.12/site-packages/oslo_config/cfg.py:3253}}
Aug 03 10:53:38.937746 np0000006341 devstack@g-api.service[99697]: DEBUG glance.common.config [None req-9d7452f0-0379-41b1-ad98-0e5e134c7737 None None] import_filtering_opts.allowed_schemes = ['http', 'https'] {{(pid=99697) log_opt_values /opt/stack/data/venv/lib/python3.12/site-packages/oslo_config/cfg.py:3253}}
Aug 03 10:53:38.937865 np0000006341 devstack@g-api.service[99697]: DEBUG glance.common.config [None req-9d7452f0-0379-41b1-ad98-0e5e134c7737 None None] import_filtering_opts.disallowed_hosts = [] {{(pid=99697) log_opt_values /opt/stack/data/venv/lib/python3.12/site-packages/oslo_config/cfg.py:3253}}
Aug 03 10:53:38.937961 np0000006341 devstack@g-api.service[99697]: DEBUG glance.common.config [None req-9d7452f0-0379-41b1-ad98-0e5e134c7737 None None] import_filtering_opts.disallowed_ports = [] {{(pid=99697) log_opt_values /opt/stack/data/venv/lib/python3.12/site-packages/oslo_config/cfg.py:3253}}
Aug 03 10:53:38.938053 np0000006341 devstack@g-api.service[99697]: DEBUG glance.common.config [None req-9d7452f0-0379-41b1-ad98-0e5e134c7737 None None] import_filtering_opts.disallowed_schemes = [] {{(pid=99697) log_opt_values /opt/stack/data/venv/lib/python3.12/site-packages/oslo_config/cfg.py:3253}}
Aug 03 10:53:38.938144 np0000006341 devstack@g-api.service[99697]: DEBUG glance.common.config [None req-9d7452f0-0379-41b1-ad98-0e5e134c7737 None None] oslo_messaging_metrics.metrics_buffer_size = 1000 {{(pid=99697) log_opt_values /opt/stack/data/venv/lib/python3.12/site-packages/oslo_config/cfg.py:3253}}
Aug 03 10:53:38.938249 np0000006341 devstack@g-api.service[99697]: DEBUG glance.common.config [None req-9d7452f0-0379-41b1-ad98-0e5e134c7737 None None] oslo_messaging_metrics.metrics_enabled = False {{(pid=99697) log_opt_values /opt/stack/data/venv/lib/python3.12/site-packages/oslo_config/cfg.py:3253}}
Aug 03 10:53:38.938346 np0000006341 devstack@g-api.service[99697]: DEBUG glance.common.config [None req-9d7452f0-0379-41b1-ad98-0e5e134c7737 None None] oslo_messaging_metrics.metrics_process_name = {{(pid=99697) log_opt_values /opt/stack/data/venv/lib/python3.12/site-packages/oslo_config/cfg.py:3253}}
