Aug 03 11:01:08.511992 np0000006341 devstack@g-api.service[99696]: DEBUG glance.api.middleware.version_negotiation [None req-7b97f21f-23e4-442d-9daf-7e077c58d8c8 tempest-VolumesActionsTest-53820172 tempest-VolumesActionsTest-53820172-project-member] new path /v2/images/00478d23-0674-4f38-ae70-4fba3b698529 {{(pid=99696) process_request /opt/stack/glance/glance/api/middleware/version_negotiation.py:70}}
Aug 03 11:01:08.520058 np0000006341 devstack@g-api.service[99696]: [pid: 99696|app: 0|req: 140/405] 127.0.0.1 () {40 vars in 838 bytes} [Mon Aug 3 11:01:08 2026] GET /v2/images/00478d23-0674-4f38-ae70-4fba3b698529 => generated 650 bytes in 9 msecs (HTTP/1.1 200) 4 headers in 157 bytes (1 switches on core 0)
Aug 03 11:01:08.742324 np0000006341 devstack@g-api.service[99695]: DEBUG glance.api.middleware.version_negotiation [None req-7b97f21f-23e4-442d-9daf-7e077c58d8c8 tempest-VolumesActionsTest-53820172 tempest-VolumesActionsTest-53820172-project-member] Determining version of request: PUT /v2/images/00478d23-0674-4f38-ae70-4fba3b698529/file Accept: */* {{(pid=99695) process_request /opt/stack/glance/glance/api/middleware/version_negotiation.py:44}}
Aug 03 11:01:08.742828 np0000006341 devstack@g-api.service[99695]: DEBUG glance.api.middleware.version_negotiation [None req-7b97f21f-23e4-442d-9daf-7e077c58d8c8 tempest-VolumesActionsTest-53820172 tempest-VolumesActionsTest-53820172-project-member] Using url versioning {{(pid=99695) process_request /opt/stack/glance/glance/api/middleware/version_negotiation.py:57}}
Aug 03 11:01:08.743018 np0000006341 devstack@g-api.service[99695]: DEBUG glance.api.middleware.version_negotiation [None req-7b97f21f-23e4-442d-9daf-7e077c58d8c8 tempest-VolumesActionsTest-53820172 tempest-VolumesActionsTest-53820172-project-member] Matched version: v2 {{(pid=99695) process_request /opt/stack/glance/glance/api/middleware/version_negotiation.py:69}}
Aug 03 11:01:08.743248 np0000006341 devstack@g-api.service[99695]: DEBUG glance.api.middleware.version_negotiation [None req-7b97f21f-23e4-442d-9daf-7e077c58d8c8 tempest-VolumesActionsTest-53820172 tempest-VolumesActionsTest-53820172-project-member] new path /v2/images/00478d23-0674-4f38-ae70-4fba3b698529/file {{(pid=99695) process_request /opt/stack/glance/glance/api/middleware/version_negotiation.py:70}}
Aug 03 11:01:09.366798 np0000006341 devstack@g-api.service[99695]: INFO glance.api.v2.image_data [None req-7b97f21f-23e4-442d-9daf-7e077c58d8c8 tempest-VolumesActionsTest-53820172 tempest-VolumesActionsTest-53820172-project-member] Unable to create trust: no such option collect_timing in group [keystone_authtoken] Use the existing user token.
Aug 03 11:01:09.530234 np0000006341 devstack@g-api.service[99697]: DEBUG glance.api.middleware.version_negotiation [None req-7b97f21f-23e4-442d-9daf-7e077c58d8c8 tempest-VolumesActionsTest-53820172 tempest-VolumesActionsTest-53820172-project-member] Determining version of request: GET /v2/images/00478d23-0674-4f38-ae70-4fba3b698529 Accept: application/json {{(pid=99697) process_request /opt/stack/glance/glance/api/middleware/version_negotiation.py:44}}
Aug 03 11:01:09.530761 np0000006341 devstack@g-api.service[99697]: DEBUG glance.api.middleware.version_negotiation [None req-7b97f21f-23e4-442d-9daf-7e077c58d8c8 tempest-VolumesActionsTest-53820172 tempest-VolumesActionsTest-53820172-project-member] Using url versioning {{(pid=99697) process_request /opt/stack/glance/glance/api/middleware/version_negotiation.py:57}}
Aug 03 11:01:09.530761 np0000006341 devstack@g-api.service[99697]: DEBUG glance.api.middleware.version_negotiation [None req-7b97f21f-23e4-442d-9daf-7e077c58d8c8 tempest-VolumesActionsTest-53820172 tempest-VolumesActionsTest-53820172-project-member] Matched version: v2 {{(pid=99697) process_request /opt/stack/glance/glance/api/middleware/version_negotiation.py:69}}
Aug 03 11:01:09.530854 np0000006341 devstack@g-api.service[99697]: DEBUG glance.api.middleware.version_negotiation [None req-7b97f21f-23e4-442d-9daf-7e077c58d8c8 tempest-VolumesActionsTest-53820172 tempest-VolumesActionsTest-53820172-project-member] new path /v2/images/00478d23-0674-4f38-ae70-4fba3b698529 {{(pid=99697) process_request /opt/stack/glance/glance/api/middleware/version_negotiation.py:70}}
Aug 03 11:01:09.540247 np0000006341 devstack@g-api.service[99697]: [pid: 99697|app: 0|req: 135/406] 127.0.0.1 () {40 vars in 838 bytes} [Mon Aug 3 11:01:09 2026] GET /v2/images/00478d23-0674-4f38-ae70-4fba3b698529 => generated 650 bytes in 10 msecs (HTTP/1.1 200) 4 headers in 157 bytes (1 switches on core 0)
Aug 03 11:01:09.804121 np0000006341 devstack@g-api.service[99695]: DEBUG glance.location [None req-7b97f21f-23e4-442d-9daf-7e077c58d8c8 tempest-VolumesActionsTest-53820172 tempest-VolumesActionsTest-53820172-project-member] Enabling in-flight format inspection for raw {{(pid=99695) set_data /opt/stack/glance/glance/location.py:596}}
Aug 03 11:01:09.804508 np0000006341 devstack@g-api.service[99695]: DEBUG glance_store.backend [None req-7b97f21f-23e4-442d-9daf-7e077c58d8c8 tempest-VolumesActionsTest-53820172 tempest-VolumesActionsTest-53820172-project-member] Attempting to import store swift {{(pid=99695) _load_store /opt/stack/data/venv/lib/python3.12/site-packages/glance_store/backend.py:215}}
Aug 03 11:01:09.805791 np0000006341 devstack@g-api.service[99695]: DEBUG glance_store.capabilities [None req-7b97f21f-23e4-442d-9daf-7e077c58d8c8 tempest-VolumesActionsTest-53820172 tempest-VolumesActionsTest-53820172-project-member] Store glance_store._drivers.swift.store.SingleTenantStore doesn't support updating dynamic storage capabilities. Please overwrite 'update_capabilities' method of the store to implement updating logics if needed. {{(pid=99695) update_capabilities /opt/stack/data/venv/lib/python3.12/site-packages/glance_store/capabilities.py:91}}
Aug 03 11:01:09.805912 np0000006341 devstack@g-api.service[99695]: DEBUG glance_store.driver [None req-7b97f21f-23e4-442d-9daf-7e077c58d8c8 tempest-VolumesActionsTest-53820172 tempest-VolumesActionsTest-53820172-project-member] Late loading location class glance_store._drivers.swift.store.StoreLocation {{(pid=99695) get_store_location_class /opt/stack/data/venv/lib/python3.12/site-packages/glance_store/driver.py:134}}
Aug 03 11:01:09.805912 np0000006341 devstack@g-api.service[99695]: DEBUG glance_store.location [None req-7b97f21f-23e4-442d-9daf-7e077c58d8c8 tempest-VolumesActionsTest-53820172 tempest-VolumesActionsTest-53820172-project-member] Registering scheme swift+https with {'store': , 'location_class': , 'store_entry': 'swift'} {{(pid=99695) register_scheme_map /opt/stack/data/venv/lib/python3.12/site-packages/glance_store/location.py:146}}
Aug 03 11:01:09.806063 np0000006341 devstack@g-api.service[99695]: DEBUG glance_store.location [None req-7b97f21f-23e4-442d-9daf-7e077c58d8c8 tempest-VolumesActionsTest-53820172 tempest-VolumesActionsTest-53820172-project-member] Registering scheme swift+https with {'store': , 'location_class': , 'store_entry': 'swift'} {{(pid=99695) register_scheme_map /opt/stack/data/venv/lib/python3.12/site-packages/glance_store/location.py:146}}
Aug 03 11:01:09.806063 np0000006341 devstack@g-api.service[99695]: DEBUG glance_store.location [None req-7b97f21f-23e4-442d-9daf-7e077c58d8c8 tempest-VolumesActionsTest-53820172 tempest-VolumesActionsTest-53820172-project-member] Registering scheme swift with {'store': , 'location_class': , 'store_entry': 'swift'} {{(pid=99695) register_scheme_map /opt/stack/data/venv/lib/python3.12/site-packages/glance_store/location.py:146}}
Aug 03 11:01:09.806192 np0000006341 devstack@g-api.service[99695]: DEBUG glance_store.location [None req-7b97f21f-23e4-442d-9daf-7e077c58d8c8 tempest-VolumesActionsTest-53820172 tempest-VolumesActionsTest-53820172-project-member] Registering scheme swift+https with {'store': , 'location_class': , 'store_entry': 'swift'} {{(pid=99695) register_scheme_map /opt/stack/data/venv/lib/python3.12/site-packages/glance_store/location.py:146}}
Aug 03 11:01:09.806269 np0000006341 devstack@g-api.service[99695]: DEBUG glance_store.location [None req-7b97f21f-23e4-442d-9daf-7e077c58d8c8 tempest-VolumesActionsTest-53820172 tempest-VolumesActionsTest-53820172-project-member] Registering scheme swift with {'store': , 'location_class': , 'store_entry': 'swift'} {{(pid=99695) register_scheme_map /opt/stack/data/venv/lib/python3.12/site-packages/glance_store/location.py:146}}
Aug 03 11:01:09.806324 np0000006341 devstack@g-api.service[99695]: DEBUG glance_store.location [None req-7b97f21f-23e4-442d-9daf-7e077c58d8c8 tempest-VolumesActionsTest-53820172 tempest-VolumesActionsTest-53820172-project-member] Registering scheme swift+http with {'store': , 'location_class': , 'store_entry': 'swift'} {{(pid=99695) register_scheme_map /opt/stack/data/venv/lib/python3.12/site-packages/glance_store/location.py:146}}
Aug 03 11:01:09.806500 np0000006341 devstack@g-api.service[99695]: DEBUG glance_store.location [None req-7b97f21f-23e4-442d-9daf-7e077c58d8c8 tempest-VolumesActionsTest-53820172 tempest-VolumesActionsTest-53820172-project-member] Registering scheme swift+https with {'store': , 'location_class': , 'store_entry': 'swift'} {{(pid=99695) register_scheme_map /opt/stack/data/venv/lib/python3.12/site-packages/glance_store/location.py:146}}
Aug 03 11:01:09.806500 np0000006341 devstack@g-api.service[99695]: DEBUG glance_store.location [None req-7b97f21f-23e4-442d-9daf-7e077c58d8c8 tempest-VolumesActionsTest-53820172 tempest-VolumesActionsTest-53820172-project-member] Registering scheme swift with {'store': , 'location_class': , 'store_entry': 'swift'} {{(pid=99695) register_scheme_map /opt/stack/data/venv/lib/python3.12/site-packages/glance_store/location.py:146}}
Aug 03 11:01:09.806607 np0000006341 devstack@g-api.service[99695]: DEBUG glance_store.location [None req-7b97f21f-23e4-442d-9daf-7e077c58d8c8 tempest-VolumesActionsTest-53820172 tempest-VolumesActionsTest-53820172-project-member] Registering scheme swift+http with {'store': , 'location_class': , 'store_entry': 'swift'} {{(pid=99695) register_scheme_map /opt/stack/data/venv/lib/python3.12/site-packages/glance_store/location.py:146}}
Aug 03 11:01:09.806607 np0000006341 devstack@g-api.service[99695]: DEBUG glance_store.location [None req-7b97f21f-23e4-442d-9daf-7e077c58d8c8 tempest-VolumesActionsTest-53820172 tempest-VolumesActionsTest-53820172-project-member] Registering scheme swift+config with {'store': , 'location_class': , 'store_entry': 'swift'} {{(pid=99695) register_scheme_map /opt/stack/data/venv/lib/python3.12/site-packages/glance_store/location.py:146}}
Aug 03 11:01:10.036584 np0000006341 devstack@g-api.service[99695]: DEBUG swiftclient [None req-7b97f21f-23e4-442d-9daf-7e077c58d8c8 tempest-VolumesActionsTest-53820172 tempest-VolumesActionsTest-53820172-project-member] REQ: curl -i https://10.4.3.213:8080/v1/AUTH_f6b64a1f24284bb5964353ae5b0fa595/glance -I -H "X-Auth-Token: gAAAAABqcHT1ZOLt..." {{(pid=99695) http_log /opt/stack/data/venv/lib/python3.12/site-packages/swiftclient/client.py:160}}
Aug 03 11:01:10.036699 np0000006341 devstack@g-api.service[99695]: DEBUG swiftclient [None req-7b97f21f-23e4-442d-9daf-7e077c58d8c8 tempest-VolumesActionsTest-53820172 tempest-VolumesActionsTest-53820172-project-member] RESP STATUS: 204 No Content {{(pid=99695) http_log /opt/stack/data/venv/lib/python3.12/site-packages/swiftclient/client.py:161}}
Aug 03 11:01:10.036849 np0000006341 devstack@g-api.service[99695]: DEBUG swiftclient [None req-7b97f21f-23e4-442d-9daf-7e077c58d8c8 tempest-VolumesActionsTest-53820172 tempest-VolumesActionsTest-53820172-project-member] RESP HEADERS: {'Date': 'Mon, 03 Aug 2026 11:01:10 GMT', 'Server': 'Apache/2.4.58 (Ubuntu)', 'Content-Type': 'text/plain; charset=utf-8', 'X-Container-Object-Count': '3', 'X-Container-Bytes-Used': '64356352', 'X-Timestamp': '1785754424.88840', 'Last-Modified': 'Mon, 03 Aug 2026 10:53:45 GMT', 'Accept-Ranges': 'bytes', 'X-Storage-Policy': 'Policy-0', 'X-Container-Sharding': 'False', 'Vary': 'Accept', 'X-Trans-Id': 'tx483d642c8d654fd3adceb-006a7074f5', 'X-Openstack-Request-Id': 'tx483d642c8d654fd3adceb-006a7074f5', 'Connection': 'close'} {{(pid=99695) http_log /opt/stack/data/venv/lib/python3.12/site-packages/swiftclient/client.py:162}}
Aug 03 11:01:10.037077 np0000006341 devstack@g-api.service[99695]: DEBUG glance_store._drivers.swift.store [None req-7b97f21f-23e4-442d-9daf-7e077c58d8c8 tempest-VolumesActionsTest-53820172 tempest-VolumesActionsTest-53820172-project-member] Adding image object '00478d23-0674-4f38-ae70-4fba3b698529' to Swift {{(pid=99695) add /opt/stack/data/venv/lib/python3.12/site-packages/glance_store/_drivers/swift/store.py:970}}
Aug 03 11:01:10.037209 np0000006341 devstack@g-api.service[99695]: DEBUG glance_store._drivers.swift.store [None req-7b97f21f-23e4-442d-9daf-7e077c58d8c8 tempest-VolumesActionsTest-53820172 tempest-VolumesActionsTest-53820172-project-member] Cannot determine image size because it is either not provided in the request or chunked-transfer encoding is used. Adding image as a segmented object to Swift. {{(pid=99695) add /opt/stack/data/venv/lib/python3.12/site-packages/glance_store/_drivers/swift/store.py:994}}
Aug 03 11:01:10.043382 np0000006341 devstack@g-api.service[99695]: DEBUG oslo_utils.imageutils.format_inspector [None req-7b97f21f-23e4-442d-9daf-7e077c58d8c8 tempest-VolumesActionsTest-53820172 tempest-VolumesActionsTest-53820172-project-member] Format inspector for vmdk does not match, excluding from consideration (Signature KDMV not found: b'\x00\x00\x00\x00') {{(pid=99695) _process_chunk /opt/stack/data/venv/lib/python3.12/site-packages/oslo_utils/imageutils/format_inspector.py:1758}}
Aug 03 11:01:10.046180 np0000006341 devstack@g-api.service[99695]: DEBUG oslo_utils.imageutils.format_inspector [None req-7b97f21f-23e4-442d-9daf-7e077c58d8c8 tempest-VolumesActionsTest-53820172 tempest-VolumesActionsTest-53820172-project-member] Format inspector for vhdx does not match, excluding from consideration (Region signature not found at 30000) {{(pid=99695) _process_chunk /opt/stack/data/venv/lib/python3.12/site-packages/oslo_utils/imageutils/format_inspector.py:1758}}
Aug 03 11:01:10.548825 np0000006341 devstack@g-api.service[99696]: DEBUG glance.api.middleware.version_negotiation [None req-5beec68b-8456-47a3-b98e-eb04b97da70e tempest-VolumesActionsTest-53820172 tempest-VolumesActionsTest-53820172-project-member] Determining version of request: GET /v2/images/00478d23-0674-4f38-ae70-4fba3b698529 Accept: application/json {{(pid=99696) process_request /opt/stack/glance/glance/api/middleware/version_negotiation.py:44}}
Aug 03 11:01:10.549305 np0000006341 devstack@g-api.service[99696]: DEBUG glance.api.middleware.version_negotiation [None req-5beec68b-8456-47a3-b98e-eb04b97da70e tempest-VolumesActionsTest-53820172 tempest-VolumesActionsTest-53820172-project-member] Using url versioning {{(pid=99696) process_request /opt/stack/glance/glance/api/middleware/version_negotiation.py:57}}
Aug 03 11:01:10.549305 np0000006341 devstack@g-api.service[99696]: DEBUG glance.api.middleware.version_negotiation [None req-5beec68b-8456-47a3-b98e-eb04b97da70e tempest-VolumesActionsTest-53820172 tempest-VolumesActionsTest-53820172-project-member] Matched version: v2 {{(pid=99696) process_request /opt/stack/glance/glance/api/middleware/version_negotiation.py:69}}
Aug 03 11:01:10.549494 np0000006341 devstack@g-api.service[99696]: DEBUG glance.api.middleware.version_negotiation [None req-5beec68b-8456-47a3-b98e-eb04b97da70e tempest-VolumesActionsTest-53820172 tempest-VolumesActionsTest-53820172-project-member] new path /v2/images/00478d23-0674-4f38-ae70-4fba3b698529 {{(pid=99696) process_request /opt/stack/glance/glance/api/middleware/version_negotiation.py:70}}
Aug 03 11:01:10.561628 np0000006341 devstack@g-api.service[99696]: [pid: 99696|app: 0|req: 141/407] 127.0.0.1 () {40 vars in 838 bytes} [Mon Aug 3 11:01:10 2026] GET /v2/images/00478d23-0674-4f38-ae70-4fba3b698529 => generated 650 bytes in 13 msecs (HTTP/1.1 200) 4 headers in 157 bytes (1 switches on core 0)
Aug 03 11:01:11.576684 np0000006341 devstack@g-api.service[99697]: DEBUG glance.api.middleware.version_negotiation [None req-864a6bee-4abb-4f71-b4f8-05d7dfdc3b51 tempest-VolumesActionsTest-53820172 tempest-VolumesActionsTest-53820172-project-member] Determining version of request: GET /v2/images/00478d23-0674-4f38-ae70-4fba3b698529 Accept: application/json {{(pid=99697) process_request /opt/stack/glance/glance/api/middleware/version_negotiation.py:44}}
Aug 03 11:01:11.577690 np0000006341 devstack@g-api.service[99697]: DEBUG glance.api.middleware.version_negotiation [None req-864a6bee-4abb-4f71-b4f8-05d7dfdc3b51 tempest-VolumesActionsTest-53820172 tempest-VolumesActionsTest-53820172-project-member] Using url versioning {{(pid=99697) process_request /opt/stack/glance/glance/api/middleware/version_negotiation.py:57}}
Aug 03 11:01:11.577870 np0000006341 devstack@g-api.service[99697]: DEBUG glance.api.middleware.version_negotiation [None req-864a6bee-4abb-4f71-b4f8-05d7dfdc3b51 tempest-VolumesActionsTest-53820172 tempest-VolumesActionsTest-53820172-project-member] Matched version: v2 {{(pid=99697) process_request /opt/stack/glance/glance/api/middleware/version_negotiation.py:69}}
Aug 03 11:01:11.578011 np0000006341 devstack@g-api.service[99697]: DEBUG glance.api.middleware.version_negotiation [None req-864a6bee-4abb-4f71-b4f8-05d7dfdc3b51 tempest-VolumesActionsTest-53820172 tempest-VolumesActionsTest-53820172-project-member] new path /v2/images/00478d23-0674-4f38-ae70-4fba3b698529 {{(pid=99697) process_request /opt/stack/glance/glance/api/middleware/version_negotiation.py:70}}
Aug 03 11:01:11.589784 np0000006341 devstack@g-api.service[99697]: [pid: 99697|app: 0|req: 136/408] 127.0.0.1 () {40 vars in 838 bytes} [Mon Aug 3 11:01:11 2026] GET /v2/images/00478d23-0674-4f38-ae70-4fba3b698529 => generated 650 bytes in 13 msecs (HTTP/1.1 200) 4 headers in 157 bytes (1 switches on core 0)
Aug 03 11:01:12.020279 np0000006341 devstack@g-api.service[99695]: DEBUG swiftclient [None req-7b97f21f-23e4-442d-9daf-7e077c58d8c8 tempest-VolumesActionsTest-53820172 tempest-VolumesActionsTest-53820172-project-member] REQ: curl -i https://10.4.3.213:8080/v1/AUTH_f6b64a1f24284bb5964353ae5b0fa595/glance/00478d23-0674-4f38-ae70-4fba3b698529-00001 -X PUT -H "X-Auth-Token: gAAAAABqcHT1ZOLt..." {{(pid=99695) http_log /opt/stack/data/venv/lib/python3.12/site-packages/swiftclient/client.py:160}}
Aug 03 11:01:12.020588 np0000006341 devstack@g-api.service[99695]: DEBUG swiftclient [None req-7b97f21f-23e4-442d-9daf-7e077c58d8c8 tempest-VolumesActionsTest-53820172 tempest-VolumesActionsTest-53820172-project-member] RESP STATUS: 201 Created {{(pid=99695) http_log /opt/stack/data/venv/lib/python3.12/site-packages/swiftclient/client.py:161}}
Aug 03 11:01:12.020648 np0000006341 devstack@g-api.service[99695]: DEBUG swiftclient [None req-7b97f21f-23e4-442d-9daf-7e077c58d8c8 tempest-VolumesActionsTest-53820172 tempest-VolumesActionsTest-53820172-project-member] RESP HEADERS: {'Date': 'Mon, 03 Aug 2026 11:01:12 GMT', 'Server': 'Apache/2.4.58 (Ubuntu)', 'Content-Type': 'text/html; charset=UTF-8', 'Content-Length': '0', 'Etag': 'eda9a9889837ac4bc81d6387d92c1bec', 'Last-Modified': 'Mon, 03 Aug 2026 11:01:11 GMT', 'X-Trans-Id': 'txadd4a980ea3e4b82ada7c-006a7074f6', 'X-Openstack-Request-Id': 'txadd4a980ea3e4b82ada7c-006a7074f6', 'Connection': 'close'} {{(pid=99695) http_log /opt/stack/data/venv/lib/python3.12/site-packages/swiftclient/client.py:162}}
Aug 03 11:01:12.020795 np0000006341 devstack@g-api.service[99695]: DEBUG glance_store._drivers.swift.store [None req-7b97f21f-23e4-442d-9daf-7e077c58d8c8 tempest-VolumesActionsTest-53820172 tempest-VolumesActionsTest-53820172-project-member] Wrote chunk 00478d23-0674-4f38-ae70-4fba3b698529-00001 (1/?) of length 204800000 to Swift returning MD5 of content: eda9a9889837ac4bc81d6387d92c1bec {{(pid=99695) add /opt/stack/data/venv/lib/python3.12/site-packages/glance_store/_drivers/swift/store.py:1059}}
Aug 03 11:01:12.601919 np0000006341 devstack@g-api.service[99696]: DEBUG glance.api.middleware.version_negotiation [None req-604e31f5-ecf0-4f76-b0a0-9aa6ecdfa72d tempest-VolumesActionsTest-53820172 tempest-VolumesActionsTest-53820172-project-member] Determining version of request: GET /v2/images/00478d23-0674-4f38-ae70-4fba3b698529 Accept: application/json {{(pid=99696) process_request /opt/stack/glance/glance/api/middleware/version_negotiation.py:44}}
Aug 03 11:01:12.602656 np0000006341 devstack@g-api.service[99696]: DEBUG glance.api.middleware.version_negotiation [None req-604e31f5-ecf0-4f76-b0a0-9aa6ecdfa72d tempest-VolumesActionsTest-53820172 tempest-VolumesActionsTest-53820172-project-member] Using url versioning {{(pid=99696) process_request /opt/stack/glance/glance/api/middleware/version_negotiation.py:57}}
Aug 03 11:01:12.602967 np0000006341 devstack@g-api.service[99696]: DEBUG glance.api.middleware.version_negotiation [None req-604e31f5-ecf0-4f76-b0a0-9aa6ecdfa72d tempest-VolumesActionsTest-53820172 tempest-VolumesActionsTest-53820172-project-member] Matched version: v2 {{(pid=99696) process_request /opt/stack/glance/glance/api/middleware/version_negotiation.py:69}}
Aug 03 11:01:12.603170 np0000006341 devstack@g-api.service[99696]: DEBUG glance.api.middleware.version_negotiation [None req-604e31f5-ecf0-4f76-b0a0-9aa6ecdfa72d tempest-VolumesActionsTest-53820172 tempest-VolumesActionsTest-53820172-project-member] new path /v2/images/00478d23-0674-4f38-ae70-4fba3b698529 {{(pid=99696) process_request /opt/stack/glance/glance/api/middleware/version_negotiation.py:70}}
Aug 03 11:01:12.614135 np0000006341 devstack@g-api.service[99696]: [pid: 99696|app: 0|req: 142/409] 127.0.0.1 () {40 vars in 838 bytes} [Mon Aug 3 11:01:12 2026] GET /v2/images/00478d23-0674-4f38-ae70-4fba3b698529 => generated 650 bytes in 12 msecs (HTTP/1.1 200) 4 headers in 157 bytes (1 switches on core 0)
Aug 03 11:01:13.625007 np0000006341 devstack@g-api.service[99697]: DEBUG glance.api.middleware.version_negotiation [None req-b9927268-89e9-4cac-a021-20b05087ea98 tempest-VolumesActionsTest-53820172 tempest-VolumesActionsTest-53820172-project-member] Determining version of request: GET /v2/images/00478d23-0674-4f38-ae70-4fba3b698529 Accept: application/json {{(pid=99697) process_request /opt/stack/glance/glance/api/middleware/version_negotiation.py:44}}
Aug 03 11:01:13.625505 np0000006341 devstack@g-api.service[99697]: DEBUG glance.api.middleware.version_negotiation [None req-b9927268-89e9-4cac-a021-20b05087ea98 tempest-VolumesActionsTest-53820172 tempest-VolumesActionsTest-53820172-project-member] Using url versioning {{(pid=99697) process_request /opt/stack/glance/glance/api/middleware/version_negotiation.py:57}}
Aug 03 11:01:13.625505 np0000006341 devstack@g-api.service[99697]: DEBUG glance.api.middleware.version_negotiation [None req-b9927268-89e9-4cac-a021-20b05087ea98 tempest-VolumesActionsTest-53820172 tempest-VolumesActionsTest-53820172-project-member] Matched version: v2 {{(pid=99697) process_request /opt/stack/glance/glance/api/middleware/version_negotiation.py:69}}
Aug 03 11:01:13.625505 np0000006341 devstack@g-api.service[99697]: DEBUG glance.api.middleware.version_negotiation [None req-b9927268-89e9-4cac-a021-20b05087ea98 tempest-VolumesActionsTest-53820172 tempest-VolumesActionsTest-53820172-project-member] new path /v2/images/00478d23-0674-4f38-ae70-4fba3b698529 {{(pid=99697) process_request /opt/stack/glance/glance/api/middleware/version_negotiation.py:70}}
Aug 03 11:01:13.644404 np0000006341 devstack@g-api.service[99697]: [pid: 99697|app: 0|req: 137/410] 127.0.0.1 () {40 vars in 838 bytes} [Mon Aug 3 11:01:13 2026] GET /v2/images/00478d23-0674-4f38-ae70-4fba3b698529 => generated 650 bytes in 19 msecs (HTTP/1.1 200) 4 headers in 157 bytes (1 switches on core 0)
Aug 03 11:01:13.994118 np0000006341 devstack@g-api.service[99695]: DEBUG swiftclient [None req-7b97f21f-23e4-442d-9daf-7e077c58d8c8 tempest-VolumesActionsTest-53820172 tempest-VolumesActionsTest-53820172-project-member] REQ: curl -i https://10.4.3.213:8080/v1/AUTH_f6b64a1f24284bb5964353ae5b0fa595/glance/00478d23-0674-4f38-ae70-4fba3b698529-00002 -X PUT -H "X-Auth-Token: gAAAAABqcHT1ZOLt..." {{(pid=99695) http_log /opt/stack/data/venv/lib/python3.12/site-packages/swiftclient/client.py:160}}
Aug 03 11:01:13.994434 np0000006341 devstack@g-api.service[99695]: DEBUG swiftclient [None req-7b97f21f-23e4-442d-9daf-7e077c58d8c8 tempest-VolumesActionsTest-53820172 tempest-VolumesActionsTest-53820172-project-member] RESP STATUS: 201 Created {{(pid=99695) http_log /opt/stack/data/venv/lib/python3.12/site-packages/swiftclient/client.py:161}}
Aug 03 11:01:13.994466 np0000006341 devstack@g-api.service[99695]: DEBUG swiftclient [None req-7b97f21f-23e4-442d-9daf-7e077c58d8c8 tempest-VolumesActionsTest-53820172 tempest-VolumesActionsTest-53820172-project-member] RESP HEADERS: {'Date': 'Mon, 03 Aug 2026 11:01:13 GMT', 'Server': 'Apache/2.4.58 (Ubuntu)', 'Content-Type': 'text/html; charset=UTF-8', 'Content-Length': '0', 'Etag': 'eda9a9889837ac4bc81d6387d92c1bec', 'Last-Modified': 'Mon, 03 Aug 2026 11:01:13 GMT', 'X-Trans-Id': 'tx945febd2159a4730a4304-006a7074f8', 'X-Openstack-Request-Id': 'tx945febd2159a4730a4304-006a7074f8', 'Connection': 'close'} {{(pid=99695) http_log /opt/stack/data/venv/lib/python3.12/site-packages/swiftclient/client.py:162}}
Aug 03 11:01:13.994605 np0000006341 devstack@g-api.service[99695]: DEBUG glance_store._drivers.swift.store [None req-7b97f21f-23e4-442d-9daf-7e077c58d8c8 tempest-VolumesActionsTest-53820172 tempest-VolumesActionsTest-53820172-project-member] Wrote chunk 00478d23-0674-4f38-ae70-4fba3b698529-00002 (2/?) of length 204800000 to Swift returning MD5 of content: eda9a9889837ac4bc81d6387d92c1bec {{(pid=99695) add /opt/stack/data/venv/lib/python3.12/site-packages/glance_store/_drivers/swift/store.py:1059}}
Aug 03 11:01:14.652510 np0000006341 devstack@g-api.service[99696]: DEBUG glance.api.middleware.version_negotiation [None req-15b78b69-0f38-4818-a275-9d4c2b7928dc tempest-VolumesActionsTest-53820172 tempest-VolumesActionsTest-53820172-project-member] Determining version of request: GET /v2/images/00478d23-0674-4f38-ae70-4fba3b698529 Accept: application/json {{(pid=99696) process_request /opt/stack/glance/glance/api/middleware/version_negotiation.py:44}}
Aug 03 11:01:14.653402 np0000006341 devstack@g-api.service[99696]: DEBUG glance.api.middleware.version_negotiation [None req-15b78b69-0f38-4818-a275-9d4c2b7928dc tempest-VolumesActionsTest-53820172 tempest-VolumesActionsTest-53820172-project-member] Using url versioning {{(pid=99696) process_request /opt/stack/glance/glance/api/middleware/version_negotiation.py:57}}
Aug 03 11:01:14.653846 np0000006341 devstack@g-api.service[99696]: DEBUG glance.api.middleware.version_negotiation [None req-15b78b69-0f38-4818-a275-9d4c2b7928dc tempest-VolumesActionsTest-53820172 tempest-VolumesActionsTest-53820172-project-member] Matched version: v2 {{(pid=99696) process_request /opt/stack/glance/glance/api/middleware/version_negotiation.py:69}}
Aug 03 11:01:14.654098 np0000006341 devstack@g-api.service[99696]: DEBUG glance.api.middleware.version_negotiation [None req-15b78b69-0f38-4818-a275-9d4c2b7928dc tempest-VolumesActionsTest-53820172 tempest-VolumesActionsTest-53820172-project-member] new path /v2/images/00478d23-0674-4f38-ae70-4fba3b698529 {{(pid=99696) process_request /opt/stack/glance/glance/api/middleware/version_negotiation.py:70}}
Aug 03 11:01:14.671261 np0000006341 devstack@g-api.service[99696]: [pid: 99696|app: 0|req: 143/411] 127.0.0.1 () {40 vars in 838 bytes} [Mon Aug 3 11:01:14 2026] GET /v2/images/00478d23-0674-4f38-ae70-4fba3b698529 => generated 650 bytes in 18 msecs (HTTP/1.1 200) 4 headers in 157 bytes (1 switches on core 0)
Aug 03 11:01:15.681680 np0000006341 devstack@g-api.service[99697]: DEBUG glance.api.middleware.version_negotiation [None req-989ffb74-be89-4ffd-805d-17bda905ae60 tempest-VolumesActionsTest-53820172 tempest-VolumesActionsTest-53820172-project-member] Determining version of request: GET /v2/images/00478d23-0674-4f38-ae70-4fba3b698529 Accept: application/json {{(pid=99697) process_request /opt/stack/glance/glance/api/middleware/version_negotiation.py:44}}
Aug 03 11:01:15.682154 np0000006341 devstack@g-api.service[99697]: DEBUG glance.api.middleware.version_negotiation [None req-989ffb74-be89-4ffd-805d-17bda905ae60 tempest-VolumesActionsTest-53820172 tempest-VolumesActionsTest-53820172-project-member] Using url versioning {{(pid=99697) process_request /opt/stack/glance/glance/api/middleware/version_negotiation.py:57}}
Aug 03 11:01:15.682154 np0000006341 devstack@g-api.service[99697]: DEBUG glance.api.middleware.version_negotiation [None req-989ffb74-be89-4ffd-805d-17bda905ae60 tempest-VolumesActionsTest-53820172 tempest-VolumesActionsTest-53820172-project-member] Matched version: v2 {{(pid=99697) process_request /opt/stack/glance/glance/api/middleware/version_negotiation.py:69}}
Aug 03 11:01:15.682154 np0000006341 devstack@g-api.service[99697]: DEBUG glance.api.middleware.version_negotiation [None req-989ffb74-be89-4ffd-805d-17bda905ae60 tempest-VolumesActionsTest-53820172 tempest-VolumesActionsTest-53820172-project-member] new path /v2/images/00478d23-0674-4f38-ae70-4fba3b698529 {{(pid=99697) process_request /opt/stack/glance/glance/api/middleware/version_negotiation.py:70}}
Aug 03 11:01:15.690318 np0000006341 devstack@g-api.service[99697]: [pid: 99697|app: 0|req: 138/412] 127.0.0.1 () {40 vars in 838 bytes} [Mon Aug 3 11:01:15 2026] GET /v2/images/00478d23-0674-4f38-ae70-4fba3b698529 => generated 650 bytes in 9 msecs (HTTP/1.1 200) 4 headers in 157 bytes (1 switches on core 0)
Aug 03 11:01:15.882421 np0000006341 devstack@g-api.service[99695]: DEBUG swiftclient [None req-7b97f21f-23e4-442d-9daf-7e077c58d8c8 tempest-VolumesActionsTest-53820172 tempest-VolumesActionsTest-53820172-project-member] REQ: curl -i https://10.4.3.213:8080/v1/AUTH_f6b64a1f24284bb5964353ae5b0fa595/glance/00478d23-0674-4f38-ae70-4fba3b698529-00003 -X PUT -H "X-Auth-Token: gAAAAABqcHT1ZOLt..." {{(pid=99695) http_log /opt/stack/data/venv/lib/python3.12/site-packages/swiftclient/client.py:160}}
Aug 03 11:01:15.882421 np0000006341 devstack@g-api.service[99695]: DEBUG swiftclient [None req-7b97f21f-23e4-442d-9daf-7e077c58d8c8 tempest-VolumesActionsTest-53820172 tempest-VolumesActionsTest-53820172-project-member] RESP STATUS: 201 Created {{(pid=99695) http_log /opt/stack/data/venv/lib/python3.12/site-packages/swiftclient/client.py:161}}
Aug 03 11:01:15.882421 np0000006341 devstack@g-api.service[99695]: DEBUG swiftclient [None req-7b97f21f-23e4-442d-9daf-7e077c58d8c8 tempest-VolumesActionsTest-53820172 tempest-VolumesActionsTest-53820172-project-member] RESP HEADERS: {'Date': 'Mon, 03 Aug 2026 11:01:15 GMT', 'Server': 'Apache/2.4.58 (Ubuntu)', 'Content-Type': 'text/html; charset=UTF-8', 'Content-Length': '0', 'Etag': 'eda9a9889837ac4bc81d6387d92c1bec', 'Last-Modified': 'Mon, 03 Aug 2026 11:01:15 GMT', 'X-Trans-Id': 'txd2f3558e39a74c5cb362e-006a7074fa', 'X-Openstack-Request-Id': 'txd2f3558e39a74c5cb362e-006a7074fa', 'Connection': 'close'} {{(pid=99695) http_log /opt/stack/data/venv/lib/python3.12/site-packages/swiftclient/client.py:162}}
Aug 03 11:01:15.882861 np0000006341 devstack@g-api.service[99695]: DEBUG glance_store._drivers.swift.store [None req-7b97f21f-23e4-442d-9daf-7e077c58d8c8 tempest-VolumesActionsTest-53820172 tempest-VolumesActionsTest-53820172-project-member] Wrote chunk 00478d23-0674-4f38-ae70-4fba3b698529-00003 (3/?) of length 204800000 to Swift returning MD5 of content: eda9a9889837ac4bc81d6387d92c1bec {{(pid=99695) add /opt/stack/data/venv/lib/python3.12/site-packages/glance_store/_drivers/swift/store.py:1059}}
Aug 03 11:01:16.703647 np0000006341 devstack@g-api.service[99696]: DEBUG glance.api.middleware.version_negotiation [None req-ec7b0cc7-b873-4502-acb9-e7784eb32bc9 tempest-VolumesActionsTest-53820172 tempest-VolumesActionsTest-53820172-project-member] Determining version of request: GET /v2/images/00478d23-0674-4f38-ae70-4fba3b698529 Accept: application/json {{(pid=99696) process_request /opt/stack/glance/glance/api/middleware/version_negotiation.py:44}}
Aug 03 11:01:16.704926 np0000006341 devstack@g-api.service[99696]: DEBUG glance.api.middleware.version_negotiation [None req-ec7b0cc7-b873-4502-acb9-e7784eb32bc9 tempest-VolumesActionsTest-53820172 tempest-VolumesActionsTest-53820172-project-member] Using url versioning {{(pid=99696) process_request /opt/stack/glance/glance/api/middleware/version_negotiation.py:57}}
Aug 03 11:01:16.704926 np0000006341 devstack@g-api.service[99696]: DEBUG glance.api.middleware.version_negotiation [None req-ec7b0cc7-b873-4502-acb9-e7784eb32bc9 tempest-VolumesActionsTest-53820172 tempest-VolumesActionsTest-53820172-project-member] Matched version: v2 {{(pid=99696) process_request /opt/stack/glance/glance/api/middleware/version_negotiation.py:69}}
Aug 03 11:01:16.704926 np0000006341 devstack@g-api.service[99696]: DEBUG glance.api.middleware.version_negotiation [None req-ec7b0cc7-b873-4502-acb9-e7784eb32bc9 tempest-VolumesActionsTest-53820172 tempest-VolumesActionsTest-53820172-project-member] new path /v2/images/00478d23-0674-4f38-ae70-4fba3b698529 {{(pid=99696) process_request /opt/stack/glance/glance/api/middleware/version_negotiation.py:70}}
Aug 03 11:01:16.716420 np0000006341 devstack@g-api.service[99696]: [pid: 99696|app: 0|req: 144/413] 127.0.0.1 () {40 vars in 838 bytes} [Mon Aug 3 11:01:16 2026] GET /v2/images/00478d23-0674-4f38-ae70-4fba3b698529 => generated 650 bytes in 13 msecs (HTTP/1.1 200) 4 headers in 157 bytes (1 switches on core 0)
Aug 03 11:01:16.824325 np0000006341 devstack@g-api.service[99697]: DEBUG glance.api.middleware.version_negotiation [None req-c6bf1c4d-1c0f-4669-aac5-35cd8323e0ad tempest-VolumesActionsTest-53820172 tempest-VolumesActionsTest-53820172-project-member] Determining version of request: GET /v2/images/d6942376-820b-4d93-a4fc-66cbffdef102 Accept: application/json {{(pid=99697) process_request /opt/stack/glance/glance/api/middleware/version_negotiation.py:44}}
Aug 03 11:01:16.824761 np0000006341 devstack@g-api.service[99697]: DEBUG glance.api.middleware.version_negotiation [None req-c6bf1c4d-1c0f-4669-aac5-35cd8323e0ad tempest-VolumesActionsTest-53820172 tempest-VolumesActionsTest-53820172-project-member] Using url versioning {{(pid=99697) process_request /opt/stack/glance/glance/api/middleware/version_negotiation.py:57}}
Aug 03 11:01:16.824988 np0000006341 devstack@g-api.service[99697]: DEBUG glance.api.middleware.version_negotiation [None req-c6bf1c4d-1c0f-4669-aac5-35cd8323e0ad tempest-VolumesActionsTest-53820172 tempest-VolumesActionsTest-53820172-project-member] Matched version: v2 {{(pid=99697) process_request /opt/stack/glance/glance/api/middleware/version_negotiation.py:69}}
Aug 03 11:01:16.825165 np0000006341 devstack@g-api.service[99697]: DEBUG glance.api.middleware.version_negotiation [None req-c6bf1c4d-1c0f-4669-aac5-35cd8323e0ad tempest-VolumesActionsTest-53820172 tempest-VolumesActionsTest-53820172-project-member] new path /v2/images/d6942376-820b-4d93-a4fc-66cbffdef102 {{(pid=99697) process_request /opt/stack/glance/glance/api/middleware/version_negotiation.py:70}}
Aug 03 11:01:17.004316 np0000006341 devstack@g-api.service[99697]: [pid: 99697|app: 0|req: 139/414] 127.0.0.1 () {40 vars in 838 bytes} [Mon Aug 3 11:01:16 2026] GET /v2/images/d6942376-820b-4d93-a4fc-66cbffdef102 => generated 1044 bytes in 181 msecs (HTTP/1.1 200) 4 headers in 158 bytes (1 switches on core 0)
Aug 03 11:01:17.036572 np0000006341 devstack@g-api.service[99696]: DEBUG glance.api.middleware.version_negotiation [None req-0a2f31f7-9590-4e3c-be28-8df617b41c17 tempest-VolumesActionsTest-53820172 tempest-VolumesActionsTest-53820172-project-member] Determining version of request: GET /v2/images/d6942376-820b-4d93-a4fc-66cbffdef102 Accept: */* {{(pid=99696) process_request /opt/stack/glance/glance/api/middleware/version_negotiation.py:44}}
Aug 03 11:01:17.036572 np0000006341 devstack@g-api.service[99696]: DEBUG glance.api.middleware.version_negotiation [None req-0a2f31f7-9590-4e3c-be28-8df617b41c17 tempest-VolumesActionsTest-53820172 tempest-VolumesActionsTest-53820172-project-member] Using url versioning {{(pid=99696) process_request /opt/stack/glance/glance/api/middleware/version_negotiation.py:57}}
Aug 03 11:01:17.036572 np0000006341 devstack@g-api.service[99696]: DEBUG glance.api.middleware.version_negotiation [None req-0a2f31f7-9590-4e3c-be28-8df617b41c17 tempest-VolumesActionsTest-53820172 tempest-VolumesActionsTest-53820172-project-member] Matched version: v2 {{(pid=99696) process_request /opt/stack/glance/glance/api/middleware/version_negotiation.py:69}}
Aug 03 11:01:17.036847 np0000006341 devstack@g-api.service[99696]: DEBUG glance.api.middleware.version_negotiation [None req-0a2f31f7-9590-4e3c-be28-8df617b41c17 tempest-VolumesActionsTest-53820172 tempest-VolumesActionsTest-53820172-project-member] new path /v2/images/d6942376-820b-4d93-a4fc-66cbffdef102 {{(pid=99696) process_request /opt/stack/glance/glance/api/middleware/version_negotiation.py:70}}
Aug 03 11:01:17.163129 np0000006341 devstack@g-api.service[99696]: [pid: 99696|app: 0|req: 145/415] 127.0.0.1 () {44 vars in 1115 bytes} [Mon Aug 3 11:01:17 2026] GET /v2/images/d6942376-820b-4d93-a4fc-66cbffdef102 => generated 1044 bytes in 127 msecs (HTTP/1.1 200) 4 headers in 158 bytes (1 switches on core 0)
Aug 03 11:01:17.171332 np0000006341 devstack@g-api.service[99697]: DEBUG glance.api.middleware.version_negotiation [None req-88e7158f-28cc-4aa5-90d9-fe359610c74f tempest-VolumesExtendTest-1766129044 tempest-VolumesExtendTest-1766129044-project-member] Determining version of request: GET /v2/schemas/image Accept: */* {{(pid=99697) process_request /opt/stack/glance/glance/api/middleware/version_negotiation.py:44}}
Aug 03 11:01:17.171627 np0000006341 devstack@g-api.service[99697]: DEBUG glance.api.middleware.version_negotiation [None req-88e7158f-28cc-4aa5-90d9-fe359610c74f tempest-VolumesExtendTest-1766129044 tempest-VolumesExtendTest-1766129044-project-member] Using url versioning {{(pid=99697) process_request /opt/stack/glance/glance/api/middleware/version_negotiation.py:57}}
Aug 03 11:01:17.171845 np0000006341 devstack@g-api.service[99697]: DEBUG glance.api.middleware.version_negotiation [None req-88e7158f-28cc-4aa5-90d9-fe359610c74f tempest-VolumesExtendTest-1766129044 tempest-VolumesExtendTest-1766129044-project-member] Matched version: v2 {{(pid=99697) process_request /opt/stack/glance/glance/api/middleware/version_negotiation.py:69}}
Aug 03 11:01:17.171980 np0000006341 devstack@g-api.service[99697]: DEBUG glance.api.middleware.version_negotiation [None req-88e7158f-28cc-4aa5-90d9-fe359610c74f tempest-VolumesExtendTest-1766129044 tempest-VolumesExtendTest-1766129044-project-member] new path /v2/schemas/image {{(pid=99697) process_request /opt/stack/glance/glance/api/middleware/version_negotiation.py:70}}
Aug 03 11:01:17.175032 np0000006341 devstack@g-api.service[99697]: [pid: 99697|app: 0|req: 140/416] 127.0.0.1 () {44 vars in 1055 bytes} [Mon Aug 3 11:01:17 2026] GET /v2/schemas/image => generated 6083 bytes in 4 msecs (HTTP/1.1 200) 4 headers in 158 bytes (1 switches on core 0)
Aug 03 11:01:17.183645 np0000006341 devstack@g-api.service[99696]: DEBUG glance.api.middleware.version_negotiation [None req-8f593eb8-d66a-4067-a151-1af813f505df tempest-VolumesExtendTest-1766129044 tempest-VolumesExtendTest-1766129044-project-member] Determining version of request: GET /v2/schemas/image Accept: */* {{(pid=99696) process_request /opt/stack/glance/glance/api/middleware/version_negotiation.py:44}}
Aug 03 11:01:17.183821 np0000006341 devstack@g-api.service[99696]: DEBUG glance.api.middleware.version_negotiation [None req-8f593eb8-d66a-4067-a151-1af813f505df tempest-VolumesExtendTest-1766129044 tempest-VolumesExtendTest-1766129044-project-member] Using url versioning {{(pid=99696) process_request /opt/stack/glance/glance/api/middleware/version_negotiation.py:57}}
Aug 03 11:01:17.184012 np0000006341 devstack@g-api.service[99696]: DEBUG glance.api.middleware.version_negotiation [None req-8f593eb8-d66a-4067-a151-1af813f505df tempest-VolumesExtendTest-1766129044 tempest-VolumesExtendTest-1766129044-project-member] Matched version: v2 {{(pid=99696) process_request /opt/stack/glance/glance/api/middleware/version_negotiation.py:69}}
Aug 03 11:01:17.184160 np0000006341 devstack@g-api.service[99696]: DEBUG glance.api.middleware.version_negotiation [None req-8f593eb8-d66a-4067-a151-1af813f505df tempest-VolumesExtendTest-1766129044 tempest-VolumesExtendTest-1766129044-project-member] new path /v2/schemas/image {{(pid=99696) process_request /opt/stack/glance/glance/api/middleware/version_negotiation.py:70}}
Aug 03 11:01:17.186816 np0000006341 devstack@g-api.service[99696]: [pid: 99696|app: 0|req: 146/417] 127.0.0.1 () {44 vars in 1055 bytes} [Mon Aug 3 11:01:17 2026] GET /v2/schemas/image => generated 6083 bytes in 3 msecs (HTTP/1.1 200) 4 headers in 158 bytes (1 switches on core 0)
Aug 03 11:01:17.199739 np0000006341 devstack@g-api.service[99697]: DEBUG glance.api.middleware.version_negotiation [None req-8f593eb8-d66a-4067-a151-1af813f505df tempest-VolumesExtendTest-1766129044 tempest-VolumesExtendTest-1766129044-project-member] Determining version of request: GET /v2/images/d6942376-820b-4d93-a4fc-66cbffdef102 Accept: */* {{(pid=99697) process_request /opt/stack/glance/glance/api/middleware/version_negotiation.py:44}}
Aug 03 11:01:17.200229 np0000006341 devstack@g-api.service[99697]: DEBUG glance.api.middleware.version_negotiation [None req-8f593eb8-d66a-4067-a151-1af813f505df tempest-VolumesExtendTest-1766129044 tempest-VolumesExtendTest-1766129044-project-member] Using url versioning {{(pid=99697) process_request /opt/stack/glance/glance/api/middleware/version_negotiation.py:57}}
Aug 03 11:01:17.200229 np0000006341 devstack@g-api.service[99697]: DEBUG glance.api.middleware.version_negotiation [None req-8f593eb8-d66a-4067-a151-1af813f505df tempest-VolumesExtendTest-1766129044 tempest-VolumesExtendTest-1766129044-project-member] Matched version: v2 {{(pid=99697) process_request /opt/stack/glance/glance/api/middleware/version_negotiation.py:69}}
Aug 03 11:01:17.200229 np0000006341 devstack@g-api.service[99697]: DEBUG glance.api.middleware.version_negotiation [None req-8f593eb8-d66a-4067-a151-1af813f505df tempest-VolumesExtendTest-1766129044 tempest-VolumesExtendTest-1766129044-project-member] new path /v2/images/d6942376-820b-4d93-a4fc-66cbffdef102 {{(pid=99697) process_request /opt/stack/glance/glance/api/middleware/version_negotiation.py:70}}
Aug 03 11:01:17.211286 np0000006341 devstack@g-api.service[99697]: [pid: 99697|app: 0|req: 141/418] 127.0.0.1 () {44 vars in 1115 bytes} [Mon Aug 3 11:01:17 2026] GET /v2/images/d6942376-820b-4d93-a4fc-66cbffdef102 => generated 1044 bytes in 12 msecs (HTTP/1.1 200) 4 headers in 158 bytes (1 switches on core 0)
Aug 03 11:01:17.221087 np0000006341 devstack@g-api.service[99696]: DEBUG glance.api.middleware.version_negotiation [None req-8f593eb8-d66a-4067-a151-1af813f505df tempest-VolumesExtendTest-1766129044 tempest-VolumesExtendTest-1766129044-project-member] Determining version of request: GET /v2/schemas/image Accept: */* {{(pid=99696) process_request /opt/stack/glance/glance/api/middleware/version_negotiation.py:44}}
Aug 03 11:01:17.221087 np0000006341 devstack@g-api.service[99696]: DEBUG glance.api.middleware.version_negotiation [None req-8f593eb8-d66a-4067-a151-1af813f505df tempest-VolumesExtendTest-1766129044 tempest-VolumesExtendTest-1766129044-project-member] Using url versioning {{(pid=99696) process_request /opt/stack/glance/glance/api/middleware/version_negotiation.py:57}}
Aug 03 11:01:17.221282 np0000006341 devstack@g-api.service[99696]: DEBUG glance.api.middleware.version_negotiation [None req-8f593eb8-d66a-4067-a151-1af813f505df tempest-VolumesExtendTest-1766129044 tempest-VolumesExtendTest-1766129044-project-member] Matched version: v2 {{(pid=99696) process_request /opt/stack/glance/glance/api/middleware/version_negotiation.py:69}}
Aug 03 11:01:17.221407 np0000006341 devstack@g-api.service[99696]: DEBUG glance.api.middleware.version_negotiation [None req-8f593eb8-d66a-4067-a151-1af813f505df tempest-VolumesExtendTest-1766129044 tempest-VolumesExtendTest-1766129044-project-member] new path /v2/schemas/image {{(pid=99696) process_request /opt/stack/glance/glance/api/middleware/version_negotiation.py:70}}
Aug 03 11:01:17.224185 np0000006341 devstack@g-api.service[99696]: [pid: 99696|app: 0|req: 147/419] 127.0.0.1 () {44 vars in 1055 bytes} [Mon Aug 3 11:01:17 2026] GET /v2/schemas/image => generated 6083 bytes in 3 msecs (HTTP/1.1 200) 4 headers in 158 bytes (1 switches on core 0)
Aug 03 11:01:17.234042 np0000006341 devstack@g-api.service[99697]: DEBUG glance.api.middleware.version_negotiation [None req-8f593eb8-d66a-4067-a151-1af813f505df tempest-VolumesExtendTest-1766129044 tempest-VolumesExtendTest-1766129044-project-member] Determining version of request: GET /v2/schemas/image Accept: */* {{(pid=99697) process_request /opt/stack/glance/glance/api/middleware/version_negotiation.py:44}}
Aug 03 11:01:17.234312 np0000006341 devstack@g-api.service[99697]: DEBUG glance.api.middleware.version_negotiation [None req-8f593eb8-d66a-4067-a151-1af813f505df tempest-VolumesExtendTest-1766129044 tempest-VolumesExtendTest-1766129044-project-member] Using url versioning {{(pid=99697) process_request /opt/stack/glance/glance/api/middleware/version_negotiation.py:57}}
Aug 03 11:01:17.234513 np0000006341 devstack@g-api.service[99697]: DEBUG glance.api.middleware.version_negotiation [None req-8f593eb8-d66a-4067-a151-1af813f505df tempest-VolumesExtendTest-1766129044 tempest-VolumesExtendTest-1766129044-project-member] Matched version: v2 {{(pid=99697) process_request /opt/stack/glance/glance/api/middleware/version_negotiation.py:69}}
Aug 03 11:01:17.234655 np0000006341 devstack@g-api.service[99697]: DEBUG glance.api.middleware.version_negotiation [None req-8f593eb8-d66a-4067-a151-1af813f505df tempest-VolumesExtendTest-1766129044 tempest-VolumesExtendTest-1766129044-project-member] new path /v2/schemas/image {{(pid=99697) process_request /opt/stack/glance/glance/api/middleware/version_negotiation.py:70}}
Aug 03 11:01:17.239429 np0000006341 devstack@g-api.service[99697]: [pid: 99697|app: 0|req: 142/420] 127.0.0.1 () {44 vars in 1055 bytes} [Mon Aug 3 11:01:17 2026] GET /v2/schemas/image => generated 6083 bytes in 5 msecs (HTTP/1.1 200) 4 headers in 158 bytes (1 switches on core 0)
Aug 03 11:01:17.264633 np0000006341 devstack@g-api.service[99696]: DEBUG glance.api.middleware.version_negotiation [None req-8f593eb8-d66a-4067-a151-1af813f505df tempest-VolumesExtendTest-1766129044 tempest-VolumesExtendTest-1766129044-project-member] Determining version of request: GET /v2/images/d6942376-820b-4d93-a4fc-66cbffdef102 Accept: */* {{(pid=99696) process_request /opt/stack/glance/glance/api/middleware/version_negotiation.py:44}}
Aug 03 11:01:17.265740 np0000006341 devstack@g-api.service[99696]: DEBUG glance.api.middleware.version_negotiation [None req-8f593eb8-d66a-4067-a151-1af813f505df tempest-VolumesExtendTest-1766129044 tempest-VolumesExtendTest-1766129044-project-member] Using url versioning {{(pid=99696) process_request /opt/stack/glance/glance/api/middleware/version_negotiation.py:57}}
Aug 03 11:01:17.266567 np0000006341 devstack@g-api.service[99696]: DEBUG glance.api.middleware.version_negotiation [None req-8f593eb8-d66a-4067-a151-1af813f505df tempest-VolumesExtendTest-1766129044 tempest-VolumesExtendTest-1766129044-project-member] Matched version: v2 {{(pid=99696) process_request /opt/stack/glance/glance/api/middleware/version_negotiation.py:69}}
Aug 03 11:01:17.266785 np0000006341 devstack@g-api.service[99696]: DEBUG glance.api.middleware.version_negotiation [None req-8f593eb8-d66a-4067-a151-1af813f505df tempest-VolumesExtendTest-1766129044 tempest-VolumesExtendTest-1766129044-project-member] new path /v2/images/d6942376-820b-4d93-a4fc-66cbffdef102 {{(pid=99696) process_request /opt/stack/glance/glance/api/middleware/version_negotiation.py:70}}
Aug 03 11:01:17.285074 np0000006341 devstack@g-api.service[99696]: [pid: 99696|app: 0|req: 148/421] 127.0.0.1 () {44 vars in 1115 bytes} [Mon Aug 3 11:01:17 2026] GET /v2/images/d6942376-820b-4d93-a4fc-66cbffdef102 => generated 1044 bytes in 21 msecs (HTTP/1.1 200) 4 headers in 158 bytes (1 switches on core 0)
Aug 03 11:01:17.297956 np0000006341 devstack@g-api.service[99697]: DEBUG glance.api.middleware.version_negotiation [None req-8f593eb8-d66a-4067-a151-1af813f505df tempest-VolumesExtendTest-1766129044 tempest-VolumesExtendTest-1766129044-project-member] Determining version of request: GET /v2/schemas/image Accept: */* {{(pid=99697) process_request /opt/stack/glance/glance/api/middleware/version_negotiation.py:44}}
Aug 03 11:01:17.298179 np0000006341 devstack@g-api.service[99697]: DEBUG glance.api.middleware.version_negotiation [None req-8f593eb8-d66a-4067-a151-1af813f505df tempest-VolumesExtendTest-1766129044 tempest-VolumesExtendTest-1766129044-project-member] Using url versioning {{(pid=99697) process_request /opt/stack/glance/glance/api/middleware/version_negotiation.py:57}}
Aug 03 11:01:17.298403 np0000006341 devstack@g-api.service[99697]: DEBUG glance.api.middleware.version_negotiation [None req-8f593eb8-d66a-4067-a151-1af813f505df tempest-VolumesExtendTest-1766129044 tempest-VolumesExtendTest-1766129044-project-member] Matched version: v2 {{(pid=99697) process_request /opt/stack/glance/glance/api/middleware/version_negotiation.py:69}}
