Aug 03 10:53:21.855339 np0000006341 nova-conductor[95838]: DEBUG cotyledon.oslo_config_glue [-] oslo_messaging_rabbit.rabbit_qos_prefetch_count = 0 {{(pid=95838) log_opt_values /opt/stack/data/venv/lib/python3.12/site-packages/oslo_config/cfg.py:3253}}
Aug 03 10:53:21.855339 np0000006341 nova-conductor[95838]: DEBUG cotyledon.oslo_config_glue [-] oslo_messaging_rabbit.rabbit_quorum_delivery_limit = 0 {{(pid=95838) log_opt_values /opt/stack/data/venv/lib/python3.12/site-packages/oslo_config/cfg.py:3253}}
Aug 03 10:53:21.855518 np0000006341 nova-conductor[95838]: DEBUG cotyledon.oslo_config_glue [-] oslo_messaging_rabbit.rabbit_quorum_max_memory_bytes = 0 {{(pid=95838) log_opt_values /opt/stack/data/venv/lib/python3.12/site-packages/oslo_config/cfg.py:3253}}
Aug 03 10:53:21.855518 np0000006341 nova-conductor[95838]: DEBUG cotyledon.oslo_config_glue [-] oslo_messaging_rabbit.rabbit_quorum_max_memory_length = 0 {{(pid=95838) log_opt_values /opt/stack/data/venv/lib/python3.12/site-packages/oslo_config/cfg.py:3253}}
Aug 03 10:53:21.855518 np0000006341 nova-conductor[95838]: DEBUG cotyledon.oslo_config_glue [-] oslo_messaging_rabbit.rabbit_quorum_queue = False {{(pid=95838) log_opt_values /opt/stack/data/venv/lib/python3.12/site-packages/oslo_config/cfg.py:3253}}
Aug 03 10:53:21.855518 np0000006341 nova-conductor[95838]: DEBUG cotyledon.oslo_config_glue [-] oslo_messaging_rabbit.rabbit_retry_backoff = 2 {{(pid=95838) log_opt_values /opt/stack/data/venv/lib/python3.12/site-packages/oslo_config/cfg.py:3253}}
Aug 03 10:53:21.855518 np0000006341 nova-conductor[95838]: DEBUG cotyledon.oslo_config_glue [-] oslo_messaging_rabbit.rabbit_retry_interval = 1 {{(pid=95838) log_opt_values /opt/stack/data/venv/lib/python3.12/site-packages/oslo_config/cfg.py:3253}}
Aug 03 10:53:21.855518 np0000006341 nova-conductor[95838]: DEBUG cotyledon.oslo_config_glue [-] oslo_messaging_rabbit.rabbit_stream_fanout = False {{(pid=95838) log_opt_values /opt/stack/data/venv/lib/python3.12/site-packages/oslo_config/cfg.py:3253}}
Aug 03 10:53:21.855518 np0000006341 nova-conductor[95838]: DEBUG cotyledon.oslo_config_glue [-] oslo_messaging_rabbit.rabbit_transient_queues_ttl = 1800 {{(pid=95838) log_opt_values /opt/stack/data/venv/lib/python3.12/site-packages/oslo_config/cfg.py:3253}}
Aug 03 10:53:21.855518 np0000006341 nova-conductor[95838]: DEBUG cotyledon.oslo_config_glue [-] oslo_messaging_rabbit.rabbit_transient_quorum_queue = False {{(pid=95838) log_opt_values /opt/stack/data/venv/lib/python3.12/site-packages/oslo_config/cfg.py:3253}}
Aug 03 10:53:21.855662 np0000006341 nova-conductor[95838]: DEBUG cotyledon.oslo_config_glue [-] oslo_messaging_rabbit.rpc_conn_pool_size = 30 {{(pid=95838) log_opt_values /opt/stack/data/venv/lib/python3.12/site-packages/oslo_config/cfg.py:3253}}
Aug 03 10:53:21.855662 np0000006341 nova-conductor[95838]: DEBUG cotyledon.oslo_config_glue [-] oslo_messaging_rabbit.ssl = False {{(pid=95838) log_opt_values /opt/stack/data/venv/lib/python3.12/site-packages/oslo_config/cfg.py:3253}}
Aug 03 10:53:21.855662 np0000006341 nova-conductor[95838]: DEBUG cotyledon.oslo_config_glue [-] oslo_messaging_rabbit.ssl_ca_file = {{(pid=95838) log_opt_values /opt/stack/data/venv/lib/python3.12/site-packages/oslo_config/cfg.py:3253}}
Aug 03 10:53:21.855662 np0000006341 nova-conductor[95838]: DEBUG cotyledon.oslo_config_glue [-] oslo_messaging_rabbit.ssl_cert_file = {{(pid=95838) log_opt_values /opt/stack/data/venv/lib/python3.12/site-packages/oslo_config/cfg.py:3253}}
Aug 03 10:53:21.855662 np0000006341 nova-conductor[95838]: DEBUG cotyledon.oslo_config_glue [-] oslo_messaging_rabbit.ssl_enforce_fips_mode = False {{(pid=95838) log_opt_values /opt/stack/data/venv/lib/python3.12/site-packages/oslo_config/cfg.py:3253}}
Aug 03 10:53:21.855662 np0000006341 nova-conductor[95838]: DEBUG cotyledon.oslo_config_glue [-] oslo_messaging_rabbit.ssl_enforce_hostname_verification = True {{(pid=95838) log_opt_values /opt/stack/data/venv/lib/python3.12/site-packages/oslo_config/cfg.py:3253}}
Aug 03 10:53:21.855662 np0000006341 nova-conductor[95838]: DEBUG cotyledon.oslo_config_glue [-] oslo_messaging_rabbit.ssl_key_file = {{(pid=95838) log_opt_values /opt/stack/data/venv/lib/python3.12/site-packages/oslo_config/cfg.py:3253}}
Aug 03 10:53:21.855662 np0000006341 nova-conductor[95838]: DEBUG cotyledon.oslo_config_glue [-] oslo_messaging_rabbit.ssl_version = {{(pid=95838) log_opt_values /opt/stack/data/venv/lib/python3.12/site-packages/oslo_config/cfg.py:3253}}
Aug 03 10:53:21.855662 np0000006341 nova-conductor[95838]: DEBUG cotyledon.oslo_config_glue [-] oslo_messaging_rabbit.use_queue_manager = False {{(pid=95838) log_opt_values /opt/stack/data/venv/lib/python3.12/site-packages/oslo_config/cfg.py:3253}}
Aug 03 10:53:21.855880 np0000006341 nova-conductor[95838]: DEBUG cotyledon.oslo_config_glue [-] oslo_messaging_notifications.driver = ['messagingv2'] {{(pid=95838) log_opt_values /opt/stack/data/venv/lib/python3.12/site-packages/oslo_config/cfg.py:3253}}
Aug 03 10:53:21.855880 np0000006341 nova-conductor[95838]: DEBUG cotyledon.oslo_config_glue [-] oslo_messaging_notifications.retry = -1 {{(pid=95838) log_opt_values /opt/stack/data/venv/lib/python3.12/site-packages/oslo_config/cfg.py:3253}}
Aug 03 10:53:21.855880 np0000006341 nova-conductor[95838]: DEBUG cotyledon.oslo_config_glue [-] oslo_messaging_notifications.topics = ['notifications'] {{(pid=95838) log_opt_values /opt/stack/data/venv/lib/python3.12/site-packages/oslo_config/cfg.py:3253}}
Aug 03 10:53:21.855880 np0000006341 nova-conductor[95838]: DEBUG cotyledon.oslo_config_glue [-] oslo_messaging_notifications.transport_url = **** {{(pid=95838) log_opt_values /opt/stack/data/venv/lib/python3.12/site-packages/oslo_config/cfg.py:3253}}
Aug 03 10:53:21.855880 np0000006341 nova-conductor[95838]: DEBUG cotyledon.oslo_config_glue [-] oslo_limit.auth_section = None {{(pid=95838) log_opt_values /opt/stack/data/venv/lib/python3.12/site-packages/oslo_config/cfg.py:3253}}
Aug 03 10:53:21.855880 np0000006341 nova-conductor[95838]: DEBUG cotyledon.oslo_config_glue [-] oslo_limit.auth_type = None {{(pid=95838) log_opt_values /opt/stack/data/venv/lib/python3.12/site-packages/oslo_config/cfg.py:3253}}
Aug 03 10:53:21.855880 np0000006341 nova-conductor[95838]: DEBUG cotyledon.oslo_config_glue [-] oslo_limit.cafile = None {{(pid=95838) log_opt_values /opt/stack/data/venv/lib/python3.12/site-packages/oslo_config/cfg.py:3253}}
Aug 03 10:53:21.855880 np0000006341 nova-conductor[95838]: DEBUG cotyledon.oslo_config_glue [-] oslo_limit.certfile = None {{(pid=95838) log_opt_values /opt/stack/data/venv/lib/python3.12/site-packages/oslo_config/cfg.py:3253}}
Aug 03 10:53:21.855880 np0000006341 nova-conductor[95838]: DEBUG cotyledon.oslo_config_glue [-] oslo_limit.collect_timing = False {{(pid=95838) log_opt_values /opt/stack/data/venv/lib/python3.12/site-packages/oslo_config/cfg.py:3253}}
Aug 03 10:53:21.856046 np0000006341 nova-conductor[95838]: DEBUG cotyledon.oslo_config_glue [-] oslo_limit.connect_retries = None {{(pid=95838) log_opt_values /opt/stack/data/venv/lib/python3.12/site-packages/oslo_config/cfg.py:3253}}
Aug 03 10:53:21.856046 np0000006341 nova-conductor[95838]: DEBUG cotyledon.oslo_config_glue [-] oslo_limit.connect_retry_delay = None {{(pid=95838) log_opt_values /opt/stack/data/venv/lib/python3.12/site-packages/oslo_config/cfg.py:3253}}
Aug 03 10:53:21.856046 np0000006341 nova-conductor[95838]: DEBUG cotyledon.oslo_config_glue [-] oslo_limit.endpoint_id = None {{(pid=95838) log_opt_values /opt/stack/data/venv/lib/python3.12/site-packages/oslo_config/cfg.py:3253}}
Aug 03 10:53:21.856046 np0000006341 nova-conductor[95838]: DEBUG cotyledon.oslo_config_glue [-] oslo_limit.endpoint_interface = public {{(pid=95838) log_opt_values /opt/stack/data/venv/lib/python3.12/site-packages/oslo_config/cfg.py:3253}}
Aug 03 10:53:21.856046 np0000006341 nova-conductor[95838]: DEBUG cotyledon.oslo_config_glue [-] oslo_limit.endpoint_override = None {{(pid=95838) log_opt_values /opt/stack/data/venv/lib/python3.12/site-packages/oslo_config/cfg.py:3253}}
Aug 03 10:53:21.856046 np0000006341 nova-conductor[95838]: DEBUG cotyledon.oslo_config_glue [-] oslo_limit.endpoint_region_name = None {{(pid=95838) log_opt_values /opt/stack/data/venv/lib/python3.12/site-packages/oslo_config/cfg.py:3253}}
Aug 03 10:53:21.856046 np0000006341 nova-conductor[95838]: DEBUG cotyledon.oslo_config_glue [-] oslo_limit.endpoint_service_name = None {{(pid=95838) log_opt_values /opt/stack/data/venv/lib/python3.12/site-packages/oslo_config/cfg.py:3253}}
Aug 03 10:53:21.856046 np0000006341 nova-conductor[95838]: DEBUG cotyledon.oslo_config_glue [-] oslo_limit.endpoint_service_type = None {{(pid=95838) log_opt_values /opt/stack/data/venv/lib/python3.12/site-packages/oslo_config/cfg.py:3253}}
Aug 03 10:53:21.856046 np0000006341 nova-conductor[95838]: DEBUG cotyledon.oslo_config_glue [-] oslo_limit.insecure = False {{(pid=95838) log_opt_values /opt/stack/data/venv/lib/python3.12/site-packages/oslo_config/cfg.py:3253}}
Aug 03 10:53:21.856288 np0000006341 nova-conductor[95838]: DEBUG cotyledon.oslo_config_glue [-] oslo_limit.keyfile = None {{(pid=95838) log_opt_values /opt/stack/data/venv/lib/python3.12/site-packages/oslo_config/cfg.py:3253}}
Aug 03 10:53:21.856288 np0000006341 nova-conductor[95838]: DEBUG cotyledon.oslo_config_glue [-] oslo_limit.max_version = None {{(pid=95838) log_opt_values /opt/stack/data/venv/lib/python3.12/site-packages/oslo_config/cfg.py:3253}}
Aug 03 10:53:21.856288 np0000006341 nova-conductor[95838]: DEBUG cotyledon.oslo_config_glue [-] oslo_limit.min_version = None {{(pid=95838) log_opt_values /opt/stack/data/venv/lib/python3.12/site-packages/oslo_config/cfg.py:3253}}
Aug 03 10:53:21.856288 np0000006341 nova-conductor[95838]: DEBUG cotyledon.oslo_config_glue [-] oslo_limit.region_name = None {{(pid=95838) log_opt_values /opt/stack/data/venv/lib/python3.12/site-packages/oslo_config/cfg.py:3253}}
Aug 03 10:53:21.856288 np0000006341 nova-conductor[95838]: DEBUG cotyledon.oslo_config_glue [-] oslo_limit.retriable_status_codes = None {{(pid=95838) log_opt_values /opt/stack/data/venv/lib/python3.12/site-packages/oslo_config/cfg.py:3253}}
Aug 03 10:53:21.856288 np0000006341 nova-conductor[95838]: DEBUG cotyledon.oslo_config_glue [-] oslo_limit.service_name = None {{(pid=95838) log_opt_values /opt/stack/data/venv/lib/python3.12/site-packages/oslo_config/cfg.py:3253}}
Aug 03 10:53:21.856288 np0000006341 nova-conductor[95838]: DEBUG cotyledon.oslo_config_glue [-] oslo_limit.service_type = None {{(pid=95838) log_opt_values /opt/stack/data/venv/lib/python3.12/site-packages/oslo_config/cfg.py:3253}}
Aug 03 10:53:21.856288 np0000006341 nova-conductor[95838]: DEBUG cotyledon.oslo_config_glue [-] oslo_limit.split_loggers = False {{(pid=95838) log_opt_values /opt/stack/data/venv/lib/python3.12/site-packages/oslo_config/cfg.py:3253}}
Aug 03 10:53:21.856288 np0000006341 nova-conductor[95838]: DEBUG cotyledon.oslo_config_glue [-] oslo_limit.status_code_retries = None {{(pid=95838) log_opt_values /opt/stack/data/venv/lib/python3.12/site-packages/oslo_config/cfg.py:3253}}
Aug 03 10:53:21.856452 np0000006341 nova-conductor[95838]: DEBUG cotyledon.oslo_config_glue [-] oslo_limit.status_code_retry_delay = None {{(pid=95838) log_opt_values /opt/stack/data/venv/lib/python3.12/site-packages/oslo_config/cfg.py:3253}}
Aug 03 10:53:21.856452 np0000006341 nova-conductor[95838]: DEBUG cotyledon.oslo_config_glue [-] oslo_limit.timeout = None {{(pid=95838) log_opt_values /opt/stack/data/venv/lib/python3.12/site-packages/oslo_config/cfg.py:3253}}
Aug 03 10:53:21.856452 np0000006341 nova-conductor[95838]: DEBUG cotyledon.oslo_config_glue [-] oslo_limit.valid_interfaces = None {{(pid=95838) log_opt_values /opt/stack/data/venv/lib/python3.12/site-packages/oslo_config/cfg.py:3253}}
Aug 03 10:53:21.856452 np0000006341 nova-conductor[95838]: DEBUG cotyledon.oslo_config_glue [-] oslo_limit.version = None {{(pid=95838) log_opt_values /opt/stack/data/venv/lib/python3.12/site-packages/oslo_config/cfg.py:3253}}
Aug 03 10:53:21.856452 np0000006341 nova-conductor[95838]: DEBUG cotyledon.oslo_config_glue [-] oslo_reports.file_event_handler = None {{(pid=95838) log_opt_values /opt/stack/data/venv/lib/python3.12/site-packages/oslo_config/cfg.py:3253}}
Aug 03 10:53:21.856452 np0000006341 nova-conductor[95838]: DEBUG cotyledon.oslo_config_glue [-] oslo_reports.file_event_handler_interval = 1 {{(pid=95838) log_opt_values /opt/stack/data/venv/lib/python3.12/site-packages/oslo_config/cfg.py:3253}}
Aug 03 10:53:21.856452 np0000006341 nova-conductor[95838]: DEBUG cotyledon.oslo_config_glue [-] oslo_reports.log_dir = None {{(pid=95838) log_opt_values /opt/stack/data/venv/lib/python3.12/site-packages/oslo_config/cfg.py:3253}}
Aug 03 10:53:21.856452 np0000006341 nova-conductor[95838]: DEBUG cotyledon.oslo_config_glue [-] ******************************************************************************** {{(pid=95838) log_opt_values /opt/stack/data/venv/lib/python3.12/site-packages/oslo_config/cfg.py:3260}}
Aug 03 10:53:21.856452 np0000006341 nova-conductor[95838]: DEBUG cotyledon._service_worker [-] Run service ServiceWrapper(2) [95838] {{(pid=95838) wait_forever /opt/stack/data/venv/lib/python3.12/site-packages/cotyledon/_service_worker.py:218}}
Aug 03 10:53:21.856620 np0000006341 nova-conductor[95838]: INFO nova.service [-] Starting conductor node (version 33.1.0)
Aug 03 10:53:21.856620 np0000006341 nova-conductor[95838]: INFO dbcounter [None req-21bde34d-f079-4d91-8ee3-bececa8bb966 None None] Registered counter for database nova_cell0
Aug 03 10:53:21.856664 np0000006341 nova-conductor[95830]: DEBUG oslo_db.sqlalchemy.engines [None req-b2ff8bb4-4304-4d6a-a043-bf18872e7c0f None None] MySQL server mode set to STRICT_TRANS_TABLES,STRICT_ALL_TABLES,NO_ZERO_IN_DATE,NO_ZERO_DATE,ERROR_FOR_DIVISION_BY_ZERO,TRADITIONAL,NO_ENGINE_SUBSTITUTION {{(pid=95830) _check_effective_sql_mode /opt/stack/data/venv/lib/python3.12/site-packages/oslo_db/sqlalchemy/engines.py:325}}
Aug 03 10:53:21.856697 np0000006341 nova-conductor[95834]: DEBUG oslo_db.sqlalchemy.engines [None req-af7e24f5-9450-4c2e-a202-20fd09a29c87 None None] MySQL server mode set to STRICT_TRANS_TABLES,STRICT_ALL_TABLES,NO_ZERO_IN_DATE,NO_ZERO_DATE,ERROR_FOR_DIVISION_BY_ZERO,TRADITIONAL,NO_ENGINE_SUBSTITUTION {{(pid=95834) _check_effective_sql_mode /opt/stack/data/venv/lib/python3.12/site-packages/oslo_db/sqlalchemy/engines.py:325}}
Aug 03 10:53:21.859594 np0000006341 nova-conductor[95830]: DEBUG dbcounter [-] [95830] Writer thread running {{(pid=95830) stat_writer /opt/stack/data/venv/lib/python3.12/site-packages/dbcounter.py:102}}
Aug 03 10:53:21.864262 np0000006341 nova-conductor[95834]: DEBUG dbcounter [-] [95834] Writer thread running {{(pid=95834) stat_writer /opt/stack/data/venv/lib/python3.12/site-packages/dbcounter.py:102}}
Aug 03 10:53:21.875354 np0000006341 nova-conductor[95830]: DEBUG nova.service [None req-b2ff8bb4-4304-4d6a-a043-bf18872e7c0f None None] Creating RPC server for service: nova-conductor on topic: conductor {{(pid=95830) start /opt/stack/nova/nova/service.py:196}}
Aug 03 10:53:21.878035 np0000006341 nova-conductor[95838]: DEBUG oslo_db.sqlalchemy.engines [None req-21bde34d-f079-4d91-8ee3-bececa8bb966 None None] MySQL server mode set to STRICT_TRANS_TABLES,STRICT_ALL_TABLES,NO_ZERO_IN_DATE,NO_ZERO_DATE,ERROR_FOR_DIVISION_BY_ZERO,TRADITIONAL,NO_ENGINE_SUBSTITUTION {{(pid=95838) _check_effective_sql_mode /opt/stack/data/venv/lib/python3.12/site-packages/oslo_db/sqlalchemy/engines.py:325}}
Aug 03 10:53:21.878868 np0000006341 nova-conductor[95834]: DEBUG nova.service [None req-af7e24f5-9450-4c2e-a202-20fd09a29c87 None None] Creating RPC server for service: nova-conductor on topic: conductor {{(pid=95834) start /opt/stack/nova/nova/service.py:196}}
Aug 03 10:53:21.888601 np0000006341 nova-conductor[95838]: DEBUG dbcounter [-] [95838] Writer thread running {{(pid=95838) stat_writer /opt/stack/data/venv/lib/python3.12/site-packages/dbcounter.py:102}}
Aug 03 10:53:21.892052 np0000006341 nova-conductor[95838]: DEBUG nova.service [None req-21bde34d-f079-4d91-8ee3-bececa8bb966 None None] Creating RPC server for service: nova-conductor on topic: conductor {{(pid=95838) start /opt/stack/nova/nova/service.py:196}}
Aug 03 10:53:21.905270 np0000006341 nova-conductor[95834]: DEBUG nova.service [None req-af7e24f5-9450-4c2e-a202-20fd09a29c87 None None] Join ServiceGroup membership for this service conductor {{(pid=95834) start /opt/stack/nova/nova/service.py:222}}
Aug 03 10:53:21.905575 np0000006341 nova-conductor[95834]: DEBUG nova.servicegroup.drivers.db [None req-af7e24f5-9450-4c2e-a202-20fd09a29c87 None None] DB_Driver: join new ServiceGroup member np0000006341 to the conductor group, service = {{(pid=95834) join /opt/stack/nova/nova/servicegroup/drivers/db.py:44}}
Aug 03 10:53:21.909822 np0000006341 nova-conductor[95838]: DEBUG nova.service [None req-21bde34d-f079-4d91-8ee3-bececa8bb966 None None] Join ServiceGroup membership for this service conductor {{(pid=95838) start /opt/stack/nova/nova/service.py:222}}
Aug 03 10:53:21.910227 np0000006341 nova-conductor[95838]: DEBUG nova.servicegroup.drivers.db [None req-21bde34d-f079-4d91-8ee3-bececa8bb966 None None] DB_Driver: join new ServiceGroup member np0000006341 to the conductor group, service = {{(pid=95838) join /opt/stack/nova/nova/servicegroup/drivers/db.py:44}}
Aug 03 10:53:21.910316 np0000006341 nova-conductor[95830]: DEBUG nova.service [None req-b2ff8bb4-4304-4d6a-a043-bf18872e7c0f None None] Join ServiceGroup membership for this service conductor {{(pid=95830) start /opt/stack/nova/nova/service.py:222}}
Aug 03 10:53:21.910561 np0000006341 nova-conductor[95830]: DEBUG nova.servicegroup.drivers.db [None req-b2ff8bb4-4304-4d6a-a043-bf18872e7c0f None None] DB_Driver: join new ServiceGroup member np0000006341 to the conductor group, service = {{(pid=95830) join /opt/stack/nova/nova/servicegroup/drivers/db.py:44}}
Aug 03 10:53:26.918895 np0000006341 nova-conductor[95834]: DEBUG oslo.service.backend._threading.loopingcall [-] Fixed interval looping call 'nova.servicegroup.drivers.db.DbDriver._report_state' sleeping for 119.99 seconds {{(pid=95834) _run_loop /opt/stack/data/venv/lib/python3.12/site-packages/oslo_service/backend/_threading/loopingcall.py:125}}
Aug 03 10:53:26.920971 np0000006341 nova-conductor[95830]: DEBUG oslo.service.backend._threading.loopingcall [-] Fixed interval looping call 'nova.servicegroup.drivers.db.DbDriver._report_state' sleeping for 119.99 seconds {{(pid=95830) _run_loop /opt/stack/data/venv/lib/python3.12/site-packages/oslo_service/backend/_threading/loopingcall.py:125}}
Aug 03 10:53:26.923009 np0000006341 nova-conductor[95838]: DEBUG oslo.service.backend._threading.loopingcall [-] Fixed interval looping call 'nova.servicegroup.drivers.db.DbDriver._report_state' sleeping for 119.99 seconds {{(pid=95838) _run_loop /opt/stack/data/venv/lib/python3.12/site-packages/oslo_service/backend/_threading/loopingcall.py:125}}
Aug 03 10:53:30.528898 np0000006341 nova-conductor[94320]: DEBUG dbcounter [-] [94320] Writing DB stats nova_api:SELECT=1 {{(pid=94320) stat_writer /opt/stack/data/venv/lib/python3.12/site-packages/dbcounter.py:115}}
Aug 03 10:53:30.643241 np0000006341 nova-conductor[94320]: DEBUG dbcounter [-] [94320] Writing DB stats nova_cell1:SELECT=1 {{(pid=94320) stat_writer /opt/stack/data/venv/lib/python3.12/site-packages/dbcounter.py:115}}
Aug 03 10:53:30.646080 np0000006341 nova-conductor[94320]: DEBUG dbcounter [-] [94320] Writing DB stats nova_cell0:SELECT=1 {{(pid=94320) stat_writer /opt/stack/data/venv/lib/python3.12/site-packages/dbcounter.py:115}}
Aug 03 10:53:36.914964 np0000006341 nova-conductor[95834]: DEBUG dbcounter [-] [95834] Writing DB stats nova_cell0:SELECT=5,nova_cell0:INSERT=1,nova_cell0:UPDATE=1 {{(pid=95834) stat_writer /opt/stack/data/venv/lib/python3.12/site-packages/dbcounter.py:115}}
Aug 03 10:53:36.919079 np0000006341 nova-conductor[95830]: DEBUG dbcounter [-] [95830] Writing DB stats nova_cell0:SELECT=4,nova_cell0:INSERT=1 {{(pid=95830) stat_writer /opt/stack/data/venv/lib/python3.12/site-packages/dbcounter.py:115}}
Aug 03 10:53:36.921856 np0000006341 nova-conductor[95838]: DEBUG dbcounter [-] [95838] Writing DB stats nova_cell0:SELECT=3,nova_cell0:UPDATE=1 {{(pid=95838) stat_writer /opt/stack/data/venv/lib/python3.12/site-packages/dbcounter.py:115}}
Aug 03 10:53:39.912113 np0000006341 nova-conductor[95838]: DEBUG oslo.service.backend._threading.loopingcall [None req-4c107573-2a21-428a-b53f-8ce69fa976c3 None None] Dynamic interval looping call 'nova.service.Service.periodic_tasks' sleeping for 60.00 seconds {{(pid=95838) _run_loop /opt/stack/data/venv/lib/python3.12/site-packages/oslo_service/backend/_threading/loopingcall.py:125}}
Aug 03 10:53:46.913106 np0000006341 nova-conductor[95830]: DEBUG oslo.service.backend._threading.loopingcall [None req-5425d165-1715-4259-999d-3170b7a9ec46 None None] Dynamic interval looping call 'nova.service.Service.periodic_tasks' sleeping for 60.00 seconds {{(pid=95830) _run_loop /opt/stack/data/venv/lib/python3.12/site-packages/oslo_service/backend/_threading/loopingcall.py:125}}
Aug 03 10:54:16.907350 np0000006341 nova-conductor[95834]: DEBUG oslo.service.backend._threading.loopingcall [None req-4a857043-c6d7-49a2-b1eb-b07f5182b70d None None] Dynamic interval looping call 'nova.service.Service.periodic_tasks' sleeping for 60.00 seconds {{(pid=95834) _run_loop /opt/stack/data/venv/lib/python3.12/site-packages/oslo_service/backend/_threading/loopingcall.py:125}}
Aug 03 10:54:39.912564 np0000006341 nova-conductor[95838]: DEBUG oslo.service.backend._threading.loopingcall [None req-4c107573-2a21-428a-b53f-8ce69fa976c3 None None] Dynamic interval looping call 'nova.service.Service.periodic_tasks' sleeping for 60.00 seconds {{(pid=95838) _run_loop /opt/stack/data/venv/lib/python3.12/site-packages/oslo_service/backend/_threading/loopingcall.py:125}}
Aug 03 10:54:46.913591 np0000006341 nova-conductor[95830]: DEBUG oslo.service.backend._threading.loopingcall [None req-5425d165-1715-4259-999d-3170b7a9ec46 None None] Dynamic interval looping call 'nova.service.Service.periodic_tasks' sleeping for 60.00 seconds {{(pid=95830) _run_loop /opt/stack/data/venv/lib/python3.12/site-packages/oslo_service/backend/_threading/loopingcall.py:125}}
Aug 03 10:55:16.907881 np0000006341 nova-conductor[95834]: DEBUG oslo.service.backend._threading.loopingcall [None req-4a857043-c6d7-49a2-b1eb-b07f5182b70d None None] Dynamic interval looping call 'nova.service.Service.periodic_tasks' sleeping for 60.00 seconds {{(pid=95834) _run_loop /opt/stack/data/venv/lib/python3.12/site-packages/oslo_service/backend/_threading/loopingcall.py:125}}
Aug 03 10:55:26.930917 np0000006341 nova-conductor[95834]: DEBUG oslo.service.backend._threading.loopingcall [-] Fixed interval looping call 'nova.servicegroup.drivers.db.DbDriver._report_state' sleeping for 119.98 seconds {{(pid=95834) _run_loop /opt/stack/data/venv/lib/python3.12/site-packages/oslo_service/backend/_threading/loopingcall.py:125}}
Aug 03 10:55:26.931867 np0000006341 nova-conductor[95830]: DEBUG oslo.service.backend._threading.loopingcall [-] Fixed interval looping call 'nova.servicegroup.drivers.db.DbDriver._report_state' sleeping for 119.98 seconds {{(pid=95830) _run_loop /opt/stack/data/venv/lib/python3.12/site-packages/oslo_service/backend/_threading/loopingcall.py:125}}
Aug 03 10:55:26.932361 np0000006341 nova-conductor[95838]: DEBUG oslo.service.backend._threading.loopingcall [-] Fixed interval looping call 'nova.servicegroup.drivers.db.DbDriver._report_state' sleeping for 119.98 seconds {{(pid=95838) _run_loop /opt/stack/data/venv/lib/python3.12/site-packages/oslo_service/backend/_threading/loopingcall.py:125}}
Aug 03 10:55:36.912339 np0000006341 nova-conductor[95834]: DEBUG dbcounter [-] [95834] Writing DB stats nova_cell0:SELECT=1,nova_cell0:UPDATE=1 {{(pid=95834) stat_writer /opt/stack/data/venv/lib/python3.12/site-packages/dbcounter.py:115}}
Aug 03 10:55:36.916914 np0000006341 nova-conductor[95838]: DEBUG dbcounter [-] [95838] Writing DB stats nova_cell0:SELECT=1,nova_cell0:UPDATE=1 {{(pid=95838) stat_writer /opt/stack/data/venv/lib/python3.12/site-packages/dbcounter.py:115}}
Aug 03 10:55:36.917464 np0000006341 nova-conductor[95830]: DEBUG dbcounter [-] [95830] Writing DB stats nova_cell0:SELECT=1,nova_cell0:UPDATE=1 {{(pid=95830) stat_writer /opt/stack/data/venv/lib/python3.12/site-packages/dbcounter.py:115}}
Aug 03 10:55:39.913015 np0000006341 nova-conductor[95838]: DEBUG oslo.service.backend._threading.loopingcall [None req-4c107573-2a21-428a-b53f-8ce69fa976c3 None None] Dynamic interval looping call 'nova.service.Service.periodic_tasks' sleeping for 60.00 seconds {{(pid=95838) _run_loop /opt/stack/data/venv/lib/python3.12/site-packages/oslo_service/backend/_threading/loopingcall.py:125}}
Aug 03 10:55:46.914985 np0000006341 nova-conductor[95830]: DEBUG oslo.service.backend._threading.loopingcall [None req-5425d165-1715-4259-999d-3170b7a9ec46 None None] Dynamic interval looping call 'nova.service.Service.periodic_tasks' sleeping for 60.00 seconds {{(pid=95830) _run_loop /opt/stack/data/venv/lib/python3.12/site-packages/oslo_service/backend/_threading/loopingcall.py:125}}
Aug 03 10:55:47.956129 np0000006341 nova-conductor[95834]: DEBUG oslo_db.sqlalchemy.engines [None req-9779f5b7-0d96-4470-8885-180029c73c3c tempest-DeleteServersTestJSON-1697534913 tempest-DeleteServersTestJSON-1697534913-project-member] Parent process 94320 forked (95834) with an open database connection, which is being discarded and recreated. {{(pid=95834) checkout /opt/stack/data/venv/lib/python3.12/site-packages/oslo_db/sqlalchemy/engines.py:402}}
Aug 03 10:55:47.999759 np0000006341 nova-conductor[95834]: DEBUG dbcounter [-] [95834] Writer thread running {{(pid=95834) stat_writer /opt/stack/data/venv/lib/python3.12/site-packages/dbcounter.py:102}}
Aug 03 10:55:48.872768 np0000006341 nova-conductor[95834]: DEBUG nova.conductor.manager [None req-9779f5b7-0d96-4470-8885-180029c73c3c tempest-DeleteServersTestJSON-1697534913 tempest-DeleteServersTestJSON-1697534913-project-member] Took 0.87 seconds to select destinations for 1 instance(s). {{(pid=95834) _schedule_instances /opt/stack/nova/nova/conductor/manager.py:968}}
Aug 03 10:55:48.896902 np0000006341 nova-conductor[95834]: DEBUG oslo_concurrency.lockutils [None req-9779f5b7-0d96-4470-8885-180029c73c3c tempest-DeleteServersTestJSON-1697534913 tempest-DeleteServersTestJSON-1697534913-project-member] Acquiring lock "87921268-59c0-4b11-99e0-ab68402bfab4" by "nova.context.set_target_cell..get_or_set_cached_cell_and_set_connections" {{(pid=95834) inner /opt/stack/data/venv/lib/python3.12/site-packages/oslo_concurrency/lockutils.py:512}}
Aug 03 10:55:48.896902 np0000006341 nova-conductor[95834]: DEBUG oslo_concurrency.lockutils [None req-9779f5b7-0d96-4470-8885-180029c73c3c tempest-DeleteServersTestJSON-1697534913 tempest-DeleteServersTestJSON-1697534913-project-member] Lock "87921268-59c0-4b11-99e0-ab68402bfab4" acquired by "nova.context.set_target_cell..get_or_set_cached_cell_and_set_connections" :: waited 0.000s {{(pid=95834) inner /opt/stack/data/venv/lib/python3.12/site-packages/oslo_concurrency/lockutils.py:525}}
Aug 03 10:55:48.897513 np0000006341 nova-conductor[95834]: DEBUG oslo_concurrency.lockutils [None req-9779f5b7-0d96-4470-8885-180029c73c3c tempest-DeleteServersTestJSON-1697534913 tempest-DeleteServersTestJSON-1697534913-project-member] Lock "87921268-59c0-4b11-99e0-ab68402bfab4" "released" by "nova.context.set_target_cell..get_or_set_cached_cell_and_set_connections" :: held 0.001s {{(pid=95834) inner /opt/stack/data/venv/lib/python3.12/site-packages/oslo_concurrency/lockutils.py:544}}
Aug 03 10:55:48.899048 np0000006341 nova-conductor[95834]: INFO dbcounter [None req-9779f5b7-0d96-4470-8885-180029c73c3c tempest-DeleteServersTestJSON-1697534913 tempest-DeleteServersTestJSON-1697534913-project-member] Registered counter for database nova_cell1
Aug 03 10:55:48.928641 np0000006341 nova-conductor[95834]: DEBUG oslo_db.sqlalchemy.engines [None req-9779f5b7-0d96-4470-8885-180029c73c3c tempest-DeleteServersTestJSON-1697534913 tempest-DeleteServersTestJSON-1697534913-project-member] MySQL server mode set to STRICT_TRANS_TABLES,STRICT_ALL_TABLES,NO_ZERO_IN_DATE,NO_ZERO_DATE,ERROR_FOR_DIVISION_BY_ZERO,TRADITIONAL,NO_ENGINE_SUBSTITUTION {{(pid=95834) _check_effective_sql_mode /opt/stack/data/venv/lib/python3.12/site-packages/oslo_db/sqlalchemy/engines.py:325}}
Aug 03 10:55:48.934007 np0000006341 nova-conductor[95834]: DEBUG dbcounter [-] [95834] Writer thread running {{(pid=95834) stat_writer /opt/stack/data/venv/lib/python3.12/site-packages/dbcounter.py:102}}
Aug 03 10:55:48.986153 np0000006341 nova-conductor[95834]: INFO nova.utils [None req-9779f5b7-0d96-4470-8885-180029c73c3c tempest-DeleteServersTestJSON-1697534913 tempest-DeleteServersTestJSON-1697534913-project-member] The cell worker thread pool ForkProcess-2.cell_worker is initialized
Aug 03 10:55:48.986671 np0000006341 nova-conductor[95834]: DEBUG oslo_concurrency.lockutils [None req-9779f5b7-0d96-4470-8885-180029c73c3c tempest-DeleteServersTestJSON-1697534913 tempest-DeleteServersTestJSON-1697534913-project-member] Acquiring lock "00000000-0000-0000-0000-000000000000" by "nova.context.set_target_cell..get_or_set_cached_cell_and_set_connections" {{(pid=95834) inner /opt/stack/data/venv/lib/python3.12/site-packages/oslo_concurrency/lockutils.py:512}}
Aug 03 10:55:48.986671 np0000006341 nova-conductor[95834]: DEBUG oslo_concurrency.lockutils [None req-9779f5b7-0d96-4470-8885-180029c73c3c tempest-DeleteServersTestJSON-1697534913 tempest-DeleteServersTestJSON-1697534913-project-member] Lock "00000000-0000-0000-0000-000000000000" acquired by "nova.context.set_target_cell..get_or_set_cached_cell_and_set_connections" :: waited 0.000s {{(pid=95834) inner /opt/stack/data/venv/lib/python3.12/site-packages/oslo_concurrency/lockutils.py:525}}
Aug 03 10:55:48.987026 np0000006341 nova-conductor[95834]: DEBUG oslo_concurrency.lockutils [None req-9779f5b7-0d96-4470-8885-180029c73c3c tempest-DeleteServersTestJSON-1697534913 tempest-DeleteServersTestJSON-1697534913-project-member] Lock "00000000-0000-0000-0000-000000000000" "released" by "nova.context.set_target_cell..get_or_set_cached_cell_and_set_connections" :: held 0.000s {{(pid=95834) inner /opt/stack/data/venv/lib/python3.12/site-packages/oslo_concurrency/lockutils.py:544}}
Aug 03 10:55:48.987945 np0000006341 nova-conductor[95834]: DEBUG oslo_concurrency.lockutils [None req-9779f5b7-0d96-4470-8885-180029c73c3c tempest-DeleteServersTestJSON-1697534913 tempest-DeleteServersTestJSON-1697534913-project-member] Acquiring lock "87921268-59c0-4b11-99e0-ab68402bfab4" by "nova.context.set_target_cell..get_or_set_cached_cell_and_set_connections" {{(pid=95834) inner /opt/stack/data/venv/lib/python3.12/site-packages/oslo_concurrency/lockutils.py:512}}
Aug 03 10:55:48.988101 np0000006341 nova-conductor[95834]: DEBUG oslo_concurrency.lockutils [None req-9779f5b7-0d96-4470-8885-180029c73c3c tempest-DeleteServersTestJSON-1697534913 tempest-DeleteServersTestJSON-1697534913-project-member] Lock "87921268-59c0-4b11-99e0-ab68402bfab4" acquired by "nova.context.set_target_cell..get_or_set_cached_cell_and_set_connections" :: waited 0.000s {{(pid=95834) inner /opt/stack/data/venv/lib/python3.12/site-packages/oslo_concurrency/lockutils.py:525}}
Aug 03 10:55:48.989773 np0000006341 nova-conductor[95834]: INFO dbcounter [None req-9779f5b7-0d96-4470-8885-180029c73c3c tempest-DeleteServersTestJSON-1697534913 tempest-DeleteServersTestJSON-1697534913-project-member] Registered counter for database nova_cell0
Aug 03 10:55:48.991313 np0000006341 nova-conductor[95834]: DEBUG oslo_concurrency.lockutils [None req-9779f5b7-0d96-4470-8885-180029c73c3c tempest-DeleteServersTestJSON-1697534913 tempest-DeleteServersTestJSON-1697534913-project-member] Lock "87921268-59c0-4b11-99e0-ab68402bfab4" "released" by "nova.context.set_target_cell..get_or_set_cached_cell_and_set_connections" :: held 0.001s {{(pid=95834) inner /opt/stack/data/venv/lib/python3.12/site-packages/oslo_concurrency/lockutils.py:544}}
Aug 03 10:55:49.023784 np0000006341 nova-conductor[95834]: DEBUG oslo_db.sqlalchemy.engines [None req-9779f5b7-0d96-4470-8885-180029c73c3c tempest-DeleteServersTestJSON-1697534913 tempest-DeleteServersTestJSON-1697534913-project-member] MySQL server mode set to STRICT_TRANS_TABLES,STRICT_ALL_TABLES,NO_ZERO_IN_DATE,NO_ZERO_DATE,ERROR_FOR_DIVISION_BY_ZERO,TRADITIONAL,NO_ENGINE_SUBSTITUTION {{(pid=95834) _check_effective_sql_mode /opt/stack/data/venv/lib/python3.12/site-packages/oslo_db/sqlalchemy/engines.py:325}}
Aug 03 10:55:49.028795 np0000006341 nova-conductor[95834]: DEBUG dbcounter [-] [95834] Writer thread running {{(pid=95834) stat_writer /opt/stack/data/venv/lib/python3.12/site-packages/dbcounter.py:102}}
Aug 03 10:55:49.039427 np0000006341 nova-conductor[95834]: DEBUG nova.quota [None req-9779f5b7-0d96-4470-8885-180029c73c3c tempest-DeleteServersTestJSON-1697534913 tempest-DeleteServersTestJSON-1697534913-project-member] Getting quotas for project 9785e2dc24cc42a2993ea012a0d2ac40. Resources: {'cores', 'ram', 'instances'} {{(pid=95834) _get_quotas /opt/stack/nova/nova/quota.py:389}}
Aug 03 10:55:49.043104 np0000006341 nova-conductor[95834]: DEBUG nova.quota [None req-9779f5b7-0d96-4470-8885-180029c73c3c tempest-DeleteServersTestJSON-1697534913 tempest-DeleteServersTestJSON-1697534913-project-member] Getting quotas for user e3d15fa0367e450bb3a5df386a40903c and project 9785e2dc24cc42a2993ea012a0d2ac40. Resources: {'cores', 'ram', 'instances'} {{(pid=95834) _get_quotas /opt/stack/nova/nova/quota.py:379}}
Aug 03 10:55:49.055072 np0000006341 nova-conductor[95834]: DEBUG nova.conductor.manager [None req-9779f5b7-0d96-4470-8885-180029c73c3c tempest-DeleteServersTestJSON-1697534913 tempest-DeleteServersTestJSON-1697534913-project-member] [instance: e572aa59-1f85-4614-92e4-1262e4a54126] Selected host: np0000006341; Selected node: np0000006341; Alternates: [] {{(pid=95834) schedule_and_build_instances /opt/stack/nova/nova/conductor/manager.py:1784}}
Aug 03 10:55:49.055678 np0000006341 nova-conductor[95834]: DEBUG oslo_concurrency.lockutils [None req-9779f5b7-0d96-4470-8885-180029c73c3c tempest-DeleteServersTestJSON-1697534913 tempest-DeleteServersTestJSON-1697534913-project-member] Acquiring lock "87921268-59c0-4b11-99e0-ab68402bfab4" by "nova.context.set_target_cell..get_or_set_cached_cell_and_set_connections" {{(pid=95834) inner /opt/stack/data/venv/lib/python3.12/site-packages/oslo_concurrency/lockutils.py:512}}
Aug 03 10:55:49.055870 np0000006341 nova-conductor[95834]: DEBUG oslo_concurrency.lockutils [None req-9779f5b7-0d96-4470-8885-180029c73c3c tempest-DeleteServersTestJSON-1697534913 tempest-DeleteServersTestJSON-1697534913-project-member] Lock "87921268-59c0-4b11-99e0-ab68402bfab4" acquired by "nova.context.set_target_cell..get_or_set_cached_cell_and_set_connections" :: waited 0.000s {{(pid=95834) inner /opt/stack/data/venv/lib/python3.12/site-packages/oslo_concurrency/lockutils.py:525}}
Aug 03 10:55:49.056013 np0000006341 nova-conductor[95834]: DEBUG oslo_concurrency.lockutils [None req-9779f5b7-0d96-4470-8885-180029c73c3c tempest-DeleteServersTestJSON-1697534913 tempest-DeleteServersTestJSON-1697534913-project-member] Lock "87921268-59c0-4b11-99e0-ab68402bfab4" "released" by "nova.context.set_target_cell..get_or_set_cached_cell_and_set_connections" :: held 0.000s {{(pid=95834) inner /opt/stack/data/venv/lib/python3.12/site-packages/oslo_concurrency/lockutils.py:544}}
Aug 03 10:55:49.070290 np0000006341 nova-conductor[95834]: DEBUG nova.conductor.manager [None req-9779f5b7-0d96-4470-8885-180029c73c3c tempest-DeleteServersTestJSON-1697534913 tempest-DeleteServersTestJSON-1697534913-project-member] [instance: e572aa59-1f85-4614-92e4-1262e4a54126] block_device_mapping [BlockDeviceMapping(attachment_id=,boot_index=0,connection_info=None,created_at=,delete_on_termination=True,deleted=,deleted_at=,destination_type='local',device_name=None,device_type='disk',disk_bus=None,encrypted=False,encryption_format=None,encryption_options=None,encryption_secret_uuid=None,guest_format=None,id=,image_id='d6942376-820b-4d93-a4fc-66cbffdef102',instance=,instance_uuid=,no_device=False,snapshot_id=None,source_type='image',tag=None,updated_at=,uuid=,volume_id=None,volume_size=None,volume_type=None)] {{(pid=95834) _create_block_device_mapping /opt/stack/nova/nova/conductor/manager.py:1529}}
Aug 03 10:55:49.071597 np0000006341 nova-conductor[95834]: DEBUG oslo_concurrency.lockutils [None req-9779f5b7-0d96-4470-8885-180029c73c3c tempest-DeleteServersTestJSON-1697534913 tempest-DeleteServersTestJSON-1697534913-project-member] Acquiring lock "87921268-59c0-4b11-99e0-ab68402bfab4" by "nova.context.set_target_cell..get_or_set_cached_cell_and_set_connections" {{(pid=95834) inner /opt/stack/data/venv/lib/python3.12/site-packages/oslo_concurrency/lockutils.py:512}}
Aug 03 10:55:49.072211 np0000006341 nova-conductor[95834]: DEBUG oslo_concurrency.lockutils [None req-9779f5b7-0d96-4470-8885-180029c73c3c tempest-DeleteServersTestJSON-1697534913 tempest-DeleteServersTestJSON-1697534913-project-member] Lock "87921268-59c0-4b11-99e0-ab68402bfab4" acquired by "nova.context.set_target_cell..get_or_set_cached_cell_and_set_connections" :: waited 0.000s {{(pid=95834) inner /opt/stack/data/venv/lib/python3.12/site-packages/oslo_concurrency/lockutils.py:525}}
Aug 03 10:55:49.072211 np0000006341 nova-conductor[95834]: DEBUG oslo_concurrency.lockutils [None req-9779f5b7-0d96-4470-8885-180029c73c3c tempest-DeleteServersTestJSON-1697534913 tempest-DeleteServersTestJSON-1697534913-project-member] Lock "87921268-59c0-4b11-99e0-ab68402bfab4" "released" by "nova.context.set_target_cell..get_or_set_cached_cell_and_set_connections" :: held 0.000s {{(pid=95834) inner /opt/stack/data/venv/lib/python3.12/site-packages/oslo_concurrency/lockutils.py:544}}
Aug 03 10:55:49.116435 np0000006341 nova-conductor[95834]: DEBUG oslo_concurrency.lockutils [None req-9779f5b7-0d96-4470-8885-180029c73c3c tempest-DeleteServersTestJSON-1697534913 tempest-DeleteServersTestJSON-1697534913-project-member] Acquiring lock "87921268-59c0-4b11-99e0-ab68402bfab4" by "nova.context.set_target_cell..get_or_set_cached_cell_and_set_connections" {{(pid=95834) inner /opt/stack/data/venv/lib/python3.12/site-packages/oslo_concurrency/lockutils.py:512}}
Aug 03 10:55:49.116532 np0000006341 nova-conductor[95834]: DEBUG oslo_concurrency.lockutils [None req-9779f5b7-0d96-4470-8885-180029c73c3c tempest-DeleteServersTestJSON-1697534913 tempest-DeleteServersTestJSON-1697534913-project-member] Lock "87921268-59c0-4b11-99e0-ab68402bfab4" acquired by "nova.context.set_target_cell..get_or_set_cached_cell_and_set_connections" :: waited 0.000s {{(pid=95834) inner /opt/stack/data/venv/lib/python3.12/site-packages/oslo_concurrency/lockutils.py:525}}
Aug 03 10:55:49.116678 np0000006341 nova-conductor[95834]: DEBUG oslo_concurrency.lockutils [None req-9779f5b7-0d96-4470-8885-180029c73c3c tempest-DeleteServersTestJSON-1697534913 tempest-DeleteServersTestJSON-1697534913-project-member] Lock "87921268-59c0-4b11-99e0-ab68402bfab4" "released" by "nova.context.set_target_cell..get_or_set_cached_cell_and_set_connections" :: held 0.000s {{(pid=95834) inner /opt/stack/data/venv/lib/python3.12/site-packages/oslo_concurrency/lockutils.py:544}}
Aug 03 10:55:49.116848 np0000006341 nova-conductor[95834]: DEBUG oslo_concurrency.lockutils [None req-9779f5b7-0d96-4470-8885-180029c73c3c tempest-DeleteServersTestJSON-1697534913 tempest-DeleteServersTestJSON-1697534913-project-member] Acquiring lock "compute-rpcapi-router" {{(pid=95834) lock /opt/stack/data/venv/lib/python3.12/site-packages/oslo_concurrency/lockutils.py:396}}
Aug 03 10:55:49.116927 np0000006341 nova-conductor[95834]: DEBUG oslo_concurrency.lockutils [None req-9779f5b7-0d96-4470-8885-180029c73c3c tempest-DeleteServersTestJSON-1697534913 tempest-DeleteServersTestJSON-1697534913-project-member] Acquired lock "compute-rpcapi-router" {{(pid=95834) lock /opt/stack/data/venv/lib/python3.12/site-packages/oslo_concurrency/lockutils.py:399}}
Aug 03 10:55:49.117238 np0000006341 nova-conductor[95834]: DEBUG oslo_concurrency.lockutils [None req-8cf500ee-d065-4ae1-9cc0-35d4318f0505 None None] Acquiring lock "00000000-0000-0000-0000-000000000000" by "nova.context.set_target_cell..get_or_set_cached_cell_and_set_connections" {{(pid=95834) inner /opt/stack/data/venv/lib/python3.12/site-packages/oslo_concurrency/lockutils.py:512}}
Aug 03 10:55:49.117540 np0000006341 nova-conductor[95834]: DEBUG oslo_concurrency.lockutils [None req-8cf500ee-d065-4ae1-9cc0-35d4318f0505 None None] Lock "00000000-0000-0000-0000-000000000000" acquired by "nova.context.set_target_cell..get_or_set_cached_cell_and_set_connections" :: waited 0.000s {{(pid=95834) inner /opt/stack/data/venv/lib/python3.12/site-packages/oslo_concurrency/lockutils.py:525}}
Aug 03 10:55:49.117540 np0000006341 nova-conductor[95834]: DEBUG oslo_concurrency.lockutils [None req-8cf500ee-d065-4ae1-9cc0-35d4318f0505 None None] Lock "00000000-0000-0000-0000-000000000000" "released" by "nova.context.set_target_cell..get_or_set_cached_cell_and_set_connections" :: held 0.000s {{(pid=95834) inner /opt/stack/data/venv/lib/python3.12/site-packages/oslo_concurrency/lockutils.py:544}}
Aug 03 10:55:49.118057 np0000006341 nova-conductor[95834]: DEBUG oslo_concurrency.lockutils [None req-8cf500ee-d065-4ae1-9cc0-35d4318f0505 None None] Acquiring lock "87921268-59c0-4b11-99e0-ab68402bfab4" by "nova.context.set_target_cell..get_or_set_cached_cell_and_set_connections" {{(pid=95834) inner /opt/stack/data/venv/lib/python3.12/site-packages/oslo_concurrency/lockutils.py:512}}
Aug 03 10:55:49.118177 np0000006341 nova-conductor[95834]: DEBUG oslo_concurrency.lockutils [None req-8cf500ee-d065-4ae1-9cc0-35d4318f0505 None None] Lock "87921268-59c0-4b11-99e0-ab68402bfab4" acquired by "nova.context.set_target_cell..get_or_set_cached_cell_and_set_connections" :: waited 0.000s {{(pid=95834) inner /opt/stack/data/venv/lib/python3.12/site-packages/oslo_concurrency/lockutils.py:525}}
Aug 03 10:55:49.118571 np0000006341 nova-conductor[95834]: DEBUG oslo_concurrency.lockutils [None req-8cf500ee-d065-4ae1-9cc0-35d4318f0505 None None] Lock "87921268-59c0-4b11-99e0-ab68402bfab4" "released" by "nova.context.set_target_cell..get_or_set_cached_cell_and_set_connections" :: held 0.000s {{(pid=95834) inner /opt/stack/data/venv/lib/python3.12/site-packages/oslo_concurrency/lockutils.py:544}}
Aug 03 10:55:49.127910 np0000006341 nova-conductor[95834]: INFO nova.compute.rpcapi [None req-8cf500ee-d065-4ae1-9cc0-35d4318f0505 None None] Automatically selected compute RPC version 6.5 from minimum service version 72
Aug 03 10:55:49.128116 np0000006341 nova-conductor[95834]: DEBUG oslo_concurrency.lockutils [None req-8cf500ee-d065-4ae1-9cc0-35d4318f0505 None None] Releasing lock "compute-rpcapi-router" {{(pid=95834) lock /opt/stack/data/venv/lib/python3.12/site-packages/oslo_concurrency/lockutils.py:419}}
Aug 03 10:55:49.603325 np0000006341 nova-conductor[95838]: DEBUG dbcounter [-] [95838] Writer thread running {{(pid=95838) stat_writer /opt/stack/data/venv/lib/python3.12/site-packages/dbcounter.py:102}}
Aug 03 10:55:50.076174 np0000006341 nova-conductor[95838]: DEBUG nova.conductor.manager [None req-9e6953e8-3fb5-4a0e-a693-39e220953711 tempest-ServerBootFromVolumeStableRescueTest-619107953 tempest-ServerBootFromVolumeStableRescueTest-619107953-project-member] Took 0.47 seconds to select destinations for 1 instance(s). {{(pid=95838) _schedule_instances /opt/stack/nova/nova/conductor/manager.py:968}}
Aug 03 10:55:50.114343 np0000006341 nova-conductor[95838]: DEBUG oslo_concurrency.lockutils [None req-9e6953e8-3fb5-4a0e-a693-39e220953711 tempest-ServerBootFromVolumeStableRescueTest-619107953 tempest-ServerBootFromVolumeStableRescueTest-619107953-project-member] Acquiring lock "87921268-59c0-4b11-99e0-ab68402bfab4" by "nova.context.set_target_cell..get_or_set_cached_cell_and_set_connections" {{(pid=95838) inner /opt/stack/data/venv/lib/python3.12/site-packages/oslo_concurrency/lockutils.py:512}}
Aug 03 10:55:50.114592 np0000006341 nova-conductor[95838]: DEBUG oslo_concurrency.lockutils [None req-9e6953e8-3fb5-4a0e-a693-39e220953711 tempest-ServerBootFromVolumeStableRescueTest-619107953 tempest-ServerBootFromVolumeStableRescueTest-619107953-project-member] Lock "87921268-59c0-4b11-99e0-ab68402bfab4" acquired by "nova.context.set_target_cell..get_or_set_cached_cell_and_set_connections" :: waited 0.000s {{(pid=95838) inner /opt/stack/data/venv/lib/python3.12/site-packages/oslo_concurrency/lockutils.py:525}}
Aug 03 10:55:50.116119 np0000006341 nova-conductor[95838]: DEBUG oslo_concurrency.lockutils [None req-9e6953e8-3fb5-4a0e-a693-39e220953711 tempest-ServerBootFromVolumeStableRescueTest-619107953 tempest-ServerBootFromVolumeStableRescueTest-619107953-project-member] Lock "87921268-59c0-4b11-99e0-ab68402bfab4" "released" by "nova.context.set_target_cell..get_or_set_cached_cell_and_set_connections" :: held 0.001s {{(pid=95838) inner /opt/stack/data/venv/lib/python3.12/site-packages/oslo_concurrency/lockutils.py:544}}
Aug 03 10:55:50.118126 np0000006341 nova-conductor[95838]: INFO dbcounter [None req-9e6953e8-3fb5-4a0e-a693-39e220953711 tempest-ServerBootFromVolumeStableRescueTest-619107953 tempest-ServerBootFromVolumeStableRescueTest-619107953-project-member] Registered counter for database nova_cell1
Aug 03 10:55:50.159385 np0000006341 nova-conductor[95838]: DEBUG oslo_db.sqlalchemy.engines [None req-9e6953e8-3fb5-4a0e-a693-39e220953711 tempest-ServerBootFromVolumeStableRescueTest-619107953 tempest-ServerBootFromVolumeStableRescueTest-619107953-project-member] MySQL server mode set to STRICT_TRANS_TABLES,STRICT_ALL_TABLES,NO_ZERO_IN_DATE,NO_ZERO_DATE,ERROR_FOR_DIVISION_BY_ZERO,TRADITIONAL,NO_ENGINE_SUBSTITUTION {{(pid=95838) _check_effective_sql_mode /opt/stack/data/venv/lib/python3.12/site-packages/oslo_db/sqlalchemy/engines.py:325}}
Aug 03 10:55:50.166353 np0000006341 nova-conductor[95838]: DEBUG dbcounter [-] [95838] Writer thread running {{(pid=95838) stat_writer /opt/stack/data/venv/lib/python3.12/site-packages/dbcounter.py:102}}
Aug 03 10:55:50.215542 np0000006341 nova-conductor[95838]: INFO nova.utils [None req-9e6953e8-3fb5-4a0e-a693-39e220953711 tempest-ServerBootFromVolumeStableRescueTest-619107953 tempest-ServerBootFromVolumeStableRescueTest-619107953-project-member] The cell worker thread pool ForkProcess-3.cell_worker is initialized
Aug 03 10:55:50.215836 np0000006341 nova-conductor[95838]: DEBUG oslo_concurrency.lockutils [None req-9e6953e8-3fb5-4a0e-a693-39e220953711 tempest-ServerBootFromVolumeStableRescueTest-619107953 tempest-ServerBootFromVolumeStableRescueTest-619107953-project-member] Acquiring lock "00000000-0000-0000-0000-000000000000" by "nova.context.set_target_cell..get_or_set_cached_cell_and_set_connections" {{(pid=95838) inner /opt/stack/data/venv/lib/python3.12/site-packages/oslo_concurrency/lockutils.py:512}}
Aug 03 10:55:50.216003 np0000006341 nova-conductor[95838]: DEBUG oslo_concurrency.lockutils [None req-9e6953e8-3fb5-4a0e-a693-39e220953711 tempest-ServerBootFromVolumeStableRescueTest-619107953 tempest-ServerBootFromVolumeStableRescueTest-619107953-project-member] Lock "00000000-0000-0000-0000-000000000000" acquired by "nova.context.set_target_cell..get_or_set_cached_cell_and_set_connections" :: waited 0.000s {{(pid=95838) inner /opt/stack/data/venv/lib/python3.12/site-packages/oslo_concurrency/lockutils.py:525}}
Aug 03 10:55:50.216378 np0000006341 nova-conductor[95838]: DEBUG oslo_concurrency.lockutils [None req-9e6953e8-3fb5-4a0e-a693-39e220953711 tempest-ServerBootFromVolumeStableRescueTest-619107953 tempest-ServerBootFromVolumeStableRescueTest-619107953-project-member] Lock "00000000-0000-0000-0000-000000000000" "released" by "nova.context.set_target_cell..get_or_set_cached_cell_and_set_connections" :: held 0.000s {{(pid=95838) inner /opt/stack/data/venv/lib/python3.12/site-packages/oslo_concurrency/lockutils.py:544}}
Aug 03 10:55:50.217071 np0000006341 nova-conductor[95838]: DEBUG oslo_concurrency.lockutils [None req-9e6953e8-3fb5-4a0e-a693-39e220953711 tempest-ServerBootFromVolumeStableRescueTest-619107953 tempest-ServerBootFromVolumeStableRescueTest-619107953-project-member] Acquiring lock "87921268-59c0-4b11-99e0-ab68402bfab4" by "nova.context.set_target_cell..get_or_set_cached_cell_and_set_connections" {{(pid=95838) inner /opt/stack/data/venv/lib/python3.12/site-packages/oslo_concurrency/lockutils.py:512}}
Aug 03 10:55:50.218648 np0000006341 nova-conductor[95838]: INFO dbcounter [None req-9e6953e8-3fb5-4a0e-a693-39e220953711 tempest-ServerBootFromVolumeStableRescueTest-619107953 tempest-ServerBootFromVolumeStableRescueTest-619107953-project-member] Registered counter for database nova_cell0
Aug 03 10:55:50.220003 np0000006341 nova-conductor[95838]: DEBUG oslo_concurrency.lockutils [None req-9e6953e8-3fb5-4a0e-a693-39e220953711 tempest-ServerBootFromVolumeStableRescueTest-619107953 tempest-ServerBootFromVolumeStableRescueTest-619107953-project-member] Lock "87921268-59c0-4b11-99e0-ab68402bfab4" acquired by "nova.context.set_target_cell..get_or_set_cached_cell_and_set_connections" :: waited 0.001s {{(pid=95838) inner /opt/stack/data/venv/lib/python3.12/site-packages/oslo_concurrency/lockutils.py:525}}
