Aug 06 03:05:26.087798 np0000006611 nova-scheduler[97290]: DEBUG cotyledon.oslo_config_glue [-] workarounds.never_download_image_if_on_rbd = False {{(pid=97290) log_opt_values /opt/stack/data/venv/lib/python3.12/site-packages/oslo_config/cfg.py:3545}}
Aug 06 03:05:26.087798 np0000006611 nova-scheduler[97290]: DEBUG cotyledon.oslo_config_glue [-] workarounds.qemu_monitor_announce_self_count = 3 {{(pid=97290) log_opt_values /opt/stack/data/venv/lib/python3.12/site-packages/oslo_config/cfg.py:3545}}
Aug 06 03:05:26.087798 np0000006611 nova-scheduler[97290]: DEBUG cotyledon.oslo_config_glue [-] workarounds.qemu_monitor_announce_self_interval = 1 {{(pid=97290) log_opt_values /opt/stack/data/venv/lib/python3.12/site-packages/oslo_config/cfg.py:3545}}
Aug 06 03:05:26.087798 np0000006611 nova-scheduler[97290]: DEBUG cotyledon.oslo_config_glue [-] workarounds.reserve_disk_resource_for_image_cache = False {{(pid=97290) log_opt_values /opt/stack/data/venv/lib/python3.12/site-packages/oslo_config/cfg.py:3545}}
Aug 06 03:05:26.087798 np0000006611 nova-scheduler[97290]: DEBUG cotyledon.oslo_config_glue [-] workarounds.skip_cpu_compare_at_startup = False {{(pid=97290) log_opt_values /opt/stack/data/venv/lib/python3.12/site-packages/oslo_config/cfg.py:3545}}
Aug 06 03:05:26.087798 np0000006611 nova-scheduler[97290]: DEBUG cotyledon.oslo_config_glue [-] workarounds.skip_cpu_compare_on_dest = False {{(pid=97290) log_opt_values /opt/stack/data/venv/lib/python3.12/site-packages/oslo_config/cfg.py:3545}}
Aug 06 03:05:26.087798 np0000006611 nova-scheduler[97290]: DEBUG cotyledon.oslo_config_glue [-] workarounds.skip_hypervisor_version_check_on_lm = False {{(pid=97290) log_opt_values /opt/stack/data/venv/lib/python3.12/site-packages/oslo_config/cfg.py:3545}}
Aug 06 03:05:26.088015 np0000006611 nova-scheduler[97290]: DEBUG cotyledon.oslo_config_glue [-] workarounds.skip_reserve_in_use_ironic_nodes = False {{(pid=97290) log_opt_values /opt/stack/data/venv/lib/python3.12/site-packages/oslo_config/cfg.py:3545}}
Aug 06 03:05:26.088015 np0000006611 nova-scheduler[97290]: DEBUG cotyledon.oslo_config_glue [-] workarounds.unified_limits_count_pcpu_as_vcpu = False {{(pid=97290) log_opt_values /opt/stack/data/venv/lib/python3.12/site-packages/oslo_config/cfg.py:3545}}
Aug 06 03:05:26.088015 np0000006611 nova-scheduler[97290]: DEBUG cotyledon.oslo_config_glue [-] workarounds.wait_for_vif_plugged_event_during_hard_reboot = [] {{(pid=97290) log_opt_values /opt/stack/data/venv/lib/python3.12/site-packages/oslo_config/cfg.py:3545}}
Aug 06 03:05:26.088015 np0000006611 nova-scheduler[97290]: DEBUG cotyledon.oslo_config_glue [-] wsgi.api_paste_config = /etc/nova/api-paste.ini {{(pid=97290) log_opt_values /opt/stack/data/venv/lib/python3.12/site-packages/oslo_config/cfg.py:3545}}
Aug 06 03:05:26.088015 np0000006611 nova-scheduler[97290]: DEBUG cotyledon.oslo_config_glue [-] wsgi.secure_proxy_ssl_header = None {{(pid=97290) log_opt_values /opt/stack/data/venv/lib/python3.12/site-packages/oslo_config/cfg.py:3545}}
Aug 06 03:05:26.088015 np0000006611 nova-scheduler[97290]: DEBUG cotyledon.oslo_config_glue [-] zvm.ca_file = None {{(pid=97290) log_opt_values /opt/stack/data/venv/lib/python3.12/site-packages/oslo_config/cfg.py:3545}}
Aug 06 03:05:26.088015 np0000006611 nova-scheduler[97290]: DEBUG cotyledon.oslo_config_glue [-] zvm.cloud_connector_url = None {{(pid=97290) log_opt_values /opt/stack/data/venv/lib/python3.12/site-packages/oslo_config/cfg.py:3545}}
Aug 06 03:05:26.088015 np0000006611 nova-scheduler[97290]: DEBUG cotyledon.oslo_config_glue [-] zvm.image_tmp_path = /opt/stack/data/nova/images {{(pid=97290) log_opt_values /opt/stack/data/venv/lib/python3.12/site-packages/oslo_config/cfg.py:3545}}
Aug 06 03:05:26.088015 np0000006611 nova-scheduler[97290]: DEBUG cotyledon.oslo_config_glue [-] zvm.reachable_timeout = 300 {{(pid=97290) log_opt_values /opt/stack/data/venv/lib/python3.12/site-packages/oslo_config/cfg.py:3545}}
Aug 06 03:05:26.088231 np0000006611 nova-scheduler[97290]: DEBUG cotyledon.oslo_config_glue [-] oslo_versionedobjects.fatal_exception_format_errors = False {{(pid=97290) log_opt_values /opt/stack/data/venv/lib/python3.12/site-packages/oslo_config/cfg.py:3545}}
Aug 06 03:05:26.088231 np0000006611 nova-scheduler[97290]: DEBUG cotyledon.oslo_config_glue [-] oslo_middleware.http_basic_auth_user_file = /etc/htpasswd {{(pid=97290) log_opt_values /opt/stack/data/venv/lib/python3.12/site-packages/oslo_config/cfg.py:3545}}
Aug 06 03:05:26.088231 np0000006611 nova-scheduler[97290]: DEBUG cotyledon.oslo_config_glue [-] oslo_messaging_metrics.metrics_buffer_size = 1000 {{(pid=97290) log_opt_values /opt/stack/data/venv/lib/python3.12/site-packages/oslo_config/cfg.py:3545}}
Aug 06 03:05:26.088231 np0000006611 nova-scheduler[97290]: DEBUG cotyledon.oslo_config_glue [-] oslo_messaging_metrics.metrics_enabled = False {{(pid=97290) log_opt_values /opt/stack/data/venv/lib/python3.12/site-packages/oslo_config/cfg.py:3545}}
Aug 06 03:05:26.088231 np0000006611 nova-scheduler[97290]: DEBUG cotyledon.oslo_config_glue [-] oslo_messaging_metrics.metrics_process_name = {{(pid=97290) log_opt_values /opt/stack/data/venv/lib/python3.12/site-packages/oslo_config/cfg.py:3545}}
Aug 06 03:05:26.088231 np0000006611 nova-scheduler[97290]: DEBUG cotyledon.oslo_config_glue [-] oslo_messaging_metrics.metrics_socket_file = /var/tmp/metrics_collector.sock {{(pid=97290) log_opt_values /opt/stack/data/venv/lib/python3.12/site-packages/oslo_config/cfg.py:3545}}
Aug 06 03:05:26.088231 np0000006611 nova-scheduler[97290]: DEBUG cotyledon.oslo_config_glue [-] oslo_messaging_metrics.metrics_thread_stop_timeout = 10 {{(pid=97290) log_opt_values /opt/stack/data/venv/lib/python3.12/site-packages/oslo_config/cfg.py:3545}}
Aug 06 03:05:26.088231 np0000006611 nova-scheduler[97290]: DEBUG cotyledon.oslo_config_glue [-] profiler.connection_string = messaging:// {{(pid=97290) log_opt_values /opt/stack/data/venv/lib/python3.12/site-packages/oslo_config/cfg.py:3545}}
Aug 06 03:05:26.088420 np0000006611 nova-scheduler[97290]: DEBUG cotyledon.oslo_config_glue [-] profiler.enabled = False {{(pid=97290) log_opt_values /opt/stack/data/venv/lib/python3.12/site-packages/oslo_config/cfg.py:3545}}
Aug 06 03:05:26.088420 np0000006611 nova-scheduler[97290]: DEBUG cotyledon.oslo_config_glue [-] profiler.es_doc_type = notification {{(pid=97290) log_opt_values /opt/stack/data/venv/lib/python3.12/site-packages/oslo_config/cfg.py:3545}}
Aug 06 03:05:26.088420 np0000006611 nova-scheduler[97290]: DEBUG cotyledon.oslo_config_glue [-] profiler.es_scroll_size = 10000 {{(pid=97290) log_opt_values /opt/stack/data/venv/lib/python3.12/site-packages/oslo_config/cfg.py:3545}}
Aug 06 03:05:26.088420 np0000006611 nova-scheduler[97290]: DEBUG cotyledon.oslo_config_glue [-] profiler.es_scroll_time = 2m {{(pid=97290) log_opt_values /opt/stack/data/venv/lib/python3.12/site-packages/oslo_config/cfg.py:3545}}
Aug 06 03:05:26.088420 np0000006611 nova-scheduler[97290]: DEBUG cotyledon.oslo_config_glue [-] profiler.filter_error_trace = False {{(pid=97290) log_opt_values /opt/stack/data/venv/lib/python3.12/site-packages/oslo_config/cfg.py:3545}}
Aug 06 03:05:26.088420 np0000006611 nova-scheduler[97290]: DEBUG cotyledon.oslo_config_glue [-] profiler.hmac_keys = **** {{(pid=97290) log_opt_values /opt/stack/data/venv/lib/python3.12/site-packages/oslo_config/cfg.py:3545}}
Aug 06 03:05:26.088420 np0000006611 nova-scheduler[97290]: DEBUG cotyledon.oslo_config_glue [-] profiler.sentinel_service_name = mymaster {{(pid=97290) log_opt_values /opt/stack/data/venv/lib/python3.12/site-packages/oslo_config/cfg.py:3545}}
Aug 06 03:05:26.088420 np0000006611 nova-scheduler[97290]: DEBUG cotyledon.oslo_config_glue [-] profiler.socket_timeout = 0.1 {{(pid=97290) log_opt_values /opt/stack/data/venv/lib/python3.12/site-packages/oslo_config/cfg.py:3545}}
Aug 06 03:05:26.088420 np0000006611 nova-scheduler[97290]: DEBUG cotyledon.oslo_config_glue [-] profiler.trace_requests = False {{(pid=97290) log_opt_values /opt/stack/data/venv/lib/python3.12/site-packages/oslo_config/cfg.py:3545}}
Aug 06 03:05:26.088636 np0000006611 nova-scheduler[97290]: DEBUG cotyledon.oslo_config_glue [-] profiler.trace_sqlalchemy = False {{(pid=97290) log_opt_values /opt/stack/data/venv/lib/python3.12/site-packages/oslo_config/cfg.py:3545}}
Aug 06 03:05:26.088636 np0000006611 nova-scheduler[97290]: DEBUG cotyledon.oslo_config_glue [-] profiler_jaeger.process_tags = {} {{(pid=97290) log_opt_values /opt/stack/data/venv/lib/python3.12/site-packages/oslo_config/cfg.py:3545}}
Aug 06 03:05:26.088636 np0000006611 nova-scheduler[97290]: DEBUG cotyledon.oslo_config_glue [-] profiler_jaeger.service_name_prefix = None {{(pid=97290) log_opt_values /opt/stack/data/venv/lib/python3.12/site-packages/oslo_config/cfg.py:3545}}
Aug 06 03:05:26.088636 np0000006611 nova-scheduler[97290]: DEBUG cotyledon.oslo_config_glue [-] profiler_otlp.service_name_prefix = None {{(pid=97290) log_opt_values /opt/stack/data/venv/lib/python3.12/site-packages/oslo_config/cfg.py:3545}}
Aug 06 03:05:26.088636 np0000006611 nova-scheduler[97290]: DEBUG cotyledon.oslo_config_glue [-] oslo_messaging_rabbit.amqp_auto_delete = False {{(pid=97290) log_opt_values /opt/stack/data/venv/lib/python3.12/site-packages/oslo_config/cfg.py:3545}}
Aug 06 03:05:26.088636 np0000006611 nova-scheduler[97290]: DEBUG cotyledon.oslo_config_glue [-] oslo_messaging_rabbit.amqp_durable_queues = False {{(pid=97290) log_opt_values /opt/stack/data/venv/lib/python3.12/site-packages/oslo_config/cfg.py:3545}}
Aug 06 03:05:26.088636 np0000006611 nova-scheduler[97290]: DEBUG cotyledon.oslo_config_glue [-] oslo_messaging_rabbit.conn_pool_min_size = 2 {{(pid=97290) log_opt_values /opt/stack/data/venv/lib/python3.12/site-packages/oslo_config/cfg.py:3545}}
Aug 06 03:05:26.088636 np0000006611 nova-scheduler[97290]: DEBUG cotyledon.oslo_config_glue [-] oslo_messaging_rabbit.conn_pool_ttl = 1200 {{(pid=97290) log_opt_values /opt/stack/data/venv/lib/python3.12/site-packages/oslo_config/cfg.py:3545}}
Aug 06 03:05:26.088636 np0000006611 nova-scheduler[97290]: DEBUG cotyledon.oslo_config_glue [-] oslo_messaging_rabbit.direct_mandatory_flag = True {{(pid=97290) log_opt_values /opt/stack/data/venv/lib/python3.12/site-packages/oslo_config/cfg.py:3545}}
Aug 06 03:05:26.088848 np0000006611 nova-scheduler[97290]: DEBUG cotyledon.oslo_config_glue [-] oslo_messaging_rabbit.enable_cancel_on_failover = False {{(pid=97290) log_opt_values /opt/stack/data/venv/lib/python3.12/site-packages/oslo_config/cfg.py:3545}}
Aug 06 03:05:26.088848 np0000006611 nova-scheduler[97290]: DEBUG cotyledon.oslo_config_glue [-] oslo_messaging_rabbit.heartbeat_rate = 3 {{(pid=97290) log_opt_values /opt/stack/data/venv/lib/python3.12/site-packages/oslo_config/cfg.py:3545}}
Aug 06 03:05:26.088848 np0000006611 nova-scheduler[97290]: DEBUG cotyledon.oslo_config_glue [-] oslo_messaging_rabbit.heartbeat_timeout_threshold = 60 {{(pid=97290) log_opt_values /opt/stack/data/venv/lib/python3.12/site-packages/oslo_config/cfg.py:3545}}
Aug 06 03:05:26.088848 np0000006611 nova-scheduler[97290]: DEBUG cotyledon.oslo_config_glue [-] oslo_messaging_rabbit.hostname = np0000006611 {{(pid=97290) log_opt_values /opt/stack/data/venv/lib/python3.12/site-packages/oslo_config/cfg.py:3545}}
Aug 06 03:05:26.088848 np0000006611 nova-scheduler[97290]: DEBUG cotyledon.oslo_config_glue [-] oslo_messaging_rabbit.kombu_compression = None {{(pid=97290) log_opt_values /opt/stack/data/venv/lib/python3.12/site-packages/oslo_config/cfg.py:3545}}
Aug 06 03:05:26.088848 np0000006611 nova-scheduler[97290]: DEBUG cotyledon.oslo_config_glue [-] oslo_messaging_rabbit.kombu_failover_strategy = round-robin {{(pid=97290) log_opt_values /opt/stack/data/venv/lib/python3.12/site-packages/oslo_config/cfg.py:3545}}
Aug 06 03:05:26.088848 np0000006611 nova-scheduler[97290]: DEBUG cotyledon.oslo_config_glue [-] oslo_messaging_rabbit.kombu_missing_consumer_retry_timeout = 60 {{(pid=97290) log_opt_values /opt/stack/data/venv/lib/python3.12/site-packages/oslo_config/cfg.py:3545}}
Aug 06 03:05:26.088848 np0000006611 nova-scheduler[97290]: DEBUG cotyledon.oslo_config_glue [-] oslo_messaging_rabbit.kombu_reconnect_delay = 1.0 {{(pid=97290) log_opt_values /opt/stack/data/venv/lib/python3.12/site-packages/oslo_config/cfg.py:3545}}
Aug 06 03:05:26.088848 np0000006611 nova-scheduler[97290]: DEBUG cotyledon.oslo_config_glue [-] oslo_messaging_rabbit.kombu_reconnect_splay = 0.0 {{(pid=97290) log_opt_values /opt/stack/data/venv/lib/python3.12/site-packages/oslo_config/cfg.py:3545}}
Aug 06 03:05:26.089054 np0000006611 nova-scheduler[97290]: DEBUG cotyledon.oslo_config_glue [-] oslo_messaging_rabbit.processname = nova-scheduler {{(pid=97290) log_opt_values /opt/stack/data/venv/lib/python3.12/site-packages/oslo_config/cfg.py:3545}}
Aug 06 03:05:26.089054 np0000006611 nova-scheduler[97290]: DEBUG cotyledon.oslo_config_glue [-] oslo_messaging_rabbit.rabbit_ha_queues = False {{(pid=97290) log_opt_values /opt/stack/data/venv/lib/python3.12/site-packages/oslo_config/cfg.py:3545}}
Aug 06 03:05:26.089114 np0000006611 nova-scheduler[97292]: INFO dbcounter [None req-2fe5bbdc-5337-4008-a857-2c5a0714d3e0 None None] Registered counter for database nova_cell0
Aug 06 03:05:26.089162 np0000006611 nova-scheduler[97290]: DEBUG cotyledon.oslo_config_glue [-] oslo_messaging_rabbit.rabbit_interval_max = 30 {{(pid=97290) log_opt_values /opt/stack/data/venv/lib/python3.12/site-packages/oslo_config/cfg.py:3545}}
Aug 06 03:05:26.089162 np0000006611 nova-scheduler[97290]: DEBUG cotyledon.oslo_config_glue [-] oslo_messaging_rabbit.rabbit_login_method = AMQPLAIN {{(pid=97290) log_opt_values /opt/stack/data/venv/lib/python3.12/site-packages/oslo_config/cfg.py:3545}}
Aug 06 03:05:26.089162 np0000006611 nova-scheduler[97290]: DEBUG cotyledon.oslo_config_glue [-] oslo_messaging_rabbit.rabbit_qos_prefetch_count = 0 {{(pid=97290) log_opt_values /opt/stack/data/venv/lib/python3.12/site-packages/oslo_config/cfg.py:3545}}
Aug 06 03:05:26.089162 np0000006611 nova-scheduler[97290]: DEBUG cotyledon.oslo_config_glue [-] oslo_messaging_rabbit.rabbit_quorum_delivery_limit = 0 {{(pid=97290) log_opt_values /opt/stack/data/venv/lib/python3.12/site-packages/oslo_config/cfg.py:3545}}
Aug 06 03:05:26.089162 np0000006611 nova-scheduler[97290]: DEBUG cotyledon.oslo_config_glue [-] oslo_messaging_rabbit.rabbit_quorum_max_memory_bytes = 0 {{(pid=97290) log_opt_values /opt/stack/data/venv/lib/python3.12/site-packages/oslo_config/cfg.py:3545}}
Aug 06 03:05:26.089162 np0000006611 nova-scheduler[97290]: DEBUG cotyledon.oslo_config_glue [-] oslo_messaging_rabbit.rabbit_quorum_max_memory_length = 0 {{(pid=97290) log_opt_values /opt/stack/data/venv/lib/python3.12/site-packages/oslo_config/cfg.py:3545}}
Aug 06 03:05:26.089162 np0000006611 nova-scheduler[97290]: DEBUG cotyledon.oslo_config_glue [-] oslo_messaging_rabbit.rabbit_quorum_queue = False {{(pid=97290) log_opt_values /opt/stack/data/venv/lib/python3.12/site-packages/oslo_config/cfg.py:3545}}
Aug 06 03:05:26.089162 np0000006611 nova-scheduler[97290]: DEBUG cotyledon.oslo_config_glue [-] oslo_messaging_rabbit.rabbit_retry_backoff = 2 {{(pid=97290) log_opt_values /opt/stack/data/venv/lib/python3.12/site-packages/oslo_config/cfg.py:3545}}
Aug 06 03:05:26.089162 np0000006611 nova-scheduler[97290]: DEBUG cotyledon.oslo_config_glue [-] oslo_messaging_rabbit.rabbit_retry_interval = 1 {{(pid=97290) log_opt_values /opt/stack/data/venv/lib/python3.12/site-packages/oslo_config/cfg.py:3545}}
Aug 06 03:05:26.089382 np0000006611 nova-scheduler[97290]: DEBUG cotyledon.oslo_config_glue [-] oslo_messaging_rabbit.rabbit_stream_fanout = False {{(pid=97290) log_opt_values /opt/stack/data/venv/lib/python3.12/site-packages/oslo_config/cfg.py:3545}}
Aug 06 03:05:26.089382 np0000006611 nova-scheduler[97290]: DEBUG cotyledon.oslo_config_glue [-] oslo_messaging_rabbit.rabbit_transient_queues_ttl = 1800 {{(pid=97290) log_opt_values /opt/stack/data/venv/lib/python3.12/site-packages/oslo_config/cfg.py:3545}}
Aug 06 03:05:26.089382 np0000006611 nova-scheduler[97290]: DEBUG cotyledon.oslo_config_glue [-] oslo_messaging_rabbit.rabbit_transient_quorum_queue = False {{(pid=97290) log_opt_values /opt/stack/data/venv/lib/python3.12/site-packages/oslo_config/cfg.py:3545}}
Aug 06 03:05:26.089382 np0000006611 nova-scheduler[97290]: DEBUG cotyledon.oslo_config_glue [-] oslo_messaging_rabbit.rpc_conn_pool_size = 30 {{(pid=97290) log_opt_values /opt/stack/data/venv/lib/python3.12/site-packages/oslo_config/cfg.py:3545}}
Aug 06 03:05:26.089382 np0000006611 nova-scheduler[97290]: DEBUG cotyledon.oslo_config_glue [-] oslo_messaging_rabbit.ssl = False {{(pid=97290) log_opt_values /opt/stack/data/venv/lib/python3.12/site-packages/oslo_config/cfg.py:3545}}
Aug 06 03:05:26.089382 np0000006611 nova-scheduler[97290]: DEBUG cotyledon.oslo_config_glue [-] oslo_messaging_rabbit.ssl_ca_file = {{(pid=97290) log_opt_values /opt/stack/data/venv/lib/python3.12/site-packages/oslo_config/cfg.py:3545}}
Aug 06 03:05:26.089382 np0000006611 nova-scheduler[97290]: DEBUG cotyledon.oslo_config_glue [-] oslo_messaging_rabbit.ssl_cert_file = {{(pid=97290) log_opt_values /opt/stack/data/venv/lib/python3.12/site-packages/oslo_config/cfg.py:3545}}
Aug 06 03:05:26.089382 np0000006611 nova-scheduler[97290]: DEBUG cotyledon.oslo_config_glue [-] oslo_messaging_rabbit.ssl_enforce_fips_mode = False {{(pid=97290) log_opt_values /opt/stack/data/venv/lib/python3.12/site-packages/oslo_config/cfg.py:3545}}
Aug 06 03:05:26.089382 np0000006611 nova-scheduler[97290]: DEBUG cotyledon.oslo_config_glue [-] oslo_messaging_rabbit.ssl_enforce_hostname_verification = True {{(pid=97290) log_opt_values /opt/stack/data/venv/lib/python3.12/site-packages/oslo_config/cfg.py:3545}}
Aug 06 03:05:26.089594 np0000006611 nova-scheduler[97290]: DEBUG cotyledon.oslo_config_glue [-] oslo_messaging_rabbit.ssl_key_file = {{(pid=97290) log_opt_values /opt/stack/data/venv/lib/python3.12/site-packages/oslo_config/cfg.py:3545}}
Aug 06 03:05:26.089594 np0000006611 nova-scheduler[97290]: DEBUG cotyledon.oslo_config_glue [-] oslo_messaging_rabbit.ssl_version = {{(pid=97290) log_opt_values /opt/stack/data/venv/lib/python3.12/site-packages/oslo_config/cfg.py:3545}}
Aug 06 03:05:26.089594 np0000006611 nova-scheduler[97290]: DEBUG cotyledon.oslo_config_glue [-] oslo_messaging_rabbit.use_queue_manager = False {{(pid=97290) log_opt_values /opt/stack/data/venv/lib/python3.12/site-packages/oslo_config/cfg.py:3545}}
Aug 06 03:05:26.089594 np0000006611 nova-scheduler[97290]: DEBUG cotyledon.oslo_config_glue [-] oslo_messaging_notifications.driver = ['messagingv2'] {{(pid=97290) log_opt_values /opt/stack/data/venv/lib/python3.12/site-packages/oslo_config/cfg.py:3545}}
Aug 06 03:05:26.089594 np0000006611 nova-scheduler[97290]: DEBUG cotyledon.oslo_config_glue [-] oslo_messaging_notifications.retry = -1 {{(pid=97290) log_opt_values /opt/stack/data/venv/lib/python3.12/site-packages/oslo_config/cfg.py:3545}}
Aug 06 03:05:26.089594 np0000006611 nova-scheduler[97290]: DEBUG cotyledon.oslo_config_glue [-] oslo_messaging_notifications.topics = ['notifications'] {{(pid=97290) log_opt_values /opt/stack/data/venv/lib/python3.12/site-packages/oslo_config/cfg.py:3545}}
Aug 06 03:05:26.089594 np0000006611 nova-scheduler[97290]: DEBUG cotyledon.oslo_config_glue [-] oslo_messaging_notifications.transport_url = **** {{(pid=97290) log_opt_values /opt/stack/data/venv/lib/python3.12/site-packages/oslo_config/cfg.py:3545}}
Aug 06 03:05:26.089594 np0000006611 nova-scheduler[97290]: DEBUG cotyledon.oslo_config_glue [-] oslo_limit.auth_section = None {{(pid=97290) log_opt_values /opt/stack/data/venv/lib/python3.12/site-packages/oslo_config/cfg.py:3545}}
Aug 06 03:05:26.089594 np0000006611 nova-scheduler[97290]: DEBUG cotyledon.oslo_config_glue [-] oslo_limit.auth_type = None {{(pid=97290) log_opt_values /opt/stack/data/venv/lib/python3.12/site-packages/oslo_config/cfg.py:3545}}
Aug 06 03:05:26.089806 np0000006611 nova-scheduler[97290]: DEBUG cotyledon.oslo_config_glue [-] oslo_limit.cafile = None {{(pid=97290) log_opt_values /opt/stack/data/venv/lib/python3.12/site-packages/oslo_config/cfg.py:3545}}
Aug 06 03:05:26.089806 np0000006611 nova-scheduler[97290]: DEBUG cotyledon.oslo_config_glue [-] oslo_limit.certfile = None {{(pid=97290) log_opt_values /opt/stack/data/venv/lib/python3.12/site-packages/oslo_config/cfg.py:3545}}
Aug 06 03:05:26.089806 np0000006611 nova-scheduler[97290]: DEBUG cotyledon.oslo_config_glue [-] oslo_limit.collect_timing = False {{(pid=97290) log_opt_values /opt/stack/data/venv/lib/python3.12/site-packages/oslo_config/cfg.py:3545}}
Aug 06 03:05:26.089806 np0000006611 nova-scheduler[97290]: DEBUG cotyledon.oslo_config_glue [-] oslo_limit.connect_retries = None {{(pid=97290) log_opt_values /opt/stack/data/venv/lib/python3.12/site-packages/oslo_config/cfg.py:3545}}
Aug 06 03:05:26.089806 np0000006611 nova-scheduler[97290]: DEBUG cotyledon.oslo_config_glue [-] oslo_limit.connect_retry_delay = None {{(pid=97290) log_opt_values /opt/stack/data/venv/lib/python3.12/site-packages/oslo_config/cfg.py:3545}}
Aug 06 03:05:26.089806 np0000006611 nova-scheduler[97290]: DEBUG cotyledon.oslo_config_glue [-] oslo_limit.endpoint_id = None {{(pid=97290) log_opt_values /opt/stack/data/venv/lib/python3.12/site-packages/oslo_config/cfg.py:3545}}
Aug 06 03:05:26.089806 np0000006611 nova-scheduler[97290]: DEBUG cotyledon.oslo_config_glue [-] oslo_limit.endpoint_interface = public {{(pid=97290) log_opt_values /opt/stack/data/venv/lib/python3.12/site-packages/oslo_config/cfg.py:3545}}
Aug 06 03:05:26.089806 np0000006611 nova-scheduler[97290]: DEBUG cotyledon.oslo_config_glue [-] oslo_limit.endpoint_override = None {{(pid=97290) log_opt_values /opt/stack/data/venv/lib/python3.12/site-packages/oslo_config/cfg.py:3545}}
Aug 06 03:05:26.089806 np0000006611 nova-scheduler[97290]: DEBUG cotyledon.oslo_config_glue [-] oslo_limit.endpoint_region_name = None {{(pid=97290) log_opt_values /opt/stack/data/venv/lib/python3.12/site-packages/oslo_config/cfg.py:3545}}
Aug 06 03:05:26.090031 np0000006611 nova-scheduler[97290]: DEBUG cotyledon.oslo_config_glue [-] oslo_limit.endpoint_service_name = None {{(pid=97290) log_opt_values /opt/stack/data/venv/lib/python3.12/site-packages/oslo_config/cfg.py:3545}}
Aug 06 03:05:26.090031 np0000006611 nova-scheduler[97290]: DEBUG cotyledon.oslo_config_glue [-] oslo_limit.endpoint_service_type = None {{(pid=97290) log_opt_values /opt/stack/data/venv/lib/python3.12/site-packages/oslo_config/cfg.py:3545}}
Aug 06 03:05:26.090031 np0000006611 nova-scheduler[97290]: DEBUG cotyledon.oslo_config_glue [-] oslo_limit.insecure = False {{(pid=97290) log_opt_values /opt/stack/data/venv/lib/python3.12/site-packages/oslo_config/cfg.py:3545}}
Aug 06 03:05:26.090031 np0000006611 nova-scheduler[97290]: DEBUG cotyledon.oslo_config_glue [-] oslo_limit.keyfile = None {{(pid=97290) log_opt_values /opt/stack/data/venv/lib/python3.12/site-packages/oslo_config/cfg.py:3545}}
Aug 06 03:05:26.090031 np0000006611 nova-scheduler[97290]: DEBUG cotyledon.oslo_config_glue [-] oslo_limit.max_version = None {{(pid=97290) log_opt_values /opt/stack/data/venv/lib/python3.12/site-packages/oslo_config/cfg.py:3545}}
Aug 06 03:05:26.090031 np0000006611 nova-scheduler[97290]: DEBUG cotyledon.oslo_config_glue [-] oslo_limit.min_version = None {{(pid=97290) log_opt_values /opt/stack/data/venv/lib/python3.12/site-packages/oslo_config/cfg.py:3545}}
Aug 06 03:05:26.090031 np0000006611 nova-scheduler[97290]: DEBUG cotyledon.oslo_config_glue [-] oslo_limit.region_name = None {{(pid=97290) log_opt_values /opt/stack/data/venv/lib/python3.12/site-packages/oslo_config/cfg.py:3545}}
Aug 06 03:05:26.090031 np0000006611 nova-scheduler[97290]: DEBUG cotyledon.oslo_config_glue [-] oslo_limit.retriable_status_codes = None {{(pid=97290) log_opt_values /opt/stack/data/venv/lib/python3.12/site-packages/oslo_config/cfg.py:3545}}
Aug 06 03:05:26.090031 np0000006611 nova-scheduler[97290]: DEBUG cotyledon.oslo_config_glue [-] oslo_limit.service_name = None {{(pid=97290) log_opt_values /opt/stack/data/venv/lib/python3.12/site-packages/oslo_config/cfg.py:3545}}
Aug 06 03:05:26.090258 np0000006611 nova-scheduler[97290]: DEBUG cotyledon.oslo_config_glue [-] oslo_limit.service_type = None {{(pid=97290) log_opt_values /opt/stack/data/venv/lib/python3.12/site-packages/oslo_config/cfg.py:3545}}
Aug 06 03:05:26.090258 np0000006611 nova-scheduler[97290]: DEBUG cotyledon.oslo_config_glue [-] oslo_limit.split_loggers = False {{(pid=97290) log_opt_values /opt/stack/data/venv/lib/python3.12/site-packages/oslo_config/cfg.py:3545}}
Aug 06 03:05:26.090258 np0000006611 nova-scheduler[97290]: DEBUG cotyledon.oslo_config_glue [-] oslo_limit.status_code_retries = None {{(pid=97290) log_opt_values /opt/stack/data/venv/lib/python3.12/site-packages/oslo_config/cfg.py:3545}}
Aug 06 03:05:26.090258 np0000006611 nova-scheduler[97290]: DEBUG cotyledon.oslo_config_glue [-] oslo_limit.status_code_retry_delay = None {{(pid=97290) log_opt_values /opt/stack/data/venv/lib/python3.12/site-packages/oslo_config/cfg.py:3545}}
Aug 06 03:05:26.090258 np0000006611 nova-scheduler[97290]: DEBUG cotyledon.oslo_config_glue [-] oslo_limit.timeout = None {{(pid=97290) log_opt_values /opt/stack/data/venv/lib/python3.12/site-packages/oslo_config/cfg.py:3545}}
Aug 06 03:05:26.090258 np0000006611 nova-scheduler[97290]: DEBUG cotyledon.oslo_config_glue [-] oslo_limit.valid_interfaces = None {{(pid=97290) log_opt_values /opt/stack/data/venv/lib/python3.12/site-packages/oslo_config/cfg.py:3545}}
Aug 06 03:05:26.090258 np0000006611 nova-scheduler[97290]: DEBUG cotyledon.oslo_config_glue [-] oslo_limit.version = None {{(pid=97290) log_opt_values /opt/stack/data/venv/lib/python3.12/site-packages/oslo_config/cfg.py:3545}}
Aug 06 03:05:26.090258 np0000006611 nova-scheduler[97290]: DEBUG cotyledon.oslo_config_glue [-] oslo_reports.file_event_handler = None {{(pid=97290) log_opt_values /opt/stack/data/venv/lib/python3.12/site-packages/oslo_config/cfg.py:3545}}
Aug 06 03:05:26.090258 np0000006611 nova-scheduler[97290]: DEBUG cotyledon.oslo_config_glue [-] oslo_reports.file_event_handler_interval = 1 {{(pid=97290) log_opt_values /opt/stack/data/venv/lib/python3.12/site-packages/oslo_config/cfg.py:3545}}
Aug 06 03:05:26.090493 np0000006611 nova-scheduler[97290]: DEBUG cotyledon.oslo_config_glue [-] oslo_reports.log_dir = None {{(pid=97290) log_opt_values /opt/stack/data/venv/lib/python3.12/site-packages/oslo_config/cfg.py:3545}}
Aug 06 03:05:26.090493 np0000006611 nova-scheduler[97290]: DEBUG cotyledon.oslo_config_glue [-] ******************************************************************************** {{(pid=97290) log_opt_values /opt/stack/data/venv/lib/python3.12/site-packages/oslo_config/cfg.py:3552}}
Aug 06 03:05:26.090493 np0000006611 nova-scheduler[97290]: DEBUG cotyledon._service_worker [-] Run service ServiceWrapper(2) [97290] {{(pid=97290) wait_forever /opt/stack/data/venv/lib/python3.12/site-packages/cotyledon/_service_worker.py:218}}
Aug 06 03:05:26.090493 np0000006611 nova-scheduler[97290]: INFO nova.service [-] Starting scheduler node (version 33.1.0)
Aug 06 03:05:26.090493 np0000006611 nova-scheduler[97290]: INFO dbcounter [None req-16d4cf15-81b4-4ad1-8ebf-19a2f42638fa None None] Registered counter for database nova_cell0
Aug 06 03:05:26.090648 np0000006611 nova-scheduler[97288]: DEBUG oslo_db.sqlalchemy.engines [None req-57d38c73-555c-4c45-866c-191a739f11d7 None None] MySQL server mode set to STRICT_TRANS_TABLES,STRICT_ALL_TABLES,NO_ZERO_IN_DATE,NO_ZERO_DATE,ERROR_FOR_DIVISION_BY_ZERO,TRADITIONAL,NO_ENGINE_SUBSTITUTION {{(pid=97288) _check_effective_sql_mode /opt/stack/data/venv/lib/python3.12/site-packages/oslo_db/sqlalchemy/engines.py:325}}
Aug 06 03:05:26.090689 np0000006611 nova-scheduler[97284]: DEBUG oslo_db.sqlalchemy.engines [None req-fda2c75f-86ab-4cb9-a4e7-76fa29297d88 None None] MySQL server mode set to STRICT_TRANS_TABLES,STRICT_ALL_TABLES,NO_ZERO_IN_DATE,NO_ZERO_DATE,ERROR_FOR_DIVISION_BY_ZERO,TRADITIONAL,NO_ENGINE_SUBSTITUTION {{(pid=97284) _check_effective_sql_mode /opt/stack/data/venv/lib/python3.12/site-packages/oslo_db/sqlalchemy/engines.py:325}}
Aug 06 03:05:26.090736 np0000006611 nova-scheduler[97288]: DEBUG dbcounter [-] [97288] Writer thread running {{(pid=97288) stat_writer /opt/stack/data/venv/lib/python3.12/site-packages/dbcounter.py:102}}
Aug 06 03:05:26.094535 np0000006611 nova-scheduler[97284]: DEBUG dbcounter [-] [97284] Writer thread running {{(pid=97284) stat_writer /opt/stack/data/venv/lib/python3.12/site-packages/dbcounter.py:102}}
Aug 06 03:05:26.103716 np0000006611 nova-scheduler[97288]: DEBUG nova.service [None req-57d38c73-555c-4c45-866c-191a739f11d7 None None] Creating RPC server for service: nova-scheduler on topic: scheduler {{(pid=97288) start /opt/stack/nova/nova/service.py:196}}
Aug 06 03:05:26.109060 np0000006611 nova-scheduler[97284]: DEBUG nova.service [None req-fda2c75f-86ab-4cb9-a4e7-76fa29297d88 None None] Creating RPC server for service: nova-scheduler on topic: scheduler {{(pid=97284) start /opt/stack/nova/nova/service.py:196}}
Aug 06 03:05:26.110017 np0000006611 nova-scheduler[97292]: DEBUG oslo_db.sqlalchemy.engines [None req-2fe5bbdc-5337-4008-a857-2c5a0714d3e0 None None] MySQL server mode set to STRICT_TRANS_TABLES,STRICT_ALL_TABLES,NO_ZERO_IN_DATE,NO_ZERO_DATE,ERROR_FOR_DIVISION_BY_ZERO,TRADITIONAL,NO_ENGINE_SUBSTITUTION {{(pid=97292) _check_effective_sql_mode /opt/stack/data/venv/lib/python3.12/site-packages/oslo_db/sqlalchemy/engines.py:325}}
Aug 06 03:05:26.114236 np0000006611 nova-scheduler[97290]: DEBUG oslo_db.sqlalchemy.engines [None req-16d4cf15-81b4-4ad1-8ebf-19a2f42638fa None None] MySQL server mode set to STRICT_TRANS_TABLES,STRICT_ALL_TABLES,NO_ZERO_IN_DATE,NO_ZERO_DATE,ERROR_FOR_DIVISION_BY_ZERO,TRADITIONAL,NO_ENGINE_SUBSTITUTION {{(pid=97290) _check_effective_sql_mode /opt/stack/data/venv/lib/python3.12/site-packages/oslo_db/sqlalchemy/engines.py:325}}
Aug 06 03:05:26.122004 np0000006611 nova-scheduler[97292]: DEBUG dbcounter [-] [97292] Writer thread running {{(pid=97292) stat_writer /opt/stack/data/venv/lib/python3.12/site-packages/dbcounter.py:102}}
Aug 06 03:05:26.125166 np0000006611 nova-scheduler[97292]: DEBUG nova.service [None req-2fe5bbdc-5337-4008-a857-2c5a0714d3e0 None None] Creating RPC server for service: nova-scheduler on topic: scheduler {{(pid=97292) start /opt/stack/nova/nova/service.py:196}}
Aug 06 03:05:26.130104 np0000006611 nova-scheduler[97284]: DEBUG nova.service [None req-fda2c75f-86ab-4cb9-a4e7-76fa29297d88 None None] Join ServiceGroup membership for this service scheduler {{(pid=97284) start /opt/stack/nova/nova/service.py:222}}
Aug 06 03:05:26.130291 np0000006611 nova-scheduler[97284]: DEBUG nova.servicegroup.drivers.db [None req-fda2c75f-86ab-4cb9-a4e7-76fa29297d88 None None] DB_Driver: join new ServiceGroup member np0000006611 to the scheduler group, service = {{(pid=97284) join /opt/stack/nova/nova/servicegroup/drivers/db.py:44}}
Aug 06 03:05:26.130564 np0000006611 nova-scheduler[97290]: DEBUG dbcounter [-] [97290] Writer thread running {{(pid=97290) stat_writer /opt/stack/data/venv/lib/python3.12/site-packages/dbcounter.py:102}}
Aug 06 03:05:26.132499 np0000006611 nova-scheduler[97288]: DEBUG nova.service [None req-57d38c73-555c-4c45-866c-191a739f11d7 None None] Join ServiceGroup membership for this service scheduler {{(pid=97288) start /opt/stack/nova/nova/service.py:222}}
Aug 06 03:05:26.132714 np0000006611 nova-scheduler[97288]: DEBUG nova.servicegroup.drivers.db [None req-57d38c73-555c-4c45-866c-191a739f11d7 None None] DB_Driver: join new ServiceGroup member np0000006611 to the scheduler group, service = {{(pid=97288) join /opt/stack/nova/nova/servicegroup/drivers/db.py:44}}
Aug 06 03:05:26.134486 np0000006611 nova-scheduler[97290]: DEBUG nova.service [None req-16d4cf15-81b4-4ad1-8ebf-19a2f42638fa None None] Creating RPC server for service: nova-scheduler on topic: scheduler {{(pid=97290) start /opt/stack/nova/nova/service.py:196}}
Aug 06 03:05:26.145176 np0000006611 nova-scheduler[97292]: DEBUG nova.service [None req-2fe5bbdc-5337-4008-a857-2c5a0714d3e0 None None] Join ServiceGroup membership for this service scheduler {{(pid=97292) start /opt/stack/nova/nova/service.py:222}}
Aug 06 03:05:26.145319 np0000006611 nova-scheduler[97292]: DEBUG nova.servicegroup.drivers.db [None req-2fe5bbdc-5337-4008-a857-2c5a0714d3e0 None None] DB_Driver: join new ServiceGroup member np0000006611 to the scheduler group, service = {{(pid=97292) join /opt/stack/nova/nova/servicegroup/drivers/db.py:44}}
Aug 06 03:05:26.154064 np0000006611 nova-scheduler[97290]: DEBUG nova.service [None req-16d4cf15-81b4-4ad1-8ebf-19a2f42638fa None None] Join ServiceGroup membership for this service scheduler {{(pid=97290) start /opt/stack/nova/nova/service.py:222}}
Aug 06 03:05:26.154265 np0000006611 nova-scheduler[97290]: DEBUG nova.servicegroup.drivers.db [None req-16d4cf15-81b4-4ad1-8ebf-19a2f42638fa None None] DB_Driver: join new ServiceGroup member np0000006611 to the scheduler group, service = {{(pid=97290) join /opt/stack/nova/nova/servicegroup/drivers/db.py:44}}
Aug 06 03:05:31.150572 np0000006611 nova-scheduler[97284]: DEBUG oslo.service.backend._threading.loopingcall [-] Fixed interval looping call 'nova.servicegroup.drivers.db.DbDriver._report_state' sleeping for 119.98 seconds {{(pid=97284) _run_loop /opt/stack/data/venv/lib/python3.12/site-packages/oslo_service/backend/_threading/loopingcall.py:125}}
Aug 06 03:05:31.150915 np0000006611 nova-scheduler[97288]: DEBUG oslo.service.backend._threading.loopingcall [-] Fixed interval looping call 'nova.servicegroup.drivers.db.DbDriver._report_state' sleeping for 119.99 seconds {{(pid=97288) _run_loop /opt/stack/data/venv/lib/python3.12/site-packages/oslo_service/backend/_threading/loopingcall.py:125}}
Aug 06 03:05:31.163693 np0000006611 nova-scheduler[97292]: DEBUG oslo.service.backend._threading.loopingcall [-] Fixed interval looping call 'nova.servicegroup.drivers.db.DbDriver._report_state' sleeping for 119.98 seconds {{(pid=97292) _run_loop /opt/stack/data/venv/lib/python3.12/site-packages/oslo_service/backend/_threading/loopingcall.py:125}}
Aug 06 03:05:31.168864 np0000006611 nova-scheduler[97290]: DEBUG oslo.service.backend._threading.loopingcall [-] Fixed interval looping call 'nova.servicegroup.drivers.db.DbDriver._report_state' sleeping for 119.99 seconds {{(pid=97290) _run_loop /opt/stack/data/venv/lib/python3.12/site-packages/oslo_service/backend/_threading/loopingcall.py:125}}
Aug 06 03:05:34.707239 np0000006611 nova-scheduler[96077]: DEBUG dbcounter [-] [96077] Writing DB stats nova_api:SELECT=3 {{(pid=96077) stat_writer /opt/stack/data/venv/lib/python3.12/site-packages/dbcounter.py:115}}
Aug 06 03:05:34.843254 np0000006611 nova-scheduler[96077]: DEBUG dbcounter [-] [96077] Writing DB stats nova_cell1:SELECT=1 {{(pid=96077) stat_writer /opt/stack/data/venv/lib/python3.12/site-packages/dbcounter.py:115}}
Aug 06 03:05:34.854246 np0000006611 nova-scheduler[96077]: DEBUG dbcounter [-] [96077] Writing DB stats nova_cell0:SELECT=1 {{(pid=96077) stat_writer /opt/stack/data/venv/lib/python3.12/site-packages/dbcounter.py:115}}
Aug 06 03:05:35.132421 np0000006611 nova-scheduler[97284]: DEBUG oslo.service.backend._threading.loopingcall [None req-58d3efb8-b908-44c0-a78a-d93af9bb898b None None] Dynamic interval looping call 'nova.service.Service.periodic_tasks' sleeping for 60.00 seconds {{(pid=97284) _run_loop /opt/stack/data/venv/lib/python3.12/site-packages/oslo_service/backend/_threading/loopingcall.py:125}}
Aug 06 03:05:36.134775 np0000006611 nova-scheduler[97288]: DEBUG oslo.service.backend._threading.loopingcall [None req-5f006da8-6808-4c7f-ad59-b2a655ef10ee None None] Dynamic interval looping call 'nova.service.Service.periodic_tasks' sleeping for 60.00 seconds {{(pid=97288) _run_loop /opt/stack/data/venv/lib/python3.12/site-packages/oslo_service/backend/_threading/loopingcall.py:125}}
Aug 06 03:05:41.144174 np0000006611 nova-scheduler[97284]: DEBUG dbcounter [-] [97284] Writing DB stats nova_cell0:SELECT=5,nova_cell0:INSERT=1,nova_cell0:UPDATE=1 {{(pid=97284) stat_writer /opt/stack/data/venv/lib/python3.12/site-packages/dbcounter.py:115}}
Aug 06 03:05:41.149013 np0000006611 nova-scheduler[97288]: DEBUG dbcounter [-] [97288] Writing DB stats nova_cell0:SELECT=4,nova_cell0:INSERT=1,nova_cell0:UPDATE=1 {{(pid=97288) stat_writer /opt/stack/data/venv/lib/python3.12/site-packages/dbcounter.py:115}}
Aug 06 03:05:41.158542 np0000006611 nova-scheduler[97292]: DEBUG dbcounter [-] [97292] Writing DB stats nova_cell0:SELECT=3 {{(pid=97292) stat_writer /opt/stack/data/venv/lib/python3.12/site-packages/dbcounter.py:115}}
Aug 06 03:05:41.165393 np0000006611 nova-scheduler[97290]: DEBUG dbcounter [-] [97290] Writing DB stats nova_cell0:SELECT=3 {{(pid=97290) stat_writer /opt/stack/data/venv/lib/python3.12/site-packages/dbcounter.py:115}}
Aug 06 03:05:52.147293 np0000006611 nova-scheduler[97292]: DEBUG oslo.service.backend._threading.loopingcall [None req-5374385d-ef30-4e4e-80ed-9832bfca7bcb None None] Dynamic interval looping call 'nova.service.Service.periodic_tasks' sleeping for 60.00 seconds {{(pid=97292) _run_loop /opt/stack/data/venv/lib/python3.12/site-packages/oslo_service/backend/_threading/loopingcall.py:125}}
Aug 06 03:06:01.156787 np0000006611 nova-scheduler[97290]: DEBUG oslo.service.backend._threading.loopingcall [None req-058963cd-09fb-476b-b37e-cc1d7ac8a8e8 None None] Dynamic interval looping call 'nova.service.Service.periodic_tasks' sleeping for 60.00 seconds {{(pid=97290) _run_loop /opt/stack/data/venv/lib/python3.12/site-packages/oslo_service/backend/_threading/loopingcall.py:125}}
Aug 06 03:06:35.133363 np0000006611 nova-scheduler[97284]: DEBUG oslo.service.backend._threading.loopingcall [None req-58d3efb8-b908-44c0-a78a-d93af9bb898b None None] Dynamic interval looping call 'nova.service.Service.periodic_tasks' sleeping for 60.00 seconds {{(pid=97284) _run_loop /opt/stack/data/venv/lib/python3.12/site-packages/oslo_service/backend/_threading/loopingcall.py:125}}
Aug 06 03:06:36.135259 np0000006611 nova-scheduler[97288]: DEBUG oslo.service.backend._threading.loopingcall [None req-5f006da8-6808-4c7f-ad59-b2a655ef10ee None None] Dynamic interval looping call 'nova.service.Service.periodic_tasks' sleeping for 60.00 seconds {{(pid=97288) _run_loop /opt/stack/data/venv/lib/python3.12/site-packages/oslo_service/backend/_threading/loopingcall.py:125}}
Aug 06 03:06:52.147848 np0000006611 nova-scheduler[97292]: DEBUG oslo.service.backend._threading.loopingcall [None req-5374385d-ef30-4e4e-80ed-9832bfca7bcb None None] Dynamic interval looping call 'nova.service.Service.periodic_tasks' sleeping for 60.00 seconds {{(pid=97292) _run_loop /opt/stack/data/venv/lib/python3.12/site-packages/oslo_service/backend/_threading/loopingcall.py:125}}
Aug 06 03:07:01.157432 np0000006611 nova-scheduler[97290]: DEBUG oslo.service.backend._threading.loopingcall [None req-058963cd-09fb-476b-b37e-cc1d7ac8a8e8 None None] Dynamic interval looping call 'nova.service.Service.periodic_tasks' sleeping for 60.00 seconds {{(pid=97290) _run_loop /opt/stack/data/venv/lib/python3.12/site-packages/oslo_service/backend/_threading/loopingcall.py:125}}
Aug 06 03:07:31.137623 np0000006611 nova-scheduler[97284]: DEBUG oslo.service.backend._threading.loopingcall [-] Fixed interval looping call 'nova.servicegroup.drivers.db.DbDriver._report_state' sleeping for 119.99 seconds {{(pid=97284) _run_loop /opt/stack/data/venv/lib/python3.12/site-packages/oslo_service/backend/_threading/loopingcall.py:125}}
Aug 06 03:07:31.145288 np0000006611 nova-scheduler[97288]: DEBUG oslo.service.backend._threading.loopingcall [-] Fixed interval looping call 'nova.servicegroup.drivers.db.DbDriver._report_state' sleeping for 120.00 seconds {{(pid=97288) _run_loop /opt/stack/data/venv/lib/python3.12/site-packages/oslo_service/backend/_threading/loopingcall.py:125}}
Aug 06 03:07:31.147351 np0000006611 nova-scheduler[97292]: DEBUG oslo.service.backend._threading.loopingcall [-] Fixed interval looping call 'nova.servicegroup.drivers.db.DbDriver._report_state' sleeping for 120.00 seconds {{(pid=97292) _run_loop /opt/stack/data/venv/lib/python3.12/site-packages/oslo_service/backend/_threading/loopingcall.py:125}}
Aug 06 03:07:31.162924 np0000006611 nova-scheduler[97290]: DEBUG oslo.service.backend._threading.loopingcall [-] Fixed interval looping call 'nova.servicegroup.drivers.db.DbDriver._report_state' sleeping for 120.00 seconds {{(pid=97290) _run_loop /opt/stack/data/venv/lib/python3.12/site-packages/oslo_service/backend/_threading/loopingcall.py:125}}
Aug 06 03:07:35.133866 np0000006611 nova-scheduler[97284]: DEBUG oslo.service.backend._threading.loopingcall [None req-58d3efb8-b908-44c0-a78a-d93af9bb898b None None] Dynamic interval looping call 'nova.service.Service.periodic_tasks' sleeping for 60.00 seconds {{(pid=97284) _run_loop /opt/stack/data/venv/lib/python3.12/site-packages/oslo_service/backend/_threading/loopingcall.py:125}}
Aug 06 03:07:36.135657 np0000006611 nova-scheduler[97288]: DEBUG oslo.service.backend._threading.loopingcall [None req-5f006da8-6808-4c7f-ad59-b2a655ef10ee None None] Dynamic interval looping call 'nova.service.Service.periodic_tasks' sleeping for 60.00 seconds {{(pid=97288) _run_loop /opt/stack/data/venv/lib/python3.12/site-packages/oslo_service/backend/_threading/loopingcall.py:125}}
Aug 06 03:07:41.133593 np0000006611 nova-scheduler[97284]: DEBUG dbcounter [-] [97284] Writing DB stats nova_cell0:SELECT=1,nova_cell0:UPDATE=1 {{(pid=97284) stat_writer /opt/stack/data/venv/lib/python3.12/site-packages/dbcounter.py:115}}
Aug 06 03:07:41.145228 np0000006611 nova-scheduler[97288]: DEBUG dbcounter [-] [97288] Writing DB stats nova_cell0:SELECT=1 {{(pid=97288) stat_writer /opt/stack/data/venv/lib/python3.12/site-packages/dbcounter.py:115}}
Aug 06 03:07:41.145630 np0000006611 nova-scheduler[97292]: DEBUG dbcounter [-] [97292] Writing DB stats nova_cell0:SELECT=1 {{(pid=97292) stat_writer /opt/stack/data/venv/lib/python3.12/site-packages/dbcounter.py:115}}
Aug 06 03:07:41.161302 np0000006611 nova-scheduler[97290]: DEBUG dbcounter [-] [97290] Writing DB stats nova_cell0:SELECT=1 {{(pid=97290) stat_writer /opt/stack/data/venv/lib/python3.12/site-packages/dbcounter.py:115}}
Aug 06 03:07:43.665749 np0000006611 nova-scheduler[97284]: DEBUG nova.scheduler.manager [None req-1083dfd3-f9f0-4f8b-aa4f-45306e4d7b4a tempest-ServerRescueNegativeTestJSON-830986613 tempest-ServerRescueNegativeTestJSON-830986613-project-member] Starting to schedule for instances: ['78b257b0-7ef7-4b13-a6be-d1e775d302cb'] {{(pid=97284) select_destinations /opt/stack/nova/nova/scheduler/manager.py:209}}
Aug 06 03:07:43.666162 np0000006611 nova-scheduler[97284]: DEBUG nova.scheduler.request_filter [None req-1083dfd3-f9f0-4f8b-aa4f-45306e4d7b4a tempest-ServerRescueNegativeTestJSON-830986613 tempest-ServerRescueNegativeTestJSON-830986613-project-member] compute_status_filter request filter added forbidden trait COMPUTE_STATUS_DISABLED {{(pid=97284) compute_status_filter /opt/stack/nova/nova/scheduler/request_filter.py:253}}
Aug 06 03:07:43.666272 np0000006611 nova-scheduler[97284]: DEBUG nova.scheduler.request_filter [None req-1083dfd3-f9f0-4f8b-aa4f-45306e4d7b4a tempest-ServerRescueNegativeTestJSON-830986613 tempest-ServerRescueNegativeTestJSON-830986613-project-member] Request filter 'compute_status_filter' took 0.0 seconds {{(pid=97284) wrapper /opt/stack/nova/nova/scheduler/request_filter.py:46}}
Aug 06 03:07:43.666485 np0000006611 nova-scheduler[97284]: DEBUG nova.scheduler.request_filter [None req-1083dfd3-f9f0-4f8b-aa4f-45306e4d7b4a tempest-ServerRescueNegativeTestJSON-830986613 tempest-ServerRescueNegativeTestJSON-830986613-project-member] Request filter 'accelerators_filter' took 0.0 seconds {{(pid=97284) wrapper /opt/stack/nova/nova/scheduler/request_filter.py:46}}
Aug 06 03:07:43.666643 np0000006611 nova-scheduler[97284]: DEBUG nova.scheduler.request_filter [None req-1083dfd3-f9f0-4f8b-aa4f-45306e4d7b4a tempest-ServerRescueNegativeTestJSON-830986613 tempest-ServerRescueNegativeTestJSON-830986613-project-member] Request filter 'packed_virtqueue_filter' took 0.0 seconds {{(pid=97284) wrapper /opt/stack/nova/nova/scheduler/request_filter.py:46}}
Aug 06 03:07:43.667154 np0000006611 nova-scheduler[97284]: DEBUG nova.scheduler.request_filter [None req-1083dfd3-f9f0-4f8b-aa4f-45306e4d7b4a tempest-ServerRescueNegativeTestJSON-830986613 tempest-ServerRescueNegativeTestJSON-830986613-project-member] Request filter 'remote_managed_ports_filter' took 0.0 seconds {{(pid=97284) wrapper /opt/stack/nova/nova/scheduler/request_filter.py:46}}
Aug 06 03:07:43.667300 np0000006611 nova-scheduler[97284]: DEBUG nova.scheduler.request_filter [None req-1083dfd3-f9f0-4f8b-aa4f-45306e4d7b4a tempest-ServerRescueNegativeTestJSON-830986613 tempest-ServerRescueNegativeTestJSON-830986613-project-member] ephemeral_encryption_filter skipped {{(pid=97284) ephemeral_encryption_filter /opt/stack/nova/nova/scheduler/request_filter.py:426}}
Aug 06 03:07:43.667509 np0000006611 nova-scheduler[97284]: DEBUG nova.scheduler.request_filter [None req-1083dfd3-f9f0-4f8b-aa4f-45306e4d7b4a tempest-ServerRescueNegativeTestJSON-830986613 tempest-ServerRescueNegativeTestJSON-830986613-project-member] virtio_sound_filter skipped {{(pid=97284) virtio_sound_filter /opt/stack/nova/nova/scheduler/request_filter.py:460}}
Aug 06 03:07:43.667556 np0000006611 nova-scheduler[97284]: DEBUG nova.scheduler.request_filter [None req-1083dfd3-f9f0-4f8b-aa4f-45306e4d7b4a tempest-ServerRescueNegativeTestJSON-830986613 tempest-ServerRescueNegativeTestJSON-830986613-project-member] tpm_secret_security_filter skipped {{(pid=97284) tpm_secret_security_filter /opt/stack/nova/nova/scheduler/request_filter.py:477}}
Aug 06 03:07:44.146012 np0000006611 nova-scheduler[97284]: INFO nova.utils [None req-1083dfd3-f9f0-4f8b-aa4f-45306e4d7b4a tempest-ServerRescueNegativeTestJSON-830986613 tempest-ServerRescueNegativeTestJSON-830986613-project-member] The cell worker thread pool ForkProcess-1.cell_worker is initialized
Aug 06 03:07:44.146316 np0000006611 nova-scheduler[97284]: DEBUG oslo_concurrency.lockutils [None req-1083dfd3-f9f0-4f8b-aa4f-45306e4d7b4a tempest-ServerRescueNegativeTestJSON-830986613 tempest-ServerRescueNegativeTestJSON-830986613-project-member] Acquiring lock "88331f18-cb4e-4da0-9677-5482e0653f63" by "nova.context.set_target_cell..get_or_set_cached_cell_and_set_connections" {{(pid=97284) inner /opt/stack/data/venv/lib/python3.12/site-packages/oslo_concurrency/lockutils.py:512}}
Aug 06 03:07:44.146468 np0000006611 nova-scheduler[97284]: DEBUG oslo_concurrency.lockutils [None req-1083dfd3-f9f0-4f8b-aa4f-45306e4d7b4a tempest-ServerRescueNegativeTestJSON-830986613 tempest-ServerRescueNegativeTestJSON-830986613-project-member] Lock "88331f18-cb4e-4da0-9677-5482e0653f63" acquired by "nova.context.set_target_cell..get_or_set_cached_cell_and_set_connections" :: waited 0.000s {{(pid=97284) inner /opt/stack/data/venv/lib/python3.12/site-packages/oslo_concurrency/lockutils.py:525}}
Aug 06 03:07:44.147655 np0000006611 nova-scheduler[97284]: DEBUG oslo_concurrency.lockutils [None req-1083dfd3-f9f0-4f8b-aa4f-45306e4d7b4a tempest-ServerRescueNegativeTestJSON-830986613 tempest-ServerRescueNegativeTestJSON-830986613-project-member] Lock "88331f18-cb4e-4da0-9677-5482e0653f63" "released" by "nova.context.set_target_cell..get_or_set_cached_cell_and_set_connections" :: held 0.001s {{(pid=97284) inner /opt/stack/data/venv/lib/python3.12/site-packages/oslo_concurrency/lockutils.py:544}}
Aug 06 03:07:44.149079 np0000006611 nova-scheduler[97284]: INFO dbcounter [None req-1083dfd3-f9f0-4f8b-aa4f-45306e4d7b4a tempest-ServerRescueNegativeTestJSON-830986613 tempest-ServerRescueNegativeTestJSON-830986613-project-member] Registered counter for database nova_cell1
Aug 06 03:07:44.183220 np0000006611 nova-scheduler[97284]: DEBUG oslo_db.sqlalchemy.engines [None req-1083dfd3-f9f0-4f8b-aa4f-45306e4d7b4a tempest-ServerRescueNegativeTestJSON-830986613 tempest-ServerRescueNegativeTestJSON-830986613-project-member] MySQL server mode set to STRICT_TRANS_TABLES,STRICT_ALL_TABLES,NO_ZERO_IN_DATE,NO_ZERO_DATE,ERROR_FOR_DIVISION_BY_ZERO,TRADITIONAL,NO_ENGINE_SUBSTITUTION {{(pid=97284) _check_effective_sql_mode /opt/stack/data/venv/lib/python3.12/site-packages/oslo_db/sqlalchemy/engines.py:325}}
Aug 06 03:07:44.191565 np0000006611 nova-scheduler[97284]: DEBUG dbcounter [-] [97284] Writer thread running {{(pid=97284) stat_writer /opt/stack/data/venv/lib/python3.12/site-packages/dbcounter.py:102}}
Aug 06 03:07:44.205395 np0000006611 nova-scheduler[97284]: DEBUG oslo_db.sqlalchemy.engines [None req-1083dfd3-f9f0-4f8b-aa4f-45306e4d7b4a tempest-ServerRescueNegativeTestJSON-830986613 tempest-ServerRescueNegativeTestJSON-830986613-project-member] Parent process 96077 forked (97284) with an open database connection, which is being discarded and recreated. {{(pid=97284) checkout /opt/stack/data/venv/lib/python3.12/site-packages/oslo_db/sqlalchemy/engines.py:402}}
Aug 06 03:07:44.253289 np0000006611 nova-scheduler[97284]: DEBUG dbcounter [-] [97284] Writer thread running {{(pid=97284) stat_writer /opt/stack/data/venv/lib/python3.12/site-packages/dbcounter.py:102}}
Aug 06 03:07:44.256125 np0000006611 nova-scheduler[97284]: DEBUG oslo_concurrency.lockutils [None req-1083dfd3-f9f0-4f8b-aa4f-45306e4d7b4a tempest-ServerRescueNegativeTestJSON-830986613 tempest-ServerRescueNegativeTestJSON-830986613-project-member] Acquiring lock "88331f18-cb4e-4da0-9677-5482e0653f63" by "nova.context.set_target_cell..get_or_set_cached_cell_and_set_connections" {{(pid=97284) inner /opt/stack/data/venv/lib/python3.12/site-packages/oslo_concurrency/lockutils.py:512}}
