Jul 19 23:33:41.285773 np0000005477 devstack@g-api.service[99853]: DEBUG glance.api.middleware.version_negotiation [None req-70887d7f-510b-4756-a926-0279fb2041d6 tempest-VolumesNegativeTest-1429809406 tempest-VolumesNegativeTest-1429809406-project-member] Determining version of request: POST /v2/images/a52af32b-128a-4b90-970c-13e3fce027e9/actions/reactivate Accept: application/json {{(pid=99853) process_request /opt/stack/glance/glance/api/middleware/version_negotiation.py:44}}
Jul 19 23:33:41.285956 np0000005477 devstack@g-api.service[99853]: DEBUG glance.api.middleware.version_negotiation [None req-70887d7f-510b-4756-a926-0279fb2041d6 tempest-VolumesNegativeTest-1429809406 tempest-VolumesNegativeTest-1429809406-project-member] Using url versioning {{(pid=99853) process_request /opt/stack/glance/glance/api/middleware/version_negotiation.py:57}}
Jul 19 23:33:41.286103 np0000005477 devstack@g-api.service[99853]: DEBUG glance.api.middleware.version_negotiation [None req-70887d7f-510b-4756-a926-0279fb2041d6 tempest-VolumesNegativeTest-1429809406 tempest-VolumesNegativeTest-1429809406-project-member] Matched version: v2 {{(pid=99853) process_request /opt/stack/glance/glance/api/middleware/version_negotiation.py:69}}
Jul 19 23:33:41.286247 np0000005477 devstack@g-api.service[99853]: DEBUG glance.api.middleware.version_negotiation [None req-70887d7f-510b-4756-a926-0279fb2041d6 tempest-VolumesNegativeTest-1429809406 tempest-VolumesNegativeTest-1429809406-project-member] new path /v2/images/a52af32b-128a-4b90-970c-13e3fce027e9/actions/reactivate {{(pid=99853) process_request /opt/stack/glance/glance/api/middleware/version_negotiation.py:70}}
Jul 19 23:33:41.299750 np0000005477 devstack@g-api.service[99854]: DEBUG glance.api.middleware.version_negotiation [None req-70887d7f-510b-4756-a926-0279fb2041d6 tempest-VolumesNegativeTest-1429809406 tempest-VolumesNegativeTest-1429809406-project-member] Determining version of request: GET /v2/schemas/image Accept: */* {{(pid=99854) process_request /opt/stack/glance/glance/api/middleware/version_negotiation.py:44}}
Jul 19 23:33:41.300219 np0000005477 devstack@g-api.service[99854]: DEBUG glance.api.middleware.version_negotiation [None req-70887d7f-510b-4756-a926-0279fb2041d6 tempest-VolumesNegativeTest-1429809406 tempest-VolumesNegativeTest-1429809406-project-member] Using url versioning {{(pid=99854) process_request /opt/stack/glance/glance/api/middleware/version_negotiation.py:57}}
Jul 19 23:33:41.300219 np0000005477 devstack@g-api.service[99854]: DEBUG glance.api.middleware.version_negotiation [None req-70887d7f-510b-4756-a926-0279fb2041d6 tempest-VolumesNegativeTest-1429809406 tempest-VolumesNegativeTest-1429809406-project-member] Matched version: v2 {{(pid=99854) process_request /opt/stack/glance/glance/api/middleware/version_negotiation.py:69}}
Jul 19 23:33:41.300219 np0000005477 devstack@g-api.service[99854]: DEBUG glance.api.middleware.version_negotiation [None req-70887d7f-510b-4756-a926-0279fb2041d6 tempest-VolumesNegativeTest-1429809406 tempest-VolumesNegativeTest-1429809406-project-member] new path /v2/schemas/image {{(pid=99854) process_request /opt/stack/glance/glance/api/middleware/version_negotiation.py:70}}
Jul 19 23:33:41.302354 np0000005477 devstack@g-api.service[99854]: [pid: 99854|app: 0|req: 112/323] 127.0.0.1 () {44 vars in 1051 bytes} [Sun Jul 19 23:33:41 2026] GET /v2/schemas/image => generated 6083 bytes in 3 msecs (HTTP/1.1 200) 4 headers in 158 bytes (1 switches on core 0)
Jul 19 23:33:41.319985 np0000005477 devstack@g-api.service[99853]: INFO glance.api.v2.image_actions [None req-8c7d48fd-561f-4422-b743-4f3faeb319b2 tempest-VolumesNegativeTest-1429809406 tempest-VolumesNegativeTest-1429809406-project-member] Image a52af32b-128a-4b90-970c-13e3fce027e9 is reactivated
Jul 19 23:33:41.320652 np0000005477 devstack@g-api.service[99853]: [pid: 99853|app: 0|req: 107/324] 127.0.0.1 () {42 vars in 892 bytes} [Sun Jul 19 23:33:41 2026] POST /v2/images/a52af32b-128a-4b90-970c-13e3fce027e9/actions/reactivate => generated 0 bytes in 35 msecs (HTTP/1.1 204) 4 headers in 171 bytes (1 switches on core 0)
Jul 19 23:33:41.327621 np0000005477 devstack@g-api.service[99854]: DEBUG glance.api.middleware.version_negotiation [None req-67c0ec12-1cfd-4e25-bfe5-5750be5eee80 tempest-AttachVolumeShelveTestJSON-1817063383 tempest-AttachVolumeShelveTestJSON-1817063383-project-member] Determining version of request: DELETE /v2/images/a52af32b-128a-4b90-970c-13e3fce027e9 Accept: application/json {{(pid=99854) process_request /opt/stack/glance/glance/api/middleware/version_negotiation.py:44}}
Jul 19 23:33:41.327844 np0000005477 devstack@g-api.service[99854]: DEBUG glance.api.middleware.version_negotiation [None req-67c0ec12-1cfd-4e25-bfe5-5750be5eee80 tempest-AttachVolumeShelveTestJSON-1817063383 tempest-AttachVolumeShelveTestJSON-1817063383-project-member] Using url versioning {{(pid=99854) process_request /opt/stack/glance/glance/api/middleware/version_negotiation.py:57}}
Jul 19 23:33:41.328393 np0000005477 devstack@g-api.service[99854]: DEBUG glance.api.middleware.version_negotiation [None req-67c0ec12-1cfd-4e25-bfe5-5750be5eee80 tempest-AttachVolumeShelveTestJSON-1817063383 tempest-AttachVolumeShelveTestJSON-1817063383-project-member] Matched version: v2 {{(pid=99854) process_request /opt/stack/glance/glance/api/middleware/version_negotiation.py:69}}
Jul 19 23:33:41.328550 np0000005477 devstack@g-api.service[99854]: DEBUG glance.api.middleware.version_negotiation [None req-67c0ec12-1cfd-4e25-bfe5-5750be5eee80 tempest-AttachVolumeShelveTestJSON-1817063383 tempest-AttachVolumeShelveTestJSON-1817063383-project-member] new path /v2/images/a52af32b-128a-4b90-970c-13e3fce027e9 {{(pid=99854) process_request /opt/stack/glance/glance/api/middleware/version_negotiation.py:70}}
Jul 19 23:33:41.338974 np0000005477 devstack@g-api.service[99852]: DEBUG swiftclient [None req-fec2bf03-ef0d-4197-a8c1-ada8fc003b3a tempest-TestMinimumBasicScenario-1633803573 tempest-TestMinimumBasicScenario-1633803573-project-member] REQ: curl -i https://10.4.3.99:8080/v1/AUTH_4765e1bebf904f028c5d61e585d85158/glance/436e44ba-2267-4489-9189-8fd213a58fe6 -X GET -H "X-Auth-Token: gAAAAABqXV7VFHX0..." {{(pid=99852) http_log /opt/stack/data/venv/lib/python3.12/site-packages/swiftclient/client.py:160}}
Jul 19 23:33:41.339097 np0000005477 devstack@g-api.service[99852]: DEBUG swiftclient [None req-fec2bf03-ef0d-4197-a8c1-ada8fc003b3a tempest-TestMinimumBasicScenario-1633803573 tempest-TestMinimumBasicScenario-1633803573-project-member] RESP STATUS: 200 OK {{(pid=99852) http_log /opt/stack/data/venv/lib/python3.12/site-packages/swiftclient/client.py:161}}
Jul 19 23:33:41.339202 np0000005477 devstack@g-api.service[99852]: DEBUG swiftclient [None req-fec2bf03-ef0d-4197-a8c1-ada8fc003b3a tempest-TestMinimumBasicScenario-1633803573 tempest-TestMinimumBasicScenario-1633803573-project-member] RESP HEADERS: {'Date': 'Sun, 19 Jul 2026 23:33:41 GMT', 'Server': 'Apache/2.4.58 (Ubuntu)', 'Content-Type': 'application/octet-stream', 'X-Object-Manifest': 'glance/436e44ba-2267-4489-9189-8fd213a58fe6-', 'Last-Modified': 'Sun, 19 Jul 2026 23:33:40 GMT', 'X-Timestamp': '1784504019.07120', 'Accept-Ranges': 'bytes', 'Content-Length': '21692416', 'Etag': '"737c2a37dd3f91e374c48cad70137398"', 'X-Trans-Id': 'txb58ac666b98a4f548731d-006a5d5ed5', 'X-Openstack-Request-Id': 'txb58ac666b98a4f548731d-006a5d5ed5', 'Connection': 'close'} {{(pid=99852) http_log /opt/stack/data/venv/lib/python3.12/site-packages/swiftclient/client.py:162}}
Jul 19 23:33:41.344666 np0000005477 devstack@g-api.service[99854]: WARNING glance.api.v2.images [None req-e4351524-9c71-465d-96bb-5178f16b3280 tempest-VolumesNegativeTest-1429809406 tempest-VolumesNegativeTest-1429809406-project-member] After upload to backend, deletion of staged image data has failed because it cannot be found at /tmp/staging//a52af32b-128a-4b90-970c-13e3fce027e9
Jul 19 23:33:41.345143 np0000005477 devstack@g-api.service[99854]: DEBUG glance_store.backend [None req-e4351524-9c71-465d-96bb-5178f16b3280 tempest-VolumesNegativeTest-1429809406 tempest-VolumesNegativeTest-1429809406-project-member] Attempting to import store swift {{(pid=99854) _load_store /opt/stack/data/venv/lib/python3.12/site-packages/glance_store/backend.py:215}}
Jul 19 23:33:41.345369 np0000005477 devstack@g-api.service[99853]: DEBUG glance.api.middleware.version_negotiation [None req-8c7d48fd-561f-4422-b743-4f3faeb319b2 tempest-VolumesNegativeTest-1429809406 tempest-VolumesNegativeTest-1429809406-project-member] Determining version of request: POST /v2/images Accept: */* {{(pid=99853) process_request /opt/stack/glance/glance/api/middleware/version_negotiation.py:44}}
Jul 19 23:33:41.345533 np0000005477 devstack@g-api.service[99853]: DEBUG glance.api.middleware.version_negotiation [None req-8c7d48fd-561f-4422-b743-4f3faeb319b2 tempest-VolumesNegativeTest-1429809406 tempest-VolumesNegativeTest-1429809406-project-member] Using url versioning {{(pid=99853) process_request /opt/stack/glance/glance/api/middleware/version_negotiation.py:57}}
Jul 19 23:33:41.345674 np0000005477 devstack@g-api.service[99853]: DEBUG glance.api.middleware.version_negotiation [None req-8c7d48fd-561f-4422-b743-4f3faeb319b2 tempest-VolumesNegativeTest-1429809406 tempest-VolumesNegativeTest-1429809406-project-member] Matched version: v2 {{(pid=99853) process_request /opt/stack/glance/glance/api/middleware/version_negotiation.py:69}}
Jul 19 23:33:41.345803 np0000005477 devstack@g-api.service[99853]: DEBUG glance.api.middleware.version_negotiation [None req-8c7d48fd-561f-4422-b743-4f3faeb319b2 tempest-VolumesNegativeTest-1429809406 tempest-VolumesNegativeTest-1429809406-project-member] new path /v2/images {{(pid=99853) process_request /opt/stack/glance/glance/api/middleware/version_negotiation.py:70}}
Jul 19 23:33:41.347610 np0000005477 devstack@g-api.service[99854]: DEBUG glance_store.capabilities [None req-e4351524-9c71-465d-96bb-5178f16b3280 tempest-VolumesNegativeTest-1429809406 tempest-VolumesNegativeTest-1429809406-project-member] Store glance_store._drivers.swift.store.SingleTenantStore doesn't support updating dynamic storage capabilities. Please overwrite 'update_capabilities' method of the store to implement updating logics if needed. {{(pid=99854) update_capabilities /opt/stack/data/venv/lib/python3.12/site-packages/glance_store/capabilities.py:91}}
Jul 19 23:33:41.347744 np0000005477 devstack@g-api.service[99854]: DEBUG glance_store.driver [None req-e4351524-9c71-465d-96bb-5178f16b3280 tempest-VolumesNegativeTest-1429809406 tempest-VolumesNegativeTest-1429809406-project-member] Late loading location class glance_store._drivers.swift.store.StoreLocation {{(pid=99854) get_store_location_class /opt/stack/data/venv/lib/python3.12/site-packages/glance_store/driver.py:134}}
Jul 19 23:33:41.348350 np0000005477 devstack@g-api.service[99854]: DEBUG glance_store.location [None req-e4351524-9c71-465d-96bb-5178f16b3280 tempest-VolumesNegativeTest-1429809406 tempest-VolumesNegativeTest-1429809406-project-member] Registering scheme swift+https with {'store': , 'location_class': , 'store_entry': 'swift'} {{(pid=99854) register_scheme_map /opt/stack/data/venv/lib/python3.12/site-packages/glance_store/location.py:146}}
Jul 19 23:33:41.349147 np0000005477 devstack@g-api.service[99854]: DEBUG glance_store.location [None req-e4351524-9c71-465d-96bb-5178f16b3280 tempest-VolumesNegativeTest-1429809406 tempest-VolumesNegativeTest-1429809406-project-member] Registering scheme swift+https with {'store': , 'location_class': , 'store_entry': 'swift'} {{(pid=99854) register_scheme_map /opt/stack/data/venv/lib/python3.12/site-packages/glance_store/location.py:146}}
Jul 19 23:33:41.349280 np0000005477 devstack@g-api.service[99854]: DEBUG glance_store.location [None req-e4351524-9c71-465d-96bb-5178f16b3280 tempest-VolumesNegativeTest-1429809406 tempest-VolumesNegativeTest-1429809406-project-member] Registering scheme swift with {'store': , 'location_class': , 'store_entry': 'swift'} {{(pid=99854) register_scheme_map /opt/stack/data/venv/lib/python3.12/site-packages/glance_store/location.py:146}}
Jul 19 23:33:41.349405 np0000005477 devstack@g-api.service[99854]: DEBUG glance_store.location [None req-e4351524-9c71-465d-96bb-5178f16b3280 tempest-VolumesNegativeTest-1429809406 tempest-VolumesNegativeTest-1429809406-project-member] Registering scheme swift+https with {'store': , 'location_class': , 'store_entry': 'swift'} {{(pid=99854) register_scheme_map /opt/stack/data/venv/lib/python3.12/site-packages/glance_store/location.py:146}}
Jul 19 23:33:41.349543 np0000005477 devstack@g-api.service[99854]: DEBUG glance_store.location [None req-e4351524-9c71-465d-96bb-5178f16b3280 tempest-VolumesNegativeTest-1429809406 tempest-VolumesNegativeTest-1429809406-project-member] Registering scheme swift with {'store': , 'location_class': , 'store_entry': 'swift'} {{(pid=99854) register_scheme_map /opt/stack/data/venv/lib/python3.12/site-packages/glance_store/location.py:146}}
Jul 19 23:33:41.349657 np0000005477 devstack@g-api.service[99854]: DEBUG glance_store.location [None req-e4351524-9c71-465d-96bb-5178f16b3280 tempest-VolumesNegativeTest-1429809406 tempest-VolumesNegativeTest-1429809406-project-member] Registering scheme swift+http with {'store': , 'location_class': , 'store_entry': 'swift'} {{(pid=99854) register_scheme_map /opt/stack/data/venv/lib/python3.12/site-packages/glance_store/location.py:146}}
Jul 19 23:33:41.350007 np0000005477 devstack@g-api.service[99854]: DEBUG glance_store.location [None req-e4351524-9c71-465d-96bb-5178f16b3280 tempest-VolumesNegativeTest-1429809406 tempest-VolumesNegativeTest-1429809406-project-member] Registering scheme swift+https with {'store': , 'location_class': , 'store_entry': 'swift'} {{(pid=99854) register_scheme_map /opt/stack/data/venv/lib/python3.12/site-packages/glance_store/location.py:146}}
Jul 19 23:33:41.350007 np0000005477 devstack@g-api.service[99854]: DEBUG glance_store.location [None req-e4351524-9c71-465d-96bb-5178f16b3280 tempest-VolumesNegativeTest-1429809406 tempest-VolumesNegativeTest-1429809406-project-member] Registering scheme swift with {'store': , 'location_class': , 'store_entry': 'swift'} {{(pid=99854) register_scheme_map /opt/stack/data/venv/lib/python3.12/site-packages/glance_store/location.py:146}}
Jul 19 23:33:41.350097 np0000005477 devstack@g-api.service[99854]: DEBUG glance_store.location [None req-e4351524-9c71-465d-96bb-5178f16b3280 tempest-VolumesNegativeTest-1429809406 tempest-VolumesNegativeTest-1429809406-project-member] Registering scheme swift+http with {'store': , 'location_class': , 'store_entry': 'swift'} {{(pid=99854) register_scheme_map /opt/stack/data/venv/lib/python3.12/site-packages/glance_store/location.py:146}}
Jul 19 23:33:41.350137 np0000005477 devstack@g-api.service[99854]: DEBUG glance_store.location [None req-e4351524-9c71-465d-96bb-5178f16b3280 tempest-VolumesNegativeTest-1429809406 tempest-VolumesNegativeTest-1429809406-project-member] Registering scheme swift+config with {'store': , 'location_class': , 'store_entry': 'swift'} {{(pid=99854) register_scheme_map /opt/stack/data/venv/lib/python3.12/site-packages/glance_store/location.py:146}}
Jul 19 23:33:41.350594 np0000005477 devstack@g-api.service[99852]: DEBUG glance.image_cache [None req-fec2bf03-ef0d-4197-a8c1-ada8fc003b3a tempest-TestMinimumBasicScenario-1633803573 tempest-TestMinimumBasicScenario-1633803573-project-member] Tee'ing image '436e44ba-2267-4489-9189-8fd213a58fe6' into cache {{(pid=99852) get_caching_iter /opt/stack/glance/glance/image_cache/__init__.py:356}}
Jul 19 23:33:41.350926 np0000005477 devstack@g-api.service[99854]: DEBUG keystoneclient.auth.identity.v3.base [None req-e4351524-9c71-465d-96bb-5178f16b3280 tempest-VolumesNegativeTest-1429809406 tempest-VolumesNegativeTest-1429809406-project-member] Making authentication request to https://10.4.3.99/identity/v3/auth/tokens {{(pid=99854) get_auth_ref /opt/stack/data/venv/lib/python3.12/site-packages/keystoneclient/auth/identity/v3/base.py:185}}
Jul 19 23:33:41.416535 np0000005477 devstack@g-api.service[99854]: DEBUG keystoneclient.auth.identity.v3.base [None req-e4351524-9c71-465d-96bb-5178f16b3280 tempest-VolumesNegativeTest-1429809406 tempest-VolumesNegativeTest-1429809406-project-member] {"token": {"methods": ["password"], "user": {"domain": {"id": "default", "name": "Default"}, "id": "6edf895313ed4061b75527ec60e24d6a", "name": "glance-swift", "password_expires_at": null}, "audit_ids": ["HmSQ3dz1QAKqxvKobpesig"], "expires_at": "2026-07-20T00:33:41.000000Z", "issued_at": "2026-07-19T23:33:41.000000Z", "project": {"domain": {"id": "default", "name": "Default"}, "id": "4765e1bebf904f028c5d61e585d85158", "name": "service"}, "is_domain": false, "roles": [{"id": "119660b423994b66a7d443d4ba649a5a", "name": "ResellerAdmin"}, {"id": "f8b0673752a1490e937235f63294822e", "name": "service"}], "catalog": [{"endpoints": [{"id": "5c44cacf06d14fc8a98fe63ae80b7a99", "interface": "public", "region_id": "RegionOne", "url": "https://10.4.3.99/networking", "region": "RegionOne"}], "id": "0c53f5e7874c46afa9cff47f78138661", "type": "network", "name": "neutron"}, {"endpoints": [{"id": "e0299af46fe14ed9bda564e0246c75cc", "interface": "public", "region_id": "RegionOne", "url": "https://10.4.3.99/placement", "region": "RegionOne"}], "id": "3d7ee288fe1a403b8dd9a2c33a95a8dd", "type": "placement", "name": "placement"}, {"endpoints": [{"id": "8588fad323c74fc9960eb31cc80b6c6f", "interface": "public", "region_id": "RegionOne", "url": "https://10.4.3.99/identity", "region": "RegionOne"}], "id": "9f04e850e31545599efbd51f455625b7", "type": "identity", "name": "keystone"}, {"endpoints": [{"id": "09bf16c004db4663b9d78a7e7bb4a428", "interface": "admin", "region_id": "RegionOne", "url": "https://10.4.3.99:8080", "region": "RegionOne"}, {"id": "cee80bf5252a4c20893e5133c2baba2e", "interface": "public", "region_id": "RegionOne", "url": "https://10.4.3.99:8080/v1/AUTH_4765e1bebf904f028c5d61e585d85158", "region": "RegionOne"}], "id": "9ffb67eb9cc046438519972d95b7b440", "type": "object-store", "name": "swift"}, {"endpoints": [{"id": "62f0d2e08b0947b7be7fc243e2074f27", "interface": "public", "region_id": "RegionOne", "url": "https://10.4.3.99/compute/v2.1", "region": "RegionOne"}], "id": "c8545d8e2a264cb8b24ddd8e32350db2", "type": "compute", "name": "nova"}, {"endpoints": [{"id": "59e743047da84c39bd0fe1ed6b6e768c", "interface": "public", "region_id": "RegionOne", "url": "https://10.4.3.99/volume/v3", "region": "RegionOne"}], "id": "ee4cf7fddbf14c7d92f6177b4cd4ff4d", "type": "block-storage", "name": "cinder"}, {"endpoints": [{"id": "30e0bc41345f40b3b7bf4ccb332dbf85", "interface": "public", "region_id": "RegionOne", "url": "https://10.4.3.99/compute/v2/4765e1bebf904f028c5d61e585d85158", "region": "RegionOne"}], "id": "eedb5a2472864892a0a90bc74f2de9a7", "type": "compute_legacy", "name": "nova_legacy"}, {"endpoints": [{"id": "8c3f0148077d4c47b99354954277bd25", "interface": "public", "region_id": "RegionOne", "url": "https://10.4.3.99/image", "region": "RegionOne"}], "id": "eee22ea9a80d4648b1a9342a2a8eadb6", "type": "image", "name": "glance"}]}} {{(pid=99854) get_auth_ref /opt/stack/data/venv/lib/python3.12/site-packages/keystoneclient/auth/identity/v3/base.py:190}}
Jul 19 23:33:41.416971 np0000005477 devstack@g-api.service[99854]: DEBUG keystoneclient.httpclient [None req-e4351524-9c71-465d-96bb-5178f16b3280 tempest-VolumesNegativeTest-1429809406 tempest-VolumesNegativeTest-1429809406-project-member] Failed to find endpoint for management url admin endpoint for identity service not found {{(pid=99854) _process_management_url /opt/stack/data/venv/lib/python3.12/site-packages/keystoneclient/httpclient.py:670}}
Jul 19 23:33:41.496167 np0000005477 devstack@g-api.service[99854]: DEBUG swiftclient [None req-e4351524-9c71-465d-96bb-5178f16b3280 tempest-VolumesNegativeTest-1429809406 tempest-VolumesNegativeTest-1429809406-project-member] REQ: curl -i https://10.4.3.99:8080/v1/AUTH_4765e1bebf904f028c5d61e585d85158/glance/a52af32b-128a-4b90-970c-13e3fce027e9 -I -H "X-Auth-Token: gAAAAABqXV7VcglB..." {{(pid=99854) http_log /opt/stack/data/venv/lib/python3.12/site-packages/swiftclient/client.py:160}}
Jul 19 23:33:41.496296 np0000005477 devstack@g-api.service[99854]: DEBUG swiftclient [None req-e4351524-9c71-465d-96bb-5178f16b3280 tempest-VolumesNegativeTest-1429809406 tempest-VolumesNegativeTest-1429809406-project-member] RESP STATUS: 200 OK {{(pid=99854) http_log /opt/stack/data/venv/lib/python3.12/site-packages/swiftclient/client.py:161}}
Jul 19 23:33:41.496474 np0000005477 devstack@g-api.service[99854]: DEBUG swiftclient [None req-e4351524-9c71-465d-96bb-5178f16b3280 tempest-VolumesNegativeTest-1429809406 tempest-VolumesNegativeTest-1429809406-project-member] RESP HEADERS: {'Date': 'Sun, 19 Jul 2026 23:33:41 GMT', 'Server': 'Apache/2.4.58 (Ubuntu)', 'Content-Type': 'application/octet-stream', 'Content-Length': '1024', 'Etag': 'c328189f60de615dcb4d30fafce66639', 'Last-Modified': 'Sun, 19 Jul 2026 23:33:41 GMT', 'X-Timestamp': '1784504020.87971', 'Accept-Ranges': 'bytes', 'X-Trans-Id': 'txc0495fa2e7794ca5bd187-006a5d5ed5', 'X-Openstack-Request-Id': 'txc0495fa2e7794ca5bd187-006a5d5ed5', 'Connection': 'close'} {{(pid=99854) http_log /opt/stack/data/venv/lib/python3.12/site-packages/swiftclient/client.py:162}}
Jul 19 23:33:41.501302 np0000005477 devstack@g-api.service[99852]: DEBUG glance.image_cache.drivers.centralized_db [None req-fec2bf03-ef0d-4197-a8c1-ada8fc003b3a tempest-TestMinimumBasicScenario-1633803573 tempest-TestMinimumBasicScenario-1633803573-project-member] Fetch finished, moving '/opt/stack/data/glance/cache/incomplete/436e44ba-2267-4489-9189-8fd213a58fe6' to '/opt/stack/data/glance/cache/436e44ba-2267-4489-9189-8fd213a58fe6' {{(pid=99852) commit /opt/stack/glance/glance/image_cache/drivers/centralized_db.py:243}}
Jul 19 23:33:41.512260 np0000005477 devstack@g-api.service[99852]: DEBUG glance.image_cache.drivers.centralized_db [None req-fec2bf03-ef0d-4197-a8c1-ada8fc003b3a tempest-TestMinimumBasicScenario-1633803573 tempest-TestMinimumBasicScenario-1633803573-project-member] Image cached successfully. {{(pid=99852) commit /opt/stack/glance/glance/image_cache/drivers/centralized_db.py:258}}
Jul 19 23:33:41.512408 np0000005477 devstack@g-api.service[99852]: [pid: 99852|app: 0|req: 106/325] 127.0.0.1 () {44 vars in 1121 bytes} [Sun Jul 19 23:33:41 2026] GET /v2/images/436e44ba-2267-4489-9189-8fd213a58fe6/file => generated 21692416 bytes in 294 msecs (HTTP/1.1 200) 4 headers in 191 bytes (331 switches on core 0)
Jul 19 23:33:41.525912 np0000005477 devstack@g-api.service[99854]: DEBUG swiftclient [None req-e4351524-9c71-465d-96bb-5178f16b3280 tempest-VolumesNegativeTest-1429809406 tempest-VolumesNegativeTest-1429809406-project-member] REQ: curl -i https://10.4.3.99:8080/v1/AUTH_4765e1bebf904f028c5d61e585d85158/glance/a52af32b-128a-4b90-970c-13e3fce027e9 DELETE -H "X-Auth-Token: gAAAAABqXV7VcglB..." {{(pid=99854) http_log /opt/stack/data/venv/lib/python3.12/site-packages/swiftclient/client.py:160}}
Jul 19 23:33:41.526011 np0000005477 devstack@g-api.service[99854]: DEBUG swiftclient [None req-e4351524-9c71-465d-96bb-5178f16b3280 tempest-VolumesNegativeTest-1429809406 tempest-VolumesNegativeTest-1429809406-project-member] RESP STATUS: 204 No Content {{(pid=99854) http_log /opt/stack/data/venv/lib/python3.12/site-packages/swiftclient/client.py:161}}
Jul 19 23:33:41.526177 np0000005477 devstack@g-api.service[99854]: DEBUG swiftclient [None req-e4351524-9c71-465d-96bb-5178f16b3280 tempest-VolumesNegativeTest-1429809406 tempest-VolumesNegativeTest-1429809406-project-member] RESP HEADERS: {'Date': 'Sun, 19 Jul 2026 23:33:41 GMT', 'Server': 'Apache/2.4.58 (Ubuntu)', 'Content-Type': 'text/html; charset=UTF-8', 'X-Trans-Id': 'txae79567375f14742aa4dc-006a5d5ed5', 'X-Openstack-Request-Id': 'txae79567375f14742aa4dc-006a5d5ed5', 'Connection': 'close'} {{(pid=99854) http_log /opt/stack/data/venv/lib/python3.12/site-packages/swiftclient/client.py:162}}
Jul 19 23:33:41.568347 np0000005477 devstack@g-api.service[99854]: [pid: 99854|app: 0|req: 113/326] 127.0.0.1 () {40 vars in 837 bytes} [Sun Jul 19 23:33:41 2026] DELETE /v2/images/a52af32b-128a-4b90-970c-13e3fce027e9 => generated 0 bytes in 241 msecs (HTTP/1.1 204) 4 headers in 171 bytes (1 switches on core 0)
Jul 19 23:33:41.577785 np0000005477 devstack@g-api.service[99852]: DEBUG glance.api.middleware.version_negotiation [None req-fec2bf03-ef0d-4197-a8c1-ada8fc003b3a tempest-TestMinimumBasicScenario-1633803573 tempest-TestMinimumBasicScenario-1633803573-project-member] Determining version of request: POST /v2/images Accept: application/json {{(pid=99852) process_request /opt/stack/glance/glance/api/middleware/version_negotiation.py:44}}
Jul 19 23:33:41.577986 np0000005477 devstack@g-api.service[99852]: DEBUG glance.api.middleware.version_negotiation [None req-fec2bf03-ef0d-4197-a8c1-ada8fc003b3a tempest-TestMinimumBasicScenario-1633803573 tempest-TestMinimumBasicScenario-1633803573-project-member] Using url versioning {{(pid=99852) process_request /opt/stack/glance/glance/api/middleware/version_negotiation.py:57}}
Jul 19 23:33:41.578134 np0000005477 devstack@g-api.service[99852]: DEBUG glance.api.middleware.version_negotiation [None req-fec2bf03-ef0d-4197-a8c1-ada8fc003b3a tempest-TestMinimumBasicScenario-1633803573 tempest-TestMinimumBasicScenario-1633803573-project-member] Matched version: v2 {{(pid=99852) process_request /opt/stack/glance/glance/api/middleware/version_negotiation.py:69}}
Jul 19 23:33:41.578227 np0000005477 devstack@g-api.service[99852]: DEBUG glance.api.middleware.version_negotiation [None req-fec2bf03-ef0d-4197-a8c1-ada8fc003b3a tempest-TestMinimumBasicScenario-1633803573 tempest-TestMinimumBasicScenario-1633803573-project-member] new path /v2/images {{(pid=99852) process_request /opt/stack/glance/glance/api/middleware/version_negotiation.py:70}}
Jul 19 23:33:41.621147 np0000005477 devstack@g-api.service[99854]: DEBUG glance.api.middleware.version_negotiation [None req-e4351524-9c71-465d-96bb-5178f16b3280 tempest-VolumesNegativeTest-1429809406 tempest-VolumesNegativeTest-1429809406-project-member] Determining version of request: GET /v2/images/436e44ba-2267-4489-9189-8fd213a58fe6 Accept: */* {{(pid=99854) process_request /opt/stack/glance/glance/api/middleware/version_negotiation.py:44}}
Jul 19 23:33:41.622521 np0000005477 devstack@g-api.service[99854]: DEBUG glance.api.middleware.version_negotiation [None req-e4351524-9c71-465d-96bb-5178f16b3280 tempest-VolumesNegativeTest-1429809406 tempest-VolumesNegativeTest-1429809406-project-member] Using url versioning {{(pid=99854) process_request /opt/stack/glance/glance/api/middleware/version_negotiation.py:57}}
Jul 19 23:33:41.622758 np0000005477 devstack@g-api.service[99854]: DEBUG glance.api.middleware.version_negotiation [None req-e4351524-9c71-465d-96bb-5178f16b3280 tempest-VolumesNegativeTest-1429809406 tempest-VolumesNegativeTest-1429809406-project-member] Matched version: v2 {{(pid=99854) process_request /opt/stack/glance/glance/api/middleware/version_negotiation.py:69}}
Jul 19 23:33:41.622957 np0000005477 devstack@g-api.service[99854]: DEBUG glance.api.middleware.version_negotiation [None req-e4351524-9c71-465d-96bb-5178f16b3280 tempest-VolumesNegativeTest-1429809406 tempest-VolumesNegativeTest-1429809406-project-member] new path /v2/images/436e44ba-2267-4489-9189-8fd213a58fe6 {{(pid=99854) process_request /opt/stack/glance/glance/api/middleware/version_negotiation.py:70}}
Jul 19 23:33:41.641814 np0000005477 devstack@g-api.service[99854]: [pid: 99854|app: 0|req: 114/327] 127.0.0.1 () {44 vars in 1111 bytes} [Sun Jul 19 23:33:41 2026] GET /v2/images/436e44ba-2267-4489-9189-8fd213a58fe6 => generated 811 bytes in 21 msecs (HTTP/1.1 200) 4 headers in 157 bytes (1 switches on core 0)
Jul 19 23:33:41.681283 np0000005477 devstack@g-api.service[99854]: DEBUG glance.api.middleware.version_negotiation [None req-fec2bf03-ef0d-4197-a8c1-ada8fc003b3a tempest-TestMinimumBasicScenario-1633803573 tempest-TestMinimumBasicScenario-1633803573-project-member] Determining version of request: GET /v2/schemas/image Accept: */* {{(pid=99854) process_request /opt/stack/glance/glance/api/middleware/version_negotiation.py:44}}
Jul 19 23:33:41.681714 np0000005477 devstack@g-api.service[99854]: DEBUG glance.api.middleware.version_negotiation [None req-fec2bf03-ef0d-4197-a8c1-ada8fc003b3a tempest-TestMinimumBasicScenario-1633803573 tempest-TestMinimumBasicScenario-1633803573-project-member] Using url versioning {{(pid=99854) process_request /opt/stack/glance/glance/api/middleware/version_negotiation.py:57}}
Jul 19 23:33:41.681972 np0000005477 devstack@g-api.service[99854]: DEBUG glance.api.middleware.version_negotiation [None req-fec2bf03-ef0d-4197-a8c1-ada8fc003b3a tempest-TestMinimumBasicScenario-1633803573 tempest-TestMinimumBasicScenario-1633803573-project-member] Matched version: v2 {{(pid=99854) process_request /opt/stack/glance/glance/api/middleware/version_negotiation.py:69}}
Jul 19 23:33:41.682099 np0000005477 devstack@g-api.service[99854]: DEBUG glance.api.middleware.version_negotiation [None req-fec2bf03-ef0d-4197-a8c1-ada8fc003b3a tempest-TestMinimumBasicScenario-1633803573 tempest-TestMinimumBasicScenario-1633803573-project-member] new path /v2/schemas/image {{(pid=99854) process_request /opt/stack/glance/glance/api/middleware/version_negotiation.py:70}}
Jul 19 23:33:41.685761 np0000005477 devstack@g-api.service[99854]: [pid: 99854|app: 0|req: 115/328] 127.0.0.1 () {44 vars in 1051 bytes} [Sun Jul 19 23:33:41 2026] GET /v2/schemas/image => generated 6083 bytes in 5 msecs (HTTP/1.1 200) 4 headers in 158 bytes (1 switches on core 0)
Jul 19 23:33:41.932502 np0000005477 devstack@g-api.service[99853]: [pid: 99853|app: 0|req: 108/329] 127.0.0.1 () {46 vars in 1051 bytes} [Sun Jul 19 23:33:41 2026] POST /v2/images => generated 1339 bytes in 587 msecs (HTTP/1.1 201) 6 headers in 316 bytes (1 switches on core 0)
Jul 19 23:33:42.056578 np0000005477 devstack@g-api.service[99852]: [pid: 99852|app: 0|req: 107/330] 127.0.0.1 () {42 vars in 782 bytes} [Sun Jul 19 23:33:41 2026] POST /v2/images => generated 652 bytes in 479 msecs (HTTP/1.1 201) 6 headers in 315 bytes (1 switches on core 0)
Jul 19 23:33:42.066604 np0000005477 devstack@g-api.service[99854]: DEBUG glance.api.middleware.version_negotiation [None req-fec2bf03-ef0d-4197-a8c1-ada8fc003b3a tempest-TestMinimumBasicScenario-1633803573 tempest-TestMinimumBasicScenario-1633803573-project-member] Determining version of request: PUT /v2/images/105e4cf5-9647-4faf-a449-ac5907a58131/file Accept: {{(pid=99854) process_request /opt/stack/glance/glance/api/middleware/version_negotiation.py:44}}
Jul 19 23:33:42.067145 np0000005477 devstack@g-api.service[99854]: DEBUG glance.api.middleware.version_negotiation [None req-fec2bf03-ef0d-4197-a8c1-ada8fc003b3a tempest-TestMinimumBasicScenario-1633803573 tempest-TestMinimumBasicScenario-1633803573-project-member] Using url versioning {{(pid=99854) process_request /opt/stack/glance/glance/api/middleware/version_negotiation.py:57}}
Jul 19 23:33:42.067145 np0000005477 devstack@g-api.service[99854]: DEBUG glance.api.middleware.version_negotiation [None req-fec2bf03-ef0d-4197-a8c1-ada8fc003b3a tempest-TestMinimumBasicScenario-1633803573 tempest-TestMinimumBasicScenario-1633803573-project-member] Matched version: v2 {{(pid=99854) process_request /opt/stack/glance/glance/api/middleware/version_negotiation.py:69}}
Jul 19 23:33:42.067376 np0000005477 devstack@g-api.service[99854]: DEBUG glance.api.middleware.version_negotiation [None req-fec2bf03-ef0d-4197-a8c1-ada8fc003b3a tempest-TestMinimumBasicScenario-1633803573 tempest-TestMinimumBasicScenario-1633803573-project-member] new path /v2/images/105e4cf5-9647-4faf-a449-ac5907a58131/file {{(pid=99854) process_request /opt/stack/glance/glance/api/middleware/version_negotiation.py:70}}
Jul 19 23:33:42.483000 np0000005477 devstack@g-api.service[99853]: DEBUG glance.api.middleware.version_negotiation [None req-67c0ec12-1cfd-4e25-bfe5-5750be5eee80 tempest-AttachVolumeShelveTestJSON-1817063383 tempest-AttachVolumeShelveTestJSON-1817063383-project-member] Determining version of request: GET /v2/images/60e01b36-a9b2-4e03-ab5f-a940827e5302 Accept: */* {{(pid=99853) process_request /opt/stack/glance/glance/api/middleware/version_negotiation.py:44}}
Jul 19 23:33:42.484259 np0000005477 devstack@g-api.service[99853]: DEBUG glance.api.middleware.version_negotiation [None req-67c0ec12-1cfd-4e25-bfe5-5750be5eee80 tempest-AttachVolumeShelveTestJSON-1817063383 tempest-AttachVolumeShelveTestJSON-1817063383-project-member] Using url versioning {{(pid=99853) process_request /opt/stack/glance/glance/api/middleware/version_negotiation.py:57}}
Jul 19 23:33:42.484259 np0000005477 devstack@g-api.service[99853]: DEBUG glance.api.middleware.version_negotiation [None req-67c0ec12-1cfd-4e25-bfe5-5750be5eee80 tempest-AttachVolumeShelveTestJSON-1817063383 tempest-AttachVolumeShelveTestJSON-1817063383-project-member] Matched version: v2 {{(pid=99853) process_request /opt/stack/glance/glance/api/middleware/version_negotiation.py:69}}
Jul 19 23:33:42.484259 np0000005477 devstack@g-api.service[99853]: DEBUG glance.api.middleware.version_negotiation [None req-67c0ec12-1cfd-4e25-bfe5-5750be5eee80 tempest-AttachVolumeShelveTestJSON-1817063383 tempest-AttachVolumeShelveTestJSON-1817063383-project-member] new path /v2/images/60e01b36-a9b2-4e03-ab5f-a940827e5302 {{(pid=99853) process_request /opt/stack/glance/glance/api/middleware/version_negotiation.py:70}}
Jul 19 23:33:42.497421 np0000005477 devstack@g-api.service[99853]: [pid: 99853|app: 0|req: 109/331] 127.0.0.1 () {44 vars in 1111 bytes} [Sun Jul 19 23:33:42 2026] GET /v2/images/60e01b36-a9b2-4e03-ab5f-a940827e5302 => generated 1339 bytes in 14 msecs (HTTP/1.1 200) 4 headers in 158 bytes (1 switches on core 0)
Jul 19 23:33:42.564592 np0000005477 devstack@g-api.service[99852]: DEBUG glance.api.middleware.version_negotiation [None req-dadb1970-d273-4cd2-8413-c86c552486d6 tempest-VolumesNegativeTest-1429809406 tempest-VolumesNegativeTest-1429809406-project-member] Determining version of request: GET /v2/schemas/image Accept: */* {{(pid=99852) process_request /opt/stack/glance/glance/api/middleware/version_negotiation.py:44}}
Jul 19 23:33:42.564739 np0000005477 devstack@g-api.service[99852]: DEBUG glance.api.middleware.version_negotiation [None req-dadb1970-d273-4cd2-8413-c86c552486d6 tempest-VolumesNegativeTest-1429809406 tempest-VolumesNegativeTest-1429809406-project-member] Using url versioning {{(pid=99852) process_request /opt/stack/glance/glance/api/middleware/version_negotiation.py:57}}
Jul 19 23:33:42.564855 np0000005477 devstack@g-api.service[99852]: DEBUG glance.api.middleware.version_negotiation [None req-dadb1970-d273-4cd2-8413-c86c552486d6 tempest-VolumesNegativeTest-1429809406 tempest-VolumesNegativeTest-1429809406-project-member] Matched version: v2 {{(pid=99852) process_request /opt/stack/glance/glance/api/middleware/version_negotiation.py:69}}
Jul 19 23:33:42.564952 np0000005477 devstack@g-api.service[99852]: DEBUG glance.api.middleware.version_negotiation [None req-dadb1970-d273-4cd2-8413-c86c552486d6 tempest-VolumesNegativeTest-1429809406 tempest-VolumesNegativeTest-1429809406-project-member] new path /v2/schemas/image {{(pid=99852) process_request /opt/stack/glance/glance/api/middleware/version_negotiation.py:70}}
Jul 19 23:33:42.572011 np0000005477 devstack@g-api.service[99852]: [pid: 99852|app: 0|req: 108/332] 127.0.0.1 () {44 vars in 1051 bytes} [Sun Jul 19 23:33:42 2026] GET /v2/schemas/image => generated 6083 bytes in 7 msecs (HTTP/1.1 200) 4 headers in 158 bytes (1 switches on core 0)
Jul 19 23:33:42.585920 np0000005477 devstack@g-api.service[99854]: INFO glance.api.v2.image_data [None req-324d2372-d215-46ca-915e-2582bd27ee7c tempest-VolumesNegativeTest-1429809406 tempest-VolumesNegativeTest-1429809406-project-member] Unable to create trust: no such option collect_timing in group [keystone_authtoken] Use the existing user token.
Jul 19 23:33:43.104926 np0000005477 devstack@g-api.service[99854]: DEBUG glance.location [None req-324d2372-d215-46ca-915e-2582bd27ee7c tempest-VolumesNegativeTest-1429809406 tempest-VolumesNegativeTest-1429809406-project-member] Enabling in-flight format inspection for raw {{(pid=99854) set_data /opt/stack/glance/glance/location.py:596}}
Jul 19 23:33:43.105451 np0000005477 devstack@g-api.service[99854]: DEBUG glance_store.backend [None req-324d2372-d215-46ca-915e-2582bd27ee7c tempest-VolumesNegativeTest-1429809406 tempest-VolumesNegativeTest-1429809406-project-member] Attempting to import store swift {{(pid=99854) _load_store /opt/stack/data/venv/lib/python3.12/site-packages/glance_store/backend.py:215}}
Jul 19 23:33:43.107376 np0000005477 devstack@g-api.service[99854]: DEBUG glance_store.capabilities [None req-324d2372-d215-46ca-915e-2582bd27ee7c tempest-VolumesNegativeTest-1429809406 tempest-VolumesNegativeTest-1429809406-project-member] Store glance_store._drivers.swift.store.SingleTenantStore doesn't support updating dynamic storage capabilities. Please overwrite 'update_capabilities' method of the store to implement updating logics if needed. {{(pid=99854) update_capabilities /opt/stack/data/venv/lib/python3.12/site-packages/glance_store/capabilities.py:91}}
Jul 19 23:33:43.107664 np0000005477 devstack@g-api.service[99854]: DEBUG glance_store.driver [None req-324d2372-d215-46ca-915e-2582bd27ee7c tempest-VolumesNegativeTest-1429809406 tempest-VolumesNegativeTest-1429809406-project-member] Late loading location class glance_store._drivers.swift.store.StoreLocation {{(pid=99854) get_store_location_class /opt/stack/data/venv/lib/python3.12/site-packages/glance_store/driver.py:134}}
Jul 19 23:33:43.107924 np0000005477 devstack@g-api.service[99854]: DEBUG glance_store.location [None req-324d2372-d215-46ca-915e-2582bd27ee7c tempest-VolumesNegativeTest-1429809406 tempest-VolumesNegativeTest-1429809406-project-member] Registering scheme swift+https with {'store': , 'location_class': , 'store_entry': 'swift'} {{(pid=99854) register_scheme_map /opt/stack/data/venv/lib/python3.12/site-packages/glance_store/location.py:146}}
Jul 19 23:33:43.108124 np0000005477 devstack@g-api.service[99854]: DEBUG glance_store.location [None req-324d2372-d215-46ca-915e-2582bd27ee7c tempest-VolumesNegativeTest-1429809406 tempest-VolumesNegativeTest-1429809406-project-member] Registering scheme swift+https with {'store': , 'location_class': , 'store_entry': 'swift'} {{(pid=99854) register_scheme_map /opt/stack/data/venv/lib/python3.12/site-packages/glance_store/location.py:146}}
Jul 19 23:33:43.108276 np0000005477 devstack@g-api.service[99854]: DEBUG glance_store.location [None req-324d2372-d215-46ca-915e-2582bd27ee7c tempest-VolumesNegativeTest-1429809406 tempest-VolumesNegativeTest-1429809406-project-member] Registering scheme swift with {'store': , 'location_class': , 'store_entry': 'swift'} {{(pid=99854) register_scheme_map /opt/stack/data/venv/lib/python3.12/site-packages/glance_store/location.py:146}}
Jul 19 23:33:43.108470 np0000005477 devstack@g-api.service[99854]: DEBUG glance_store.location [None req-324d2372-d215-46ca-915e-2582bd27ee7c tempest-VolumesNegativeTest-1429809406 tempest-VolumesNegativeTest-1429809406-project-member] Registering scheme swift+https with {'store': , 'location_class': , 'store_entry': 'swift'} {{(pid=99854) register_scheme_map /opt/stack/data/venv/lib/python3.12/site-packages/glance_store/location.py:146}}
Jul 19 23:33:43.108659 np0000005477 devstack@g-api.service[99854]: DEBUG glance_store.location [None req-324d2372-d215-46ca-915e-2582bd27ee7c tempest-VolumesNegativeTest-1429809406 tempest-VolumesNegativeTest-1429809406-project-member] Registering scheme swift with {'store': , 'location_class': , 'store_entry': 'swift'} {{(pid=99854) register_scheme_map /opt/stack/data/venv/lib/python3.12/site-packages/glance_store/location.py:146}}
Jul 19 23:33:43.108858 np0000005477 devstack@g-api.service[99854]: DEBUG glance_store.location [None req-324d2372-d215-46ca-915e-2582bd27ee7c tempest-VolumesNegativeTest-1429809406 tempest-VolumesNegativeTest-1429809406-project-member] Registering scheme swift+http with {'store': , 'location_class': , 'store_entry': 'swift'} {{(pid=99854) register_scheme_map /opt/stack/data/venv/lib/python3.12/site-packages/glance_store/location.py:146}}
Jul 19 23:33:43.109057 np0000005477 devstack@g-api.service[99854]: DEBUG glance_store.location [None req-324d2372-d215-46ca-915e-2582bd27ee7c tempest-VolumesNegativeTest-1429809406 tempest-VolumesNegativeTest-1429809406-project-member] Registering scheme swift+https with {'store': , 'location_class': , 'store_entry': 'swift'} {{(pid=99854) register_scheme_map /opt/stack/data/venv/lib/python3.12/site-packages/glance_store/location.py:146}}
Jul 19 23:33:43.109232 np0000005477 devstack@g-api.service[99854]: DEBUG glance_store.location [None req-324d2372-d215-46ca-915e-2582bd27ee7c tempest-VolumesNegativeTest-1429809406 tempest-VolumesNegativeTest-1429809406-project-member] Registering scheme swift with {'store': , 'location_class': , 'store_entry': 'swift'} {{(pid=99854) register_scheme_map /opt/stack/data/venv/lib/python3.12/site-packages/glance_store/location.py:146}}
Jul 19 23:33:43.109406 np0000005477 devstack@g-api.service[99854]: DEBUG glance_store.location [None req-324d2372-d215-46ca-915e-2582bd27ee7c tempest-VolumesNegativeTest-1429809406 tempest-VolumesNegativeTest-1429809406-project-member] Registering scheme swift+http with {'store': , 'location_class': , 'store_entry': 'swift'} {{(pid=99854) register_scheme_map /opt/stack/data/venv/lib/python3.12/site-packages/glance_store/location.py:146}}
Jul 19 23:33:43.109589 np0000005477 devstack@g-api.service[99854]: DEBUG glance_store.location [None req-324d2372-d215-46ca-915e-2582bd27ee7c tempest-VolumesNegativeTest-1429809406 tempest-VolumesNegativeTest-1429809406-project-member] Registering scheme swift+config with {'store': , 'location_class': , 'store_entry': 'swift'} {{(pid=99854) register_scheme_map /opt/stack/data/venv/lib/python3.12/site-packages/glance_store/location.py:146}}
Jul 19 23:33:43.127981 np0000005477 devstack@g-api.service[99853]: DEBUG glance.api.middleware.version_negotiation [None req-67c0ec12-1cfd-4e25-bfe5-5750be5eee80 tempest-AttachVolumeShelveTestJSON-1817063383 tempest-AttachVolumeShelveTestJSON-1817063383-project-member] Determining version of request: GET /v2/images/60e01b36-a9b2-4e03-ab5f-a940827e5302 Accept: */* {{(pid=99853) process_request /opt/stack/glance/glance/api/middleware/version_negotiation.py:44}}
Jul 19 23:33:43.129327 np0000005477 devstack@g-api.service[99853]: DEBUG glance.api.middleware.version_negotiation [None req-67c0ec12-1cfd-4e25-bfe5-5750be5eee80 tempest-AttachVolumeShelveTestJSON-1817063383 tempest-AttachVolumeShelveTestJSON-1817063383-project-member] Using url versioning {{(pid=99853) process_request /opt/stack/glance/glance/api/middleware/version_negotiation.py:57}}
Jul 19 23:33:43.129538 np0000005477 devstack@g-api.service[99853]: DEBUG glance.api.middleware.version_negotiation [None req-67c0ec12-1cfd-4e25-bfe5-5750be5eee80 tempest-AttachVolumeShelveTestJSON-1817063383 tempest-AttachVolumeShelveTestJSON-1817063383-project-member] Matched version: v2 {{(pid=99853) process_request /opt/stack/glance/glance/api/middleware/version_negotiation.py:69}}
Jul 19 23:33:43.129697 np0000005477 devstack@g-api.service[99853]: DEBUG glance.api.middleware.version_negotiation [None req-67c0ec12-1cfd-4e25-bfe5-5750be5eee80 tempest-AttachVolumeShelveTestJSON-1817063383 tempest-AttachVolumeShelveTestJSON-1817063383-project-member] new path /v2/images/60e01b36-a9b2-4e03-ab5f-a940827e5302 {{(pid=99853) process_request /opt/stack/glance/glance/api/middleware/version_negotiation.py:70}}
Jul 19 23:33:43.148148 np0000005477 devstack@g-api.service[99853]: [pid: 99853|app: 0|req: 110/333] 127.0.0.1 () {44 vars in 1111 bytes} [Sun Jul 19 23:33:43 2026] GET /v2/images/60e01b36-a9b2-4e03-ab5f-a940827e5302 => generated 1339 bytes in 20 msecs (HTTP/1.1 200) 4 headers in 158 bytes (1 switches on core 0)
Jul 19 23:33:43.212499 np0000005477 devstack@g-api.service[99854]: DEBUG swiftclient [None req-324d2372-d215-46ca-915e-2582bd27ee7c tempest-VolumesNegativeTest-1429809406 tempest-VolumesNegativeTest-1429809406-project-member] REQ: curl -i https://10.4.3.99:8080/v1/AUTH_4765e1bebf904f028c5d61e585d85158/glance -I -H "X-Auth-Token: gAAAAABqXV7X4HSU..." {{(pid=99854) http_log /opt/stack/data/venv/lib/python3.12/site-packages/swiftclient/client.py:160}}
Jul 19 23:33:43.212499 np0000005477 devstack@g-api.service[99854]: DEBUG swiftclient [None req-324d2372-d215-46ca-915e-2582bd27ee7c tempest-VolumesNegativeTest-1429809406 tempest-VolumesNegativeTest-1429809406-project-member] RESP STATUS: 204 No Content {{(pid=99854) http_log /opt/stack/data/venv/lib/python3.12/site-packages/swiftclient/client.py:161}}
Jul 19 23:33:43.213152 np0000005477 devstack@g-api.service[99854]: DEBUG swiftclient [None req-324d2372-d215-46ca-915e-2582bd27ee7c tempest-VolumesNegativeTest-1429809406 tempest-VolumesNegativeTest-1429809406-project-member] RESP HEADERS: {'Date': 'Sun, 19 Jul 2026 23:33:43 GMT', 'Server': 'Apache/2.4.58 (Ubuntu)', 'Content-Type': 'text/plain; charset=utf-8', 'X-Container-Object-Count': '7', 'X-Container-Bytes-Used': '107741184', 'X-Timestamp': '1784503673.83272', 'Last-Modified': 'Sun, 19 Jul 2026 23:27:54 GMT', 'Accept-Ranges': 'bytes', 'X-Storage-Policy': 'Policy-0', 'X-Container-Sharding': 'False', 'Vary': 'Accept', 'X-Trans-Id': 'tx067456e124fe467989676-006a5d5ed7', 'X-Openstack-Request-Id': 'tx067456e124fe467989676-006a5d5ed7', 'Connection': 'close'} {{(pid=99854) http_log /opt/stack/data/venv/lib/python3.12/site-packages/swiftclient/client.py:162}}
Jul 19 23:33:43.213499 np0000005477 devstack@g-api.service[99854]: DEBUG glance_store._drivers.swift.store [None req-324d2372-d215-46ca-915e-2582bd27ee7c tempest-VolumesNegativeTest-1429809406 tempest-VolumesNegativeTest-1429809406-project-member] Adding image object '105e4cf5-9647-4faf-a449-ac5907a58131' to Swift {{(pid=99854) add /opt/stack/data/venv/lib/python3.12/site-packages/glance_store/_drivers/swift/store.py:970}}
Jul 19 23:33:43.224704 np0000005477 devstack@g-api.service[99854]: DEBUG oslo_utils.imageutils.format_inspector [None req-324d2372-d215-46ca-915e-2582bd27ee7c tempest-VolumesNegativeTest-1429809406 tempest-VolumesNegativeTest-1429809406-project-member] Format inspector for vmdk does not match, excluding from consideration (Signature KDMV not found: b'\x1e\xf5}\xcc') {{(pid=99854) _process_chunk /opt/stack/data/venv/lib/python3.12/site-packages/oslo_utils/imageutils/format_inspector.py:1758}}
Jul 19 23:33:43.248196 np0000005477 devstack@g-api.service[99852]: DEBUG glance.api.middleware.version_negotiation [None req-67c0ec12-1cfd-4e25-bfe5-5750be5eee80 tempest-AttachVolumeShelveTestJSON-1817063383 tempest-AttachVolumeShelveTestJSON-1817063383-project-member] Determining version of request: GET /v2/schemas/image Accept: */* {{(pid=99852) process_request /opt/stack/glance/glance/api/middleware/version_negotiation.py:44}}
Jul 19 23:33:43.248686 np0000005477 devstack@g-api.service[99852]: DEBUG glance.api.middleware.version_negotiation [None req-67c0ec12-1cfd-4e25-bfe5-5750be5eee80 tempest-AttachVolumeShelveTestJSON-1817063383 tempest-AttachVolumeShelveTestJSON-1817063383-project-member] Using url versioning {{(pid=99852) process_request /opt/stack/glance/glance/api/middleware/version_negotiation.py:57}}
Jul 19 23:33:43.248686 np0000005477 devstack@g-api.service[99852]: DEBUG glance.api.middleware.version_negotiation [None req-67c0ec12-1cfd-4e25-bfe5-5750be5eee80 tempest-AttachVolumeShelveTestJSON-1817063383 tempest-AttachVolumeShelveTestJSON-1817063383-project-member] Matched version: v2 {{(pid=99852) process_request /opt/stack/glance/glance/api/middleware/version_negotiation.py:69}}
Jul 19 23:33:43.248686 np0000005477 devstack@g-api.service[99852]: DEBUG glance.api.middleware.version_negotiation [None req-67c0ec12-1cfd-4e25-bfe5-5750be5eee80 tempest-AttachVolumeShelveTestJSON-1817063383 tempest-AttachVolumeShelveTestJSON-1817063383-project-member] new path /v2/schemas/image {{(pid=99852) process_request /opt/stack/glance/glance/api/middleware/version_negotiation.py:70}}
Jul 19 23:33:43.253447 np0000005477 devstack@g-api.service[99852]: [pid: 99852|app: 0|req: 109/334] 127.0.0.1 () {44 vars in 1051 bytes} [Sun Jul 19 23:33:43 2026] GET /v2/schemas/image => generated 6083 bytes in 5 msecs (HTTP/1.1 200) 4 headers in 158 bytes (1 switches on core 0)
Jul 19 23:33:43.254124 np0000005477 devstack@g-api.service[99854]: DEBUG swiftclient [None req-324d2372-d215-46ca-915e-2582bd27ee7c tempest-VolumesNegativeTest-1429809406 tempest-VolumesNegativeTest-1429809406-project-member] REQ: curl -i https://10.4.3.99:8080/v1/AUTH_4765e1bebf904f028c5d61e585d85158/glance/105e4cf5-9647-4faf-a449-ac5907a58131 -X PUT -H "X-Auth-Token: gAAAAABqXV7X4HSU..." -H "Content-Length: 1024" {{(pid=99854) http_log /opt/stack/data/venv/lib/python3.12/site-packages/swiftclient/client.py:160}}
Jul 19 23:33:43.254588 np0000005477 devstack@g-api.service[99854]: DEBUG swiftclient [None req-324d2372-d215-46ca-915e-2582bd27ee7c tempest-VolumesNegativeTest-1429809406 tempest-VolumesNegativeTest-1429809406-project-member] RESP STATUS: 201 Created {{(pid=99854) http_log /opt/stack/data/venv/lib/python3.12/site-packages/swiftclient/client.py:161}}
