Jul 19 23:27:30.762599 np0000005477 nova-conductor[95948]: DEBUG cotyledon.oslo_config_glue [-] oslo_messaging_rabbit.rabbit_login_method = AMQPLAIN {{(pid=95948) log_opt_values /opt/stack/data/venv/lib/python3.12/site-packages/oslo_config/cfg.py:3253}}
Jul 19 23:27:30.762599 np0000005477 nova-conductor[95948]: DEBUG cotyledon.oslo_config_glue [-] oslo_messaging_rabbit.rabbit_qos_prefetch_count = 0 {{(pid=95948) log_opt_values /opt/stack/data/venv/lib/python3.12/site-packages/oslo_config/cfg.py:3253}}
Jul 19 23:27:30.762599 np0000005477 nova-conductor[95948]: DEBUG cotyledon.oslo_config_glue [-] oslo_messaging_rabbit.rabbit_quorum_delivery_limit = 0 {{(pid=95948) log_opt_values /opt/stack/data/venv/lib/python3.12/site-packages/oslo_config/cfg.py:3253}}
Jul 19 23:27:30.763176 np0000005477 nova-conductor[95948]: DEBUG cotyledon.oslo_config_glue [-] oslo_messaging_rabbit.rabbit_quorum_max_memory_bytes = 0 {{(pid=95948) log_opt_values /opt/stack/data/venv/lib/python3.12/site-packages/oslo_config/cfg.py:3253}}
Jul 19 23:27:30.763176 np0000005477 nova-conductor[95948]: DEBUG cotyledon.oslo_config_glue [-] oslo_messaging_rabbit.rabbit_quorum_max_memory_length = 0 {{(pid=95948) log_opt_values /opt/stack/data/venv/lib/python3.12/site-packages/oslo_config/cfg.py:3253}}
Jul 19 23:27:30.763176 np0000005477 nova-conductor[95948]: DEBUG cotyledon.oslo_config_glue [-] oslo_messaging_rabbit.rabbit_quorum_queue = False {{(pid=95948) log_opt_values /opt/stack/data/venv/lib/python3.12/site-packages/oslo_config/cfg.py:3253}}
Jul 19 23:27:30.763176 np0000005477 nova-conductor[95948]: DEBUG cotyledon.oslo_config_glue [-] oslo_messaging_rabbit.rabbit_retry_backoff = 2 {{(pid=95948) log_opt_values /opt/stack/data/venv/lib/python3.12/site-packages/oslo_config/cfg.py:3253}}
Jul 19 23:27:30.763176 np0000005477 nova-conductor[95948]: DEBUG cotyledon.oslo_config_glue [-] oslo_messaging_rabbit.rabbit_retry_interval = 1 {{(pid=95948) log_opt_values /opt/stack/data/venv/lib/python3.12/site-packages/oslo_config/cfg.py:3253}}
Jul 19 23:27:30.763176 np0000005477 nova-conductor[95948]: DEBUG cotyledon.oslo_config_glue [-] oslo_messaging_rabbit.rabbit_stream_fanout = False {{(pid=95948) log_opt_values /opt/stack/data/venv/lib/python3.12/site-packages/oslo_config/cfg.py:3253}}
Jul 19 23:27:30.763176 np0000005477 nova-conductor[95948]: DEBUG cotyledon.oslo_config_glue [-] oslo_messaging_rabbit.rabbit_transient_queues_ttl = 1800 {{(pid=95948) log_opt_values /opt/stack/data/venv/lib/python3.12/site-packages/oslo_config/cfg.py:3253}}
Jul 19 23:27:30.763176 np0000005477 nova-conductor[95948]: DEBUG cotyledon.oslo_config_glue [-] oslo_messaging_rabbit.rabbit_transient_quorum_queue = False {{(pid=95948) log_opt_values /opt/stack/data/venv/lib/python3.12/site-packages/oslo_config/cfg.py:3253}}
Jul 19 23:27:30.763439 np0000005477 nova-conductor[95948]: DEBUG cotyledon.oslo_config_glue [-] oslo_messaging_rabbit.rpc_conn_pool_size = 30 {{(pid=95948) log_opt_values /opt/stack/data/venv/lib/python3.12/site-packages/oslo_config/cfg.py:3253}}
Jul 19 23:27:30.763439 np0000005477 nova-conductor[95948]: DEBUG cotyledon.oslo_config_glue [-] oslo_messaging_rabbit.ssl = False {{(pid=95948) log_opt_values /opt/stack/data/venv/lib/python3.12/site-packages/oslo_config/cfg.py:3253}}
Jul 19 23:27:30.763439 np0000005477 nova-conductor[95948]: DEBUG cotyledon.oslo_config_glue [-] oslo_messaging_rabbit.ssl_ca_file = {{(pid=95948) log_opt_values /opt/stack/data/venv/lib/python3.12/site-packages/oslo_config/cfg.py:3253}}
Jul 19 23:27:30.763439 np0000005477 nova-conductor[95948]: DEBUG cotyledon.oslo_config_glue [-] oslo_messaging_rabbit.ssl_cert_file = {{(pid=95948) log_opt_values /opt/stack/data/venv/lib/python3.12/site-packages/oslo_config/cfg.py:3253}}
Jul 19 23:27:30.763439 np0000005477 nova-conductor[95948]: DEBUG cotyledon.oslo_config_glue [-] oslo_messaging_rabbit.ssl_enforce_fips_mode = False {{(pid=95948) log_opt_values /opt/stack/data/venv/lib/python3.12/site-packages/oslo_config/cfg.py:3253}}
Jul 19 23:27:30.763439 np0000005477 nova-conductor[95948]: DEBUG cotyledon.oslo_config_glue [-] oslo_messaging_rabbit.ssl_enforce_hostname_verification = True {{(pid=95948) log_opt_values /opt/stack/data/venv/lib/python3.12/site-packages/oslo_config/cfg.py:3253}}
Jul 19 23:27:30.763439 np0000005477 nova-conductor[95948]: DEBUG cotyledon.oslo_config_glue [-] oslo_messaging_rabbit.ssl_key_file = {{(pid=95948) log_opt_values /opt/stack/data/venv/lib/python3.12/site-packages/oslo_config/cfg.py:3253}}
Jul 19 23:27:30.763439 np0000005477 nova-conductor[95948]: DEBUG cotyledon.oslo_config_glue [-] oslo_messaging_rabbit.ssl_version = {{(pid=95948) log_opt_values /opt/stack/data/venv/lib/python3.12/site-packages/oslo_config/cfg.py:3253}}
Jul 19 23:27:30.763439 np0000005477 nova-conductor[95948]: DEBUG cotyledon.oslo_config_glue [-] oslo_messaging_rabbit.use_queue_manager = False {{(pid=95948) log_opt_values /opt/stack/data/venv/lib/python3.12/site-packages/oslo_config/cfg.py:3253}}
Jul 19 23:27:30.763762 np0000005477 nova-conductor[95948]: DEBUG cotyledon.oslo_config_glue [-] oslo_messaging_notifications.driver = ['messagingv2'] {{(pid=95948) log_opt_values /opt/stack/data/venv/lib/python3.12/site-packages/oslo_config/cfg.py:3253}}
Jul 19 23:27:30.763762 np0000005477 nova-conductor[95948]: DEBUG cotyledon.oslo_config_glue [-] oslo_messaging_notifications.retry = -1 {{(pid=95948) log_opt_values /opt/stack/data/venv/lib/python3.12/site-packages/oslo_config/cfg.py:3253}}
Jul 19 23:27:30.763762 np0000005477 nova-conductor[95948]: DEBUG cotyledon.oslo_config_glue [-] oslo_messaging_notifications.topics = ['notifications'] {{(pid=95948) log_opt_values /opt/stack/data/venv/lib/python3.12/site-packages/oslo_config/cfg.py:3253}}
Jul 19 23:27:30.763762 np0000005477 nova-conductor[95948]: DEBUG cotyledon.oslo_config_glue [-] oslo_messaging_notifications.transport_url = **** {{(pid=95948) log_opt_values /opt/stack/data/venv/lib/python3.12/site-packages/oslo_config/cfg.py:3253}}
Jul 19 23:27:30.763762 np0000005477 nova-conductor[95948]: DEBUG cotyledon.oslo_config_glue [-] oslo_limit.auth_section = None {{(pid=95948) log_opt_values /opt/stack/data/venv/lib/python3.12/site-packages/oslo_config/cfg.py:3253}}
Jul 19 23:27:30.763762 np0000005477 nova-conductor[95948]: DEBUG cotyledon.oslo_config_glue [-] oslo_limit.auth_type = None {{(pid=95948) log_opt_values /opt/stack/data/venv/lib/python3.12/site-packages/oslo_config/cfg.py:3253}}
Jul 19 23:27:30.763762 np0000005477 nova-conductor[95948]: DEBUG cotyledon.oslo_config_glue [-] oslo_limit.cafile = None {{(pid=95948) log_opt_values /opt/stack/data/venv/lib/python3.12/site-packages/oslo_config/cfg.py:3253}}
Jul 19 23:27:30.763762 np0000005477 nova-conductor[95948]: DEBUG cotyledon.oslo_config_glue [-] oslo_limit.certfile = None {{(pid=95948) log_opt_values /opt/stack/data/venv/lib/python3.12/site-packages/oslo_config/cfg.py:3253}}
Jul 19 23:27:30.763762 np0000005477 nova-conductor[95948]: DEBUG cotyledon.oslo_config_glue [-] oslo_limit.collect_timing = False {{(pid=95948) log_opt_values /opt/stack/data/venv/lib/python3.12/site-packages/oslo_config/cfg.py:3253}}
Jul 19 23:27:30.764105 np0000005477 nova-conductor[95948]: DEBUG cotyledon.oslo_config_glue [-] oslo_limit.connect_retries = None {{(pid=95948) log_opt_values /opt/stack/data/venv/lib/python3.12/site-packages/oslo_config/cfg.py:3253}}
Jul 19 23:27:30.764105 np0000005477 nova-conductor[95948]: DEBUG cotyledon.oslo_config_glue [-] oslo_limit.connect_retry_delay = None {{(pid=95948) log_opt_values /opt/stack/data/venv/lib/python3.12/site-packages/oslo_config/cfg.py:3253}}
Jul 19 23:27:30.764105 np0000005477 nova-conductor[95948]: DEBUG cotyledon.oslo_config_glue [-] oslo_limit.endpoint_id = None {{(pid=95948) log_opt_values /opt/stack/data/venv/lib/python3.12/site-packages/oslo_config/cfg.py:3253}}
Jul 19 23:27:30.764105 np0000005477 nova-conductor[95948]: DEBUG cotyledon.oslo_config_glue [-] oslo_limit.endpoint_interface = public {{(pid=95948) log_opt_values /opt/stack/data/venv/lib/python3.12/site-packages/oslo_config/cfg.py:3253}}
Jul 19 23:27:30.764105 np0000005477 nova-conductor[95948]: DEBUG cotyledon.oslo_config_glue [-] oslo_limit.endpoint_override = None {{(pid=95948) log_opt_values /opt/stack/data/venv/lib/python3.12/site-packages/oslo_config/cfg.py:3253}}
Jul 19 23:27:30.764105 np0000005477 nova-conductor[95948]: DEBUG cotyledon.oslo_config_glue [-] oslo_limit.endpoint_region_name = None {{(pid=95948) log_opt_values /opt/stack/data/venv/lib/python3.12/site-packages/oslo_config/cfg.py:3253}}
Jul 19 23:27:30.764105 np0000005477 nova-conductor[95948]: DEBUG cotyledon.oslo_config_glue [-] oslo_limit.endpoint_service_name = None {{(pid=95948) log_opt_values /opt/stack/data/venv/lib/python3.12/site-packages/oslo_config/cfg.py:3253}}
Jul 19 23:27:30.764105 np0000005477 nova-conductor[95948]: DEBUG cotyledon.oslo_config_glue [-] oslo_limit.endpoint_service_type = None {{(pid=95948) log_opt_values /opt/stack/data/venv/lib/python3.12/site-packages/oslo_config/cfg.py:3253}}
Jul 19 23:27:30.764105 np0000005477 nova-conductor[95948]: DEBUG cotyledon.oslo_config_glue [-] oslo_limit.insecure = False {{(pid=95948) log_opt_values /opt/stack/data/venv/lib/python3.12/site-packages/oslo_config/cfg.py:3253}}
Jul 19 23:27:30.764375 np0000005477 nova-conductor[95948]: DEBUG cotyledon.oslo_config_glue [-] oslo_limit.keyfile = None {{(pid=95948) log_opt_values /opt/stack/data/venv/lib/python3.12/site-packages/oslo_config/cfg.py:3253}}
Jul 19 23:27:30.764375 np0000005477 nova-conductor[95948]: DEBUG cotyledon.oslo_config_glue [-] oslo_limit.max_version = None {{(pid=95948) log_opt_values /opt/stack/data/venv/lib/python3.12/site-packages/oslo_config/cfg.py:3253}}
Jul 19 23:27:30.764375 np0000005477 nova-conductor[95948]: DEBUG cotyledon.oslo_config_glue [-] oslo_limit.min_version = None {{(pid=95948) log_opt_values /opt/stack/data/venv/lib/python3.12/site-packages/oslo_config/cfg.py:3253}}
Jul 19 23:27:30.764375 np0000005477 nova-conductor[95948]: DEBUG cotyledon.oslo_config_glue [-] oslo_limit.region_name = None {{(pid=95948) log_opt_values /opt/stack/data/venv/lib/python3.12/site-packages/oslo_config/cfg.py:3253}}
Jul 19 23:27:30.764375 np0000005477 nova-conductor[95948]: DEBUG cotyledon.oslo_config_glue [-] oslo_limit.retriable_status_codes = None {{(pid=95948) log_opt_values /opt/stack/data/venv/lib/python3.12/site-packages/oslo_config/cfg.py:3253}}
Jul 19 23:27:30.764375 np0000005477 nova-conductor[95948]: DEBUG cotyledon.oslo_config_glue [-] oslo_limit.service_name = None {{(pid=95948) log_opt_values /opt/stack/data/venv/lib/python3.12/site-packages/oslo_config/cfg.py:3253}}
Jul 19 23:27:30.764375 np0000005477 nova-conductor[95948]: DEBUG cotyledon.oslo_config_glue [-] oslo_limit.service_type = None {{(pid=95948) log_opt_values /opt/stack/data/venv/lib/python3.12/site-packages/oslo_config/cfg.py:3253}}
Jul 19 23:27:30.764375 np0000005477 nova-conductor[95948]: DEBUG cotyledon.oslo_config_glue [-] oslo_limit.split_loggers = False {{(pid=95948) log_opt_values /opt/stack/data/venv/lib/python3.12/site-packages/oslo_config/cfg.py:3253}}
Jul 19 23:27:30.764375 np0000005477 nova-conductor[95948]: DEBUG cotyledon.oslo_config_glue [-] oslo_limit.status_code_retries = None {{(pid=95948) log_opt_values /opt/stack/data/venv/lib/python3.12/site-packages/oslo_config/cfg.py:3253}}
Jul 19 23:27:30.764707 np0000005477 nova-conductor[95948]: DEBUG cotyledon.oslo_config_glue [-] oslo_limit.status_code_retry_delay = None {{(pid=95948) log_opt_values /opt/stack/data/venv/lib/python3.12/site-packages/oslo_config/cfg.py:3253}}
Jul 19 23:27:30.764707 np0000005477 nova-conductor[95948]: DEBUG cotyledon.oslo_config_glue [-] oslo_limit.timeout = None {{(pid=95948) log_opt_values /opt/stack/data/venv/lib/python3.12/site-packages/oslo_config/cfg.py:3253}}
Jul 19 23:27:30.764707 np0000005477 nova-conductor[95948]: DEBUG cotyledon.oslo_config_glue [-] oslo_limit.valid_interfaces = None {{(pid=95948) log_opt_values /opt/stack/data/venv/lib/python3.12/site-packages/oslo_config/cfg.py:3253}}
Jul 19 23:27:30.764707 np0000005477 nova-conductor[95948]: DEBUG cotyledon.oslo_config_glue [-] oslo_limit.version = None {{(pid=95948) log_opt_values /opt/stack/data/venv/lib/python3.12/site-packages/oslo_config/cfg.py:3253}}
Jul 19 23:27:30.764707 np0000005477 nova-conductor[95948]: DEBUG cotyledon.oslo_config_glue [-] oslo_reports.file_event_handler = None {{(pid=95948) log_opt_values /opt/stack/data/venv/lib/python3.12/site-packages/oslo_config/cfg.py:3253}}
Jul 19 23:27:30.764707 np0000005477 nova-conductor[95948]: DEBUG cotyledon.oslo_config_glue [-] oslo_reports.file_event_handler_interval = 1 {{(pid=95948) log_opt_values /opt/stack/data/venv/lib/python3.12/site-packages/oslo_config/cfg.py:3253}}
Jul 19 23:27:30.764707 np0000005477 nova-conductor[95948]: DEBUG cotyledon.oslo_config_glue [-] oslo_reports.log_dir = None {{(pid=95948) log_opt_values /opt/stack/data/venv/lib/python3.12/site-packages/oslo_config/cfg.py:3253}}
Jul 19 23:27:30.764707 np0000005477 nova-conductor[95948]: DEBUG cotyledon.oslo_config_glue [-] ******************************************************************************** {{(pid=95948) log_opt_values /opt/stack/data/venv/lib/python3.12/site-packages/oslo_config/cfg.py:3260}}
Jul 19 23:27:30.764707 np0000005477 nova-conductor[95948]: DEBUG cotyledon._service_worker [-] Run service ServiceWrapper(2) [95948] {{(pid=95948) wait_forever /opt/stack/data/venv/lib/python3.12/site-packages/cotyledon/_service_worker.py:218}}
Jul 19 23:27:30.765005 np0000005477 nova-conductor[95948]: INFO nova.service [-] Starting conductor node (version 33.1.0)
Jul 19 23:27:30.765005 np0000005477 nova-conductor[95948]: INFO dbcounter [None req-9d6449ca-d98f-49a3-adb0-20ba482287bc None None] Registered counter for database nova_cell0
Jul 19 23:27:30.765073 np0000005477 nova-conductor[95938]: DEBUG oslo_db.sqlalchemy.engines [None req-6b80c8d8-3cac-4086-a3b3-731b2302ea2d None None] MySQL server mode set to STRICT_TRANS_TABLES,STRICT_ALL_TABLES,NO_ZERO_IN_DATE,NO_ZERO_DATE,ERROR_FOR_DIVISION_BY_ZERO,TRADITIONAL,NO_ENGINE_SUBSTITUTION {{(pid=95938) _check_effective_sql_mode /opt/stack/data/venv/lib/python3.12/site-packages/oslo_db/sqlalchemy/engines.py:325}}
Jul 19 23:27:30.772292 np0000005477 nova-conductor[95938]: DEBUG dbcounter [-] [95938] Writer thread running {{(pid=95938) stat_writer /opt/stack/data/venv/lib/python3.12/site-packages/dbcounter.py:102}}
Jul 19 23:27:30.776140 np0000005477 nova-conductor[95948]: DEBUG oslo_db.sqlalchemy.engines [None req-9d6449ca-d98f-49a3-adb0-20ba482287bc None None] MySQL server mode set to STRICT_TRANS_TABLES,STRICT_ALL_TABLES,NO_ZERO_IN_DATE,NO_ZERO_DATE,ERROR_FOR_DIVISION_BY_ZERO,TRADITIONAL,NO_ENGINE_SUBSTITUTION {{(pid=95948) _check_effective_sql_mode /opt/stack/data/venv/lib/python3.12/site-packages/oslo_db/sqlalchemy/engines.py:325}}
Jul 19 23:27:30.779582 np0000005477 nova-conductor[95944]: DEBUG oslo_db.sqlalchemy.engines [None req-aff8cfc5-7204-42f7-93bf-4afaf09e0426 None None] MySQL server mode set to STRICT_TRANS_TABLES,STRICT_ALL_TABLES,NO_ZERO_IN_DATE,NO_ZERO_DATE,ERROR_FOR_DIVISION_BY_ZERO,TRADITIONAL,NO_ENGINE_SUBSTITUTION {{(pid=95944) _check_effective_sql_mode /opt/stack/data/venv/lib/python3.12/site-packages/oslo_db/sqlalchemy/engines.py:325}}
Jul 19 23:27:30.784932 np0000005477 nova-conductor[95938]: DEBUG nova.service [None req-6b80c8d8-3cac-4086-a3b3-731b2302ea2d None None] Creating RPC server for service: nova-conductor on topic: conductor {{(pid=95938) start /opt/stack/nova/nova/service.py:196}}
Jul 19 23:27:30.786026 np0000005477 nova-conductor[95948]: DEBUG dbcounter [-] [95948] Writer thread running {{(pid=95948) stat_writer /opt/stack/data/venv/lib/python3.12/site-packages/dbcounter.py:102}}
Jul 19 23:27:30.789034 np0000005477 nova-conductor[95948]: DEBUG nova.service [None req-9d6449ca-d98f-49a3-adb0-20ba482287bc None None] Creating RPC server for service: nova-conductor on topic: conductor {{(pid=95948) start /opt/stack/nova/nova/service.py:196}}
Jul 19 23:27:30.789755 np0000005477 nova-conductor[95944]: DEBUG dbcounter [-] [95944] Writer thread running {{(pid=95944) stat_writer /opt/stack/data/venv/lib/python3.12/site-packages/dbcounter.py:102}}
Jul 19 23:27:30.793264 np0000005477 nova-conductor[95944]: DEBUG nova.service [None req-aff8cfc5-7204-42f7-93bf-4afaf09e0426 None None] Creating RPC server for service: nova-conductor on topic: conductor {{(pid=95944) start /opt/stack/nova/nova/service.py:196}}
Jul 19 23:27:30.809090 np0000005477 nova-conductor[95948]: DEBUG nova.service [None req-9d6449ca-d98f-49a3-adb0-20ba482287bc None None] Join ServiceGroup membership for this service conductor {{(pid=95948) start /opt/stack/nova/nova/service.py:222}}
Jul 19 23:27:30.809331 np0000005477 nova-conductor[95948]: DEBUG nova.servicegroup.drivers.db [None req-9d6449ca-d98f-49a3-adb0-20ba482287bc None None] DB_Driver: join new ServiceGroup member np0000005477 to the conductor group, service = {{(pid=95948) join /opt/stack/nova/nova/servicegroup/drivers/db.py:44}}
Jul 19 23:27:30.818436 np0000005477 nova-conductor[95938]: DEBUG nova.service [None req-6b80c8d8-3cac-4086-a3b3-731b2302ea2d None None] Join ServiceGroup membership for this service conductor {{(pid=95938) start /opt/stack/nova/nova/service.py:222}}
Jul 19 23:27:30.818662 np0000005477 nova-conductor[95938]: DEBUG nova.servicegroup.drivers.db [None req-6b80c8d8-3cac-4086-a3b3-731b2302ea2d None None] DB_Driver: join new ServiceGroup member np0000005477 to the conductor group, service = {{(pid=95938) join /opt/stack/nova/nova/servicegroup/drivers/db.py:44}}
Jul 19 23:27:30.824747 np0000005477 nova-conductor[95944]: DEBUG nova.service [None req-aff8cfc5-7204-42f7-93bf-4afaf09e0426 None None] Join ServiceGroup membership for this service conductor {{(pid=95944) start /opt/stack/nova/nova/service.py:222}}
Jul 19 23:27:30.825037 np0000005477 nova-conductor[95944]: DEBUG nova.servicegroup.drivers.db [None req-aff8cfc5-7204-42f7-93bf-4afaf09e0426 None None] DB_Driver: join new ServiceGroup member np0000005477 to the conductor group, service = {{(pid=95944) join /opt/stack/nova/nova/servicegroup/drivers/db.py:44}}
Jul 19 23:27:35.825072 np0000005477 nova-conductor[95948]: DEBUG oslo.service.backend._threading.loopingcall [-] Fixed interval looping call 'nova.servicegroup.drivers.db.DbDriver._report_state' sleeping for 119.99 seconds {{(pid=95948) _run_loop /opt/stack/data/venv/lib/python3.12/site-packages/oslo_service/backend/_threading/loopingcall.py:125}}
Jul 19 23:27:35.827143 np0000005477 nova-conductor[95938]: DEBUG oslo.service.backend._threading.loopingcall [-] Fixed interval looping call 'nova.servicegroup.drivers.db.DbDriver._report_state' sleeping for 119.99 seconds {{(pid=95938) _run_loop /opt/stack/data/venv/lib/python3.12/site-packages/oslo_service/backend/_threading/loopingcall.py:125}}
Jul 19 23:27:35.834316 np0000005477 nova-conductor[95944]: DEBUG oslo.service.backend._threading.loopingcall [-] Fixed interval looping call 'nova.servicegroup.drivers.db.DbDriver._report_state' sleeping for 119.99 seconds {{(pid=95944) _run_loop /opt/stack/data/venv/lib/python3.12/site-packages/oslo_service/backend/_threading/loopingcall.py:125}}
Jul 19 23:27:39.397569 np0000005477 nova-conductor[94406]: DEBUG dbcounter [-] [94406] Writing DB stats nova_api:SELECT=1 {{(pid=94406) stat_writer /opt/stack/data/venv/lib/python3.12/site-packages/dbcounter.py:115}}
Jul 19 23:27:39.531575 np0000005477 nova-conductor[94406]: DEBUG dbcounter [-] [94406] Writing DB stats nova_cell1:SELECT=1 {{(pid=94406) stat_writer /opt/stack/data/venv/lib/python3.12/site-packages/dbcounter.py:115}}
Jul 19 23:27:39.531575 np0000005477 nova-conductor[94406]: DEBUG dbcounter [-] [94406] Writing DB stats nova_cell0:SELECT=1 {{(pid=94406) stat_writer /opt/stack/data/venv/lib/python3.12/site-packages/dbcounter.py:115}}
Jul 19 23:27:40.811107 np0000005477 nova-conductor[95948]: DEBUG oslo.service.backend._threading.loopingcall [None req-08982bd9-c765-4963-94be-913784023599 None None] Dynamic interval looping call 'nova.service.Service.periodic_tasks' sleeping for 60.00 seconds {{(pid=95948) _run_loop /opt/stack/data/venv/lib/python3.12/site-packages/oslo_service/backend/_threading/loopingcall.py:125}}
Jul 19 23:27:45.821204 np0000005477 nova-conductor[95948]: DEBUG dbcounter [-] [95948] Writing DB stats nova_cell0:SELECT=3,nova_cell0:UPDATE=1 {{(pid=95948) stat_writer /opt/stack/data/venv/lib/python3.12/site-packages/dbcounter.py:115}}
Jul 19 23:27:45.830710 np0000005477 nova-conductor[95938]: DEBUG dbcounter [-] [95938] Writing DB stats nova_cell0:SELECT=4,nova_cell0:INSERT=1 {{(pid=95938) stat_writer /opt/stack/data/venv/lib/python3.12/site-packages/dbcounter.py:115}}
Jul 19 23:27:45.831926 np0000005477 nova-conductor[95944]: DEBUG dbcounter [-] [95944] Writing DB stats nova_cell0:SELECT=3 {{(pid=95944) stat_writer /opt/stack/data/venv/lib/python3.12/site-packages/dbcounter.py:115}}
Jul 19 23:28:01.828988 np0000005477 nova-conductor[95944]: DEBUG oslo.service.backend._threading.loopingcall [None req-1d48107e-f1dc-4104-aa8a-6f9cd56de7fa None None] Dynamic interval looping call 'nova.service.Service.periodic_tasks' sleeping for 60.00 seconds {{(pid=95944) _run_loop /opt/stack/data/venv/lib/python3.12/site-packages/oslo_service/backend/_threading/loopingcall.py:125}}
Jul 19 23:28:04.820264 np0000005477 nova-conductor[95938]: DEBUG oslo.service.backend._threading.loopingcall [None req-2f38fab9-108a-4dd5-890c-81f40d1728f4 None None] Dynamic interval looping call 'nova.service.Service.periodic_tasks' sleeping for 60.00 seconds {{(pid=95938) _run_loop /opt/stack/data/venv/lib/python3.12/site-packages/oslo_service/backend/_threading/loopingcall.py:125}}
Jul 19 23:28:40.811589 np0000005477 nova-conductor[95948]: DEBUG oslo.service.backend._threading.loopingcall [None req-08982bd9-c765-4963-94be-913784023599 None None] Dynamic interval looping call 'nova.service.Service.periodic_tasks' sleeping for 60.00 seconds {{(pid=95948) _run_loop /opt/stack/data/venv/lib/python3.12/site-packages/oslo_service/backend/_threading/loopingcall.py:125}}
Jul 19 23:29:01.829430 np0000005477 nova-conductor[95944]: DEBUG oslo.service.backend._threading.loopingcall [None req-1d48107e-f1dc-4104-aa8a-6f9cd56de7fa None None] Dynamic interval looping call 'nova.service.Service.periodic_tasks' sleeping for 60.00 seconds {{(pid=95944) _run_loop /opt/stack/data/venv/lib/python3.12/site-packages/oslo_service/backend/_threading/loopingcall.py:125}}
Jul 19 23:29:04.820774 np0000005477 nova-conductor[95938]: DEBUG oslo.service.backend._threading.loopingcall [None req-2f38fab9-108a-4dd5-890c-81f40d1728f4 None None] Dynamic interval looping call 'nova.service.Service.periodic_tasks' sleeping for 60.00 seconds {{(pid=95938) _run_loop /opt/stack/data/venv/lib/python3.12/site-packages/oslo_service/backend/_threading/loopingcall.py:125}}
Jul 19 23:29:35.825096 np0000005477 nova-conductor[95948]: DEBUG oslo.service.backend._threading.loopingcall [-] Fixed interval looping call 'nova.servicegroup.drivers.db.DbDriver._report_state' sleeping for 119.99 seconds {{(pid=95948) _run_loop /opt/stack/data/venv/lib/python3.12/site-packages/oslo_service/backend/_threading/loopingcall.py:125}}
Jul 19 23:29:35.825921 np0000005477 nova-conductor[95938]: DEBUG oslo.service.backend._threading.loopingcall [-] Fixed interval looping call 'nova.servicegroup.drivers.db.DbDriver._report_state' sleeping for 119.99 seconds {{(pid=95938) _run_loop /opt/stack/data/venv/lib/python3.12/site-packages/oslo_service/backend/_threading/loopingcall.py:125}}
Jul 19 23:29:35.828718 np0000005477 nova-conductor[95944]: DEBUG oslo.service.backend._threading.loopingcall [-] Fixed interval looping call 'nova.servicegroup.drivers.db.DbDriver._report_state' sleeping for 120.00 seconds {{(pid=95944) _run_loop /opt/stack/data/venv/lib/python3.12/site-packages/oslo_service/backend/_threading/loopingcall.py:125}}
Jul 19 23:29:40.812275 np0000005477 nova-conductor[95948]: DEBUG oslo.service.backend._threading.loopingcall [None req-08982bd9-c765-4963-94be-913784023599 None None] Dynamic interval looping call 'nova.service.Service.periodic_tasks' sleeping for 60.00 seconds {{(pid=95948) _run_loop /opt/stack/data/venv/lib/python3.12/site-packages/oslo_service/backend/_threading/loopingcall.py:125}}
Jul 19 23:29:45.819093 np0000005477 nova-conductor[95948]: DEBUG dbcounter [-] [95948] Writing DB stats nova_cell0:SELECT=1,nova_cell0:UPDATE=1 {{(pid=95948) stat_writer /opt/stack/data/venv/lib/python3.12/site-packages/dbcounter.py:115}}
Jul 19 23:29:45.821984 np0000005477 nova-conductor[95938]: DEBUG dbcounter [-] [95938] Writing DB stats nova_cell0:SELECT=1,nova_cell0:UPDATE=1 {{(pid=95938) stat_writer /opt/stack/data/venv/lib/python3.12/site-packages/dbcounter.py:115}}
Jul 19 23:29:45.827790 np0000005477 nova-conductor[95944]: DEBUG dbcounter [-] [95944] Writing DB stats nova_cell0:SELECT=1 {{(pid=95944) stat_writer /opt/stack/data/venv/lib/python3.12/site-packages/dbcounter.py:115}}
Jul 19 23:29:57.621341 np0000005477 nova-conductor[95948]: DEBUG oslo_db.sqlalchemy.engines [None req-3c32a41c-292c-40d3-8325-c66fcb090db7 tempest-ServerStableDeviceRescueTest-174228345 tempest-ServerStableDeviceRescueTest-174228345-project-member] Parent process 94406 forked (95948) with an open database connection, which is being discarded and recreated. {{(pid=95948) checkout /opt/stack/data/venv/lib/python3.12/site-packages/oslo_db/sqlalchemy/engines.py:402}}
Jul 19 23:29:57.666748 np0000005477 nova-conductor[95948]: DEBUG dbcounter [-] [95948] Writer thread running {{(pid=95948) stat_writer /opt/stack/data/venv/lib/python3.12/site-packages/dbcounter.py:102}}
Jul 19 23:29:58.715192 np0000005477 nova-conductor[95948]: DEBUG nova.conductor.manager [None req-3c32a41c-292c-40d3-8325-c66fcb090db7 tempest-ServerStableDeviceRescueTest-174228345 tempest-ServerStableDeviceRescueTest-174228345-project-member] Took 1.05 seconds to select destinations for 1 instance(s). {{(pid=95948) _schedule_instances /opt/stack/nova/nova/conductor/manager.py:968}}
Jul 19 23:29:58.740934 np0000005477 nova-conductor[95948]: DEBUG oslo_concurrency.lockutils [None req-3c32a41c-292c-40d3-8325-c66fcb090db7 tempest-ServerStableDeviceRescueTest-174228345 tempest-ServerStableDeviceRescueTest-174228345-project-member] Acquiring lock "bb645f3e-22d6-48ea-b3cc-443b6afecfdf" by "nova.context.set_target_cell..get_or_set_cached_cell_and_set_connections" {{(pid=95948) inner /opt/stack/data/venv/lib/python3.12/site-packages/oslo_concurrency/lockutils.py:512}}
Jul 19 23:29:58.741209 np0000005477 nova-conductor[95948]: DEBUG oslo_concurrency.lockutils [None req-3c32a41c-292c-40d3-8325-c66fcb090db7 tempest-ServerStableDeviceRescueTest-174228345 tempest-ServerStableDeviceRescueTest-174228345-project-member] Lock "bb645f3e-22d6-48ea-b3cc-443b6afecfdf" acquired by "nova.context.set_target_cell..get_or_set_cached_cell_and_set_connections" :: waited 0.000s {{(pid=95948) inner /opt/stack/data/venv/lib/python3.12/site-packages/oslo_concurrency/lockutils.py:525}}
Jul 19 23:29:58.742567 np0000005477 nova-conductor[95948]: DEBUG oslo_concurrency.lockutils [None req-3c32a41c-292c-40d3-8325-c66fcb090db7 tempest-ServerStableDeviceRescueTest-174228345 tempest-ServerStableDeviceRescueTest-174228345-project-member] Lock "bb645f3e-22d6-48ea-b3cc-443b6afecfdf" "released" by "nova.context.set_target_cell..get_or_set_cached_cell_and_set_connections" :: held 0.001s {{(pid=95948) inner /opt/stack/data/venv/lib/python3.12/site-packages/oslo_concurrency/lockutils.py:544}}
Jul 19 23:29:58.744381 np0000005477 nova-conductor[95948]: INFO dbcounter [None req-3c32a41c-292c-40d3-8325-c66fcb090db7 tempest-ServerStableDeviceRescueTest-174228345 tempest-ServerStableDeviceRescueTest-174228345-project-member] Registered counter for database nova_cell1
Jul 19 23:29:58.789458 np0000005477 nova-conductor[95948]: DEBUG oslo_db.sqlalchemy.engines [None req-3c32a41c-292c-40d3-8325-c66fcb090db7 tempest-ServerStableDeviceRescueTest-174228345 tempest-ServerStableDeviceRescueTest-174228345-project-member] MySQL server mode set to STRICT_TRANS_TABLES,STRICT_ALL_TABLES,NO_ZERO_IN_DATE,NO_ZERO_DATE,ERROR_FOR_DIVISION_BY_ZERO,TRADITIONAL,NO_ENGINE_SUBSTITUTION {{(pid=95948) _check_effective_sql_mode /opt/stack/data/venv/lib/python3.12/site-packages/oslo_db/sqlalchemy/engines.py:325}}
Jul 19 23:29:58.795914 np0000005477 nova-conductor[95948]: DEBUG dbcounter [-] [95948] Writer thread running {{(pid=95948) stat_writer /opt/stack/data/venv/lib/python3.12/site-packages/dbcounter.py:102}}
Jul 19 23:29:58.863053 np0000005477 nova-conductor[95948]: INFO nova.utils [None req-3c32a41c-292c-40d3-8325-c66fcb090db7 tempest-ServerStableDeviceRescueTest-174228345 tempest-ServerStableDeviceRescueTest-174228345-project-member] The cell worker thread pool ForkProcess-3.cell_worker is initialized
Jul 19 23:29:58.863241 np0000005477 nova-conductor[95948]: DEBUG oslo_concurrency.lockutils [None req-3c32a41c-292c-40d3-8325-c66fcb090db7 tempest-ServerStableDeviceRescueTest-174228345 tempest-ServerStableDeviceRescueTest-174228345-project-member] Acquiring lock "00000000-0000-0000-0000-000000000000" by "nova.context.set_target_cell..get_or_set_cached_cell_and_set_connections" {{(pid=95948) inner /opt/stack/data/venv/lib/python3.12/site-packages/oslo_concurrency/lockutils.py:512}}
Jul 19 23:29:58.863381 np0000005477 nova-conductor[95948]: DEBUG oslo_concurrency.lockutils [None req-3c32a41c-292c-40d3-8325-c66fcb090db7 tempest-ServerStableDeviceRescueTest-174228345 tempest-ServerStableDeviceRescueTest-174228345-project-member] Lock "00000000-0000-0000-0000-000000000000" acquired by "nova.context.set_target_cell..get_or_set_cached_cell_and_set_connections" :: waited 0.000s {{(pid=95948) inner /opt/stack/data/venv/lib/python3.12/site-packages/oslo_concurrency/lockutils.py:525}}
Jul 19 23:29:58.863740 np0000005477 nova-conductor[95948]: DEBUG oslo_concurrency.lockutils [None req-3c32a41c-292c-40d3-8325-c66fcb090db7 tempest-ServerStableDeviceRescueTest-174228345 tempest-ServerStableDeviceRescueTest-174228345-project-member] Lock "00000000-0000-0000-0000-000000000000" "released" by "nova.context.set_target_cell..get_or_set_cached_cell_and_set_connections" :: held 0.000s {{(pid=95948) inner /opt/stack/data/venv/lib/python3.12/site-packages/oslo_concurrency/lockutils.py:544}}
Jul 19 23:29:58.864437 np0000005477 nova-conductor[95948]: DEBUG oslo_concurrency.lockutils [None req-3c32a41c-292c-40d3-8325-c66fcb090db7 tempest-ServerStableDeviceRescueTest-174228345 tempest-ServerStableDeviceRescueTest-174228345-project-member] Acquiring lock "bb645f3e-22d6-48ea-b3cc-443b6afecfdf" by "nova.context.set_target_cell..get_or_set_cached_cell_and_set_connections" {{(pid=95948) inner /opt/stack/data/venv/lib/python3.12/site-packages/oslo_concurrency/lockutils.py:512}}
Jul 19 23:29:58.864587 np0000005477 nova-conductor[95948]: DEBUG oslo_concurrency.lockutils [None req-3c32a41c-292c-40d3-8325-c66fcb090db7 tempest-ServerStableDeviceRescueTest-174228345 tempest-ServerStableDeviceRescueTest-174228345-project-member] Lock "bb645f3e-22d6-48ea-b3cc-443b6afecfdf" acquired by "nova.context.set_target_cell..get_or_set_cached_cell_and_set_connections" :: waited 0.000s {{(pid=95948) inner /opt/stack/data/venv/lib/python3.12/site-packages/oslo_concurrency/lockutils.py:525}}
Jul 19 23:29:58.866740 np0000005477 nova-conductor[95948]: INFO dbcounter [None req-3c32a41c-292c-40d3-8325-c66fcb090db7 tempest-ServerStableDeviceRescueTest-174228345 tempest-ServerStableDeviceRescueTest-174228345-project-member] Registered counter for database nova_cell0
Jul 19 23:29:58.868626 np0000005477 nova-conductor[95948]: DEBUG oslo_concurrency.lockutils [None req-3c32a41c-292c-40d3-8325-c66fcb090db7 tempest-ServerStableDeviceRescueTest-174228345 tempest-ServerStableDeviceRescueTest-174228345-project-member] Lock "bb645f3e-22d6-48ea-b3cc-443b6afecfdf" "released" by "nova.context.set_target_cell..get_or_set_cached_cell_and_set_connections" :: held 0.002s {{(pid=95948) inner /opt/stack/data/venv/lib/python3.12/site-packages/oslo_concurrency/lockutils.py:544}}
Jul 19 23:29:58.918431 np0000005477 nova-conductor[95948]: DEBUG oslo_db.sqlalchemy.engines [None req-3c32a41c-292c-40d3-8325-c66fcb090db7 tempest-ServerStableDeviceRescueTest-174228345 tempest-ServerStableDeviceRescueTest-174228345-project-member] MySQL server mode set to STRICT_TRANS_TABLES,STRICT_ALL_TABLES,NO_ZERO_IN_DATE,NO_ZERO_DATE,ERROR_FOR_DIVISION_BY_ZERO,TRADITIONAL,NO_ENGINE_SUBSTITUTION {{(pid=95948) _check_effective_sql_mode /opt/stack/data/venv/lib/python3.12/site-packages/oslo_db/sqlalchemy/engines.py:325}}
Jul 19 23:29:58.924430 np0000005477 nova-conductor[95948]: DEBUG dbcounter [-] [95948] Writer thread running {{(pid=95948) stat_writer /opt/stack/data/venv/lib/python3.12/site-packages/dbcounter.py:102}}
Jul 19 23:29:58.939902 np0000005477 nova-conductor[95948]: DEBUG nova.quota [None req-3c32a41c-292c-40d3-8325-c66fcb090db7 tempest-ServerStableDeviceRescueTest-174228345 tempest-ServerStableDeviceRescueTest-174228345-project-member] Getting quotas for project efbc91fcf6874b788af4b4633b4e7566. Resources: {'instances', 'cores', 'ram'} {{(pid=95948) _get_quotas /opt/stack/nova/nova/quota.py:389}}
Jul 19 23:29:58.945844 np0000005477 nova-conductor[95948]: DEBUG nova.quota [None req-3c32a41c-292c-40d3-8325-c66fcb090db7 tempest-ServerStableDeviceRescueTest-174228345 tempest-ServerStableDeviceRescueTest-174228345-project-member] Getting quotas for user 8fbb8cfc1298405fada152da2dbf7d8d and project efbc91fcf6874b788af4b4633b4e7566. Resources: {'instances', 'cores', 'ram'} {{(pid=95948) _get_quotas /opt/stack/nova/nova/quota.py:379}}
Jul 19 23:29:58.956668 np0000005477 nova-conductor[95948]: DEBUG nova.conductor.manager [None req-3c32a41c-292c-40d3-8325-c66fcb090db7 tempest-ServerStableDeviceRescueTest-174228345 tempest-ServerStableDeviceRescueTest-174228345-project-member] [instance: 23bfe9cd-f768-4395-939e-07fb68fa5fe2] Selected host: np0000005477; Selected node: np0000005477; Alternates: [] {{(pid=95948) schedule_and_build_instances /opt/stack/nova/nova/conductor/manager.py:1784}}
Jul 19 23:29:58.957127 np0000005477 nova-conductor[95948]: DEBUG oslo_concurrency.lockutils [None req-3c32a41c-292c-40d3-8325-c66fcb090db7 tempest-ServerStableDeviceRescueTest-174228345 tempest-ServerStableDeviceRescueTest-174228345-project-member] Acquiring lock "bb645f3e-22d6-48ea-b3cc-443b6afecfdf" by "nova.context.set_target_cell..get_or_set_cached_cell_and_set_connections" {{(pid=95948) inner /opt/stack/data/venv/lib/python3.12/site-packages/oslo_concurrency/lockutils.py:512}}
Jul 19 23:29:58.957270 np0000005477 nova-conductor[95948]: DEBUG oslo_concurrency.lockutils [None req-3c32a41c-292c-40d3-8325-c66fcb090db7 tempest-ServerStableDeviceRescueTest-174228345 tempest-ServerStableDeviceRescueTest-174228345-project-member] Lock "bb645f3e-22d6-48ea-b3cc-443b6afecfdf" acquired by "nova.context.set_target_cell..get_or_set_cached_cell_and_set_connections" :: waited 0.000s {{(pid=95948) inner /opt/stack/data/venv/lib/python3.12/site-packages/oslo_concurrency/lockutils.py:525}}
Jul 19 23:29:58.957420 np0000005477 nova-conductor[95948]: DEBUG oslo_concurrency.lockutils [None req-3c32a41c-292c-40d3-8325-c66fcb090db7 tempest-ServerStableDeviceRescueTest-174228345 tempest-ServerStableDeviceRescueTest-174228345-project-member] Lock "bb645f3e-22d6-48ea-b3cc-443b6afecfdf" "released" by "nova.context.set_target_cell..get_or_set_cached_cell_and_set_connections" :: held 0.000s {{(pid=95948) inner /opt/stack/data/venv/lib/python3.12/site-packages/oslo_concurrency/lockutils.py:544}}
Jul 19 23:29:58.982418 np0000005477 nova-conductor[95948]: DEBUG nova.conductor.manager [None req-3c32a41c-292c-40d3-8325-c66fcb090db7 tempest-ServerStableDeviceRescueTest-174228345 tempest-ServerStableDeviceRescueTest-174228345-project-member] [instance: 23bfe9cd-f768-4395-939e-07fb68fa5fe2] block_device_mapping [BlockDeviceMapping(attachment_id=,boot_index=0,connection_info=None,created_at=,delete_on_termination=True,deleted=,deleted_at=,destination_type='local',device_name=None,device_type='disk',disk_bus=None,encrypted=False,encryption_format=None,encryption_options=None,encryption_secret_uuid=None,guest_format=None,id=,image_id='199244b7-1fd1-4754-89a4-4a74348ac81a',instance=,instance_uuid=,no_device=False,snapshot_id=None,source_type='image',tag=None,updated_at=,uuid=,volume_id=None,volume_size=None,volume_type=None)] {{(pid=95948) _create_block_device_mapping /opt/stack/nova/nova/conductor/manager.py:1529}}
Jul 19 23:29:58.983864 np0000005477 nova-conductor[95948]: DEBUG oslo_concurrency.lockutils [None req-3c32a41c-292c-40d3-8325-c66fcb090db7 tempest-ServerStableDeviceRescueTest-174228345 tempest-ServerStableDeviceRescueTest-174228345-project-member] Acquiring lock "bb645f3e-22d6-48ea-b3cc-443b6afecfdf" by "nova.context.set_target_cell..get_or_set_cached_cell_and_set_connections" {{(pid=95948) inner /opt/stack/data/venv/lib/python3.12/site-packages/oslo_concurrency/lockutils.py:512}}
Jul 19 23:29:58.984125 np0000005477 nova-conductor[95948]: DEBUG oslo_concurrency.lockutils [None req-3c32a41c-292c-40d3-8325-c66fcb090db7 tempest-ServerStableDeviceRescueTest-174228345 tempest-ServerStableDeviceRescueTest-174228345-project-member] Lock "bb645f3e-22d6-48ea-b3cc-443b6afecfdf" acquired by "nova.context.set_target_cell..get_or_set_cached_cell_and_set_connections" :: waited 0.000s {{(pid=95948) inner /opt/stack/data/venv/lib/python3.12/site-packages/oslo_concurrency/lockutils.py:525}}
Jul 19 23:29:58.984676 np0000005477 nova-conductor[95948]: DEBUG oslo_concurrency.lockutils [None req-3c32a41c-292c-40d3-8325-c66fcb090db7 tempest-ServerStableDeviceRescueTest-174228345 tempest-ServerStableDeviceRescueTest-174228345-project-member] Lock "bb645f3e-22d6-48ea-b3cc-443b6afecfdf" "released" by "nova.context.set_target_cell..get_or_set_cached_cell_and_set_connections" :: held 0.000s {{(pid=95948) inner /opt/stack/data/venv/lib/python3.12/site-packages/oslo_concurrency/lockutils.py:544}}
Jul 19 23:29:59.081863 np0000005477 nova-conductor[95948]: DEBUG oslo_concurrency.lockutils [None req-3c32a41c-292c-40d3-8325-c66fcb090db7 tempest-ServerStableDeviceRescueTest-174228345 tempest-ServerStableDeviceRescueTest-174228345-project-member] Acquiring lock "bb645f3e-22d6-48ea-b3cc-443b6afecfdf" by "nova.context.set_target_cell..get_or_set_cached_cell_and_set_connections" {{(pid=95948) inner /opt/stack/data/venv/lib/python3.12/site-packages/oslo_concurrency/lockutils.py:512}}
Jul 19 23:29:59.082130 np0000005477 nova-conductor[95948]: DEBUG oslo_concurrency.lockutils [None req-3c32a41c-292c-40d3-8325-c66fcb090db7 tempest-ServerStableDeviceRescueTest-174228345 tempest-ServerStableDeviceRescueTest-174228345-project-member] Lock "bb645f3e-22d6-48ea-b3cc-443b6afecfdf" acquired by "nova.context.set_target_cell..get_or_set_cached_cell_and_set_connections" :: waited 0.000s {{(pid=95948) inner /opt/stack/data/venv/lib/python3.12/site-packages/oslo_concurrency/lockutils.py:525}}
Jul 19 23:29:59.082285 np0000005477 nova-conductor[95948]: DEBUG oslo_concurrency.lockutils [None req-3c32a41c-292c-40d3-8325-c66fcb090db7 tempest-ServerStableDeviceRescueTest-174228345 tempest-ServerStableDeviceRescueTest-174228345-project-member] Lock "bb645f3e-22d6-48ea-b3cc-443b6afecfdf" "released" by "nova.context.set_target_cell..get_or_set_cached_cell_and_set_connections" :: held 0.000s {{(pid=95948) inner /opt/stack/data/venv/lib/python3.12/site-packages/oslo_concurrency/lockutils.py:544}}
Jul 19 23:29:59.082702 np0000005477 nova-conductor[95948]: DEBUG oslo_concurrency.lockutils [None req-3c32a41c-292c-40d3-8325-c66fcb090db7 tempest-ServerStableDeviceRescueTest-174228345 tempest-ServerStableDeviceRescueTest-174228345-project-member] Acquiring lock "compute-rpcapi-router" {{(pid=95948) lock /opt/stack/data/venv/lib/python3.12/site-packages/oslo_concurrency/lockutils.py:396}}
Jul 19 23:29:59.082702 np0000005477 nova-conductor[95948]: DEBUG oslo_concurrency.lockutils [None req-3c32a41c-292c-40d3-8325-c66fcb090db7 tempest-ServerStableDeviceRescueTest-174228345 tempest-ServerStableDeviceRescueTest-174228345-project-member] Acquired lock "compute-rpcapi-router" {{(pid=95948) lock /opt/stack/data/venv/lib/python3.12/site-packages/oslo_concurrency/lockutils.py:399}}
Jul 19 23:29:59.083135 np0000005477 nova-conductor[95948]: DEBUG oslo_concurrency.lockutils [None req-d7d45e35-b673-43fa-b933-875fb30ab175 None None] Acquiring lock "00000000-0000-0000-0000-000000000000" by "nova.context.set_target_cell..get_or_set_cached_cell_and_set_connections" {{(pid=95948) inner /opt/stack/data/venv/lib/python3.12/site-packages/oslo_concurrency/lockutils.py:512}}
Jul 19 23:29:59.083308 np0000005477 nova-conductor[95948]: DEBUG oslo_concurrency.lockutils [None req-d7d45e35-b673-43fa-b933-875fb30ab175 None None] Lock "00000000-0000-0000-0000-000000000000" acquired by "nova.context.set_target_cell..get_or_set_cached_cell_and_set_connections" :: waited 0.000s {{(pid=95948) inner /opt/stack/data/venv/lib/python3.12/site-packages/oslo_concurrency/lockutils.py:525}}
Jul 19 23:29:59.083413 np0000005477 nova-conductor[95948]: DEBUG oslo_concurrency.lockutils [None req-d7d45e35-b673-43fa-b933-875fb30ab175 None None] Lock "00000000-0000-0000-0000-000000000000" "released" by "nova.context.set_target_cell..get_or_set_cached_cell_and_set_connections" :: held 0.000s {{(pid=95948) inner /opt/stack/data/venv/lib/python3.12/site-packages/oslo_concurrency/lockutils.py:544}}
Jul 19 23:29:59.084185 np0000005477 nova-conductor[95948]: DEBUG oslo_concurrency.lockutils [None req-d7d45e35-b673-43fa-b933-875fb30ab175 None None] Acquiring lock "bb645f3e-22d6-48ea-b3cc-443b6afecfdf" by "nova.context.set_target_cell..get_or_set_cached_cell_and_set_connections" {{(pid=95948) inner /opt/stack/data/venv/lib/python3.12/site-packages/oslo_concurrency/lockutils.py:512}}
Jul 19 23:29:59.084237 np0000005477 nova-conductor[95948]: DEBUG oslo_concurrency.lockutils [None req-d7d45e35-b673-43fa-b933-875fb30ab175 None None] Lock "bb645f3e-22d6-48ea-b3cc-443b6afecfdf" acquired by "nova.context.set_target_cell..get_or_set_cached_cell_and_set_connections" :: waited 0.000s {{(pid=95948) inner /opt/stack/data/venv/lib/python3.12/site-packages/oslo_concurrency/lockutils.py:525}}
Jul 19 23:29:59.084317 np0000005477 nova-conductor[95948]: DEBUG oslo_concurrency.lockutils [None req-d7d45e35-b673-43fa-b933-875fb30ab175 None None] Lock "bb645f3e-22d6-48ea-b3cc-443b6afecfdf" "released" by "nova.context.set_target_cell..get_or_set_cached_cell_and_set_connections" :: held 0.000s {{(pid=95948) inner /opt/stack/data/venv/lib/python3.12/site-packages/oslo_concurrency/lockutils.py:544}}
Jul 19 23:29:59.097004 np0000005477 nova-conductor[95948]: INFO nova.compute.rpcapi [None req-d7d45e35-b673-43fa-b933-875fb30ab175 None None] Automatically selected compute RPC version 6.5 from minimum service version 72
Jul 19 23:29:59.101209 np0000005477 nova-conductor[95948]: DEBUG oslo_concurrency.lockutils [None req-d7d45e35-b673-43fa-b933-875fb30ab175 None None] Releasing lock "compute-rpcapi-router" {{(pid=95948) lock /opt/stack/data/venv/lib/python3.12/site-packages/oslo_concurrency/lockutils.py:419}}
Jul 19 23:30:01.829888 np0000005477 nova-conductor[95944]: DEBUG oslo.service.backend._threading.loopingcall [None req-1d48107e-f1dc-4104-aa8a-6f9cd56de7fa None None] Dynamic interval looping call 'nova.service.Service.periodic_tasks' sleeping for 60.00 seconds {{(pid=95944) _run_loop /opt/stack/data/venv/lib/python3.12/site-packages/oslo_service/backend/_threading/loopingcall.py:125}}
Jul 19 23:30:04.821273 np0000005477 nova-conductor[95938]: DEBUG oslo.service.backend._threading.loopingcall [None req-2f38fab9-108a-4dd5-890c-81f40d1728f4 None None] Dynamic interval looping call 'nova.service.Service.periodic_tasks' sleeping for 60.00 seconds {{(pid=95938) _run_loop /opt/stack/data/venv/lib/python3.12/site-packages/oslo_service/backend/_threading/loopingcall.py:125}}
Jul 19 23:30:08.953702 np0000005477 nova-conductor[95948]: DEBUG dbcounter [-] [95948] Writing DB stats nova_cell0:SELECT=3 {{(pid=95948) stat_writer /opt/stack/data/venv/lib/python3.12/site-packages/dbcounter.py:115}}
Jul 19 23:30:09.055926 np0000005477 nova-conductor[95948]: DEBUG dbcounter [-] [95948] Writing DB stats nova_api:SELECT=12,nova_api:UPDATE=1,nova_api:DELETE=1 {{(pid=95948) stat_writer /opt/stack/data/venv/lib/python3.12/site-packages/dbcounter.py:115}}
Jul 19 23:30:09.088593 np0000005477 nova-conductor[95948]: DEBUG dbcounter [-] [95948] Writing DB stats nova_cell0:SELECT=2 {{(pid=95948) stat_writer /opt/stack/data/venv/lib/python3.12/site-packages/dbcounter.py:115}}
Jul 19 23:30:09.095093 np0000005477 nova-conductor[95948]: DEBUG dbcounter [-] [95948] Writing DB stats nova_cell1:SELECT=5,nova_cell1:SAVEPOINT=1,nova_cell1:INSERT=21,nova_cell1:RELEASE=1 {{(pid=95948) stat_writer /opt/stack/data/venv/lib/python3.12/site-packages/dbcounter.py:115}}
Jul 19 23:30:09.378307 np0000005477 nova-conductor[95938]: DEBUG dbcounter [-] [95938] Writer thread running {{(pid=95938) stat_writer /opt/stack/data/venv/lib/python3.12/site-packages/dbcounter.py:102}}
Jul 19 23:30:09.763169 np0000005477 nova-conductor[95938]: DEBUG nova.conductor.manager [None req-e3e197b1-91d7-4cbd-97a0-020ec9ed23ec tempest-TaggedAttachmentsTest-1176358892 tempest-TaggedAttachmentsTest-1176358892-project-member] Took 0.38 seconds to select destinations for 1 instance(s). {{(pid=95938) _schedule_instances /opt/stack/nova/nova/conductor/manager.py:968}}
Jul 19 23:30:09.802813 np0000005477 nova-conductor[95938]: DEBUG oslo_concurrency.lockutils [None req-e3e197b1-91d7-4cbd-97a0-020ec9ed23ec tempest-TaggedAttachmentsTest-1176358892 tempest-TaggedAttachmentsTest-1176358892-project-member] Acquiring lock "bb645f3e-22d6-48ea-b3cc-443b6afecfdf" by "nova.context.set_target_cell..get_or_set_cached_cell_and_set_connections" {{(pid=95938) inner /opt/stack/data/venv/lib/python3.12/site-packages/oslo_concurrency/lockutils.py:512}}
Jul 19 23:30:09.804113 np0000005477 nova-conductor[95938]: DEBUG oslo_concurrency.lockutils [None req-e3e197b1-91d7-4cbd-97a0-020ec9ed23ec tempest-TaggedAttachmentsTest-1176358892 tempest-TaggedAttachmentsTest-1176358892-project-member] Lock "bb645f3e-22d6-48ea-b3cc-443b6afecfdf" acquired by "nova.context.set_target_cell..get_or_set_cached_cell_and_set_connections" :: waited 0.001s {{(pid=95938) inner /opt/stack/data/venv/lib/python3.12/site-packages/oslo_concurrency/lockutils.py:525}}
Jul 19 23:30:09.807281 np0000005477 nova-conductor[95938]: DEBUG oslo_concurrency.lockutils [None req-e3e197b1-91d7-4cbd-97a0-020ec9ed23ec tempest-TaggedAttachmentsTest-1176358892 tempest-TaggedAttachmentsTest-1176358892-project-member] Lock "bb645f3e-22d6-48ea-b3cc-443b6afecfdf" "released" by "nova.context.set_target_cell..get_or_set_cached_cell_and_set_connections" :: held 0.003s {{(pid=95938) inner /opt/stack/data/venv/lib/python3.12/site-packages/oslo_concurrency/lockutils.py:544}}
Jul 19 23:30:09.811955 np0000005477 nova-conductor[95938]: INFO dbcounter [None req-e3e197b1-91d7-4cbd-97a0-020ec9ed23ec tempest-TaggedAttachmentsTest-1176358892 tempest-TaggedAttachmentsTest-1176358892-project-member] Registered counter for database nova_cell1
Jul 19 23:30:09.846095 np0000005477 nova-conductor[95938]: DEBUG oslo_db.sqlalchemy.engines [None req-e3e197b1-91d7-4cbd-97a0-020ec9ed23ec tempest-TaggedAttachmentsTest-1176358892 tempest-TaggedAttachmentsTest-1176358892-project-member] MySQL server mode set to STRICT_TRANS_TABLES,STRICT_ALL_TABLES,NO_ZERO_IN_DATE,NO_ZERO_DATE,ERROR_FOR_DIVISION_BY_ZERO,TRADITIONAL,NO_ENGINE_SUBSTITUTION {{(pid=95938) _check_effective_sql_mode /opt/stack/data/venv/lib/python3.12/site-packages/oslo_db/sqlalchemy/engines.py:325}}
Jul 19 23:30:09.853117 np0000005477 nova-conductor[95938]: DEBUG dbcounter [-] [95938] Writer thread running {{(pid=95938) stat_writer /opt/stack/data/venv/lib/python3.12/site-packages/dbcounter.py:102}}
Jul 19 23:30:09.914240 np0000005477 nova-conductor[95938]: INFO nova.utils [None req-e3e197b1-91d7-4cbd-97a0-020ec9ed23ec tempest-TaggedAttachmentsTest-1176358892 tempest-TaggedAttachmentsTest-1176358892-project-member] The cell worker thread pool ForkProcess-1.cell_worker is initialized
Jul 19 23:30:09.914583 np0000005477 nova-conductor[95938]: DEBUG oslo_concurrency.lockutils [None req-e3e197b1-91d7-4cbd-97a0-020ec9ed23ec tempest-TaggedAttachmentsTest-1176358892 tempest-TaggedAttachmentsTest-1176358892-project-member] Acquiring lock "00000000-0000-0000-0000-000000000000" by "nova.context.set_target_cell..get_or_set_cached_cell_and_set_connections" {{(pid=95938) inner /opt/stack/data/venv/lib/python3.12/site-packages/oslo_concurrency/lockutils.py:512}}
Jul 19 23:30:09.914713 np0000005477 nova-conductor[95938]: DEBUG oslo_concurrency.lockutils [None req-e3e197b1-91d7-4cbd-97a0-020ec9ed23ec tempest-TaggedAttachmentsTest-1176358892 tempest-TaggedAttachmentsTest-1176358892-project-member] Lock "00000000-0000-0000-0000-000000000000" acquired by "nova.context.set_target_cell..get_or_set_cached_cell_and_set_connections" :: waited 0.000s {{(pid=95938) inner /opt/stack/data/venv/lib/python3.12/site-packages/oslo_concurrency/lockutils.py:525}}
Jul 19 23:30:09.915045 np0000005477 nova-conductor[95938]: DEBUG oslo_concurrency.lockutils [None req-e3e197b1-91d7-4cbd-97a0-020ec9ed23ec tempest-TaggedAttachmentsTest-1176358892 tempest-TaggedAttachmentsTest-1176358892-project-member] Lock "00000000-0000-0000-0000-000000000000" "released" by "nova.context.set_target_cell..get_or_set_cached_cell_and_set_connections" :: held 0.000s {{(pid=95938) inner /opt/stack/data/venv/lib/python3.12/site-packages/oslo_concurrency/lockutils.py:544}}
