Jul 03 23:40:55.462201 np0000004490 systemd[1]: Starting devstack@n-api-meta.service - Devstack devstack@n-api-meta.service...
Jul 03 23:40:55.467468 np0000004490 devstack@n-api-meta.service[95720]: [uWSGI] getting INI configuration from /etc/nova/nova-metadata-uwsgi.ini
Jul 03 23:40:55.469990 np0000004490 devstack@n-api-meta.service[95720]: *** Starting uWSGI 2.0.24-debian (64bit) on [Fri Jul 3 23:40:55 2026] ***
Jul 03 23:40:55.469990 np0000004490 devstack@n-api-meta.service[95720]: compiled with version: 13.2.0 on 17 April 2024 16:23:48
Jul 03 23:40:55.469990 np0000004490 devstack@n-api-meta.service[95720]: os: Linux-6.8.0-100-generic #100-Ubuntu SMP PREEMPT_DYNAMIC Tue Jan 13 16:40:06 UTC 2026
Jul 03 23:40:55.469990 np0000004490 devstack@n-api-meta.service[95720]: nodename: np0000004490
Jul 03 23:40:55.469990 np0000004490 devstack@n-api-meta.service[95720]: machine: x86_64
Jul 03 23:40:55.469990 np0000004490 devstack@n-api-meta.service[95720]: clock source: unix
Jul 03 23:40:55.469990 np0000004490 devstack@n-api-meta.service[95720]: pcre jit disabled
Jul 03 23:40:55.469990 np0000004490 devstack@n-api-meta.service[95720]: detected number of CPU cores: 16
Jul 03 23:40:55.469990 np0000004490 devstack@n-api-meta.service[95720]: current working directory: /
Jul 03 23:40:55.469990 np0000004490 devstack@n-api-meta.service[95720]: detected binary path: /usr/bin/uwsgi-core
Jul 03 23:40:55.469990 np0000004490 devstack@n-api-meta.service[95720]: your processes number limit is 257052
Jul 03 23:40:55.469990 np0000004490 devstack@n-api-meta.service[95720]: your memory page size is 4096 bytes
Jul 03 23:40:55.469990 np0000004490 devstack@n-api-meta.service[95720]: detected max file descriptor number: 2048
Jul 03 23:40:55.469990 np0000004490 devstack@n-api-meta.service[95720]: lock engine: pthread robust mutexes
Jul 03 23:40:55.470658 np0000004490 devstack@n-api-meta.service[95720]: thunder lock: enabled
Jul 03 23:40:55.470658 np0000004490 devstack@n-api-meta.service[95720]: uWSGI http bound on 0.0.0.0:8775 fd 5
Jul 03 23:40:55.470658 np0000004490 devstack@n-api-meta.service[95720]: uwsgi socket 0 bound to TCP address 127.0.0.1:33251 (port auto-assigned) fd 4
Jul 03 23:40:55.470658 np0000004490 devstack@n-api-meta.service[95720]: Python version: 3.12.3 (main, Mar 23 2026, 19:04:32) [GCC 13.3.0]
Jul 03 23:40:55.470658 np0000004490 devstack@n-api-meta.service[95720]: PEP 405 virtualenv detected: /opt/stack/data/venv
Jul 03 23:40:55.470658 np0000004490 devstack@n-api-meta.service[95720]: Set PythonHome to /opt/stack/data/venv
Jul 03 23:40:55.501996 np0000004490 devstack@n-api-meta.service[95720]: Python main interpreter initialized at 0x765c56ca3668
Jul 03 23:40:55.501996 np0000004490 devstack@n-api-meta.service[95720]: python threads support enabled
Jul 03 23:40:55.501996 np0000004490 devstack@n-api-meta.service[95720]: your server socket listen backlog is limited to 100 connections
Jul 03 23:40:55.501996 np0000004490 devstack@n-api-meta.service[95720]: your mercy for graceful operations on workers is 80 seconds
Jul 03 23:40:55.502530 np0000004490 devstack@n-api-meta.service[95720]: mapped 671795 bytes (656 KB) for 4 cores
Jul 03 23:40:55.502663 np0000004490 devstack@n-api-meta.service[95720]: *** Operational MODE: preforking ***
Jul 03 23:40:55.502908 np0000004490 devstack@n-api-meta.service[95720]: *** uWSGI is running in multiple interpreter mode ***
Jul 03 23:40:55.502908 np0000004490 devstack@n-api-meta.service[95720]: spawned uWSGI master process (pid: 95720)
Jul 03 23:40:55.503048 np0000004490 systemd[1]: Started devstack@n-api-meta.service - Devstack devstack@n-api-meta.service.
Jul 03 23:40:55.503475 np0000004490 devstack@n-api-meta.service[95720]: spawned uWSGI worker 1 (pid: 95721, cores: 1)
Jul 03 23:40:55.503964 np0000004490 devstack@n-api-meta.service[95720]: spawned uWSGI worker 2 (pid: 95722, cores: 1)
Jul 03 23:40:55.504356 np0000004490 devstack@n-api-meta.service[95720]: spawned uWSGI worker 3 (pid: 95723, cores: 1)
Jul 03 23:40:55.504765 np0000004490 devstack@n-api-meta.service[95720]: spawned uWSGI worker 4 (pid: 95724, cores: 1)
Jul 03 23:40:55.505316 np0000004490 devstack@n-api-meta.service[95720]: spawned uWSGI http 1 (pid: 95725)
Jul 03 23:40:55.505316 np0000004490 devstack@n-api-meta.service[95720]: running "unix_signal:15 gracefully_kill_them_all" (master-start)...
Jul 03 23:40:57.228530 np0000004490 devstack@n-api-meta.service[95722]: INFO dbcounter [None req-d5341996-e5e6-4d20-94fd-b6db6cb34644 None None] Registered counter for database nova_api
Jul 03 23:40:57.238202 np0000004490 devstack@n-api-meta.service[95723]: INFO dbcounter [None req-c4689a64-3b63-4911-ace8-c887436752e2 None None] Registered counter for database nova_api
Jul 03 23:40:57.238659 np0000004490 devstack@n-api-meta.service[95721]: INFO dbcounter [None req-5a55ca49-0e54-42f8-b45c-6378bcb1a212 None None] Registered counter for database nova_api
Jul 03 23:40:57.239372 np0000004490 devstack@n-api-meta.service[95724]: INFO dbcounter [None req-9729d9b6-3e8d-4f23-bb75-702af2462272 None None] Registered counter for database nova_api
Jul 03 23:40:57.271228 np0000004490 devstack@n-api-meta.service[95722]: DEBUG oslo_db.sqlalchemy.engines [None req-d5341996-e5e6-4d20-94fd-b6db6cb34644 None None] MySQL server mode set to STRICT_TRANS_TABLES,STRICT_ALL_TABLES,NO_ZERO_IN_DATE,NO_ZERO_DATE,ERROR_FOR_DIVISION_BY_ZERO,TRADITIONAL,NO_ENGINE_SUBSTITUTION {{(pid=95722) _check_effective_sql_mode /opt/stack/data/venv/lib/python3.12/site-packages/oslo_db/sqlalchemy/engines.py:325}}
Jul 03 23:40:57.284366 np0000004490 devstack@n-api-meta.service[95724]: DEBUG oslo_db.sqlalchemy.engines [None req-9729d9b6-3e8d-4f23-bb75-702af2462272 None None] MySQL server mode set to STRICT_TRANS_TABLES,STRICT_ALL_TABLES,NO_ZERO_IN_DATE,NO_ZERO_DATE,ERROR_FOR_DIVISION_BY_ZERO,TRADITIONAL,NO_ENGINE_SUBSTITUTION {{(pid=95724) _check_effective_sql_mode /opt/stack/data/venv/lib/python3.12/site-packages/oslo_db/sqlalchemy/engines.py:325}}
Jul 03 23:40:57.287242 np0000004490 devstack@n-api-meta.service[95721]: DEBUG oslo_db.sqlalchemy.engines [None req-5a55ca49-0e54-42f8-b45c-6378bcb1a212 None None] MySQL server mode set to STRICT_TRANS_TABLES,STRICT_ALL_TABLES,NO_ZERO_IN_DATE,NO_ZERO_DATE,ERROR_FOR_DIVISION_BY_ZERO,TRADITIONAL,NO_ENGINE_SUBSTITUTION {{(pid=95721) _check_effective_sql_mode /opt/stack/data/venv/lib/python3.12/site-packages/oslo_db/sqlalchemy/engines.py:325}}
Jul 03 23:40:57.290514 np0000004490 devstack@n-api-meta.service[95723]: DEBUG oslo_db.sqlalchemy.engines [None req-c4689a64-3b63-4911-ace8-c887436752e2 None None] MySQL server mode set to STRICT_TRANS_TABLES,STRICT_ALL_TABLES,NO_ZERO_IN_DATE,NO_ZERO_DATE,ERROR_FOR_DIVISION_BY_ZERO,TRADITIONAL,NO_ENGINE_SUBSTITUTION {{(pid=95723) _check_effective_sql_mode /opt/stack/data/venv/lib/python3.12/site-packages/oslo_db/sqlalchemy/engines.py:325}}
Jul 03 23:40:57.307032 np0000004490 devstack@n-api-meta.service[95722]: DEBUG dbcounter [-] [95722] Writer thread running {{(pid=95722) stat_writer /opt/stack/data/venv/lib/python3.12/site-packages/dbcounter.py:102}}
Jul 03 23:40:57.310302 np0000004490 devstack@n-api-meta.service[95722]: DEBUG nova.context [None req-d5341996-e5e6-4d20-94fd-b6db6cb34644 None None] Found 2 cells: 00000000-0000-0000-0000-000000000000(cell0),0a7f89ff-c11f-4dad-a80c-ce05fec7239d(cell1) {{(pid=95722) load_cells /opt/stack/nova/nova/context.py:509}}
Jul 03 23:40:57.310589 np0000004490 devstack@n-api-meta.service[95722]: INFO nova.utils [None req-d5341996-e5e6-4d20-94fd-b6db6cb34644 None None] The cell worker thread pool MainProcess.cell_worker is initialized
Jul 03 23:40:57.312980 np0000004490 devstack@n-api-meta.service[95722]: DEBUG oslo_concurrency.lockutils [None req-d5341996-e5e6-4d20-94fd-b6db6cb34644 None None] Acquiring lock "00000000-0000-0000-0000-000000000000" by "nova.context.set_target_cell..get_or_set_cached_cell_and_set_connections" {{(pid=95722) inner /opt/stack/data/venv/lib/python3.12/site-packages/oslo_concurrency/lockutils.py:511}}
Jul 03 23:40:57.313184 np0000004490 devstack@n-api-meta.service[95722]: DEBUG oslo_concurrency.lockutils [None req-d5341996-e5e6-4d20-94fd-b6db6cb34644 None None] Lock "00000000-0000-0000-0000-000000000000" acquired by "nova.context.set_target_cell..get_or_set_cached_cell_and_set_connections" :: waited 0.000s {{(pid=95722) inner /opt/stack/data/venv/lib/python3.12/site-packages/oslo_concurrency/lockutils.py:524}}
Jul 03 23:40:57.313662 np0000004490 devstack@n-api-meta.service[95722]: DEBUG oslo_concurrency.lockutils [None req-d5341996-e5e6-4d20-94fd-b6db6cb34644 None None] Lock "00000000-0000-0000-0000-000000000000" "released" by "nova.context.set_target_cell..get_or_set_cached_cell_and_set_connections" :: held 0.000s {{(pid=95722) inner /opt/stack/data/venv/lib/python3.12/site-packages/oslo_concurrency/lockutils.py:543}}
Jul 03 23:40:57.314363 np0000004490 devstack@n-api-meta.service[95722]: DEBUG oslo_concurrency.lockutils [None req-d5341996-e5e6-4d20-94fd-b6db6cb34644 None None] Acquiring lock "0a7f89ff-c11f-4dad-a80c-ce05fec7239d" by "nova.context.set_target_cell..get_or_set_cached_cell_and_set_connections" {{(pid=95722) inner /opt/stack/data/venv/lib/python3.12/site-packages/oslo_concurrency/lockutils.py:511}}
Jul 03 23:40:57.315669 np0000004490 devstack@n-api-meta.service[95722]: DEBUG oslo_concurrency.lockutils [None req-d5341996-e5e6-4d20-94fd-b6db6cb34644 None None] Lock "0a7f89ff-c11f-4dad-a80c-ce05fec7239d" acquired by "nova.context.set_target_cell..get_or_set_cached_cell_and_set_connections" :: waited 0.001s {{(pid=95722) inner /opt/stack/data/venv/lib/python3.12/site-packages/oslo_concurrency/lockutils.py:524}}
Jul 03 23:40:57.316954 np0000004490 devstack@n-api-meta.service[95722]: INFO dbcounter [None req-d5341996-e5e6-4d20-94fd-b6db6cb34644 None None] Registered counter for database nova_cell0
Jul 03 23:40:57.318204 np0000004490 devstack@n-api-meta.service[95722]: DEBUG oslo_concurrency.lockutils [None req-d5341996-e5e6-4d20-94fd-b6db6cb34644 None None] Lock "0a7f89ff-c11f-4dad-a80c-ce05fec7239d" "released" by "nova.context.set_target_cell..get_or_set_cached_cell_and_set_connections" :: held 0.001s {{(pid=95722) inner /opt/stack/data/venv/lib/python3.12/site-packages/oslo_concurrency/lockutils.py:543}}
Jul 03 23:40:57.321729 np0000004490 devstack@n-api-meta.service[95722]: INFO dbcounter [None req-d5341996-e5e6-4d20-94fd-b6db6cb34644 None None] Registered counter for database nova_cell1
Jul 03 23:40:57.322593 np0000004490 devstack@n-api-meta.service[95724]: DEBUG dbcounter [-] [95724] Writer thread running {{(pid=95724) stat_writer /opt/stack/data/venv/lib/python3.12/site-packages/dbcounter.py:102}}
Jul 03 23:40:57.322947 np0000004490 devstack@n-api-meta.service[95721]: DEBUG dbcounter [-] [95721] Writer thread running {{(pid=95721) stat_writer /opt/stack/data/venv/lib/python3.12/site-packages/dbcounter.py:102}}
Jul 03 23:40:57.323016 np0000004490 devstack@n-api-meta.service[95723]: DEBUG dbcounter [-] [95723] Writer thread running {{(pid=95723) stat_writer /opt/stack/data/venv/lib/python3.12/site-packages/dbcounter.py:102}}
Jul 03 23:40:57.325201 np0000004490 devstack@n-api-meta.service[95724]: DEBUG nova.context [None req-9729d9b6-3e8d-4f23-bb75-702af2462272 None None] Found 2 cells: 00000000-0000-0000-0000-000000000000(cell0),0a7f89ff-c11f-4dad-a80c-ce05fec7239d(cell1) {{(pid=95724) load_cells /opt/stack/nova/nova/context.py:509}}
Jul 03 23:40:57.325444 np0000004490 devstack@n-api-meta.service[95724]: INFO nova.utils [None req-9729d9b6-3e8d-4f23-bb75-702af2462272 None None] The cell worker thread pool MainProcess.cell_worker is initialized
Jul 03 23:40:57.325526 np0000004490 devstack@n-api-meta.service[95723]: DEBUG nova.context [None req-c4689a64-3b63-4911-ace8-c887436752e2 None None] Found 2 cells: 00000000-0000-0000-0000-000000000000(cell0),0a7f89ff-c11f-4dad-a80c-ce05fec7239d(cell1) {{(pid=95723) load_cells /opt/stack/nova/nova/context.py:509}}
Jul 03 23:40:57.325730 np0000004490 devstack@n-api-meta.service[95721]: DEBUG nova.context [None req-5a55ca49-0e54-42f8-b45c-6378bcb1a212 None None] Found 2 cells: 00000000-0000-0000-0000-000000000000(cell0),0a7f89ff-c11f-4dad-a80c-ce05fec7239d(cell1) {{(pid=95721) load_cells /opt/stack/nova/nova/context.py:509}}
Jul 03 23:40:57.325880 np0000004490 devstack@n-api-meta.service[95723]: INFO nova.utils [None req-c4689a64-3b63-4911-ace8-c887436752e2 None None] The cell worker thread pool MainProcess.cell_worker is initialized
Jul 03 23:40:57.326007 np0000004490 devstack@n-api-meta.service[95721]: INFO nova.utils [None req-5a55ca49-0e54-42f8-b45c-6378bcb1a212 None None] The cell worker thread pool MainProcess.cell_worker is initialized
Jul 03 23:40:57.327176 np0000004490 devstack@n-api-meta.service[95724]: DEBUG oslo_concurrency.lockutils [None req-9729d9b6-3e8d-4f23-bb75-702af2462272 None None] Acquiring lock "00000000-0000-0000-0000-000000000000" by "nova.context.set_target_cell..get_or_set_cached_cell_and_set_connections" {{(pid=95724) inner /opt/stack/data/venv/lib/python3.12/site-packages/oslo_concurrency/lockutils.py:511}}
Jul 03 23:40:57.327369 np0000004490 devstack@n-api-meta.service[95724]: DEBUG oslo_concurrency.lockutils [None req-9729d9b6-3e8d-4f23-bb75-702af2462272 None None] Lock "00000000-0000-0000-0000-000000000000" acquired by "nova.context.set_target_cell..get_or_set_cached_cell_and_set_connections" :: waited 0.000s {{(pid=95724) inner /opt/stack/data/venv/lib/python3.12/site-packages/oslo_concurrency/lockutils.py:524}}
Jul 03 23:40:57.327668 np0000004490 devstack@n-api-meta.service[95721]: DEBUG oslo_concurrency.lockutils [None req-5a55ca49-0e54-42f8-b45c-6378bcb1a212 None None] Acquiring lock "00000000-0000-0000-0000-000000000000" by "nova.context.set_target_cell..get_or_set_cached_cell_and_set_connections" {{(pid=95721) inner /opt/stack/data/venv/lib/python3.12/site-packages/oslo_concurrency/lockutils.py:511}}
Jul 03 23:40:57.327726 np0000004490 devstack@n-api-meta.service[95724]: DEBUG oslo_concurrency.lockutils [None req-9729d9b6-3e8d-4f23-bb75-702af2462272 None None] Lock "00000000-0000-0000-0000-000000000000" "released" by "nova.context.set_target_cell..get_or_set_cached_cell_and_set_connections" :: held 0.000s {{(pid=95724) inner /opt/stack/data/venv/lib/python3.12/site-packages/oslo_concurrency/lockutils.py:543}}
Jul 03 23:40:57.327863 np0000004490 devstack@n-api-meta.service[95721]: DEBUG oslo_concurrency.lockutils [None req-5a55ca49-0e54-42f8-b45c-6378bcb1a212 None None] Lock "00000000-0000-0000-0000-000000000000" acquired by "nova.context.set_target_cell..get_or_set_cached_cell_and_set_connections" :: waited 0.000s {{(pid=95721) inner /opt/stack/data/venv/lib/python3.12/site-packages/oslo_concurrency/lockutils.py:524}}
Jul 03 23:40:57.328101 np0000004490 devstack@n-api-meta.service[95723]: DEBUG oslo_concurrency.lockutils [None req-c4689a64-3b63-4911-ace8-c887436752e2 None None] Acquiring lock "00000000-0000-0000-0000-000000000000" by "nova.context.set_target_cell..get_or_set_cached_cell_and_set_connections" {{(pid=95723) inner /opt/stack/data/venv/lib/python3.12/site-packages/oslo_concurrency/lockutils.py:511}}
Jul 03 23:40:57.328242 np0000004490 devstack@n-api-meta.service[95721]: DEBUG oslo_concurrency.lockutils [None req-5a55ca49-0e54-42f8-b45c-6378bcb1a212 None None] Lock "00000000-0000-0000-0000-000000000000" "released" by "nova.context.set_target_cell..get_or_set_cached_cell_and_set_connections" :: held 0.000s {{(pid=95721) inner /opt/stack/data/venv/lib/python3.12/site-packages/oslo_concurrency/lockutils.py:543}}
Jul 03 23:40:57.328320 np0000004490 devstack@n-api-meta.service[95723]: DEBUG oslo_concurrency.lockutils [None req-c4689a64-3b63-4911-ace8-c887436752e2 None None] Lock "00000000-0000-0000-0000-000000000000" acquired by "nova.context.set_target_cell..get_or_set_cached_cell_and_set_connections" :: waited 0.000s {{(pid=95723) inner /opt/stack/data/venv/lib/python3.12/site-packages/oslo_concurrency/lockutils.py:524}}
Jul 03 23:40:57.328448 np0000004490 devstack@n-api-meta.service[95724]: DEBUG oslo_concurrency.lockutils [None req-9729d9b6-3e8d-4f23-bb75-702af2462272 None None] Acquiring lock "0a7f89ff-c11f-4dad-a80c-ce05fec7239d" by "nova.context.set_target_cell..get_or_set_cached_cell_and_set_connections" {{(pid=95724) inner /opt/stack/data/venv/lib/python3.12/site-packages/oslo_concurrency/lockutils.py:511}}
Jul 03 23:40:57.328625 np0000004490 devstack@n-api-meta.service[95724]: DEBUG oslo_concurrency.lockutils [None req-9729d9b6-3e8d-4f23-bb75-702af2462272 None None] Lock "0a7f89ff-c11f-4dad-a80c-ce05fec7239d" acquired by "nova.context.set_target_cell..get_or_set_cached_cell_and_set_connections" :: waited 0.000s {{(pid=95724) inner /opt/stack/data/venv/lib/python3.12/site-packages/oslo_concurrency/lockutils.py:524}}
Jul 03 23:40:57.328841 np0000004490 devstack@n-api-meta.service[95723]: DEBUG oslo_concurrency.lockutils [None req-c4689a64-3b63-4911-ace8-c887436752e2 None None] Lock "00000000-0000-0000-0000-000000000000" "released" by "nova.context.set_target_cell..get_or_set_cached_cell_and_set_connections" :: held 0.000s {{(pid=95723) inner /opt/stack/data/venv/lib/python3.12/site-packages/oslo_concurrency/lockutils.py:543}}
Jul 03 23:40:57.328982 np0000004490 devstack@n-api-meta.service[95721]: DEBUG oslo_concurrency.lockutils [None req-5a55ca49-0e54-42f8-b45c-6378bcb1a212 None None] Acquiring lock "0a7f89ff-c11f-4dad-a80c-ce05fec7239d" by "nova.context.set_target_cell..get_or_set_cached_cell_and_set_connections" {{(pid=95721) inner /opt/stack/data/venv/lib/python3.12/site-packages/oslo_concurrency/lockutils.py:511}}
Jul 03 23:40:57.329135 np0000004490 devstack@n-api-meta.service[95721]: DEBUG oslo_concurrency.lockutils [None req-5a55ca49-0e54-42f8-b45c-6378bcb1a212 None None] Lock "0a7f89ff-c11f-4dad-a80c-ce05fec7239d" acquired by "nova.context.set_target_cell..get_or_set_cached_cell_and_set_connections" :: waited 0.000s {{(pid=95721) inner /opt/stack/data/venv/lib/python3.12/site-packages/oslo_concurrency/lockutils.py:524}}
Jul 03 23:40:57.329582 np0000004490 devstack@n-api-meta.service[95723]: DEBUG oslo_concurrency.lockutils [None req-c4689a64-3b63-4911-ace8-c887436752e2 None None] Acquiring lock "0a7f89ff-c11f-4dad-a80c-ce05fec7239d" by "nova.context.set_target_cell..get_or_set_cached_cell_and_set_connections" {{(pid=95723) inner /opt/stack/data/venv/lib/python3.12/site-packages/oslo_concurrency/lockutils.py:511}}
Jul 03 23:40:57.329694 np0000004490 devstack@n-api-meta.service[95724]: DEBUG oslo_concurrency.lockutils [None req-9729d9b6-3e8d-4f23-bb75-702af2462272 None None] Lock "0a7f89ff-c11f-4dad-a80c-ce05fec7239d" "released" by "nova.context.set_target_cell..get_or_set_cached_cell_and_set_connections" :: held 0.001s {{(pid=95724) inner /opt/stack/data/venv/lib/python3.12/site-packages/oslo_concurrency/lockutils.py:543}}
Jul 03 23:40:57.329805 np0000004490 devstack@n-api-meta.service[95723]: DEBUG oslo_concurrency.lockutils [None req-c4689a64-3b63-4911-ace8-c887436752e2 None None] Lock "0a7f89ff-c11f-4dad-a80c-ce05fec7239d" acquired by "nova.context.set_target_cell..get_or_set_cached_cell_and_set_connections" :: waited 0.000s {{(pid=95723) inner /opt/stack/data/venv/lib/python3.12/site-packages/oslo_concurrency/lockutils.py:524}}
Jul 03 23:40:57.330875 np0000004490 devstack@n-api-meta.service[95723]: DEBUG oslo_concurrency.lockutils [None req-c4689a64-3b63-4911-ace8-c887436752e2 None None] Lock "0a7f89ff-c11f-4dad-a80c-ce05fec7239d" "released" by "nova.context.set_target_cell..get_or_set_cached_cell_and_set_connections" :: held 0.001s {{(pid=95723) inner /opt/stack/data/venv/lib/python3.12/site-packages/oslo_concurrency/lockutils.py:543}}
Jul 03 23:40:57.331530 np0000004490 devstack@n-api-meta.service[95724]: INFO dbcounter [None req-9729d9b6-3e8d-4f23-bb75-702af2462272 None None] Registered counter for database nova_cell0
Jul 03 23:40:57.331824 np0000004490 devstack@n-api-meta.service[95721]: INFO dbcounter [None req-5a55ca49-0e54-42f8-b45c-6378bcb1a212 None None] Registered counter for database nova_cell0
Jul 03 23:40:57.332862 np0000004490 devstack@n-api-meta.service[95723]: INFO dbcounter [None req-c4689a64-3b63-4911-ace8-c887436752e2 None None] Registered counter for database nova_cell0
Jul 03 23:40:57.333246 np0000004490 devstack@n-api-meta.service[95721]: DEBUG oslo_concurrency.lockutils [None req-5a55ca49-0e54-42f8-b45c-6378bcb1a212 None None] Lock "0a7f89ff-c11f-4dad-a80c-ce05fec7239d" "released" by "nova.context.set_target_cell..get_or_set_cached_cell_and_set_connections" :: held 0.002s {{(pid=95721) inner /opt/stack/data/venv/lib/python3.12/site-packages/oslo_concurrency/lockutils.py:543}}
Jul 03 23:40:57.334752 np0000004490 devstack@n-api-meta.service[95724]: INFO dbcounter [None req-9729d9b6-3e8d-4f23-bb75-702af2462272 None None] Registered counter for database nova_cell1
Jul 03 23:40:57.335400 np0000004490 devstack@n-api-meta.service[95721]: INFO dbcounter [None req-5a55ca49-0e54-42f8-b45c-6378bcb1a212 None None] Registered counter for database nova_cell1
Jul 03 23:40:57.338821 np0000004490 devstack@n-api-meta.service[95723]: INFO dbcounter [None req-c4689a64-3b63-4911-ace8-c887436752e2 None None] Registered counter for database nova_cell1
Jul 03 23:40:57.359092 np0000004490 devstack@n-api-meta.service[95722]: DEBUG oslo_db.sqlalchemy.engines [None req-d5341996-e5e6-4d20-94fd-b6db6cb34644 None None] MySQL server mode set to STRICT_TRANS_TABLES,STRICT_ALL_TABLES,NO_ZERO_IN_DATE,NO_ZERO_DATE,ERROR_FOR_DIVISION_BY_ZERO,TRADITIONAL,NO_ENGINE_SUBSTITUTION {{(pid=95722) _check_effective_sql_mode /opt/stack/data/venv/lib/python3.12/site-packages/oslo_db/sqlalchemy/engines.py:325}}
Jul 03 23:40:57.381947 np0000004490 devstack@n-api-meta.service[95723]: DEBUG oslo_db.sqlalchemy.engines [None req-c4689a64-3b63-4911-ace8-c887436752e2 None None] MySQL server mode set to STRICT_TRANS_TABLES,STRICT_ALL_TABLES,NO_ZERO_IN_DATE,NO_ZERO_DATE,ERROR_FOR_DIVISION_BY_ZERO,TRADITIONAL,NO_ENGINE_SUBSTITUTION {{(pid=95723) _check_effective_sql_mode /opt/stack/data/venv/lib/python3.12/site-packages/oslo_db/sqlalchemy/engines.py:325}}
Jul 03 23:40:57.385213 np0000004490 devstack@n-api-meta.service[95721]: DEBUG oslo_db.sqlalchemy.engines [None req-5a55ca49-0e54-42f8-b45c-6378bcb1a212 None None] MySQL server mode set to STRICT_TRANS_TABLES,STRICT_ALL_TABLES,NO_ZERO_IN_DATE,NO_ZERO_DATE,ERROR_FOR_DIVISION_BY_ZERO,TRADITIONAL,NO_ENGINE_SUBSTITUTION {{(pid=95721) _check_effective_sql_mode /opt/stack/data/venv/lib/python3.12/site-packages/oslo_db/sqlalchemy/engines.py:325}}
Jul 03 23:40:57.391144 np0000004490 devstack@n-api-meta.service[95724]: DEBUG oslo_db.sqlalchemy.engines [None req-9729d9b6-3e8d-4f23-bb75-702af2462272 None None] MySQL server mode set to STRICT_TRANS_TABLES,STRICT_ALL_TABLES,NO_ZERO_IN_DATE,NO_ZERO_DATE,ERROR_FOR_DIVISION_BY_ZERO,TRADITIONAL,NO_ENGINE_SUBSTITUTION {{(pid=95724) _check_effective_sql_mode /opt/stack/data/venv/lib/python3.12/site-packages/oslo_db/sqlalchemy/engines.py:325}}
Jul 03 23:40:57.395553 np0000004490 devstack@n-api-meta.service[95724]: DEBUG oslo_db.sqlalchemy.engines [None req-9729d9b6-3e8d-4f23-bb75-702af2462272 None None] MySQL server mode set to STRICT_TRANS_TABLES,STRICT_ALL_TABLES,NO_ZERO_IN_DATE,NO_ZERO_DATE,ERROR_FOR_DIVISION_BY_ZERO,TRADITIONAL,NO_ENGINE_SUBSTITUTION {{(pid=95724) _check_effective_sql_mode /opt/stack/data/venv/lib/python3.12/site-packages/oslo_db/sqlalchemy/engines.py:325}}
Jul 03 23:40:57.439327 np0000004490 devstack@n-api-meta.service[95722]: DEBUG dbcounter [-] [95722] Writer thread running {{(pid=95722) stat_writer /opt/stack/data/venv/lib/python3.12/site-packages/dbcounter.py:102}}
Jul 03 23:40:57.445530 np0000004490 devstack@n-api-meta.service[95722]: DEBUG oslo_db.sqlalchemy.engines [None req-d5341996-e5e6-4d20-94fd-b6db6cb34644 None None] MySQL server mode set to STRICT_TRANS_TABLES,STRICT_ALL_TABLES,NO_ZERO_IN_DATE,NO_ZERO_DATE,ERROR_FOR_DIVISION_BY_ZERO,TRADITIONAL,NO_ENGINE_SUBSTITUTION {{(pid=95722) _check_effective_sql_mode /opt/stack/data/venv/lib/python3.12/site-packages/oslo_db/sqlalchemy/engines.py:325}}
Jul 03 23:40:57.451775 np0000004490 devstack@n-api-meta.service[95722]: DEBUG dbcounter [-] [95722] Writer thread running {{(pid=95722) stat_writer /opt/stack/data/venv/lib/python3.12/site-packages/dbcounter.py:102}}
Jul 03 23:40:57.453245 np0000004490 devstack@n-api-meta.service[95721]: DEBUG oslo_db.sqlalchemy.engines [None req-5a55ca49-0e54-42f8-b45c-6378bcb1a212 None None] MySQL server mode set to STRICT_TRANS_TABLES,STRICT_ALL_TABLES,NO_ZERO_IN_DATE,NO_ZERO_DATE,ERROR_FOR_DIVISION_BY_ZERO,TRADITIONAL,NO_ENGINE_SUBSTITUTION {{(pid=95721) _check_effective_sql_mode /opt/stack/data/venv/lib/python3.12/site-packages/oslo_db/sqlalchemy/engines.py:325}}
Jul 03 23:40:57.454750 np0000004490 devstack@n-api-meta.service[95722]: INFO dbcounter [None req-d5341996-e5e6-4d20-94fd-b6db6cb34644 None None] Registered counter for database nova_cell0
Jul 03 23:40:57.471255 np0000004490 devstack@n-api-meta.service[95723]: DEBUG dbcounter [-] [95723] Writer thread running {{(pid=95723) stat_writer /opt/stack/data/venv/lib/python3.12/site-packages/dbcounter.py:102}}
Jul 03 23:40:57.475730 np0000004490 devstack@n-api-meta.service[95723]: DEBUG oslo_db.sqlalchemy.engines [None req-c4689a64-3b63-4911-ace8-c887436752e2 None None] MySQL server mode set to STRICT_TRANS_TABLES,STRICT_ALL_TABLES,NO_ZERO_IN_DATE,NO_ZERO_DATE,ERROR_FOR_DIVISION_BY_ZERO,TRADITIONAL,NO_ENGINE_SUBSTITUTION {{(pid=95723) _check_effective_sql_mode /opt/stack/data/venv/lib/python3.12/site-packages/oslo_db/sqlalchemy/engines.py:325}}
Jul 03 23:40:57.476904 np0000004490 devstack@n-api-meta.service[95721]: DEBUG dbcounter [-] [95721] Writer thread running {{(pid=95721) stat_writer /opt/stack/data/venv/lib/python3.12/site-packages/dbcounter.py:102}}
Jul 03 23:40:57.478306 np0000004490 devstack@n-api-meta.service[95724]: DEBUG dbcounter [-] [95724] Writer thread running {{(pid=95724) stat_writer /opt/stack/data/venv/lib/python3.12/site-packages/dbcounter.py:102}}
Jul 03 23:40:57.482875 np0000004490 devstack@n-api-meta.service[95724]: DEBUG dbcounter [-] [95724] Writer thread running {{(pid=95724) stat_writer /opt/stack/data/venv/lib/python3.12/site-packages/dbcounter.py:102}}
Jul 03 23:40:57.483276 np0000004490 devstack@n-api-meta.service[95723]: DEBUG dbcounter [-] [95723] Writer thread running {{(pid=95723) stat_writer /opt/stack/data/venv/lib/python3.12/site-packages/dbcounter.py:102}}
Jul 03 23:40:57.484444 np0000004490 devstack@n-api-meta.service[95721]: DEBUG dbcounter [-] [95721] Writer thread running {{(pid=95721) stat_writer /opt/stack/data/venv/lib/python3.12/site-packages/dbcounter.py:102}}
Jul 03 23:40:57.485818 np0000004490 devstack@n-api-meta.service[95724]: INFO dbcounter [None req-9729d9b6-3e8d-4f23-bb75-702af2462272 None None] Registered counter for database nova_cell0
Jul 03 23:40:57.488942 np0000004490 devstack@n-api-meta.service[95723]: INFO dbcounter [None req-c4689a64-3b63-4911-ace8-c887436752e2 None None] Registered counter for database nova_cell0
Jul 03 23:40:57.489082 np0000004490 devstack@n-api-meta.service[95721]: INFO dbcounter [None req-5a55ca49-0e54-42f8-b45c-6378bcb1a212 None None] Registered counter for database nova_cell0
Jul 03 23:40:57.494687 np0000004490 devstack@n-api-meta.service[95722]: DEBUG oslo_db.sqlalchemy.engines [None req-d5341996-e5e6-4d20-94fd-b6db6cb34644 None None] MySQL server mode set to STRICT_TRANS_TABLES,STRICT_ALL_TABLES,NO_ZERO_IN_DATE,NO_ZERO_DATE,ERROR_FOR_DIVISION_BY_ZERO,TRADITIONAL,NO_ENGINE_SUBSTITUTION {{(pid=95722) _check_effective_sql_mode /opt/stack/data/venv/lib/python3.12/site-packages/oslo_db/sqlalchemy/engines.py:325}}
Jul 03 23:40:57.501426 np0000004490 devstack@n-api-meta.service[95722]: DEBUG dbcounter [-] [95722] Writer thread running {{(pid=95722) stat_writer /opt/stack/data/venv/lib/python3.12/site-packages/dbcounter.py:102}}
Jul 03 23:40:57.525779 np0000004490 devstack@n-api-meta.service[95723]: DEBUG oslo_db.sqlalchemy.engines [None req-c4689a64-3b63-4911-ace8-c887436752e2 None None] MySQL server mode set to STRICT_TRANS_TABLES,STRICT_ALL_TABLES,NO_ZERO_IN_DATE,NO_ZERO_DATE,ERROR_FOR_DIVISION_BY_ZERO,TRADITIONAL,NO_ENGINE_SUBSTITUTION {{(pid=95723) _check_effective_sql_mode /opt/stack/data/venv/lib/python3.12/site-packages/oslo_db/sqlalchemy/engines.py:325}}
Jul 03 23:40:57.529075 np0000004490 devstack@n-api-meta.service[95724]: DEBUG oslo_db.sqlalchemy.engines [None req-9729d9b6-3e8d-4f23-bb75-702af2462272 None None] MySQL server mode set to STRICT_TRANS_TABLES,STRICT_ALL_TABLES,NO_ZERO_IN_DATE,NO_ZERO_DATE,ERROR_FOR_DIVISION_BY_ZERO,TRADITIONAL,NO_ENGINE_SUBSTITUTION {{(pid=95724) _check_effective_sql_mode /opt/stack/data/venv/lib/python3.12/site-packages/oslo_db/sqlalchemy/engines.py:325}}
Jul 03 23:40:57.533264 np0000004490 devstack@n-api-meta.service[95721]: DEBUG oslo_db.sqlalchemy.engines [None req-5a55ca49-0e54-42f8-b45c-6378bcb1a212 None None] MySQL server mode set to STRICT_TRANS_TABLES,STRICT_ALL_TABLES,NO_ZERO_IN_DATE,NO_ZERO_DATE,ERROR_FOR_DIVISION_BY_ZERO,TRADITIONAL,NO_ENGINE_SUBSTITUTION {{(pid=95721) _check_effective_sql_mode /opt/stack/data/venv/lib/python3.12/site-packages/oslo_db/sqlalchemy/engines.py:325}}
Jul 03 23:40:57.533377 np0000004490 devstack@n-api-meta.service[95723]: DEBUG dbcounter [-] [95723] Writer thread running {{(pid=95723) stat_writer /opt/stack/data/venv/lib/python3.12/site-packages/dbcounter.py:102}}
Jul 03 23:40:57.536048 np0000004490 devstack@n-api-meta.service[95724]: DEBUG dbcounter [-] [95724] Writer thread running {{(pid=95724) stat_writer /opt/stack/data/venv/lib/python3.12/site-packages/dbcounter.py:102}}
Jul 03 23:40:57.539839 np0000004490 devstack@n-api-meta.service[95721]: DEBUG dbcounter [-] [95721] Writer thread running {{(pid=95721) stat_writer /opt/stack/data/venv/lib/python3.12/site-packages/dbcounter.py:102}}
Jul 03 23:40:57.541167 np0000004490 devstack@n-api-meta.service[95722]: WARNING nova.api.metadata.handler [None req-d5341996-e5e6-4d20-94fd-b6db6cb34644 None None] metadata_proxy_shared_secret is not configured, the metadata information returned by the proxy cannot be trusted
Jul 03 23:40:57.543411 np0000004490 devstack@n-api-meta.service[95722]: DEBUG nova.api.openstack.wsgi_app [None req-d5341996-e5e6-4d20-94fd-b6db6cb34644 None None] ******************************************************************************** {{(pid=95722) log_opt_values /opt/stack/data/venv/lib/python3.12/site-packages/oslo_config/cfg.py:3226}}
Jul 03 23:40:57.543564 np0000004490 devstack@n-api-meta.service[95722]: DEBUG nova.api.openstack.wsgi_app [None req-d5341996-e5e6-4d20-94fd-b6db6cb34644 None None] Configuration options gathered from: {{(pid=95722) log_opt_values /opt/stack/data/venv/lib/python3.12/site-packages/oslo_config/cfg.py:3227}}
Jul 03 23:40:57.543757 np0000004490 devstack@n-api-meta.service[95722]: DEBUG nova.api.openstack.wsgi_app [None req-d5341996-e5e6-4d20-94fd-b6db6cb34644 None None] command line args: [] {{(pid=95722) log_opt_values /opt/stack/data/venv/lib/python3.12/site-packages/oslo_config/cfg.py:3228}}
Jul 03 23:40:57.543951 np0000004490 devstack@n-api-meta.service[95722]: DEBUG nova.api.openstack.wsgi_app [None req-d5341996-e5e6-4d20-94fd-b6db6cb34644 None None] config files: ['/etc/nova/api-paste.ini', '/etc/nova/nova.conf'] {{(pid=95722) log_opt_values /opt/stack/data/venv/lib/python3.12/site-packages/oslo_config/cfg.py:3229}}
Jul 03 23:40:57.544107 np0000004490 devstack@n-api-meta.service[95722]: DEBUG nova.api.openstack.wsgi_app [None req-d5341996-e5e6-4d20-94fd-b6db6cb34644 None None] ================================================================================ {{(pid=95722) log_opt_values /opt/stack/data/venv/lib/python3.12/site-packages/oslo_config/cfg.py:3234}}
Jul 03 23:40:57.544322 np0000004490 devstack@n-api-meta.service[95722]: DEBUG nova.api.openstack.wsgi_app [None req-d5341996-e5e6-4d20-94fd-b6db6cb34644 None None] allow_resize_to_same_host = True {{(pid=95722) log_opt_values /opt/stack/data/venv/lib/python3.12/site-packages/oslo_config/cfg.py:3242}}
Jul 03 23:40:57.544479 np0000004490 devstack@n-api-meta.service[95722]: DEBUG nova.api.openstack.wsgi_app [None req-d5341996-e5e6-4d20-94fd-b6db6cb34644 None None] arq_binding_timeout = 300 {{(pid=95722) log_opt_values /opt/stack/data/venv/lib/python3.12/site-packages/oslo_config/cfg.py:3242}}
Jul 03 23:40:57.544651 np0000004490 devstack@n-api-meta.service[95722]: DEBUG nova.api.openstack.wsgi_app [None req-d5341996-e5e6-4d20-94fd-b6db6cb34644 None None] block_device_allocate_retries = 60 {{(pid=95722) log_opt_values /opt/stack/data/venv/lib/python3.12/site-packages/oslo_config/cfg.py:3242}}
Jul 03 23:40:57.544847 np0000004490 devstack@n-api-meta.service[95722]: DEBUG nova.api.openstack.wsgi_app [None req-d5341996-e5e6-4d20-94fd-b6db6cb34644 None None] block_device_allocate_retries_interval = 3 {{(pid=95722) log_opt_values /opt/stack/data/venv/lib/python3.12/site-packages/oslo_config/cfg.py:3242}}
Jul 03 23:40:57.545033 np0000004490 devstack@n-api-meta.service[95722]: DEBUG nova.api.openstack.wsgi_app [None req-d5341996-e5e6-4d20-94fd-b6db6cb34644 None None] cell_worker_thread_pool_size = 5 {{(pid=95722) log_opt_values /opt/stack/data/venv/lib/python3.12/site-packages/oslo_config/cfg.py:3242}}
Jul 03 23:40:57.545189 np0000004490 devstack@n-api-meta.service[95722]: DEBUG nova.api.openstack.wsgi_app [None req-d5341996-e5e6-4d20-94fd-b6db6cb34644 None None] cert = self.pem {{(pid=95722) log_opt_values /opt/stack/data/venv/lib/python3.12/site-packages/oslo_config/cfg.py:3242}}
Jul 03 23:40:57.545349 np0000004490 devstack@n-api-meta.service[95722]: DEBUG nova.api.openstack.wsgi_app [None req-d5341996-e5e6-4d20-94fd-b6db6cb34644 None None] compute_driver = libvirt.LibvirtDriver {{(pid=95722) log_opt_values /opt/stack/data/venv/lib/python3.12/site-packages/oslo_config/cfg.py:3242}}
Jul 03 23:40:57.545525 np0000004490 devstack@n-api-meta.service[95722]: DEBUG nova.api.openstack.wsgi_app [None req-d5341996-e5e6-4d20-94fd-b6db6cb34644 None None] compute_monitors = [] {{(pid=95722) log_opt_values /opt/stack/data/venv/lib/python3.12/site-packages/oslo_config/cfg.py:3242}}
Jul 03 23:40:57.545710 np0000004490 devstack@n-api-meta.service[95722]: DEBUG nova.api.openstack.wsgi_app [None req-d5341996-e5e6-4d20-94fd-b6db6cb34644 None None] config_dir = [] {{(pid=95722) log_opt_values /opt/stack/data/venv/lib/python3.12/site-packages/oslo_config/cfg.py:3242}}
Jul 03 23:40:57.545910 np0000004490 devstack@n-api-meta.service[95722]: DEBUG nova.api.openstack.wsgi_app [None req-d5341996-e5e6-4d20-94fd-b6db6cb34644 None None] config_drive_format = iso9660 {{(pid=95722) log_opt_values /opt/stack/data/venv/lib/python3.12/site-packages/oslo_config/cfg.py:3242}}
Jul 03 23:40:57.546065 np0000004490 devstack@n-api-meta.service[95722]: DEBUG nova.api.openstack.wsgi_app [None req-d5341996-e5e6-4d20-94fd-b6db6cb34644 None None] config_file = ['/etc/nova/api-paste.ini', '/etc/nova/nova.conf'] {{(pid=95722) log_opt_values /opt/stack/data/venv/lib/python3.12/site-packages/oslo_config/cfg.py:3242}}
Jul 03 23:40:57.546243 np0000004490 devstack@n-api-meta.service[95722]: DEBUG nova.api.openstack.wsgi_app [None req-d5341996-e5e6-4d20-94fd-b6db6cb34644 None None] config_source = [] {{(pid=95722) log_opt_values /opt/stack/data/venv/lib/python3.12/site-packages/oslo_config/cfg.py:3242}}
Jul 03 23:40:57.546413 np0000004490 devstack@n-api-meta.service[95722]: DEBUG nova.api.openstack.wsgi_app [None req-d5341996-e5e6-4d20-94fd-b6db6cb34644 None None] console_host = np0000004490 {{(pid=95722) log_opt_values /opt/stack/data/venv/lib/python3.12/site-packages/oslo_config/cfg.py:3242}}
Jul 03 23:40:57.546586 np0000004490 devstack@n-api-meta.service[95722]: DEBUG nova.api.openstack.wsgi_app [None req-d5341996-e5e6-4d20-94fd-b6db6cb34644 None None] control_exchange = nova {{(pid=95722) log_opt_values /opt/stack/data/venv/lib/python3.12/site-packages/oslo_config/cfg.py:3242}}
Jul 03 23:40:57.546759 np0000004490 devstack@n-api-meta.service[95722]: DEBUG nova.api.openstack.wsgi_app [None req-d5341996-e5e6-4d20-94fd-b6db6cb34644 None None] cpu_allocation_ratio = None {{(pid=95722) log_opt_values /opt/stack/data/venv/lib/python3.12/site-packages/oslo_config/cfg.py:3242}}
Jul 03 23:40:57.546929 np0000004490 devstack@n-api-meta.service[95722]: DEBUG nova.api.openstack.wsgi_app [None req-d5341996-e5e6-4d20-94fd-b6db6cb34644 None None] daemon = False {{(pid=95722) log_opt_values /opt/stack/data/venv/lib/python3.12/site-packages/oslo_config/cfg.py:3242}}
Jul 03 23:40:57.547091 np0000004490 devstack@n-api-meta.service[95722]: DEBUG nova.api.openstack.wsgi_app [None req-d5341996-e5e6-4d20-94fd-b6db6cb34644 None None] debug = True {{(pid=95722) log_opt_values /opt/stack/data/venv/lib/python3.12/site-packages/oslo_config/cfg.py:3242}}
Jul 03 23:40:57.547225 np0000004490 devstack@n-api-meta.service[95722]: DEBUG nova.api.openstack.wsgi_app [None req-d5341996-e5e6-4d20-94fd-b6db6cb34644 None None] default_access_ip_network_name = None {{(pid=95722) log_opt_values /opt/stack/data/venv/lib/python3.12/site-packages/oslo_config/cfg.py:3242}}
Jul 03 23:40:57.547343 np0000004490 devstack@n-api-meta.service[95722]: DEBUG nova.api.openstack.wsgi_app [None req-d5341996-e5e6-4d20-94fd-b6db6cb34644 None None] default_availability_zone = nova {{(pid=95722) log_opt_values /opt/stack/data/venv/lib/python3.12/site-packages/oslo_config/cfg.py:3242}}
Jul 03 23:40:57.547460 np0000004490 devstack@n-api-meta.service[95722]: DEBUG nova.api.openstack.wsgi_app [None req-d5341996-e5e6-4d20-94fd-b6db6cb34644 None None] default_ephemeral_format = ext4 {{(pid=95722) log_opt_values /opt/stack/data/venv/lib/python3.12/site-packages/oslo_config/cfg.py:3242}}
Jul 03 23:40:57.547571 np0000004490 devstack@n-api-meta.service[95722]: DEBUG nova.api.openstack.wsgi_app [None req-d5341996-e5e6-4d20-94fd-b6db6cb34644 None None] default_green_pool_size = 1000 {{(pid=95722) log_opt_values /opt/stack/data/venv/lib/python3.12/site-packages/oslo_config/cfg.py:3242}}
Jul 03 23:40:57.547807 np0000004490 devstack@n-api-meta.service[95722]: DEBUG nova.api.openstack.wsgi_app [None req-d5341996-e5e6-4d20-94fd-b6db6cb34644 None None] default_log_levels = ['amqp=WARN', 'boto=WARN', 'sqlalchemy=WARN', 'suds=INFO', 'oslo.messaging=INFO', 'oslo_messaging=INFO', 'iso8601=WARN', 'requests.packages.urllib3.connectionpool=WARN', 'urllib3.connectionpool=WARN', 'websocket=WARN', 'requests.packages.urllib3.util.retry=WARN', 'urllib3.util.retry=WARN', 'keystonemiddleware=WARN', 'routes.middleware=WARN', 'stevedore=WARN', 'taskflow=WARN', 'keystoneauth=WARN', 'oslo.cache=INFO', 'oslo_policy=INFO', 'dogpile.core.dogpile=INFO', 'glanceclient=WARN', 'oslo.privsep.daemon=INFO'] {{(pid=95722) log_opt_values /opt/stack/data/venv/lib/python3.12/site-packages/oslo_config/cfg.py:3242}}
Jul 03 23:40:57.547999 np0000004490 devstack@n-api-meta.service[95722]: DEBUG nova.api.openstack.wsgi_app [None req-d5341996-e5e6-4d20-94fd-b6db6cb34644 None None] default_schedule_zone = None {{(pid=95722) log_opt_values /opt/stack/data/venv/lib/python3.12/site-packages/oslo_config/cfg.py:3242}}
Jul 03 23:40:57.548183 np0000004490 devstack@n-api-meta.service[95722]: DEBUG nova.api.openstack.wsgi_app [None req-d5341996-e5e6-4d20-94fd-b6db6cb34644 None None] default_thread_pool_size = 10 {{(pid=95722) log_opt_values /opt/stack/data/venv/lib/python3.12/site-packages/oslo_config/cfg.py:3242}}
Jul 03 23:40:57.548352 np0000004490 devstack@n-api-meta.service[95722]: DEBUG nova.api.openstack.wsgi_app [None req-d5341996-e5e6-4d20-94fd-b6db6cb34644 None None] disk_allocation_ratio = None {{(pid=95722) log_opt_values /opt/stack/data/venv/lib/python3.12/site-packages/oslo_config/cfg.py:3242}}
Jul 03 23:40:57.548525 np0000004490 devstack@n-api-meta.service[95722]: DEBUG nova.api.openstack.wsgi_app [None req-d5341996-e5e6-4d20-94fd-b6db6cb34644 None None] enable_new_services = True {{(pid=95722) log_opt_values /opt/stack/data/venv/lib/python3.12/site-packages/oslo_config/cfg.py:3242}}
Jul 03 23:40:57.548695 np0000004490 devstack@n-api-meta.service[95722]: DEBUG nova.api.openstack.wsgi_app [None req-d5341996-e5e6-4d20-94fd-b6db6cb34644 None None] flat_injected = False {{(pid=95722) log_opt_values /opt/stack/data/venv/lib/python3.12/site-packages/oslo_config/cfg.py:3242}}
Jul 03 23:40:57.548906 np0000004490 devstack@n-api-meta.service[95722]: DEBUG nova.api.openstack.wsgi_app [None req-d5341996-e5e6-4d20-94fd-b6db6cb34644 None None] force_config_drive = True {{(pid=95722) log_opt_values /opt/stack/data/venv/lib/python3.12/site-packages/oslo_config/cfg.py:3242}}
Jul 03 23:40:57.549079 np0000004490 devstack@n-api-meta.service[95722]: DEBUG nova.api.openstack.wsgi_app [None req-d5341996-e5e6-4d20-94fd-b6db6cb34644 None None] force_raw_images = True {{(pid=95722) log_opt_values /opt/stack/data/venv/lib/python3.12/site-packages/oslo_config/cfg.py:3242}}
Jul 03 23:40:57.549266 np0000004490 devstack@n-api-meta.service[95722]: DEBUG nova.api.openstack.wsgi_app [None req-d5341996-e5e6-4d20-94fd-b6db6cb34644 None None] graceful_shutdown_timeout = 5 {{(pid=95722) log_opt_values /opt/stack/data/venv/lib/python3.12/site-packages/oslo_config/cfg.py:3242}}
Jul 03 23:40:57.549436 np0000004490 devstack@n-api-meta.service[95722]: DEBUG nova.api.openstack.wsgi_app [None req-d5341996-e5e6-4d20-94fd-b6db6cb34644 None None] heal_instance_info_cache_interval = -1 {{(pid=95722) log_opt_values /opt/stack/data/venv/lib/python3.12/site-packages/oslo_config/cfg.py:3242}}
Jul 03 23:40:57.549671 np0000004490 devstack@n-api-meta.service[95722]: DEBUG nova.api.openstack.wsgi_app [None req-d5341996-e5e6-4d20-94fd-b6db6cb34644 None None] host = np0000004490 {{(pid=95722) log_opt_values /opt/stack/data/venv/lib/python3.12/site-packages/oslo_config/cfg.py:3242}}
Jul 03 23:40:57.549872 np0000004490 devstack@n-api-meta.service[95722]: DEBUG nova.api.openstack.wsgi_app [None req-d5341996-e5e6-4d20-94fd-b6db6cb34644 None None] initial_cpu_allocation_ratio = 4.0 {{(pid=95722) log_opt_values /opt/stack/data/venv/lib/python3.12/site-packages/oslo_config/cfg.py:3242}}
Jul 03 23:40:57.550060 np0000004490 devstack@n-api-meta.service[95722]: DEBUG nova.api.openstack.wsgi_app [None req-d5341996-e5e6-4d20-94fd-b6db6cb34644 None None] initial_disk_allocation_ratio = 1.0 {{(pid=95722) log_opt_values /opt/stack/data/venv/lib/python3.12/site-packages/oslo_config/cfg.py:3242}}
Jul 03 23:40:57.550234 np0000004490 devstack@n-api-meta.service[95722]: DEBUG nova.api.openstack.wsgi_app [None req-d5341996-e5e6-4d20-94fd-b6db6cb34644 None None] initial_ram_allocation_ratio = 1.0 {{(pid=95722) log_opt_values /opt/stack/data/venv/lib/python3.12/site-packages/oslo_config/cfg.py:3242}}
Jul 03 23:40:57.550466 np0000004490 devstack@n-api-meta.service[95722]: DEBUG nova.api.openstack.wsgi_app [None req-d5341996-e5e6-4d20-94fd-b6db6cb34644 None None] injected_network_template = /opt/stack/nova/nova/virt/interfaces.template {{(pid=95722) log_opt_values /opt/stack/data/venv/lib/python3.12/site-packages/oslo_config/cfg.py:3242}}
Jul 03 23:40:57.550637 np0000004490 devstack@n-api-meta.service[95722]: DEBUG nova.api.openstack.wsgi_app [None req-d5341996-e5e6-4d20-94fd-b6db6cb34644 None None] instance_build_timeout = 0 {{(pid=95722) log_opt_values /opt/stack/data/venv/lib/python3.12/site-packages/oslo_config/cfg.py:3242}}
Jul 03 23:40:57.550824 np0000004490 devstack@n-api-meta.service[95722]: DEBUG nova.api.openstack.wsgi_app [None req-d5341996-e5e6-4d20-94fd-b6db6cb34644 None None] instance_delete_interval = 300 {{(pid=95722) log_opt_values /opt/stack/data/venv/lib/python3.12/site-packages/oslo_config/cfg.py:3242}}
Jul 03 23:40:57.551018 np0000004490 devstack@n-api-meta.service[95722]: DEBUG nova.api.openstack.wsgi_app [None req-d5341996-e5e6-4d20-94fd-b6db6cb34644 None None] instance_format = [instance: %(uuid)s] {{(pid=95722) log_opt_values /opt/stack/data/venv/lib/python3.12/site-packages/oslo_config/cfg.py:3242}}
Jul 03 23:40:57.551197 np0000004490 devstack@n-api-meta.service[95722]: DEBUG nova.api.openstack.wsgi_app [None req-d5341996-e5e6-4d20-94fd-b6db6cb34644 None None] instance_name_template = instance-%08x {{(pid=95722) log_opt_values /opt/stack/data/venv/lib/python3.12/site-packages/oslo_config/cfg.py:3242}}
Jul 03 23:40:57.551367 np0000004490 devstack@n-api-meta.service[95722]: DEBUG nova.api.openstack.wsgi_app [None req-d5341996-e5e6-4d20-94fd-b6db6cb34644 None None] instance_usage_audit = False {{(pid=95722) log_opt_values /opt/stack/data/venv/lib/python3.12/site-packages/oslo_config/cfg.py:3242}}
Jul 03 23:40:57.551550 np0000004490 devstack@n-api-meta.service[95722]: DEBUG nova.api.openstack.wsgi_app [None req-d5341996-e5e6-4d20-94fd-b6db6cb34644 None None] instance_usage_audit_period = month {{(pid=95722) log_opt_values /opt/stack/data/venv/lib/python3.12/site-packages/oslo_config/cfg.py:3242}}
Jul 03 23:40:57.551744 np0000004490 devstack@n-api-meta.service[95722]: DEBUG nova.api.openstack.wsgi_app [None req-d5341996-e5e6-4d20-94fd-b6db6cb34644 None None] instance_uuid_format = [instance: %(uuid)s] {{(pid=95722) log_opt_values /opt/stack/data/venv/lib/python3.12/site-packages/oslo_config/cfg.py:3242}}
Jul 03 23:40:57.551929 np0000004490 devstack@n-api-meta.service[95722]: DEBUG nova.api.openstack.wsgi_app [None req-d5341996-e5e6-4d20-94fd-b6db6cb34644 None None] instances_path = /opt/stack/data/nova/instances {{(pid=95722) log_opt_values /opt/stack/data/venv/lib/python3.12/site-packages/oslo_config/cfg.py:3242}}
Jul 03 23:40:57.552109 np0000004490 devstack@n-api-meta.service[95722]: DEBUG nova.api.openstack.wsgi_app [None req-d5341996-e5e6-4d20-94fd-b6db6cb34644 None None] internal_service_availability_zone = internal {{(pid=95722) log_opt_values /opt/stack/data/venv/lib/python3.12/site-packages/oslo_config/cfg.py:3242}}
Jul 03 23:40:57.552278 np0000004490 devstack@n-api-meta.service[95722]: DEBUG nova.api.openstack.wsgi_app [None req-d5341996-e5e6-4d20-94fd-b6db6cb34644 None None] key = None {{(pid=95722) log_opt_values /opt/stack/data/venv/lib/python3.12/site-packages/oslo_config/cfg.py:3242}}
Jul 03 23:40:57.552447 np0000004490 devstack@n-api-meta.service[95722]: DEBUG nova.api.openstack.wsgi_app [None req-d5341996-e5e6-4d20-94fd-b6db6cb34644 None None] live_migration_retry_count = 30 {{(pid=95722) log_opt_values /opt/stack/data/venv/lib/python3.12/site-packages/oslo_config/cfg.py:3242}}
Jul 03 23:40:57.552628 np0000004490 devstack@n-api-meta.service[95722]: DEBUG nova.api.openstack.wsgi_app [None req-d5341996-e5e6-4d20-94fd-b6db6cb34644 None None] log_color = False {{(pid=95722) log_opt_values /opt/stack/data/venv/lib/python3.12/site-packages/oslo_config/cfg.py:3242}}
Jul 03 23:40:57.552825 np0000004490 devstack@n-api-meta.service[95722]: DEBUG nova.api.openstack.wsgi_app [None req-d5341996-e5e6-4d20-94fd-b6db6cb34644 None None] log_config_append = None {{(pid=95722) log_opt_values /opt/stack/data/venv/lib/python3.12/site-packages/oslo_config/cfg.py:3242}}
Jul 03 23:40:57.553024 np0000004490 devstack@n-api-meta.service[95722]: DEBUG nova.api.openstack.wsgi_app [None req-d5341996-e5e6-4d20-94fd-b6db6cb34644 None None] log_date_format = %Y-%m-%d %H:%M:%S {{(pid=95722) log_opt_values /opt/stack/data/venv/lib/python3.12/site-packages/oslo_config/cfg.py:3242}}
Jul 03 23:40:57.553196 np0000004490 devstack@n-api-meta.service[95722]: DEBUG nova.api.openstack.wsgi_app [None req-d5341996-e5e6-4d20-94fd-b6db6cb34644 None None] log_dir = None {{(pid=95722) log_opt_values /opt/stack/data/venv/lib/python3.12/site-packages/oslo_config/cfg.py:3242}}
Jul 03 23:40:57.553368 np0000004490 devstack@n-api-meta.service[95722]: DEBUG nova.api.openstack.wsgi_app [None req-d5341996-e5e6-4d20-94fd-b6db6cb34644 None None] log_file = None {{(pid=95722) log_opt_values /opt/stack/data/venv/lib/python3.12/site-packages/oslo_config/cfg.py:3242}}
Jul 03 23:40:57.553516 np0000004490 devstack@n-api-meta.service[95722]: DEBUG nova.api.openstack.wsgi_app [None req-d5341996-e5e6-4d20-94fd-b6db6cb34644 None None] log_options = True {{(pid=95722) log_opt_values /opt/stack/data/venv/lib/python3.12/site-packages/oslo_config/cfg.py:3242}}
Jul 03 23:40:57.553687 np0000004490 devstack@n-api-meta.service[95722]: DEBUG nova.api.openstack.wsgi_app [None req-d5341996-e5e6-4d20-94fd-b6db6cb34644 None None] log_rotate_interval = 1 {{(pid=95722) log_opt_values /opt/stack/data/venv/lib/python3.12/site-packages/oslo_config/cfg.py:3242}}
Jul 03 23:40:57.553882 np0000004490 devstack@n-api-meta.service[95722]: DEBUG nova.api.openstack.wsgi_app [None req-d5341996-e5e6-4d20-94fd-b6db6cb34644 None None] log_rotate_interval_type = days {{(pid=95722) log_opt_values /opt/stack/data/venv/lib/python3.12/site-packages/oslo_config/cfg.py:3242}}
Jul 03 23:40:57.554071 np0000004490 devstack@n-api-meta.service[95722]: DEBUG nova.api.openstack.wsgi_app [None req-d5341996-e5e6-4d20-94fd-b6db6cb34644 None None] log_rotation_type = none {{(pid=95722) log_opt_values /opt/stack/data/venv/lib/python3.12/site-packages/oslo_config/cfg.py:3242}}
Jul 03 23:40:57.554284 np0000004490 devstack@n-api-meta.service[95722]: DEBUG nova.api.openstack.wsgi_app [None req-d5341996-e5e6-4d20-94fd-b6db6cb34644 None None] logging_context_format_string = %(color)s%(levelname)s %(name)s [%(global_request_id)s %(request_id)s %(project_name)s %(user_name)s%(color)s] %(instance)s%(color)s%(message)s {{(pid=95722) log_opt_values /opt/stack/data/venv/lib/python3.12/site-packages/oslo_config/cfg.py:3242}}
Jul 03 23:40:57.554382 np0000004490 devstack@n-api-meta.service[95722]: DEBUG nova.api.openstack.wsgi_app [None req-d5341996-e5e6-4d20-94fd-b6db6cb34644 None None] logging_debug_format_suffix = {{(pid=%(process)d) %(funcName)s %(pathname)s:%(lineno)d}} {{(pid=95722) log_opt_values /opt/stack/data/venv/lib/python3.12/site-packages/oslo_config/cfg.py:3242}}
