Jul 03 23:40:56.963639 np0000004490 nova-scheduler[96304]: DEBUG cotyledon.oslo_config_glue [-] profiler.es_doc_type = notification {{(pid=96304) log_opt_values /opt/stack/data/venv/lib/python3.12/site-packages/oslo_config/cfg.py:3253}}
Jul 03 23:40:56.963948 np0000004490 nova-scheduler[96304]: DEBUG cotyledon.oslo_config_glue [-] profiler.es_scroll_size = 10000 {{(pid=96304) log_opt_values /opt/stack/data/venv/lib/python3.12/site-packages/oslo_config/cfg.py:3253}}
Jul 03 23:40:56.963948 np0000004490 nova-scheduler[96304]: DEBUG cotyledon.oslo_config_glue [-] profiler.es_scroll_time = 2m {{(pid=96304) log_opt_values /opt/stack/data/venv/lib/python3.12/site-packages/oslo_config/cfg.py:3253}}
Jul 03 23:40:56.963948 np0000004490 nova-scheduler[96304]: DEBUG cotyledon.oslo_config_glue [-] profiler.filter_error_trace = False {{(pid=96304) log_opt_values /opt/stack/data/venv/lib/python3.12/site-packages/oslo_config/cfg.py:3253}}
Jul 03 23:40:56.963948 np0000004490 nova-scheduler[96304]: DEBUG cotyledon.oslo_config_glue [-] profiler.hmac_keys = **** {{(pid=96304) log_opt_values /opt/stack/data/venv/lib/python3.12/site-packages/oslo_config/cfg.py:3253}}
Jul 03 23:40:56.963948 np0000004490 nova-scheduler[96304]: DEBUG cotyledon.oslo_config_glue [-] profiler.sentinel_service_name = mymaster {{(pid=96304) log_opt_values /opt/stack/data/venv/lib/python3.12/site-packages/oslo_config/cfg.py:3253}}
Jul 03 23:40:56.963948 np0000004490 nova-scheduler[96304]: DEBUG cotyledon.oslo_config_glue [-] profiler.socket_timeout = 0.1 {{(pid=96304) log_opt_values /opt/stack/data/venv/lib/python3.12/site-packages/oslo_config/cfg.py:3253}}
Jul 03 23:40:56.963948 np0000004490 nova-scheduler[96304]: DEBUG cotyledon.oslo_config_glue [-] profiler.trace_requests = False {{(pid=96304) log_opt_values /opt/stack/data/venv/lib/python3.12/site-packages/oslo_config/cfg.py:3253}}
Jul 03 23:40:56.963948 np0000004490 nova-scheduler[96304]: DEBUG cotyledon.oslo_config_glue [-] profiler.trace_sqlalchemy = False {{(pid=96304) log_opt_values /opt/stack/data/venv/lib/python3.12/site-packages/oslo_config/cfg.py:3253}}
Jul 03 23:40:56.963948 np0000004490 nova-scheduler[96304]: DEBUG cotyledon.oslo_config_glue [-] profiler_jaeger.process_tags = {} {{(pid=96304) log_opt_values /opt/stack/data/venv/lib/python3.12/site-packages/oslo_config/cfg.py:3253}}
Jul 03 23:40:56.964236 np0000004490 nova-scheduler[96304]: DEBUG cotyledon.oslo_config_glue [-] profiler_jaeger.service_name_prefix = None {{(pid=96304) log_opt_values /opt/stack/data/venv/lib/python3.12/site-packages/oslo_config/cfg.py:3253}}
Jul 03 23:40:56.964236 np0000004490 nova-scheduler[96304]: DEBUG cotyledon.oslo_config_glue [-] profiler_otlp.service_name_prefix = None {{(pid=96304) log_opt_values /opt/stack/data/venv/lib/python3.12/site-packages/oslo_config/cfg.py:3253}}
Jul 03 23:40:56.964236 np0000004490 nova-scheduler[96304]: DEBUG cotyledon.oslo_config_glue [-] oslo_messaging_rabbit.amqp_auto_delete = False {{(pid=96304) log_opt_values /opt/stack/data/venv/lib/python3.12/site-packages/oslo_config/cfg.py:3253}}
Jul 03 23:40:56.964236 np0000004490 nova-scheduler[96304]: DEBUG cotyledon.oslo_config_glue [-] oslo_messaging_rabbit.amqp_durable_queues = False {{(pid=96304) log_opt_values /opt/stack/data/venv/lib/python3.12/site-packages/oslo_config/cfg.py:3253}}
Jul 03 23:40:56.964236 np0000004490 nova-scheduler[96304]: DEBUG cotyledon.oslo_config_glue [-] oslo_messaging_rabbit.conn_pool_min_size = 2 {{(pid=96304) log_opt_values /opt/stack/data/venv/lib/python3.12/site-packages/oslo_config/cfg.py:3253}}
Jul 03 23:40:56.964236 np0000004490 nova-scheduler[96304]: DEBUG cotyledon.oslo_config_glue [-] oslo_messaging_rabbit.conn_pool_ttl = 1200 {{(pid=96304) log_opt_values /opt/stack/data/venv/lib/python3.12/site-packages/oslo_config/cfg.py:3253}}
Jul 03 23:40:56.964236 np0000004490 nova-scheduler[96304]: DEBUG cotyledon.oslo_config_glue [-] oslo_messaging_rabbit.direct_mandatory_flag = True {{(pid=96304) log_opt_values /opt/stack/data/venv/lib/python3.12/site-packages/oslo_config/cfg.py:3253}}
Jul 03 23:40:56.964236 np0000004490 nova-scheduler[96304]: DEBUG cotyledon.oslo_config_glue [-] oslo_messaging_rabbit.enable_cancel_on_failover = False {{(pid=96304) log_opt_values /opt/stack/data/venv/lib/python3.12/site-packages/oslo_config/cfg.py:3253}}
Jul 03 23:40:56.964236 np0000004490 nova-scheduler[96304]: DEBUG cotyledon.oslo_config_glue [-] oslo_messaging_rabbit.heartbeat_rate = 3 {{(pid=96304) log_opt_values /opt/stack/data/venv/lib/python3.12/site-packages/oslo_config/cfg.py:3253}}
Jul 03 23:40:56.964528 np0000004490 nova-scheduler[96304]: DEBUG cotyledon.oslo_config_glue [-] oslo_messaging_rabbit.heartbeat_timeout_threshold = 60 {{(pid=96304) log_opt_values /opt/stack/data/venv/lib/python3.12/site-packages/oslo_config/cfg.py:3253}}
Jul 03 23:40:56.964528 np0000004490 nova-scheduler[96304]: DEBUG cotyledon.oslo_config_glue [-] oslo_messaging_rabbit.hostname = np0000004490 {{(pid=96304) log_opt_values /opt/stack/data/venv/lib/python3.12/site-packages/oslo_config/cfg.py:3253}}
Jul 03 23:40:56.964528 np0000004490 nova-scheduler[96304]: DEBUG cotyledon.oslo_config_glue [-] oslo_messaging_rabbit.kombu_compression = None {{(pid=96304) log_opt_values /opt/stack/data/venv/lib/python3.12/site-packages/oslo_config/cfg.py:3253}}
Jul 03 23:40:56.964528 np0000004490 nova-scheduler[96304]: DEBUG cotyledon.oslo_config_glue [-] oslo_messaging_rabbit.kombu_failover_strategy = round-robin {{(pid=96304) log_opt_values /opt/stack/data/venv/lib/python3.12/site-packages/oslo_config/cfg.py:3253}}
Jul 03 23:40:56.964528 np0000004490 nova-scheduler[96304]: DEBUG cotyledon.oslo_config_glue [-] oslo_messaging_rabbit.kombu_missing_consumer_retry_timeout = 60 {{(pid=96304) log_opt_values /opt/stack/data/venv/lib/python3.12/site-packages/oslo_config/cfg.py:3253}}
Jul 03 23:40:56.964528 np0000004490 nova-scheduler[96304]: DEBUG cotyledon.oslo_config_glue [-] oslo_messaging_rabbit.kombu_reconnect_delay = 1.0 {{(pid=96304) log_opt_values /opt/stack/data/venv/lib/python3.12/site-packages/oslo_config/cfg.py:3253}}
Jul 03 23:40:56.964528 np0000004490 nova-scheduler[96304]: DEBUG cotyledon.oslo_config_glue [-] oslo_messaging_rabbit.kombu_reconnect_splay = 0.0 {{(pid=96304) log_opt_values /opt/stack/data/venv/lib/python3.12/site-packages/oslo_config/cfg.py:3253}}
Jul 03 23:40:56.964528 np0000004490 nova-scheduler[96304]: DEBUG cotyledon.oslo_config_glue [-] oslo_messaging_rabbit.processname = nova-scheduler {{(pid=96304) log_opt_values /opt/stack/data/venv/lib/python3.12/site-packages/oslo_config/cfg.py:3253}}
Jul 03 23:40:56.964528 np0000004490 nova-scheduler[96304]: DEBUG cotyledon.oslo_config_glue [-] oslo_messaging_rabbit.rabbit_ha_queues = False {{(pid=96304) log_opt_values /opt/stack/data/venv/lib/python3.12/site-packages/oslo_config/cfg.py:3253}}
Jul 03 23:40:56.964820 np0000004490 nova-scheduler[96304]: DEBUG cotyledon.oslo_config_glue [-] oslo_messaging_rabbit.rabbit_interval_max = 30 {{(pid=96304) log_opt_values /opt/stack/data/venv/lib/python3.12/site-packages/oslo_config/cfg.py:3253}}
Jul 03 23:40:56.964820 np0000004490 nova-scheduler[96304]: DEBUG cotyledon.oslo_config_glue [-] oslo_messaging_rabbit.rabbit_login_method = AMQPLAIN {{(pid=96304) log_opt_values /opt/stack/data/venv/lib/python3.12/site-packages/oslo_config/cfg.py:3253}}
Jul 03 23:40:56.964820 np0000004490 nova-scheduler[96304]: DEBUG cotyledon.oslo_config_glue [-] oslo_messaging_rabbit.rabbit_qos_prefetch_count = 0 {{(pid=96304) log_opt_values /opt/stack/data/venv/lib/python3.12/site-packages/oslo_config/cfg.py:3253}}
Jul 03 23:40:56.964820 np0000004490 nova-scheduler[96304]: DEBUG cotyledon.oslo_config_glue [-] oslo_messaging_rabbit.rabbit_quorum_delivery_limit = 0 {{(pid=96304) log_opt_values /opt/stack/data/venv/lib/python3.12/site-packages/oslo_config/cfg.py:3253}}
Jul 03 23:40:56.964820 np0000004490 nova-scheduler[96304]: DEBUG cotyledon.oslo_config_glue [-] oslo_messaging_rabbit.rabbit_quorum_max_memory_bytes = 0 {{(pid=96304) log_opt_values /opt/stack/data/venv/lib/python3.12/site-packages/oslo_config/cfg.py:3253}}
Jul 03 23:40:56.964820 np0000004490 nova-scheduler[96304]: DEBUG cotyledon.oslo_config_glue [-] oslo_messaging_rabbit.rabbit_quorum_max_memory_length = 0 {{(pid=96304) log_opt_values /opt/stack/data/venv/lib/python3.12/site-packages/oslo_config/cfg.py:3253}}
Jul 03 23:40:56.965009 np0000004490 nova-scheduler[96293]: DEBUG dbcounter [-] [96293] Writer thread running {{(pid=96293) stat_writer /opt/stack/data/venv/lib/python3.12/site-packages/dbcounter.py:102}}
Jul 03 23:40:56.965058 np0000004490 nova-scheduler[96304]: DEBUG cotyledon.oslo_config_glue [-] oslo_messaging_rabbit.rabbit_quorum_queue = False {{(pid=96304) log_opt_values /opt/stack/data/venv/lib/python3.12/site-packages/oslo_config/cfg.py:3253}}
Jul 03 23:40:56.965058 np0000004490 nova-scheduler[96304]: DEBUG cotyledon.oslo_config_glue [-] oslo_messaging_rabbit.rabbit_retry_backoff = 2 {{(pid=96304) log_opt_values /opt/stack/data/venv/lib/python3.12/site-packages/oslo_config/cfg.py:3253}}
Jul 03 23:40:56.965058 np0000004490 nova-scheduler[96304]: DEBUG cotyledon.oslo_config_glue [-] oslo_messaging_rabbit.rabbit_retry_interval = 1 {{(pid=96304) log_opt_values /opt/stack/data/venv/lib/python3.12/site-packages/oslo_config/cfg.py:3253}}
Jul 03 23:40:56.965058 np0000004490 nova-scheduler[96304]: DEBUG cotyledon.oslo_config_glue [-] oslo_messaging_rabbit.rabbit_stream_fanout = False {{(pid=96304) log_opt_values /opt/stack/data/venv/lib/python3.12/site-packages/oslo_config/cfg.py:3253}}
Jul 03 23:40:56.965058 np0000004490 nova-scheduler[96304]: DEBUG cotyledon.oslo_config_glue [-] oslo_messaging_rabbit.rabbit_transient_queues_ttl = 1800 {{(pid=96304) log_opt_values /opt/stack/data/venv/lib/python3.12/site-packages/oslo_config/cfg.py:3253}}
Jul 03 23:40:56.965058 np0000004490 nova-scheduler[96304]: DEBUG cotyledon.oslo_config_glue [-] oslo_messaging_rabbit.rabbit_transient_quorum_queue = False {{(pid=96304) log_opt_values /opt/stack/data/venv/lib/python3.12/site-packages/oslo_config/cfg.py:3253}}
Jul 03 23:40:56.965058 np0000004490 nova-scheduler[96304]: DEBUG cotyledon.oslo_config_glue [-] oslo_messaging_rabbit.rpc_conn_pool_size = 30 {{(pid=96304) log_opt_values /opt/stack/data/venv/lib/python3.12/site-packages/oslo_config/cfg.py:3253}}
Jul 03 23:40:56.965058 np0000004490 nova-scheduler[96304]: DEBUG cotyledon.oslo_config_glue [-] oslo_messaging_rabbit.ssl = False {{(pid=96304) log_opt_values /opt/stack/data/venv/lib/python3.12/site-packages/oslo_config/cfg.py:3253}}
Jul 03 23:40:56.965058 np0000004490 nova-scheduler[96304]: DEBUG cotyledon.oslo_config_glue [-] oslo_messaging_rabbit.ssl_ca_file = {{(pid=96304) log_opt_values /opt/stack/data/venv/lib/python3.12/site-packages/oslo_config/cfg.py:3253}}
Jul 03 23:40:56.965369 np0000004490 nova-scheduler[96304]: DEBUG cotyledon.oslo_config_glue [-] oslo_messaging_rabbit.ssl_cert_file = {{(pid=96304) log_opt_values /opt/stack/data/venv/lib/python3.12/site-packages/oslo_config/cfg.py:3253}}
Jul 03 23:40:56.965369 np0000004490 nova-scheduler[96304]: DEBUG cotyledon.oslo_config_glue [-] oslo_messaging_rabbit.ssl_enforce_fips_mode = False {{(pid=96304) log_opt_values /opt/stack/data/venv/lib/python3.12/site-packages/oslo_config/cfg.py:3253}}
Jul 03 23:40:56.965369 np0000004490 nova-scheduler[96304]: DEBUG cotyledon.oslo_config_glue [-] oslo_messaging_rabbit.ssl_enforce_hostname_verification = True {{(pid=96304) log_opt_values /opt/stack/data/venv/lib/python3.12/site-packages/oslo_config/cfg.py:3253}}
Jul 03 23:40:56.965369 np0000004490 nova-scheduler[96304]: DEBUG cotyledon.oslo_config_glue [-] oslo_messaging_rabbit.ssl_key_file = {{(pid=96304) log_opt_values /opt/stack/data/venv/lib/python3.12/site-packages/oslo_config/cfg.py:3253}}
Jul 03 23:40:56.965369 np0000004490 nova-scheduler[96304]: DEBUG cotyledon.oslo_config_glue [-] oslo_messaging_rabbit.ssl_version = {{(pid=96304) log_opt_values /opt/stack/data/venv/lib/python3.12/site-packages/oslo_config/cfg.py:3253}}
Jul 03 23:40:56.965369 np0000004490 nova-scheduler[96304]: DEBUG cotyledon.oslo_config_glue [-] oslo_messaging_rabbit.use_queue_manager = False {{(pid=96304) log_opt_values /opt/stack/data/venv/lib/python3.12/site-packages/oslo_config/cfg.py:3253}}
Jul 03 23:40:56.965369 np0000004490 nova-scheduler[96304]: DEBUG cotyledon.oslo_config_glue [-] oslo_messaging_notifications.driver = ['messagingv2'] {{(pid=96304) log_opt_values /opt/stack/data/venv/lib/python3.12/site-packages/oslo_config/cfg.py:3253}}
Jul 03 23:40:56.965369 np0000004490 nova-scheduler[96304]: DEBUG cotyledon.oslo_config_glue [-] oslo_messaging_notifications.retry = -1 {{(pid=96304) log_opt_values /opt/stack/data/venv/lib/python3.12/site-packages/oslo_config/cfg.py:3253}}
Jul 03 23:40:56.965369 np0000004490 nova-scheduler[96304]: DEBUG cotyledon.oslo_config_glue [-] oslo_messaging_notifications.topics = ['notifications'] {{(pid=96304) log_opt_values /opt/stack/data/venv/lib/python3.12/site-packages/oslo_config/cfg.py:3253}}
Jul 03 23:40:56.965715 np0000004490 nova-scheduler[96304]: DEBUG cotyledon.oslo_config_glue [-] oslo_messaging_notifications.transport_url = **** {{(pid=96304) log_opt_values /opt/stack/data/venv/lib/python3.12/site-packages/oslo_config/cfg.py:3253}}
Jul 03 23:40:56.965715 np0000004490 nova-scheduler[96304]: DEBUG cotyledon.oslo_config_glue [-] oslo_limit.auth_section = None {{(pid=96304) log_opt_values /opt/stack/data/venv/lib/python3.12/site-packages/oslo_config/cfg.py:3253}}
Jul 03 23:40:56.965715 np0000004490 nova-scheduler[96304]: DEBUG cotyledon.oslo_config_glue [-] oslo_limit.auth_type = None {{(pid=96304) log_opt_values /opt/stack/data/venv/lib/python3.12/site-packages/oslo_config/cfg.py:3253}}
Jul 03 23:40:56.965715 np0000004490 nova-scheduler[96304]: DEBUG cotyledon.oslo_config_glue [-] oslo_limit.cafile = None {{(pid=96304) log_opt_values /opt/stack/data/venv/lib/python3.12/site-packages/oslo_config/cfg.py:3253}}
Jul 03 23:40:56.965715 np0000004490 nova-scheduler[96304]: DEBUG cotyledon.oslo_config_glue [-] oslo_limit.certfile = None {{(pid=96304) log_opt_values /opt/stack/data/venv/lib/python3.12/site-packages/oslo_config/cfg.py:3253}}
Jul 03 23:40:56.965715 np0000004490 nova-scheduler[96304]: DEBUG cotyledon.oslo_config_glue [-] oslo_limit.collect_timing = False {{(pid=96304) log_opt_values /opt/stack/data/venv/lib/python3.12/site-packages/oslo_config/cfg.py:3253}}
Jul 03 23:40:56.965715 np0000004490 nova-scheduler[96304]: DEBUG cotyledon.oslo_config_glue [-] oslo_limit.connect_retries = None {{(pid=96304) log_opt_values /opt/stack/data/venv/lib/python3.12/site-packages/oslo_config/cfg.py:3253}}
Jul 03 23:40:56.965715 np0000004490 nova-scheduler[96304]: DEBUG cotyledon.oslo_config_glue [-] oslo_limit.connect_retry_delay = None {{(pid=96304) log_opt_values /opt/stack/data/venv/lib/python3.12/site-packages/oslo_config/cfg.py:3253}}
Jul 03 23:40:56.965715 np0000004490 nova-scheduler[96304]: DEBUG cotyledon.oslo_config_glue [-] oslo_limit.endpoint_id = None {{(pid=96304) log_opt_values /opt/stack/data/venv/lib/python3.12/site-packages/oslo_config/cfg.py:3253}}
Jul 03 23:40:56.966036 np0000004490 nova-scheduler[96304]: DEBUG cotyledon.oslo_config_glue [-] oslo_limit.endpoint_interface = public {{(pid=96304) log_opt_values /opt/stack/data/venv/lib/python3.12/site-packages/oslo_config/cfg.py:3253}}
Jul 03 23:40:56.966036 np0000004490 nova-scheduler[96304]: DEBUG cotyledon.oslo_config_glue [-] oslo_limit.endpoint_override = None {{(pid=96304) log_opt_values /opt/stack/data/venv/lib/python3.12/site-packages/oslo_config/cfg.py:3253}}
Jul 03 23:40:56.966036 np0000004490 nova-scheduler[96304]: DEBUG cotyledon.oslo_config_glue [-] oslo_limit.endpoint_region_name = None {{(pid=96304) log_opt_values /opt/stack/data/venv/lib/python3.12/site-packages/oslo_config/cfg.py:3253}}
Jul 03 23:40:56.966036 np0000004490 nova-scheduler[96304]: DEBUG cotyledon.oslo_config_glue [-] oslo_limit.endpoint_service_name = None {{(pid=96304) log_opt_values /opt/stack/data/venv/lib/python3.12/site-packages/oslo_config/cfg.py:3253}}
Jul 03 23:40:56.966036 np0000004490 nova-scheduler[96304]: DEBUG cotyledon.oslo_config_glue [-] oslo_limit.endpoint_service_type = None {{(pid=96304) log_opt_values /opt/stack/data/venv/lib/python3.12/site-packages/oslo_config/cfg.py:3253}}
Jul 03 23:40:56.966036 np0000004490 nova-scheduler[96304]: DEBUG cotyledon.oslo_config_glue [-] oslo_limit.insecure = False {{(pid=96304) log_opt_values /opt/stack/data/venv/lib/python3.12/site-packages/oslo_config/cfg.py:3253}}
Jul 03 23:40:56.966036 np0000004490 nova-scheduler[96304]: DEBUG cotyledon.oslo_config_glue [-] oslo_limit.keyfile = None {{(pid=96304) log_opt_values /opt/stack/data/venv/lib/python3.12/site-packages/oslo_config/cfg.py:3253}}
Jul 03 23:40:56.966036 np0000004490 nova-scheduler[96304]: DEBUG cotyledon.oslo_config_glue [-] oslo_limit.max_version = None {{(pid=96304) log_opt_values /opt/stack/data/venv/lib/python3.12/site-packages/oslo_config/cfg.py:3253}}
Jul 03 23:40:56.966036 np0000004490 nova-scheduler[96304]: DEBUG cotyledon.oslo_config_glue [-] oslo_limit.min_version = None {{(pid=96304) log_opt_values /opt/stack/data/venv/lib/python3.12/site-packages/oslo_config/cfg.py:3253}}
Jul 03 23:40:56.966338 np0000004490 nova-scheduler[96304]: DEBUG cotyledon.oslo_config_glue [-] oslo_limit.region_name = None {{(pid=96304) log_opt_values /opt/stack/data/venv/lib/python3.12/site-packages/oslo_config/cfg.py:3253}}
Jul 03 23:40:56.966338 np0000004490 nova-scheduler[96304]: DEBUG cotyledon.oslo_config_glue [-] oslo_limit.retriable_status_codes = None {{(pid=96304) log_opt_values /opt/stack/data/venv/lib/python3.12/site-packages/oslo_config/cfg.py:3253}}
Jul 03 23:40:56.966338 np0000004490 nova-scheduler[96304]: DEBUG cotyledon.oslo_config_glue [-] oslo_limit.service_name = None {{(pid=96304) log_opt_values /opt/stack/data/venv/lib/python3.12/site-packages/oslo_config/cfg.py:3253}}
Jul 03 23:40:56.966338 np0000004490 nova-scheduler[96304]: DEBUG cotyledon.oslo_config_glue [-] oslo_limit.service_type = None {{(pid=96304) log_opt_values /opt/stack/data/venv/lib/python3.12/site-packages/oslo_config/cfg.py:3253}}
Jul 03 23:40:56.966338 np0000004490 nova-scheduler[96304]: DEBUG cotyledon.oslo_config_glue [-] oslo_limit.split_loggers = False {{(pid=96304) log_opt_values /opt/stack/data/venv/lib/python3.12/site-packages/oslo_config/cfg.py:3253}}
Jul 03 23:40:56.966338 np0000004490 nova-scheduler[96304]: DEBUG cotyledon.oslo_config_glue [-] oslo_limit.status_code_retries = None {{(pid=96304) log_opt_values /opt/stack/data/venv/lib/python3.12/site-packages/oslo_config/cfg.py:3253}}
Jul 03 23:40:56.966338 np0000004490 nova-scheduler[96304]: DEBUG cotyledon.oslo_config_glue [-] oslo_limit.status_code_retry_delay = None {{(pid=96304) log_opt_values /opt/stack/data/venv/lib/python3.12/site-packages/oslo_config/cfg.py:3253}}
Jul 03 23:40:56.966338 np0000004490 nova-scheduler[96304]: DEBUG cotyledon.oslo_config_glue [-] oslo_limit.timeout = None {{(pid=96304) log_opt_values /opt/stack/data/venv/lib/python3.12/site-packages/oslo_config/cfg.py:3253}}
Jul 03 23:40:56.966338 np0000004490 nova-scheduler[96304]: DEBUG cotyledon.oslo_config_glue [-] oslo_limit.valid_interfaces = None {{(pid=96304) log_opt_values /opt/stack/data/venv/lib/python3.12/site-packages/oslo_config/cfg.py:3253}}
Jul 03 23:40:56.966659 np0000004490 nova-scheduler[96304]: DEBUG cotyledon.oslo_config_glue [-] oslo_limit.version = None {{(pid=96304) log_opt_values /opt/stack/data/venv/lib/python3.12/site-packages/oslo_config/cfg.py:3253}}
Jul 03 23:40:56.966659 np0000004490 nova-scheduler[96304]: DEBUG cotyledon.oslo_config_glue [-] oslo_reports.file_event_handler = None {{(pid=96304) log_opt_values /opt/stack/data/venv/lib/python3.12/site-packages/oslo_config/cfg.py:3253}}
Jul 03 23:40:56.966659 np0000004490 nova-scheduler[96304]: DEBUG cotyledon.oslo_config_glue [-] oslo_reports.file_event_handler_interval = 1 {{(pid=96304) log_opt_values /opt/stack/data/venv/lib/python3.12/site-packages/oslo_config/cfg.py:3253}}
Jul 03 23:40:56.966659 np0000004490 nova-scheduler[96304]: DEBUG cotyledon.oslo_config_glue [-] oslo_reports.log_dir = None {{(pid=96304) log_opt_values /opt/stack/data/venv/lib/python3.12/site-packages/oslo_config/cfg.py:3253}}
Jul 03 23:40:56.966659 np0000004490 nova-scheduler[96304]: DEBUG cotyledon.oslo_config_glue [-] ******************************************************************************** {{(pid=96304) log_opt_values /opt/stack/data/venv/lib/python3.12/site-packages/oslo_config/cfg.py:3260}}
Jul 03 23:40:56.966659 np0000004490 nova-scheduler[96304]: DEBUG cotyledon._service_worker [-] Run service ServiceWrapper(3) [96304] {{(pid=96304) wait_forever /opt/stack/data/venv/lib/python3.12/site-packages/cotyledon/_service_worker.py:218}}
Jul 03 23:40:56.966659 np0000004490 nova-scheduler[96304]: INFO nova.service [-] Starting scheduler node (version 33.1.0)
Jul 03 23:40:56.966659 np0000004490 nova-scheduler[96304]: INFO dbcounter [None req-64c69592-0e26-4748-bd88-67b0a8c848c8 None None] Registered counter for database nova_cell0
Jul 03 23:40:56.967526 np0000004490 nova-scheduler[96293]: DEBUG nova.service [None req-e666adf4-d3cb-4c14-8a15-2b71e7d06839 None None] Creating RPC server for service: nova-scheduler on topic: scheduler {{(pid=96293) start /opt/stack/nova/nova/service.py:196}}
Jul 03 23:40:56.970645 np0000004490 nova-scheduler[96295]: DEBUG oslo_db.sqlalchemy.engines [None req-13e5cbc1-fdf8-4861-b113-d3758416c06c None None] MySQL server mode set to STRICT_TRANS_TABLES,STRICT_ALL_TABLES,NO_ZERO_IN_DATE,NO_ZERO_DATE,ERROR_FOR_DIVISION_BY_ZERO,TRADITIONAL,NO_ENGINE_SUBSTITUTION {{(pid=96295) _check_effective_sql_mode /opt/stack/data/venv/lib/python3.12/site-packages/oslo_db/sqlalchemy/engines.py:325}}
Jul 03 23:40:56.983675 np0000004490 nova-scheduler[96295]: DEBUG dbcounter [-] [96295] Writer thread running {{(pid=96295) stat_writer /opt/stack/data/venv/lib/python3.12/site-packages/dbcounter.py:102}}
Jul 03 23:40:56.984770 np0000004490 nova-scheduler[96301]: DEBUG oslo_db.sqlalchemy.engines [None req-51f6c637-ea3f-4fb6-8f7f-548f5ae57aba None None] MySQL server mode set to STRICT_TRANS_TABLES,STRICT_ALL_TABLES,NO_ZERO_IN_DATE,NO_ZERO_DATE,ERROR_FOR_DIVISION_BY_ZERO,TRADITIONAL,NO_ENGINE_SUBSTITUTION {{(pid=96301) _check_effective_sql_mode /opt/stack/data/venv/lib/python3.12/site-packages/oslo_db/sqlalchemy/engines.py:325}}
Jul 03 23:40:56.987993 np0000004490 nova-scheduler[96295]: DEBUG nova.service [None req-13e5cbc1-fdf8-4861-b113-d3758416c06c None None] Creating RPC server for service: nova-scheduler on topic: scheduler {{(pid=96295) start /opt/stack/nova/nova/service.py:196}}
Jul 03 23:40:56.995239 np0000004490 nova-scheduler[96304]: DEBUG oslo_db.sqlalchemy.engines [None req-64c69592-0e26-4748-bd88-67b0a8c848c8 None None] MySQL server mode set to STRICT_TRANS_TABLES,STRICT_ALL_TABLES,NO_ZERO_IN_DATE,NO_ZERO_DATE,ERROR_FOR_DIVISION_BY_ZERO,TRADITIONAL,NO_ENGINE_SUBSTITUTION {{(pid=96304) _check_effective_sql_mode /opt/stack/data/venv/lib/python3.12/site-packages/oslo_db/sqlalchemy/engines.py:325}}
Jul 03 23:40:56.995388 np0000004490 nova-scheduler[96301]: DEBUG dbcounter [-] [96301] Writer thread running {{(pid=96301) stat_writer /opt/stack/data/venv/lib/python3.12/site-packages/dbcounter.py:102}}
Jul 03 23:40:56.996127 np0000004490 nova-scheduler[96293]: DEBUG nova.service [None req-e666adf4-d3cb-4c14-8a15-2b71e7d06839 None None] Join ServiceGroup membership for this service scheduler {{(pid=96293) start /opt/stack/nova/nova/service.py:222}}
Jul 03 23:40:56.996573 np0000004490 nova-scheduler[96293]: DEBUG nova.servicegroup.drivers.db [None req-e666adf4-d3cb-4c14-8a15-2b71e7d06839 None None] DB_Driver: join new ServiceGroup member np0000004490 to the scheduler group, service = {{(pid=96293) join /opt/stack/nova/nova/servicegroup/drivers/db.py:44}}
Jul 03 23:40:56.998806 np0000004490 nova-scheduler[96301]: DEBUG nova.service [None req-51f6c637-ea3f-4fb6-8f7f-548f5ae57aba None None] Creating RPC server for service: nova-scheduler on topic: scheduler {{(pid=96301) start /opt/stack/nova/nova/service.py:196}}
Jul 03 23:40:57.009575 np0000004490 nova-scheduler[96295]: DEBUG nova.service [None req-13e5cbc1-fdf8-4861-b113-d3758416c06c None None] Join ServiceGroup membership for this service scheduler {{(pid=96295) start /opt/stack/nova/nova/service.py:222}}
Jul 03 23:40:57.009997 np0000004490 nova-scheduler[96295]: DEBUG nova.servicegroup.drivers.db [None req-13e5cbc1-fdf8-4861-b113-d3758416c06c None None] DB_Driver: join new ServiceGroup member np0000004490 to the scheduler group, service = {{(pid=96295) join /opt/stack/nova/nova/servicegroup/drivers/db.py:44}}
Jul 03 23:40:57.010053 np0000004490 nova-scheduler[96304]: DEBUG dbcounter [-] [96304] Writer thread running {{(pid=96304) stat_writer /opt/stack/data/venv/lib/python3.12/site-packages/dbcounter.py:102}}
Jul 03 23:40:57.014464 np0000004490 nova-scheduler[96304]: DEBUG nova.service [None req-64c69592-0e26-4748-bd88-67b0a8c848c8 None None] Creating RPC server for service: nova-scheduler on topic: scheduler {{(pid=96304) start /opt/stack/nova/nova/service.py:196}}
Jul 03 23:40:57.020963 np0000004490 nova-scheduler[96301]: DEBUG nova.service [None req-51f6c637-ea3f-4fb6-8f7f-548f5ae57aba None None] Join ServiceGroup membership for this service scheduler {{(pid=96301) start /opt/stack/nova/nova/service.py:222}}
Jul 03 23:40:57.021196 np0000004490 nova-scheduler[96301]: DEBUG nova.servicegroup.drivers.db [None req-51f6c637-ea3f-4fb6-8f7f-548f5ae57aba None None] DB_Driver: join new ServiceGroup member np0000004490 to the scheduler group, service = {{(pid=96301) join /opt/stack/nova/nova/servicegroup/drivers/db.py:44}}
Jul 03 23:40:57.033644 np0000004490 nova-scheduler[96304]: DEBUG nova.service [None req-64c69592-0e26-4748-bd88-67b0a8c848c8 None None] Join ServiceGroup membership for this service scheduler {{(pid=96304) start /opt/stack/nova/nova/service.py:222}}
Jul 03 23:40:57.033895 np0000004490 nova-scheduler[96304]: DEBUG nova.servicegroup.drivers.db [None req-64c69592-0e26-4748-bd88-67b0a8c848c8 None None] DB_Driver: join new ServiceGroup member np0000004490 to the scheduler group, service = {{(pid=96304) join /opt/stack/nova/nova/servicegroup/drivers/db.py:44}}
Jul 03 23:40:58.000074 np0000004490 nova-scheduler[96293]: DEBUG oslo.service.backend._threading.loopingcall [None req-2e412f06-925d-4bcd-8642-bb6d431ef088 None None] Dynamic interval looping call 'nova.service.Service.periodic_tasks' sleeping for 60.00 seconds {{(pid=96293) _run_loop /opt/stack/data/venv/lib/python3.12/site-packages/oslo_service/backend/_threading/loopingcall.py:125}}
Jul 03 23:41:02.010652 np0000004490 nova-scheduler[96293]: DEBUG oslo.service.backend._threading.loopingcall [-] Fixed interval looping call 'nova.servicegroup.drivers.db.DbDriver._report_state' sleeping for 119.99 seconds {{(pid=96293) _run_loop /opt/stack/data/venv/lib/python3.12/site-packages/oslo_service/backend/_threading/loopingcall.py:125}}
Jul 03 23:41:02.013911 np0000004490 nova-scheduler[96295]: DEBUG oslo.service.backend._threading.loopingcall [None req-3ad52cc7-2d8e-47e4-a22f-d5a8e7b5739b None None] Dynamic interval looping call 'nova.service.Service.periodic_tasks' sleeping for 60.00 seconds {{(pid=96295) _run_loop /opt/stack/data/venv/lib/python3.12/site-packages/oslo_service/backend/_threading/loopingcall.py:125}}
Jul 03 23:41:02.022949 np0000004490 nova-scheduler[96295]: DEBUG oslo.service.backend._threading.loopingcall [-] Fixed interval looping call 'nova.servicegroup.drivers.db.DbDriver._report_state' sleeping for 119.99 seconds {{(pid=96295) _run_loop /opt/stack/data/venv/lib/python3.12/site-packages/oslo_service/backend/_threading/loopingcall.py:125}}
Jul 03 23:41:02.032905 np0000004490 nova-scheduler[96301]: DEBUG oslo.service.backend._threading.loopingcall [-] Fixed interval looping call 'nova.servicegroup.drivers.db.DbDriver._report_state' sleeping for 119.99 seconds {{(pid=96301) _run_loop /opt/stack/data/venv/lib/python3.12/site-packages/oslo_service/backend/_threading/loopingcall.py:125}}
Jul 03 23:41:02.047060 np0000004490 nova-scheduler[96304]: DEBUG oslo.service.backend._threading.loopingcall [-] Fixed interval looping call 'nova.servicegroup.drivers.db.DbDriver._report_state' sleeping for 119.99 seconds {{(pid=96304) _run_loop /opt/stack/data/venv/lib/python3.12/site-packages/oslo_service/backend/_threading/loopingcall.py:125}}
Jul 03 23:41:05.530210 np0000004490 nova-scheduler[95101]: DEBUG dbcounter [-] [95101] Writing DB stats nova_api:SELECT=3 {{(pid=95101) stat_writer /opt/stack/data/venv/lib/python3.12/site-packages/dbcounter.py:115}}
Jul 03 23:41:05.656054 np0000004490 nova-scheduler[95101]: DEBUG dbcounter [-] [95101] Writing DB stats nova_cell0:SELECT=1 {{(pid=95101) stat_writer /opt/stack/data/venv/lib/python3.12/site-packages/dbcounter.py:115}}
Jul 03 23:41:05.665231 np0000004490 nova-scheduler[95101]: DEBUG dbcounter [-] [95101] Writing DB stats nova_cell1:SELECT=1 {{(pid=95101) stat_writer /opt/stack/data/venv/lib/python3.12/site-packages/dbcounter.py:115}}
Jul 03 23:41:12.008427 np0000004490 nova-scheduler[96293]: DEBUG dbcounter [-] [96293] Writing DB stats nova_cell0:SELECT=4,nova_cell0:INSERT=1,nova_cell0:UPDATE=1 {{(pid=96293) stat_writer /opt/stack/data/venv/lib/python3.12/site-packages/dbcounter.py:115}}
Jul 03 23:41:12.019717 np0000004490 nova-scheduler[96295]: DEBUG dbcounter [-] [96295] Writing DB stats nova_cell0:SELECT=3 {{(pid=96295) stat_writer /opt/stack/data/venv/lib/python3.12/site-packages/dbcounter.py:115}}
Jul 03 23:41:12.030109 np0000004490 nova-scheduler[96301]: DEBUG dbcounter [-] [96301] Writing DB stats nova_cell0:SELECT=3 {{(pid=96301) stat_writer /opt/stack/data/venv/lib/python3.12/site-packages/dbcounter.py:115}}
Jul 03 23:41:12.043988 np0000004490 nova-scheduler[96304]: DEBUG dbcounter [-] [96304] Writing DB stats nova_cell0:SELECT=3 {{(pid=96304) stat_writer /opt/stack/data/venv/lib/python3.12/site-packages/dbcounter.py:115}}
Jul 03 23:41:16.023644 np0000004490 nova-scheduler[96301]: DEBUG oslo.service.backend._threading.loopingcall [None req-bf168df7-c73f-40a7-9780-96bd85e8e141 None None] Dynamic interval looping call 'nova.service.Service.periodic_tasks' sleeping for 60.00 seconds {{(pid=96301) _run_loop /opt/stack/data/venv/lib/python3.12/site-packages/oslo_service/backend/_threading/loopingcall.py:125}}
Jul 03 23:41:26.036567 np0000004490 nova-scheduler[96304]: DEBUG oslo.service.backend._threading.loopingcall [None req-eccff057-f048-489f-9992-cb0109f87dbf None None] Dynamic interval looping call 'nova.service.Service.periodic_tasks' sleeping for 60.00 seconds {{(pid=96304) _run_loop /opt/stack/data/venv/lib/python3.12/site-packages/oslo_service/backend/_threading/loopingcall.py:125}}
Jul 03 23:41:58.000865 np0000004490 nova-scheduler[96293]: DEBUG oslo.service.backend._threading.loopingcall [None req-2e412f06-925d-4bcd-8642-bb6d431ef088 None None] Dynamic interval looping call 'nova.service.Service.periodic_tasks' sleeping for 60.00 seconds {{(pid=96293) _run_loop /opt/stack/data/venv/lib/python3.12/site-packages/oslo_service/backend/_threading/loopingcall.py:125}}
Jul 03 23:42:02.014478 np0000004490 nova-scheduler[96295]: DEBUG oslo.service.backend._threading.loopingcall [None req-3ad52cc7-2d8e-47e4-a22f-d5a8e7b5739b None None] Dynamic interval looping call 'nova.service.Service.periodic_tasks' sleeping for 60.00 seconds {{(pid=96295) _run_loop /opt/stack/data/venv/lib/python3.12/site-packages/oslo_service/backend/_threading/loopingcall.py:125}}
Jul 03 23:42:16.024171 np0000004490 nova-scheduler[96301]: DEBUG oslo.service.backend._threading.loopingcall [None req-bf168df7-c73f-40a7-9780-96bd85e8e141 None None] Dynamic interval looping call 'nova.service.Service.periodic_tasks' sleeping for 60.00 seconds {{(pid=96301) _run_loop /opt/stack/data/venv/lib/python3.12/site-packages/oslo_service/backend/_threading/loopingcall.py:125}}
Jul 03 23:42:26.037205 np0000004490 nova-scheduler[96304]: DEBUG oslo.service.backend._threading.loopingcall [None req-eccff057-f048-489f-9992-cb0109f87dbf None None] Dynamic interval looping call 'nova.service.Service.periodic_tasks' sleeping for 60.00 seconds {{(pid=96304) _run_loop /opt/stack/data/venv/lib/python3.12/site-packages/oslo_service/backend/_threading/loopingcall.py:125}}
Jul 03 23:42:58.001373 np0000004490 nova-scheduler[96293]: DEBUG oslo.service.backend._threading.loopingcall [None req-2e412f06-925d-4bcd-8642-bb6d431ef088 None None] Dynamic interval looping call 'nova.service.Service.periodic_tasks' sleeping for 60.00 seconds {{(pid=96293) _run_loop /opt/stack/data/venv/lib/python3.12/site-packages/oslo_service/backend/_threading/loopingcall.py:125}}
Jul 03 23:43:02.008281 np0000004490 nova-scheduler[96293]: DEBUG oslo.service.backend._threading.loopingcall [-] Fixed interval looping call 'nova.servicegroup.drivers.db.DbDriver._report_state' sleeping for 119.99 seconds {{(pid=96293) _run_loop /opt/stack/data/venv/lib/python3.12/site-packages/oslo_service/backend/_threading/loopingcall.py:125}}
Jul 03 23:43:02.014926 np0000004490 nova-scheduler[96295]: DEBUG oslo.service.backend._threading.loopingcall [None req-3ad52cc7-2d8e-47e4-a22f-d5a8e7b5739b None None] Dynamic interval looping call 'nova.service.Service.periodic_tasks' sleeping for 60.00 seconds {{(pid=96295) _run_loop /opt/stack/data/venv/lib/python3.12/site-packages/oslo_service/backend/_threading/loopingcall.py:125}}
Jul 03 23:43:02.016840 np0000004490 nova-scheduler[96295]: DEBUG oslo.service.backend._threading.loopingcall [-] Fixed interval looping call 'nova.servicegroup.drivers.db.DbDriver._report_state' sleeping for 120.00 seconds {{(pid=96295) _run_loop /opt/stack/data/venv/lib/python3.12/site-packages/oslo_service/backend/_threading/loopingcall.py:125}}
Jul 03 23:43:02.026626 np0000004490 nova-scheduler[96301]: DEBUG oslo.service.backend._threading.loopingcall [-] Fixed interval looping call 'nova.servicegroup.drivers.db.DbDriver._report_state' sleeping for 120.00 seconds {{(pid=96301) _run_loop /opt/stack/data/venv/lib/python3.12/site-packages/oslo_service/backend/_threading/loopingcall.py:125}}
Jul 03 23:43:02.040971 np0000004490 nova-scheduler[96304]: DEBUG oslo.service.backend._threading.loopingcall [-] Fixed interval looping call 'nova.servicegroup.drivers.db.DbDriver._report_state' sleeping for 120.00 seconds {{(pid=96304) _run_loop /opt/stack/data/venv/lib/python3.12/site-packages/oslo_service/backend/_threading/loopingcall.py:125}}
Jul 03 23:43:12.003831 np0000004490 nova-scheduler[96293]: DEBUG dbcounter [-] [96293] Writing DB stats nova_cell0:SELECT=1,nova_cell0:UPDATE=1 {{(pid=96293) stat_writer /opt/stack/data/venv/lib/python3.12/site-packages/dbcounter.py:115}}
Jul 03 23:43:12.015030 np0000004490 nova-scheduler[96295]: DEBUG dbcounter [-] [96295] Writing DB stats nova_cell0:SELECT=1 {{(pid=96295) stat_writer /opt/stack/data/venv/lib/python3.12/site-packages/dbcounter.py:115}}
Jul 03 23:43:12.024769 np0000004490 nova-scheduler[96301]: DEBUG dbcounter [-] [96301] Writing DB stats nova_cell0:SELECT=1 {{(pid=96301) stat_writer /opt/stack/data/venv/lib/python3.12/site-packages/dbcounter.py:115}}
Jul 03 23:43:12.038943 np0000004490 nova-scheduler[96304]: DEBUG dbcounter [-] [96304] Writing DB stats nova_cell0:SELECT=1 {{(pid=96304) stat_writer /opt/stack/data/venv/lib/python3.12/site-packages/dbcounter.py:115}}
Jul 03 23:43:16.024800 np0000004490 nova-scheduler[96301]: DEBUG oslo.service.backend._threading.loopingcall [None req-bf168df7-c73f-40a7-9780-96bd85e8e141 None None] Dynamic interval looping call 'nova.service.Service.periodic_tasks' sleeping for 60.00 seconds {{(pid=96301) _run_loop /opt/stack/data/venv/lib/python3.12/site-packages/oslo_service/backend/_threading/loopingcall.py:125}}
Jul 03 23:43:26.037831 np0000004490 nova-scheduler[96304]: DEBUG oslo.service.backend._threading.loopingcall [None req-eccff057-f048-489f-9992-cb0109f87dbf None None] Dynamic interval looping call 'nova.service.Service.periodic_tasks' sleeping for 60.00 seconds {{(pid=96304) _run_loop /opt/stack/data/venv/lib/python3.12/site-packages/oslo_service/backend/_threading/loopingcall.py:125}}
Jul 03 23:43:28.737201 np0000004490 nova-scheduler[96293]: DEBUG nova.scheduler.manager [None req-59ba27a3-debf-42ed-ac3f-60297f899714 tempest-ServerActionsTestOtherA-869308116 tempest-ServerActionsTestOtherA-869308116-project-member] Starting to schedule for instances: ['38962e27-d654-4112-8423-59fbbd90795a'] {{(pid=96293) select_destinations /opt/stack/nova/nova/scheduler/manager.py:209}}
Jul 03 23:43:28.737762 np0000004490 nova-scheduler[96293]: DEBUG nova.scheduler.request_filter [None req-59ba27a3-debf-42ed-ac3f-60297f899714 tempest-ServerActionsTestOtherA-869308116 tempest-ServerActionsTestOtherA-869308116-project-member] compute_status_filter request filter added forbidden trait COMPUTE_STATUS_DISABLED {{(pid=96293) compute_status_filter /opt/stack/nova/nova/scheduler/request_filter.py:253}}
Jul 03 23:43:28.737993 np0000004490 nova-scheduler[96293]: DEBUG nova.scheduler.request_filter [None req-59ba27a3-debf-42ed-ac3f-60297f899714 tempest-ServerActionsTestOtherA-869308116 tempest-ServerActionsTestOtherA-869308116-project-member] Request filter 'compute_status_filter' took 0.0 seconds {{(pid=96293) wrapper /opt/stack/nova/nova/scheduler/request_filter.py:46}}
Jul 03 23:43:28.738545 np0000004490 nova-scheduler[96293]: DEBUG nova.scheduler.request_filter [None req-59ba27a3-debf-42ed-ac3f-60297f899714 tempest-ServerActionsTestOtherA-869308116 tempest-ServerActionsTestOtherA-869308116-project-member] Request filter 'accelerators_filter' took 0.0 seconds {{(pid=96293) wrapper /opt/stack/nova/nova/scheduler/request_filter.py:46}}
Jul 03 23:43:28.738545 np0000004490 nova-scheduler[96293]: DEBUG nova.scheduler.request_filter [None req-59ba27a3-debf-42ed-ac3f-60297f899714 tempest-ServerActionsTestOtherA-869308116 tempest-ServerActionsTestOtherA-869308116-project-member] Request filter 'packed_virtqueue_filter' took 0.0 seconds {{(pid=96293) wrapper /opt/stack/nova/nova/scheduler/request_filter.py:46}}
Jul 03 23:43:28.738937 np0000004490 nova-scheduler[96293]: DEBUG nova.scheduler.request_filter [None req-59ba27a3-debf-42ed-ac3f-60297f899714 tempest-ServerActionsTestOtherA-869308116 tempest-ServerActionsTestOtherA-869308116-project-member] Request filter 'remote_managed_ports_filter' took 0.0 seconds {{(pid=96293) wrapper /opt/stack/nova/nova/scheduler/request_filter.py:46}}
Jul 03 23:43:28.739260 np0000004490 nova-scheduler[96293]: DEBUG nova.scheduler.request_filter [None req-59ba27a3-debf-42ed-ac3f-60297f899714 tempest-ServerActionsTestOtherA-869308116 tempest-ServerActionsTestOtherA-869308116-project-member] ephemeral_encryption_filter skipped {{(pid=96293) ephemeral_encryption_filter /opt/stack/nova/nova/scheduler/request_filter.py:426}}
Jul 03 23:43:28.739260 np0000004490 nova-scheduler[96293]: DEBUG nova.scheduler.request_filter [None req-59ba27a3-debf-42ed-ac3f-60297f899714 tempest-ServerActionsTestOtherA-869308116 tempest-ServerActionsTestOtherA-869308116-project-member] virtio_sound_filter skipped {{(pid=96293) virtio_sound_filter /opt/stack/nova/nova/scheduler/request_filter.py:460}}
Jul 03 23:43:28.739613 np0000004490 nova-scheduler[96293]: DEBUG nova.scheduler.request_filter [None req-59ba27a3-debf-42ed-ac3f-60297f899714 tempest-ServerActionsTestOtherA-869308116 tempest-ServerActionsTestOtherA-869308116-project-member] tpm_secret_security_filter skipped {{(pid=96293) tpm_secret_security_filter /opt/stack/nova/nova/scheduler/request_filter.py:477}}
Jul 03 23:43:29.363977 np0000004490 nova-scheduler[96293]: INFO nova.utils [None req-59ba27a3-debf-42ed-ac3f-60297f899714 tempest-ServerActionsTestOtherA-869308116 tempest-ServerActionsTestOtherA-869308116-project-member] The cell worker thread pool ForkProcess-1.cell_worker is initialized
Jul 03 23:43:29.363977 np0000004490 nova-scheduler[96293]: DEBUG oslo_concurrency.lockutils [None req-59ba27a3-debf-42ed-ac3f-60297f899714 tempest-ServerActionsTestOtherA-869308116 tempest-ServerActionsTestOtherA-869308116-project-member] Acquiring lock "0a7f89ff-c11f-4dad-a80c-ce05fec7239d" by "nova.context.set_target_cell..get_or_set_cached_cell_and_set_connections" {{(pid=96293) inner /opt/stack/data/venv/lib/python3.12/site-packages/oslo_concurrency/lockutils.py:511}}
Jul 03 23:43:29.363977 np0000004490 nova-scheduler[96293]: DEBUG oslo_concurrency.lockutils [None req-59ba27a3-debf-42ed-ac3f-60297f899714 tempest-ServerActionsTestOtherA-869308116 tempest-ServerActionsTestOtherA-869308116-project-member] Lock "0a7f89ff-c11f-4dad-a80c-ce05fec7239d" acquired by "nova.context.set_target_cell..get_or_set_cached_cell_and_set_connections" :: waited 0.000s {{(pid=96293) inner /opt/stack/data/venv/lib/python3.12/site-packages/oslo_concurrency/lockutils.py:524}}
Jul 03 23:43:29.364685 np0000004490 nova-scheduler[96293]: DEBUG oslo_concurrency.lockutils [None req-59ba27a3-debf-42ed-ac3f-60297f899714 tempest-ServerActionsTestOtherA-869308116 tempest-ServerActionsTestOtherA-869308116-project-member] Lock "0a7f89ff-c11f-4dad-a80c-ce05fec7239d" "released" by "nova.context.set_target_cell..get_or_set_cached_cell_and_set_connections" :: held 0.001s {{(pid=96293) inner /opt/stack/data/venv/lib/python3.12/site-packages/oslo_concurrency/lockutils.py:543}}
Jul 03 23:43:29.366593 np0000004490 nova-scheduler[96293]: INFO dbcounter [None req-59ba27a3-debf-42ed-ac3f-60297f899714 tempest-ServerActionsTestOtherA-869308116 tempest-ServerActionsTestOtherA-869308116-project-member] Registered counter for database nova_cell1
Jul 03 23:43:29.430580 np0000004490 nova-scheduler[96293]: DEBUG oslo_db.sqlalchemy.engines [None req-59ba27a3-debf-42ed-ac3f-60297f899714 tempest-ServerActionsTestOtherA-869308116 tempest-ServerActionsTestOtherA-869308116-project-member] MySQL server mode set to STRICT_TRANS_TABLES,STRICT_ALL_TABLES,NO_ZERO_IN_DATE,NO_ZERO_DATE,ERROR_FOR_DIVISION_BY_ZERO,TRADITIONAL,NO_ENGINE_SUBSTITUTION {{(pid=96293) _check_effective_sql_mode /opt/stack/data/venv/lib/python3.12/site-packages/oslo_db/sqlalchemy/engines.py:325}}
Jul 03 23:43:29.438356 np0000004490 nova-scheduler[96293]: DEBUG dbcounter [-] [96293] Writer thread running {{(pid=96293) stat_writer /opt/stack/data/venv/lib/python3.12/site-packages/dbcounter.py:102}}
Jul 03 23:43:29.455930 np0000004490 nova-scheduler[96293]: DEBUG oslo_db.sqlalchemy.engines [None req-59ba27a3-debf-42ed-ac3f-60297f899714 tempest-ServerActionsTestOtherA-869308116 tempest-ServerActionsTestOtherA-869308116-project-member] Parent process 95101 forked (96293) with an open database connection, which is being discarded and recreated. {{(pid=96293) checkout /opt/stack/data/venv/lib/python3.12/site-packages/oslo_db/sqlalchemy/engines.py:402}}
Jul 03 23:43:29.493994 np0000004490 nova-scheduler[96293]: DEBUG dbcounter [-] [96293] Writer thread running {{(pid=96293) stat_writer /opt/stack/data/venv/lib/python3.12/site-packages/dbcounter.py:102}}
Jul 03 23:43:29.499873 np0000004490 nova-scheduler[96293]: DEBUG oslo_concurrency.lockutils [None req-59ba27a3-debf-42ed-ac3f-60297f899714 tempest-ServerActionsTestOtherA-869308116 tempest-ServerActionsTestOtherA-869308116-project-member] Acquiring lock "0a7f89ff-c11f-4dad-a80c-ce05fec7239d" by "nova.context.set_target_cell..get_or_set_cached_cell_and_set_connections" {{(pid=96293) inner /opt/stack/data/venv/lib/python3.12/site-packages/oslo_concurrency/lockutils.py:511}}
Jul 03 23:43:29.499873 np0000004490 nova-scheduler[96293]: DEBUG oslo_concurrency.lockutils [None req-59ba27a3-debf-42ed-ac3f-60297f899714 tempest-ServerActionsTestOtherA-869308116 tempest-ServerActionsTestOtherA-869308116-project-member] Lock "0a7f89ff-c11f-4dad-a80c-ce05fec7239d" acquired by "nova.context.set_target_cell..get_or_set_cached_cell_and_set_connections" :: waited 0.000s {{(pid=96293) inner /opt/stack/data/venv/lib/python3.12/site-packages/oslo_concurrency/lockutils.py:524}}
Jul 03 23:43:29.500017 np0000004490 nova-scheduler[96293]: DEBUG oslo_concurrency.lockutils [None req-59ba27a3-debf-42ed-ac3f-60297f899714 tempest-ServerActionsTestOtherA-869308116 tempest-ServerActionsTestOtherA-869308116-project-member] Lock "0a7f89ff-c11f-4dad-a80c-ce05fec7239d" "released" by "nova.context.set_target_cell..get_or_set_cached_cell_and_set_connections" :: held 0.000s {{(pid=96293) inner /opt/stack/data/venv/lib/python3.12/site-packages/oslo_concurrency/lockutils.py:543}}
Jul 03 23:43:29.503784 np0000004490 nova-scheduler[96293]: DEBUG oslo_concurrency.lockutils [None req-59ba27a3-debf-42ed-ac3f-60297f899714 tempest-ServerActionsTestOtherA-869308116 tempest-ServerActionsTestOtherA-869308116-project-member] Acquiring lock "np0000004490-np0000004490" by "nova.scheduler.host_manager.HostState.update.._locked_update" {{(pid=96293) inner /opt/stack/data/venv/lib/python3.12/site-packages/oslo_concurrency/lockutils.py:511}}
Jul 03 23:43:29.503784 np0000004490 nova-scheduler[96293]: DEBUG oslo_concurrency.lockutils [None req-59ba27a3-debf-42ed-ac3f-60297f899714 tempest-ServerActionsTestOtherA-869308116 tempest-ServerActionsTestOtherA-869308116-project-member] Lock "np0000004490-np0000004490" acquired by "nova.scheduler.host_manager.HostState.update.._locked_update" :: waited 0.000s {{(pid=96293) inner /opt/stack/data/venv/lib/python3.12/site-packages/oslo_concurrency/lockutils.py:524}}
Jul 03 23:43:29.505420 np0000004490 nova-scheduler[96293]: DEBUG nova.scheduler.host_manager [None req-59ba27a3-debf-42ed-ac3f-60297f899714 tempest-ServerActionsTestOtherA-869308116 tempest-ServerActionsTestOtherA-869308116-project-member] Update host state from compute node: ComputeNode(cpu_allocation_ratio=4.0,cpu_info='{"arch": "x86_64", "model": "EPYC-Milan", "vendor": "AMD", "topology": {"cells": 1, "sockets": 16, "cores": 1, "threads": 1}, "maxphysaddr": {"mode": "emulate", "bits": 40}, "features": ["pse36", "gds-no", "nrip-save", "popcnt", "sse4a", "ssbd", "spec-ctrl", "f16c", "fsgsbase", "invpcid", "pge", "lm", "cx16", "rdpid", "topoext", "amd-psfd", "bmi1", "vaes", "wbnoinvd", "rdctl-no", "svme-addr-chk", "ibrs", "mca", "ssse3", "xsave", "ibpb", "tsc", "sha-ni", "avx2", "umip", "amd-ssbd", "movbe", "clflushopt", "avx", "cmp_legacy", "arat", "sse4.2", "cx8", "fxsr", "smap", "sse", "pclmuldq", "svm", "mmxext", "xsaveopt", "no-nested-data-bp", "adx", "stibp", "pku", "vgif", "sse2", "perfctr_core", "fpu", "pae", "stibp-always-on", "erms", "xsaveerptr", "pause-filter", "null-sel-clr-base", "misalignsse", "de", "pcid", "pschange-mc-no", "pdpe1gb", "aes", "flushbyasid", "vme", "fxsr_opt", "xsavec", "pni", "pse", "xgetbv1", "tsc_adjust", "syscall", "clwb", "bmi2", "rdrand", "rdseed", "virt-ssbd", "apic", "tsc-scale", "npt", "vmcb-clean", "tsc-deadline", "cr8legacy", "lbrv", "3dnowprefetch", "pat", "abm", "clzero", "smep", "arch-capabilities", "mce", "nx", "cmov", "sep", "skip-l1dfl-vmentry", "mmx", "lahf_lm", "fma", "osvw", "rdtscp", "mds-no", "v-vmsave-vmload", "msr", "clflush", "sse4.1", "vpclmulqdq", "mtrr", "xsaves", "fsrm", "amd-stibp", "lfence-always-serializing", "pfthreshold", "hypervisor", "x2apic"]}',created_at=2026-07-03T23:41:22Z,current_workload=0,deleted=False,deleted_at=None,disk_allocation_ratio=1.0,disk_available_least=75,free_disk_gb=95,free_ram_mb=63789,host='np0000004490',host_ip=10.4.3.143,hypervisor_hostname='np0000004490',hypervisor_type='QEMU',hypervisor_version=8002002,id=1,local_gb=95,local_gb_used=0,mapped=1,memory_mb=64301,memory_mb_used=512,metrics='[]',numa_topology='{"nova_object.name": "NUMATopology", "nova_object.namespace": "nova", "nova_object.version": "1.2", "nova_object.data": {"cells": [{"nova_object.name": "NUMACell", "nova_object.namespace": "nova", "nova_object.version": "1.5", "nova_object.data": {"id": 0, "cpuset": [0, 1, 2, 3, 4, 5, 6, 7, 8, 9, 10, 11, 12, 13, 14, 15], "pcpuset": [0, 1, 2, 3, 4, 5, 6, 7, 8, 9, 10, 11, 12, 13, 14, 15], "memory": 64301, "cpu_usage": 0, "memory_usage": 0, "pinned_cpus": [], "siblings": [[6], [12], [2], [15], [5], [11], [8], [14], [4], [1], [7], [10], [0], [13], [3], [9]], "mempages": [{"nova_object.name": "NUMAPagesTopology", "nova_object.namespace": "nova", "nova_object.version": "1.1", "nova_object.data": {"size_kb": 4, "total": 16461069, "used": 0, "reserved": 0}, "nova_object.changes": ["used", "reserved", "total", "size_kb"]}, {"nova_object.name": "NUMAPagesTopology", "nova_object.namespace": "nova", "nova_object.version": "1.1", "nova_object.data": {"size_kb": 2048, "total": 0, "used": 0, "reserved": 0}, "nova_object.changes": ["used", "reserved", "total", "size_kb"]}, {"nova_object.name": "NUMAPagesTopology", "nova_object.namespace": "nova", "nova_object.version": "1.1", "nova_object.data": {"size_kb": 1048576, "total": 0, "used": 0, "reserved": 0}, "nova_object.changes": ["used", "reserved", "total", "size_kb"]}], "network_metadata": {"nova_object.name": "NetworkMetadata", "nova_object.namespace": "nova", "nova_object.version": "1.0", "nova_object.data": {"physnets": [], "tunneled": false}, "nova_object.changes": ["tunneled", "physnets"]}, "socket": null}, "nova_object.changes": ["siblings", "cpuset", "network_metadata", "mempages", "socket", "pinned_cpus", "pcpuset", "id", "cpu_usage", "memory_usage", "memory"]}]}, "nova_object.changes": ["cells"]}',pci_device_pools=PciDevicePoolList,ram_allocation_ratio=1.0,running_vms=0,service_id=4,stats={failed_builds='0',uptime=' 23:43:08 up 26 min, 2 users, load average: 1.50, 1.60, 0.92
