Jul 03 23:41:02.367258 np0000004490 nova-conductor[98699]: DEBUG cotyledon.oslo_config_glue [-] profiler.es_scroll_time = 2m {{(pid=98699) log_opt_values /opt/stack/data/venv/lib/python3.12/site-packages/oslo_config/cfg.py:3253}}
Jul 03 23:41:02.367258 np0000004490 nova-conductor[98699]: DEBUG cotyledon.oslo_config_glue [-] profiler.filter_error_trace = False {{(pid=98699) log_opt_values /opt/stack/data/venv/lib/python3.12/site-packages/oslo_config/cfg.py:3253}}
Jul 03 23:41:02.367258 np0000004490 nova-conductor[98699]: DEBUG cotyledon.oslo_config_glue [-] profiler.hmac_keys = **** {{(pid=98699) log_opt_values /opt/stack/data/venv/lib/python3.12/site-packages/oslo_config/cfg.py:3253}}
Jul 03 23:41:02.367258 np0000004490 nova-conductor[98699]: DEBUG cotyledon.oslo_config_glue [-] profiler.sentinel_service_name = mymaster {{(pid=98699) log_opt_values /opt/stack/data/venv/lib/python3.12/site-packages/oslo_config/cfg.py:3253}}
Jul 03 23:41:02.367258 np0000004490 nova-conductor[98699]: DEBUG cotyledon.oslo_config_glue [-] profiler.socket_timeout = 0.1 {{(pid=98699) log_opt_values /opt/stack/data/venv/lib/python3.12/site-packages/oslo_config/cfg.py:3253}}
Jul 03 23:41:02.367258 np0000004490 nova-conductor[98699]: DEBUG cotyledon.oslo_config_glue [-] profiler.trace_requests = False {{(pid=98699) log_opt_values /opt/stack/data/venv/lib/python3.12/site-packages/oslo_config/cfg.py:3253}}
Jul 03 23:41:02.367547 np0000004490 nova-conductor[98699]: DEBUG cotyledon.oslo_config_glue [-] profiler.trace_sqlalchemy = False {{(pid=98699) log_opt_values /opt/stack/data/venv/lib/python3.12/site-packages/oslo_config/cfg.py:3253}}
Jul 03 23:41:02.367547 np0000004490 nova-conductor[98699]: DEBUG cotyledon.oslo_config_glue [-] profiler_jaeger.process_tags = {} {{(pid=98699) log_opt_values /opt/stack/data/venv/lib/python3.12/site-packages/oslo_config/cfg.py:3253}}
Jul 03 23:41:02.367547 np0000004490 nova-conductor[98699]: DEBUG cotyledon.oslo_config_glue [-] profiler_jaeger.service_name_prefix = None {{(pid=98699) log_opt_values /opt/stack/data/venv/lib/python3.12/site-packages/oslo_config/cfg.py:3253}}
Jul 03 23:41:02.367547 np0000004490 nova-conductor[98699]: DEBUG cotyledon.oslo_config_glue [-] profiler_otlp.service_name_prefix = None {{(pid=98699) log_opt_values /opt/stack/data/venv/lib/python3.12/site-packages/oslo_config/cfg.py:3253}}
Jul 03 23:41:02.367671 np0000004490 nova-conductor[98692]: INFO nova.service [-] Starting conductor node (version 33.1.0)
Jul 03 23:41:02.367721 np0000004490 nova-conductor[98699]: DEBUG cotyledon.oslo_config_glue [-] oslo_messaging_rabbit.amqp_auto_delete = False {{(pid=98699) log_opt_values /opt/stack/data/venv/lib/python3.12/site-packages/oslo_config/cfg.py:3253}}
Jul 03 23:41:02.367721 np0000004490 nova-conductor[98699]: DEBUG cotyledon.oslo_config_glue [-] oslo_messaging_rabbit.amqp_durable_queues = False {{(pid=98699) log_opt_values /opt/stack/data/venv/lib/python3.12/site-packages/oslo_config/cfg.py:3253}}
Jul 03 23:41:02.367721 np0000004490 nova-conductor[98699]: DEBUG cotyledon.oslo_config_glue [-] oslo_messaging_rabbit.conn_pool_min_size = 2 {{(pid=98699) log_opt_values /opt/stack/data/venv/lib/python3.12/site-packages/oslo_config/cfg.py:3253}}
Jul 03 23:41:02.367721 np0000004490 nova-conductor[98699]: DEBUG cotyledon.oslo_config_glue [-] oslo_messaging_rabbit.conn_pool_ttl = 1200 {{(pid=98699) log_opt_values /opt/stack/data/venv/lib/python3.12/site-packages/oslo_config/cfg.py:3253}}
Jul 03 23:41:02.367721 np0000004490 nova-conductor[98699]: DEBUG cotyledon.oslo_config_glue [-] oslo_messaging_rabbit.direct_mandatory_flag = True {{(pid=98699) log_opt_values /opt/stack/data/venv/lib/python3.12/site-packages/oslo_config/cfg.py:3253}}
Jul 03 23:41:02.367721 np0000004490 nova-conductor[98699]: DEBUG cotyledon.oslo_config_glue [-] oslo_messaging_rabbit.enable_cancel_on_failover = False {{(pid=98699) log_opt_values /opt/stack/data/venv/lib/python3.12/site-packages/oslo_config/cfg.py:3253}}
Jul 03 23:41:02.367721 np0000004490 nova-conductor[98699]: DEBUG cotyledon.oslo_config_glue [-] oslo_messaging_rabbit.heartbeat_rate = 3 {{(pid=98699) log_opt_values /opt/stack/data/venv/lib/python3.12/site-packages/oslo_config/cfg.py:3253}}
Jul 03 23:41:02.367721 np0000004490 nova-conductor[98699]: DEBUG cotyledon.oslo_config_glue [-] oslo_messaging_rabbit.heartbeat_timeout_threshold = 60 {{(pid=98699) log_opt_values /opt/stack/data/venv/lib/python3.12/site-packages/oslo_config/cfg.py:3253}}
Jul 03 23:41:02.367721 np0000004490 nova-conductor[98699]: DEBUG cotyledon.oslo_config_glue [-] oslo_messaging_rabbit.hostname = np0000004490 {{(pid=98699) log_opt_values /opt/stack/data/venv/lib/python3.12/site-packages/oslo_config/cfg.py:3253}}
Jul 03 23:41:02.368020 np0000004490 nova-conductor[98699]: DEBUG cotyledon.oslo_config_glue [-] oslo_messaging_rabbit.kombu_compression = None {{(pid=98699) log_opt_values /opt/stack/data/venv/lib/python3.12/site-packages/oslo_config/cfg.py:3253}}
Jul 03 23:41:02.368020 np0000004490 nova-conductor[98699]: DEBUG cotyledon.oslo_config_glue [-] oslo_messaging_rabbit.kombu_failover_strategy = round-robin {{(pid=98699) log_opt_values /opt/stack/data/venv/lib/python3.12/site-packages/oslo_config/cfg.py:3253}}
Jul 03 23:41:02.368020 np0000004490 nova-conductor[98699]: DEBUG cotyledon.oslo_config_glue [-] oslo_messaging_rabbit.kombu_missing_consumer_retry_timeout = 60 {{(pid=98699) log_opt_values /opt/stack/data/venv/lib/python3.12/site-packages/oslo_config/cfg.py:3253}}
Jul 03 23:41:02.368020 np0000004490 nova-conductor[98699]: DEBUG cotyledon.oslo_config_glue [-] oslo_messaging_rabbit.kombu_reconnect_delay = 1.0 {{(pid=98699) log_opt_values /opt/stack/data/venv/lib/python3.12/site-packages/oslo_config/cfg.py:3253}}
Jul 03 23:41:02.368020 np0000004490 nova-conductor[98699]: DEBUG cotyledon.oslo_config_glue [-] oslo_messaging_rabbit.kombu_reconnect_splay = 0.0 {{(pid=98699) log_opt_values /opt/stack/data/venv/lib/python3.12/site-packages/oslo_config/cfg.py:3253}}
Jul 03 23:41:02.368020 np0000004490 nova-conductor[98699]: DEBUG cotyledon.oslo_config_glue [-] oslo_messaging_rabbit.processname = nova-conductor {{(pid=98699) log_opt_values /opt/stack/data/venv/lib/python3.12/site-packages/oslo_config/cfg.py:3253}}
Jul 03 23:41:02.368020 np0000004490 nova-conductor[98699]: DEBUG cotyledon.oslo_config_glue [-] oslo_messaging_rabbit.rabbit_ha_queues = False {{(pid=98699) log_opt_values /opt/stack/data/venv/lib/python3.12/site-packages/oslo_config/cfg.py:3253}}
Jul 03 23:41:02.368020 np0000004490 nova-conductor[98699]: DEBUG cotyledon.oslo_config_glue [-] oslo_messaging_rabbit.rabbit_interval_max = 30 {{(pid=98699) log_opt_values /opt/stack/data/venv/lib/python3.12/site-packages/oslo_config/cfg.py:3253}}
Jul 03 23:41:02.368020 np0000004490 nova-conductor[98699]: DEBUG cotyledon.oslo_config_glue [-] oslo_messaging_rabbit.rabbit_login_method = AMQPLAIN {{(pid=98699) log_opt_values /opt/stack/data/venv/lib/python3.12/site-packages/oslo_config/cfg.py:3253}}
Jul 03 23:41:02.368306 np0000004490 nova-conductor[98699]: DEBUG cotyledon.oslo_config_glue [-] oslo_messaging_rabbit.rabbit_qos_prefetch_count = 0 {{(pid=98699) log_opt_values /opt/stack/data/venv/lib/python3.12/site-packages/oslo_config/cfg.py:3253}}
Jul 03 23:41:02.368306 np0000004490 nova-conductor[98699]: DEBUG cotyledon.oslo_config_glue [-] oslo_messaging_rabbit.rabbit_quorum_delivery_limit = 0 {{(pid=98699) log_opt_values /opt/stack/data/venv/lib/python3.12/site-packages/oslo_config/cfg.py:3253}}
Jul 03 23:41:02.368306 np0000004490 nova-conductor[98699]: DEBUG cotyledon.oslo_config_glue [-] oslo_messaging_rabbit.rabbit_quorum_max_memory_bytes = 0 {{(pid=98699) log_opt_values /opt/stack/data/venv/lib/python3.12/site-packages/oslo_config/cfg.py:3253}}
Jul 03 23:41:02.368306 np0000004490 nova-conductor[98699]: DEBUG cotyledon.oslo_config_glue [-] oslo_messaging_rabbit.rabbit_quorum_max_memory_length = 0 {{(pid=98699) log_opt_values /opt/stack/data/venv/lib/python3.12/site-packages/oslo_config/cfg.py:3253}}
Jul 03 23:41:02.368306 np0000004490 nova-conductor[98699]: DEBUG cotyledon.oslo_config_glue [-] oslo_messaging_rabbit.rabbit_quorum_queue = False {{(pid=98699) log_opt_values /opt/stack/data/venv/lib/python3.12/site-packages/oslo_config/cfg.py:3253}}
Jul 03 23:41:02.368306 np0000004490 nova-conductor[98699]: DEBUG cotyledon.oslo_config_glue [-] oslo_messaging_rabbit.rabbit_retry_backoff = 2 {{(pid=98699) log_opt_values /opt/stack/data/venv/lib/python3.12/site-packages/oslo_config/cfg.py:3253}}
Jul 03 23:41:02.368306 np0000004490 nova-conductor[98699]: DEBUG cotyledon.oslo_config_glue [-] oslo_messaging_rabbit.rabbit_retry_interval = 1 {{(pid=98699) log_opt_values /opt/stack/data/venv/lib/python3.12/site-packages/oslo_config/cfg.py:3253}}
Jul 03 23:41:02.368306 np0000004490 nova-conductor[98699]: DEBUG cotyledon.oslo_config_glue [-] oslo_messaging_rabbit.rabbit_stream_fanout = False {{(pid=98699) log_opt_values /opt/stack/data/venv/lib/python3.12/site-packages/oslo_config/cfg.py:3253}}
Jul 03 23:41:02.368562 np0000004490 nova-conductor[98699]: DEBUG cotyledon.oslo_config_glue [-] oslo_messaging_rabbit.rabbit_transient_queues_ttl = 1800 {{(pid=98699) log_opt_values /opt/stack/data/venv/lib/python3.12/site-packages/oslo_config/cfg.py:3253}}
Jul 03 23:41:02.368562 np0000004490 nova-conductor[98699]: DEBUG cotyledon.oslo_config_glue [-] oslo_messaging_rabbit.rabbit_transient_quorum_queue = False {{(pid=98699) log_opt_values /opt/stack/data/venv/lib/python3.12/site-packages/oslo_config/cfg.py:3253}}
Jul 03 23:41:02.368562 np0000004490 nova-conductor[98699]: DEBUG cotyledon.oslo_config_glue [-] oslo_messaging_rabbit.rpc_conn_pool_size = 30 {{(pid=98699) log_opt_values /opt/stack/data/venv/lib/python3.12/site-packages/oslo_config/cfg.py:3253}}
Jul 03 23:41:02.368562 np0000004490 nova-conductor[98699]: DEBUG cotyledon.oslo_config_glue [-] oslo_messaging_rabbit.ssl = False {{(pid=98699) log_opt_values /opt/stack/data/venv/lib/python3.12/site-packages/oslo_config/cfg.py:3253}}
Jul 03 23:41:02.368562 np0000004490 nova-conductor[98699]: DEBUG cotyledon.oslo_config_glue [-] oslo_messaging_rabbit.ssl_ca_file = {{(pid=98699) log_opt_values /opt/stack/data/venv/lib/python3.12/site-packages/oslo_config/cfg.py:3253}}
Jul 03 23:41:02.368562 np0000004490 nova-conductor[98699]: DEBUG cotyledon.oslo_config_glue [-] oslo_messaging_rabbit.ssl_cert_file = {{(pid=98699) log_opt_values /opt/stack/data/venv/lib/python3.12/site-packages/oslo_config/cfg.py:3253}}
Jul 03 23:41:02.368562 np0000004490 nova-conductor[98699]: DEBUG cotyledon.oslo_config_glue [-] oslo_messaging_rabbit.ssl_enforce_fips_mode = False {{(pid=98699) log_opt_values /opt/stack/data/venv/lib/python3.12/site-packages/oslo_config/cfg.py:3253}}
Jul 03 23:41:02.368562 np0000004490 nova-conductor[98699]: DEBUG cotyledon.oslo_config_glue [-] oslo_messaging_rabbit.ssl_enforce_hostname_verification = True {{(pid=98699) log_opt_values /opt/stack/data/venv/lib/python3.12/site-packages/oslo_config/cfg.py:3253}}
Jul 03 23:41:02.368562 np0000004490 nova-conductor[98699]: DEBUG cotyledon.oslo_config_glue [-] oslo_messaging_rabbit.ssl_key_file = {{(pid=98699) log_opt_values /opt/stack/data/venv/lib/python3.12/site-packages/oslo_config/cfg.py:3253}}
Jul 03 23:41:02.368871 np0000004490 nova-conductor[98699]: DEBUG cotyledon.oslo_config_glue [-] oslo_messaging_rabbit.ssl_version = {{(pid=98699) log_opt_values /opt/stack/data/venv/lib/python3.12/site-packages/oslo_config/cfg.py:3253}}
Jul 03 23:41:02.368871 np0000004490 nova-conductor[98699]: DEBUG cotyledon.oslo_config_glue [-] oslo_messaging_rabbit.use_queue_manager = False {{(pid=98699) log_opt_values /opt/stack/data/venv/lib/python3.12/site-packages/oslo_config/cfg.py:3253}}
Jul 03 23:41:02.368871 np0000004490 nova-conductor[98699]: DEBUG cotyledon.oslo_config_glue [-] oslo_messaging_notifications.driver = ['messagingv2'] {{(pid=98699) log_opt_values /opt/stack/data/venv/lib/python3.12/site-packages/oslo_config/cfg.py:3253}}
Jul 03 23:41:02.368871 np0000004490 nova-conductor[98699]: DEBUG cotyledon.oslo_config_glue [-] oslo_messaging_notifications.retry = -1 {{(pid=98699) log_opt_values /opt/stack/data/venv/lib/python3.12/site-packages/oslo_config/cfg.py:3253}}
Jul 03 23:41:02.368871 np0000004490 nova-conductor[98699]: DEBUG cotyledon.oslo_config_glue [-] oslo_messaging_notifications.topics = ['notifications'] {{(pid=98699) log_opt_values /opt/stack/data/venv/lib/python3.12/site-packages/oslo_config/cfg.py:3253}}
Jul 03 23:41:02.368871 np0000004490 nova-conductor[98699]: DEBUG cotyledon.oslo_config_glue [-] oslo_messaging_notifications.transport_url = **** {{(pid=98699) log_opt_values /opt/stack/data/venv/lib/python3.12/site-packages/oslo_config/cfg.py:3253}}
Jul 03 23:41:02.368871 np0000004490 nova-conductor[98699]: DEBUG cotyledon.oslo_config_glue [-] oslo_limit.auth_section = None {{(pid=98699) log_opt_values /opt/stack/data/venv/lib/python3.12/site-packages/oslo_config/cfg.py:3253}}
Jul 03 23:41:02.368871 np0000004490 nova-conductor[98699]: DEBUG cotyledon.oslo_config_glue [-] oslo_limit.auth_type = None {{(pid=98699) log_opt_values /opt/stack/data/venv/lib/python3.12/site-packages/oslo_config/cfg.py:3253}}
Jul 03 23:41:02.368871 np0000004490 nova-conductor[98699]: DEBUG cotyledon.oslo_config_glue [-] oslo_limit.cafile = None {{(pid=98699) log_opt_values /opt/stack/data/venv/lib/python3.12/site-packages/oslo_config/cfg.py:3253}}
Jul 03 23:41:02.369160 np0000004490 nova-conductor[98699]: DEBUG cotyledon.oslo_config_glue [-] oslo_limit.certfile = None {{(pid=98699) log_opt_values /opt/stack/data/venv/lib/python3.12/site-packages/oslo_config/cfg.py:3253}}
Jul 03 23:41:02.369160 np0000004490 nova-conductor[98699]: DEBUG cotyledon.oslo_config_glue [-] oslo_limit.collect_timing = False {{(pid=98699) log_opt_values /opt/stack/data/venv/lib/python3.12/site-packages/oslo_config/cfg.py:3253}}
Jul 03 23:41:02.369160 np0000004490 nova-conductor[98699]: DEBUG cotyledon.oslo_config_glue [-] oslo_limit.connect_retries = None {{(pid=98699) log_opt_values /opt/stack/data/venv/lib/python3.12/site-packages/oslo_config/cfg.py:3253}}
Jul 03 23:41:02.369160 np0000004490 nova-conductor[98699]: DEBUG cotyledon.oslo_config_glue [-] oslo_limit.connect_retry_delay = None {{(pid=98699) log_opt_values /opt/stack/data/venv/lib/python3.12/site-packages/oslo_config/cfg.py:3253}}
Jul 03 23:41:02.369160 np0000004490 nova-conductor[98699]: DEBUG cotyledon.oslo_config_glue [-] oslo_limit.endpoint_id = None {{(pid=98699) log_opt_values /opt/stack/data/venv/lib/python3.12/site-packages/oslo_config/cfg.py:3253}}
Jul 03 23:41:02.369160 np0000004490 nova-conductor[98699]: DEBUG cotyledon.oslo_config_glue [-] oslo_limit.endpoint_interface = public {{(pid=98699) log_opt_values /opt/stack/data/venv/lib/python3.12/site-packages/oslo_config/cfg.py:3253}}
Jul 03 23:41:02.369160 np0000004490 nova-conductor[98699]: DEBUG cotyledon.oslo_config_glue [-] oslo_limit.endpoint_override = None {{(pid=98699) log_opt_values /opt/stack/data/venv/lib/python3.12/site-packages/oslo_config/cfg.py:3253}}
Jul 03 23:41:02.369160 np0000004490 nova-conductor[98699]: DEBUG cotyledon.oslo_config_glue [-] oslo_limit.endpoint_region_name = None {{(pid=98699) log_opt_values /opt/stack/data/venv/lib/python3.12/site-packages/oslo_config/cfg.py:3253}}
Jul 03 23:41:02.369160 np0000004490 nova-conductor[98699]: DEBUG cotyledon.oslo_config_glue [-] oslo_limit.endpoint_service_name = None {{(pid=98699) log_opt_values /opt/stack/data/venv/lib/python3.12/site-packages/oslo_config/cfg.py:3253}}
Jul 03 23:41:02.369440 np0000004490 nova-conductor[98699]: DEBUG cotyledon.oslo_config_glue [-] oslo_limit.endpoint_service_type = None {{(pid=98699) log_opt_values /opt/stack/data/venv/lib/python3.12/site-packages/oslo_config/cfg.py:3253}}
Jul 03 23:41:02.369440 np0000004490 nova-conductor[98699]: DEBUG cotyledon.oslo_config_glue [-] oslo_limit.insecure = False {{(pid=98699) log_opt_values /opt/stack/data/venv/lib/python3.12/site-packages/oslo_config/cfg.py:3253}}
Jul 03 23:41:02.369440 np0000004490 nova-conductor[98699]: DEBUG cotyledon.oslo_config_glue [-] oslo_limit.keyfile = None {{(pid=98699) log_opt_values /opt/stack/data/venv/lib/python3.12/site-packages/oslo_config/cfg.py:3253}}
Jul 03 23:41:02.369440 np0000004490 nova-conductor[98699]: DEBUG cotyledon.oslo_config_glue [-] oslo_limit.max_version = None {{(pid=98699) log_opt_values /opt/stack/data/venv/lib/python3.12/site-packages/oslo_config/cfg.py:3253}}
Jul 03 23:41:02.369440 np0000004490 nova-conductor[98699]: DEBUG cotyledon.oslo_config_glue [-] oslo_limit.min_version = None {{(pid=98699) log_opt_values /opt/stack/data/venv/lib/python3.12/site-packages/oslo_config/cfg.py:3253}}
Jul 03 23:41:02.369440 np0000004490 nova-conductor[98699]: DEBUG cotyledon.oslo_config_glue [-] oslo_limit.region_name = None {{(pid=98699) log_opt_values /opt/stack/data/venv/lib/python3.12/site-packages/oslo_config/cfg.py:3253}}
Jul 03 23:41:02.369440 np0000004490 nova-conductor[98699]: DEBUG cotyledon.oslo_config_glue [-] oslo_limit.retriable_status_codes = None {{(pid=98699) log_opt_values /opt/stack/data/venv/lib/python3.12/site-packages/oslo_config/cfg.py:3253}}
Jul 03 23:41:02.369440 np0000004490 nova-conductor[98699]: DEBUG cotyledon.oslo_config_glue [-] oslo_limit.service_name = None {{(pid=98699) log_opt_values /opt/stack/data/venv/lib/python3.12/site-packages/oslo_config/cfg.py:3253}}
Jul 03 23:41:02.369440 np0000004490 nova-conductor[98699]: DEBUG cotyledon.oslo_config_glue [-] oslo_limit.service_type = None {{(pid=98699) log_opt_values /opt/stack/data/venv/lib/python3.12/site-packages/oslo_config/cfg.py:3253}}
Jul 03 23:41:02.369739 np0000004490 nova-conductor[98699]: DEBUG cotyledon.oslo_config_glue [-] oslo_limit.split_loggers = False {{(pid=98699) log_opt_values /opt/stack/data/venv/lib/python3.12/site-packages/oslo_config/cfg.py:3253}}
Jul 03 23:41:02.369739 np0000004490 nova-conductor[98699]: DEBUG cotyledon.oslo_config_glue [-] oslo_limit.status_code_retries = None {{(pid=98699) log_opt_values /opt/stack/data/venv/lib/python3.12/site-packages/oslo_config/cfg.py:3253}}
Jul 03 23:41:02.369739 np0000004490 nova-conductor[98699]: DEBUG cotyledon.oslo_config_glue [-] oslo_limit.status_code_retry_delay = None {{(pid=98699) log_opt_values /opt/stack/data/venv/lib/python3.12/site-packages/oslo_config/cfg.py:3253}}
Jul 03 23:41:02.369739 np0000004490 nova-conductor[98699]: DEBUG cotyledon.oslo_config_glue [-] oslo_limit.timeout = None {{(pid=98699) log_opt_values /opt/stack/data/venv/lib/python3.12/site-packages/oslo_config/cfg.py:3253}}
Jul 03 23:41:02.369739 np0000004490 nova-conductor[98699]: DEBUG cotyledon.oslo_config_glue [-] oslo_limit.valid_interfaces = None {{(pid=98699) log_opt_values /opt/stack/data/venv/lib/python3.12/site-packages/oslo_config/cfg.py:3253}}
Jul 03 23:41:02.369739 np0000004490 nova-conductor[98699]: DEBUG cotyledon.oslo_config_glue [-] oslo_limit.version = None {{(pid=98699) log_opt_values /opt/stack/data/venv/lib/python3.12/site-packages/oslo_config/cfg.py:3253}}
Jul 03 23:41:02.369739 np0000004490 nova-conductor[98699]: DEBUG cotyledon.oslo_config_glue [-] oslo_reports.file_event_handler = None {{(pid=98699) log_opt_values /opt/stack/data/venv/lib/python3.12/site-packages/oslo_config/cfg.py:3253}}
Jul 03 23:41:02.369739 np0000004490 nova-conductor[98699]: DEBUG cotyledon.oslo_config_glue [-] oslo_reports.file_event_handler_interval = 1 {{(pid=98699) log_opt_values /opt/stack/data/venv/lib/python3.12/site-packages/oslo_config/cfg.py:3253}}
Jul 03 23:41:02.369739 np0000004490 nova-conductor[98699]: DEBUG cotyledon.oslo_config_glue [-] oslo_reports.log_dir = None {{(pid=98699) log_opt_values /opt/stack/data/venv/lib/python3.12/site-packages/oslo_config/cfg.py:3253}}
Jul 03 23:41:02.370040 np0000004490 nova-conductor[98699]: DEBUG cotyledon.oslo_config_glue [-] ******************************************************************************** {{(pid=98699) log_opt_values /opt/stack/data/venv/lib/python3.12/site-packages/oslo_config/cfg.py:3260}}
Jul 03 23:41:02.370040 np0000004490 nova-conductor[98699]: DEBUG cotyledon._service_worker [-] Run service ServiceWrapper(3) [98699] {{(pid=98699) wait_forever /opt/stack/data/venv/lib/python3.12/site-packages/cotyledon/_service_worker.py:218}}
Jul 03 23:41:02.370110 np0000004490 nova-conductor[98692]: INFO dbcounter [None req-826adb99-2a7d-42a8-9a9c-8a5cf4c79fda None None] Registered counter for database nova_cell0
Jul 03 23:41:02.370229 np0000004490 nova-conductor[98699]: INFO nova.service [-] Starting conductor node (version 33.1.0)
Jul 03 23:41:02.370229 np0000004490 nova-conductor[98699]: INFO dbcounter [None req-35df427a-0f21-4443-8376-c1a638a5b51e None None] Registered counter for database nova_cell0
Jul 03 23:41:02.370306 np0000004490 nova-conductor[98672]: DEBUG oslo_db.sqlalchemy.engines [None req-3f9e001f-d4bd-443c-a0a6-b2a931ed345f None None] MySQL server mode set to STRICT_TRANS_TABLES,STRICT_ALL_TABLES,NO_ZERO_IN_DATE,NO_ZERO_DATE,ERROR_FOR_DIVISION_BY_ZERO,TRADITIONAL,NO_ENGINE_SUBSTITUTION {{(pid=98672) _check_effective_sql_mode /opt/stack/data/venv/lib/python3.12/site-packages/oslo_db/sqlalchemy/engines.py:325}}
Jul 03 23:41:02.370348 np0000004490 nova-conductor[98685]: DEBUG oslo_db.sqlalchemy.engines [None req-8344859b-1774-4878-8efe-20102972a940 None None] MySQL server mode set to STRICT_TRANS_TABLES,STRICT_ALL_TABLES,NO_ZERO_IN_DATE,NO_ZERO_DATE,ERROR_FOR_DIVISION_BY_ZERO,TRADITIONAL,NO_ENGINE_SUBSTITUTION {{(pid=98685) _check_effective_sql_mode /opt/stack/data/venv/lib/python3.12/site-packages/oslo_db/sqlalchemy/engines.py:325}}
Jul 03 23:41:02.370390 np0000004490 nova-conductor[98672]: DEBUG dbcounter [-] [98672] Writer thread running {{(pid=98672) stat_writer /opt/stack/data/venv/lib/python3.12/site-packages/dbcounter.py:102}}
Jul 03 23:41:02.370431 np0000004490 nova-conductor[98685]: DEBUG dbcounter [-] [98685] Writer thread running {{(pid=98685) stat_writer /opt/stack/data/venv/lib/python3.12/site-packages/dbcounter.py:102}}
Jul 03 23:41:02.370470 np0000004490 nova-conductor[98672]: DEBUG nova.service [None req-3f9e001f-d4bd-443c-a0a6-b2a931ed345f None None] Creating RPC server for service: nova-conductor on topic: conductor {{(pid=98672) start /opt/stack/nova/nova/service.py:196}}
Jul 03 23:41:02.370507 np0000004490 nova-conductor[98685]: DEBUG nova.service [None req-8344859b-1774-4878-8efe-20102972a940 None None] Creating RPC server for service: nova-conductor on topic: conductor {{(pid=98685) start /opt/stack/nova/nova/service.py:196}}
Jul 03 23:41:02.370544 np0000004490 nova-conductor[98692]: DEBUG oslo_db.sqlalchemy.engines [None req-826adb99-2a7d-42a8-9a9c-8a5cf4c79fda None None] MySQL server mode set to STRICT_TRANS_TABLES,STRICT_ALL_TABLES,NO_ZERO_IN_DATE,NO_ZERO_DATE,ERROR_FOR_DIVISION_BY_ZERO,TRADITIONAL,NO_ENGINE_SUBSTITUTION {{(pid=98692) _check_effective_sql_mode /opt/stack/data/venv/lib/python3.12/site-packages/oslo_db/sqlalchemy/engines.py:325}}
Jul 03 23:41:02.376204 np0000004490 nova-conductor[98699]: DEBUG oslo_db.sqlalchemy.engines [None req-35df427a-0f21-4443-8376-c1a638a5b51e None None] MySQL server mode set to STRICT_TRANS_TABLES,STRICT_ALL_TABLES,NO_ZERO_IN_DATE,NO_ZERO_DATE,ERROR_FOR_DIVISION_BY_ZERO,TRADITIONAL,NO_ENGINE_SUBSTITUTION {{(pid=98699) _check_effective_sql_mode /opt/stack/data/venv/lib/python3.12/site-packages/oslo_db/sqlalchemy/engines.py:325}}
Jul 03 23:41:02.382330 np0000004490 nova-conductor[98692]: DEBUG dbcounter [-] [98692] Writer thread running {{(pid=98692) stat_writer /opt/stack/data/venv/lib/python3.12/site-packages/dbcounter.py:102}}
Jul 03 23:41:02.385553 np0000004490 nova-conductor[98672]: DEBUG nova.service [None req-3f9e001f-d4bd-443c-a0a6-b2a931ed345f None None] Join ServiceGroup membership for this service conductor {{(pid=98672) start /opt/stack/nova/nova/service.py:222}}
Jul 03 23:41:02.385832 np0000004490 nova-conductor[98699]: DEBUG dbcounter [-] [98699] Writer thread running {{(pid=98699) stat_writer /opt/stack/data/venv/lib/python3.12/site-packages/dbcounter.py:102}}
Jul 03 23:41:02.385893 np0000004490 nova-conductor[98672]: DEBUG nova.servicegroup.drivers.db [None req-3f9e001f-d4bd-443c-a0a6-b2a931ed345f None None] DB_Driver: join new ServiceGroup member np0000004490 to the conductor group, service = {{(pid=98672) join /opt/stack/nova/nova/servicegroup/drivers/db.py:44}}
Jul 03 23:41:02.386248 np0000004490 nova-conductor[98692]: DEBUG nova.service [None req-826adb99-2a7d-42a8-9a9c-8a5cf4c79fda None None] Creating RPC server for service: nova-conductor on topic: conductor {{(pid=98692) start /opt/stack/nova/nova/service.py:196}}
Jul 03 23:41:02.387395 np0000004490 nova-conductor[98685]: DEBUG nova.service [None req-8344859b-1774-4878-8efe-20102972a940 None None] Join ServiceGroup membership for this service conductor {{(pid=98685) start /opt/stack/nova/nova/service.py:222}}
Jul 03 23:41:02.387654 np0000004490 nova-conductor[98685]: DEBUG nova.servicegroup.drivers.db [None req-8344859b-1774-4878-8efe-20102972a940 None None] DB_Driver: join new ServiceGroup member np0000004490 to the conductor group, service = {{(pid=98685) join /opt/stack/nova/nova/servicegroup/drivers/db.py:44}}
Jul 03 23:41:02.389255 np0000004490 nova-conductor[98699]: DEBUG nova.service [None req-35df427a-0f21-4443-8376-c1a638a5b51e None None] Creating RPC server for service: nova-conductor on topic: conductor {{(pid=98699) start /opt/stack/nova/nova/service.py:196}}
Jul 03 23:41:02.407861 np0000004490 nova-conductor[98699]: DEBUG nova.service [None req-35df427a-0f21-4443-8376-c1a638a5b51e None None] Join ServiceGroup membership for this service conductor {{(pid=98699) start /opt/stack/nova/nova/service.py:222}}
Jul 03 23:41:02.408113 np0000004490 nova-conductor[98699]: DEBUG nova.servicegroup.drivers.db [None req-35df427a-0f21-4443-8376-c1a638a5b51e None None] DB_Driver: join new ServiceGroup member np0000004490 to the conductor group, service = {{(pid=98699) join /opt/stack/nova/nova/servicegroup/drivers/db.py:44}}
Jul 03 23:41:02.408218 np0000004490 nova-conductor[98692]: DEBUG nova.service [None req-826adb99-2a7d-42a8-9a9c-8a5cf4c79fda None None] Join ServiceGroup membership for this service conductor {{(pid=98692) start /opt/stack/nova/nova/service.py:222}}
Jul 03 23:41:02.408397 np0000004490 nova-conductor[98692]: DEBUG nova.servicegroup.drivers.db [None req-826adb99-2a7d-42a8-9a9c-8a5cf4c79fda None None] DB_Driver: join new ServiceGroup member np0000004490 to the conductor group, service = {{(pid=98692) join /opt/stack/nova/nova/servicegroup/drivers/db.py:44}}
Jul 03 23:41:07.398015 np0000004490 nova-conductor[98672]: DEBUG oslo.service.backend._threading.loopingcall [-] Fixed interval looping call 'nova.servicegroup.drivers.db.DbDriver._report_state' sleeping for 119.99 seconds {{(pid=98672) _run_loop /opt/stack/data/venv/lib/python3.12/site-packages/oslo_service/backend/_threading/loopingcall.py:125}}
Jul 03 23:41:07.399094 np0000004490 nova-conductor[98685]: DEBUG oslo.service.backend._threading.loopingcall [-] Fixed interval looping call 'nova.servicegroup.drivers.db.DbDriver._report_state' sleeping for 119.99 seconds {{(pid=98685) _run_loop /opt/stack/data/venv/lib/python3.12/site-packages/oslo_service/backend/_threading/loopingcall.py:125}}
Jul 03 23:41:07.419569 np0000004490 nova-conductor[98699]: DEBUG oslo.service.backend._threading.loopingcall [-] Fixed interval looping call 'nova.servicegroup.drivers.db.DbDriver._report_state' sleeping for 119.99 seconds {{(pid=98699) _run_loop /opt/stack/data/venv/lib/python3.12/site-packages/oslo_service/backend/_threading/loopingcall.py:125}}
Jul 03 23:41:07.424960 np0000004490 nova-conductor[98692]: DEBUG oslo.service.backend._threading.loopingcall [-] Fixed interval looping call 'nova.servicegroup.drivers.db.DbDriver._report_state' sleeping for 119.99 seconds {{(pid=98692) _run_loop /opt/stack/data/venv/lib/python3.12/site-packages/oslo_service/backend/_threading/loopingcall.py:125}}
Jul 03 23:41:10.953373 np0000004490 nova-conductor[97241]: DEBUG dbcounter [-] [97241] Writing DB stats nova_api:SELECT=1 {{(pid=97241) stat_writer /opt/stack/data/venv/lib/python3.12/site-packages/dbcounter.py:115}}
Jul 03 23:41:11.090936 np0000004490 nova-conductor[97241]: DEBUG dbcounter [-] [97241] Writing DB stats nova_cell0:SELECT=1 {{(pid=97241) stat_writer /opt/stack/data/venv/lib/python3.12/site-packages/dbcounter.py:115}}
Jul 03 23:41:11.097327 np0000004490 nova-conductor[97241]: DEBUG dbcounter [-] [97241] Writing DB stats nova_cell1:SELECT=1 {{(pid=97241) stat_writer /opt/stack/data/venv/lib/python3.12/site-packages/dbcounter.py:115}}
Jul 03 23:41:13.388389 np0000004490 nova-conductor[98672]: DEBUG oslo.service.backend._threading.loopingcall [None req-134ffaa5-e8b6-4749-b86c-623dbae52b8f None None] Dynamic interval looping call 'nova.service.Service.periodic_tasks' sleeping for 60.00 seconds {{(pid=98672) _run_loop /opt/stack/data/venv/lib/python3.12/site-packages/oslo_service/backend/_threading/loopingcall.py:125}}
Jul 03 23:41:17.394990 np0000004490 nova-conductor[98672]: DEBUG dbcounter [-] [98672] Writing DB stats nova_cell0:SELECT=4,nova_cell0:INSERT=1,nova_cell0:UPDATE=1 {{(pid=98672) stat_writer /opt/stack/data/venv/lib/python3.12/site-packages/dbcounter.py:115}}
Jul 03 23:41:17.397058 np0000004490 nova-conductor[98685]: DEBUG dbcounter [-] [98685] Writing DB stats nova_cell0:SELECT=5,nova_cell0:INSERT=1,nova_cell0:UPDATE=1 {{(pid=98685) stat_writer /opt/stack/data/venv/lib/python3.12/site-packages/dbcounter.py:115}}
Jul 03 23:41:17.416530 np0000004490 nova-conductor[98699]: DEBUG dbcounter [-] [98699] Writing DB stats nova_cell0:SELECT=3 {{(pid=98699) stat_writer /opt/stack/data/venv/lib/python3.12/site-packages/dbcounter.py:115}}
Jul 03 23:41:17.421719 np0000004490 nova-conductor[98692]: DEBUG dbcounter [-] [98692] Writing DB stats nova_cell0:SELECT=3 {{(pid=98692) stat_writer /opt/stack/data/venv/lib/python3.12/site-packages/dbcounter.py:115}}
Jul 03 23:41:30.410583 np0000004490 nova-conductor[98692]: DEBUG oslo.service.backend._threading.loopingcall [None req-68a4c08e-a6f3-490f-bdb1-cb33328e0352 None None] Dynamic interval looping call 'nova.service.Service.periodic_tasks' sleeping for 60.00 seconds {{(pid=98692) _run_loop /opt/stack/data/venv/lib/python3.12/site-packages/oslo_service/backend/_threading/loopingcall.py:125}}
Jul 03 23:41:40.410309 np0000004490 nova-conductor[98699]: DEBUG oslo.service.backend._threading.loopingcall [None req-b1f933fa-558a-411c-8032-128d2b49b92e None None] Dynamic interval looping call 'nova.service.Service.periodic_tasks' sleeping for 60.00 seconds {{(pid=98699) _run_loop /opt/stack/data/venv/lib/python3.12/site-packages/oslo_service/backend/_threading/loopingcall.py:125}}
Jul 03 23:42:00.389648 np0000004490 nova-conductor[98685]: DEBUG oslo.service.backend._threading.loopingcall [None req-2046b8ef-ee03-424a-ad64-3a24aa2e6b5a None None] Dynamic interval looping call 'nova.service.Service.periodic_tasks' sleeping for 60.00 seconds {{(pid=98685) _run_loop /opt/stack/data/venv/lib/python3.12/site-packages/oslo_service/backend/_threading/loopingcall.py:125}}
Jul 03 23:42:13.388823 np0000004490 nova-conductor[98672]: DEBUG oslo.service.backend._threading.loopingcall [None req-134ffaa5-e8b6-4749-b86c-623dbae52b8f None None] Dynamic interval looping call 'nova.service.Service.periodic_tasks' sleeping for 60.00 seconds {{(pid=98672) _run_loop /opt/stack/data/venv/lib/python3.12/site-packages/oslo_service/backend/_threading/loopingcall.py:125}}
Jul 03 23:42:30.411231 np0000004490 nova-conductor[98692]: DEBUG oslo.service.backend._threading.loopingcall [None req-68a4c08e-a6f3-490f-bdb1-cb33328e0352 None None] Dynamic interval looping call 'nova.service.Service.periodic_tasks' sleeping for 60.00 seconds {{(pid=98692) _run_loop /opt/stack/data/venv/lib/python3.12/site-packages/oslo_service/backend/_threading/loopingcall.py:125}}
Jul 03 23:42:40.410777 np0000004490 nova-conductor[98699]: DEBUG oslo.service.backend._threading.loopingcall [None req-b1f933fa-558a-411c-8032-128d2b49b92e None None] Dynamic interval looping call 'nova.service.Service.periodic_tasks' sleeping for 60.00 seconds {{(pid=98699) _run_loop /opt/stack/data/venv/lib/python3.12/site-packages/oslo_service/backend/_threading/loopingcall.py:125}}
Jul 03 23:43:00.390133 np0000004490 nova-conductor[98685]: DEBUG oslo.service.backend._threading.loopingcall [None req-2046b8ef-ee03-424a-ad64-3a24aa2e6b5a None None] Dynamic interval looping call 'nova.service.Service.periodic_tasks' sleeping for 60.00 seconds {{(pid=98685) _run_loop /opt/stack/data/venv/lib/python3.12/site-packages/oslo_service/backend/_threading/loopingcall.py:125}}
Jul 03 23:43:07.397067 np0000004490 nova-conductor[98672]: DEBUG oslo.service.backend._threading.loopingcall [-] Fixed interval looping call 'nova.servicegroup.drivers.db.DbDriver._report_state' sleeping for 119.99 seconds {{(pid=98672) _run_loop /opt/stack/data/venv/lib/python3.12/site-packages/oslo_service/backend/_threading/loopingcall.py:125}}
Jul 03 23:43:07.397573 np0000004490 nova-conductor[98685]: DEBUG oslo.service.backend._threading.loopingcall [-] Fixed interval looping call 'nova.servicegroup.drivers.db.DbDriver._report_state' sleeping for 119.99 seconds {{(pid=98685) _run_loop /opt/stack/data/venv/lib/python3.12/site-packages/oslo_service/backend/_threading/loopingcall.py:125}}
Jul 03 23:43:07.417461 np0000004490 nova-conductor[98699]: DEBUG oslo.service.backend._threading.loopingcall [-] Fixed interval looping call 'nova.servicegroup.drivers.db.DbDriver._report_state' sleeping for 119.99 seconds {{(pid=98699) _run_loop /opt/stack/data/venv/lib/python3.12/site-packages/oslo_service/backend/_threading/loopingcall.py:125}}
Jul 03 23:43:07.420770 np0000004490 nova-conductor[98692]: DEBUG oslo.service.backend._threading.loopingcall [-] Fixed interval looping call 'nova.servicegroup.drivers.db.DbDriver._report_state' sleeping for 120.00 seconds {{(pid=98692) _run_loop /opt/stack/data/venv/lib/python3.12/site-packages/oslo_service/backend/_threading/loopingcall.py:125}}
Jul 03 23:43:13.518416 np0000004490 nova-conductor[98672]: DEBUG oslo.service.backend._threading.loopingcall [None req-134ffaa5-e8b6-4749-b86c-623dbae52b8f None None] Dynamic interval looping call 'nova.service.Service.periodic_tasks' sleeping for 60.00 seconds {{(pid=98672) _run_loop /opt/stack/data/venv/lib/python3.12/site-packages/oslo_service/backend/_threading/loopingcall.py:125}}
Jul 03 23:43:17.392040 np0000004490 nova-conductor[98672]: DEBUG dbcounter [-] [98672] Writing DB stats nova_cell0:SELECT=1,nova_cell0:UPDATE=1 {{(pid=98672) stat_writer /opt/stack/data/venv/lib/python3.12/site-packages/dbcounter.py:115}}
Jul 03 23:43:17.394273 np0000004490 nova-conductor[98685]: DEBUG dbcounter [-] [98685] Writing DB stats nova_cell0:SELECT=1,nova_cell0:UPDATE=1 {{(pid=98685) stat_writer /opt/stack/data/venv/lib/python3.12/site-packages/dbcounter.py:115}}
Jul 03 23:43:17.413246 np0000004490 nova-conductor[98699]: DEBUG dbcounter [-] [98699] Writing DB stats nova_cell0:SELECT=1 {{(pid=98699) stat_writer /opt/stack/data/venv/lib/python3.12/site-packages/dbcounter.py:115}}
Jul 03 23:43:17.418040 np0000004490 nova-conductor[98692]: DEBUG dbcounter [-] [98692] Writing DB stats nova_cell0:SELECT=1 {{(pid=98692) stat_writer /opt/stack/data/venv/lib/python3.12/site-packages/dbcounter.py:115}}
Jul 03 23:43:28.642182 np0000004490 nova-conductor[98672]: DEBUG oslo_db.sqlalchemy.engines [None req-59ba27a3-debf-42ed-ac3f-60297f899714 tempest-ServerActionsTestOtherA-869308116 tempest-ServerActionsTestOtherA-869308116-project-member] Parent process 97241 forked (98672) with an open database connection, which is being discarded and recreated. {{(pid=98672) checkout /opt/stack/data/venv/lib/python3.12/site-packages/oslo_db/sqlalchemy/engines.py:402}}
Jul 03 23:43:28.691231 np0000004490 nova-conductor[98672]: DEBUG dbcounter [-] [98672] Writer thread running {{(pid=98672) stat_writer /opt/stack/data/venv/lib/python3.12/site-packages/dbcounter.py:102}}
Jul 03 23:43:29.730850 np0000004490 nova-conductor[98672]: DEBUG nova.conductor.manager [None req-59ba27a3-debf-42ed-ac3f-60297f899714 tempest-ServerActionsTestOtherA-869308116 tempest-ServerActionsTestOtherA-869308116-project-member] Took 1.04 seconds to select destinations for 1 instance(s). {{(pid=98672) _schedule_instances /opt/stack/nova/nova/conductor/manager.py:968}}
Jul 03 23:43:29.768298 np0000004490 nova-conductor[98672]: DEBUG oslo_concurrency.lockutils [None req-59ba27a3-debf-42ed-ac3f-60297f899714 tempest-ServerActionsTestOtherA-869308116 tempest-ServerActionsTestOtherA-869308116-project-member] Acquiring lock "0a7f89ff-c11f-4dad-a80c-ce05fec7239d" by "nova.context.set_target_cell..get_or_set_cached_cell_and_set_connections" {{(pid=98672) inner /opt/stack/data/venv/lib/python3.12/site-packages/oslo_concurrency/lockutils.py:511}}
Jul 03 23:43:29.768298 np0000004490 nova-conductor[98672]: DEBUG oslo_concurrency.lockutils [None req-59ba27a3-debf-42ed-ac3f-60297f899714 tempest-ServerActionsTestOtherA-869308116 tempest-ServerActionsTestOtherA-869308116-project-member] Lock "0a7f89ff-c11f-4dad-a80c-ce05fec7239d" acquired by "nova.context.set_target_cell..get_or_set_cached_cell_and_set_connections" :: waited 0.000s {{(pid=98672) inner /opt/stack/data/venv/lib/python3.12/site-packages/oslo_concurrency/lockutils.py:524}}
Jul 03 23:43:29.769992 np0000004490 nova-conductor[98672]: DEBUG oslo_concurrency.lockutils [None req-59ba27a3-debf-42ed-ac3f-60297f899714 tempest-ServerActionsTestOtherA-869308116 tempest-ServerActionsTestOtherA-869308116-project-member] Lock "0a7f89ff-c11f-4dad-a80c-ce05fec7239d" "released" by "nova.context.set_target_cell..get_or_set_cached_cell_and_set_connections" :: held 0.001s {{(pid=98672) inner /opt/stack/data/venv/lib/python3.12/site-packages/oslo_concurrency/lockutils.py:543}}
Jul 03 23:43:29.771656 np0000004490 nova-conductor[98672]: INFO dbcounter [None req-59ba27a3-debf-42ed-ac3f-60297f899714 tempest-ServerActionsTestOtherA-869308116 tempest-ServerActionsTestOtherA-869308116-project-member] Registered counter for database nova_cell1
Jul 03 23:43:29.824909 np0000004490 nova-conductor[98672]: DEBUG oslo_db.sqlalchemy.engines [None req-59ba27a3-debf-42ed-ac3f-60297f899714 tempest-ServerActionsTestOtherA-869308116 tempest-ServerActionsTestOtherA-869308116-project-member] MySQL server mode set to STRICT_TRANS_TABLES,STRICT_ALL_TABLES,NO_ZERO_IN_DATE,NO_ZERO_DATE,ERROR_FOR_DIVISION_BY_ZERO,TRADITIONAL,NO_ENGINE_SUBSTITUTION {{(pid=98672) _check_effective_sql_mode /opt/stack/data/venv/lib/python3.12/site-packages/oslo_db/sqlalchemy/engines.py:325}}
Jul 03 23:43:29.830803 np0000004490 nova-conductor[98672]: DEBUG dbcounter [-] [98672] Writer thread running {{(pid=98672) stat_writer /opt/stack/data/venv/lib/python3.12/site-packages/dbcounter.py:102}}
Jul 03 23:43:29.886421 np0000004490 nova-conductor[98672]: INFO nova.utils [None req-59ba27a3-debf-42ed-ac3f-60297f899714 tempest-ServerActionsTestOtherA-869308116 tempest-ServerActionsTestOtherA-869308116-project-member] The cell worker thread pool ForkProcess-1.cell_worker is initialized
Jul 03 23:43:29.886747 np0000004490 nova-conductor[98672]: DEBUG oslo_concurrency.lockutils [None req-59ba27a3-debf-42ed-ac3f-60297f899714 tempest-ServerActionsTestOtherA-869308116 tempest-ServerActionsTestOtherA-869308116-project-member] Acquiring lock "00000000-0000-0000-0000-000000000000" by "nova.context.set_target_cell..get_or_set_cached_cell_and_set_connections" {{(pid=98672) inner /opt/stack/data/venv/lib/python3.12/site-packages/oslo_concurrency/lockutils.py:511}}
Jul 03 23:43:29.886972 np0000004490 nova-conductor[98672]: DEBUG oslo_concurrency.lockutils [None req-59ba27a3-debf-42ed-ac3f-60297f899714 tempest-ServerActionsTestOtherA-869308116 tempest-ServerActionsTestOtherA-869308116-project-member] Lock "00000000-0000-0000-0000-000000000000" acquired by "nova.context.set_target_cell..get_or_set_cached_cell_and_set_connections" :: waited 0.000s {{(pid=98672) inner /opt/stack/data/venv/lib/python3.12/site-packages/oslo_concurrency/lockutils.py:524}}
Jul 03 23:43:29.887343 np0000004490 nova-conductor[98672]: DEBUG oslo_concurrency.lockutils [None req-59ba27a3-debf-42ed-ac3f-60297f899714 tempest-ServerActionsTestOtherA-869308116 tempest-ServerActionsTestOtherA-869308116-project-member] Lock "00000000-0000-0000-0000-000000000000" "released" by "nova.context.set_target_cell..get_or_set_cached_cell_and_set_connections" :: held 0.000s {{(pid=98672) inner /opt/stack/data/venv/lib/python3.12/site-packages/oslo_concurrency/lockutils.py:543}}
Jul 03 23:43:29.888101 np0000004490 nova-conductor[98672]: DEBUG oslo_concurrency.lockutils [None req-59ba27a3-debf-42ed-ac3f-60297f899714 tempest-ServerActionsTestOtherA-869308116 tempest-ServerActionsTestOtherA-869308116-project-member] Acquiring lock "0a7f89ff-c11f-4dad-a80c-ce05fec7239d" by "nova.context.set_target_cell..get_or_set_cached_cell_and_set_connections" {{(pid=98672) inner /opt/stack/data/venv/lib/python3.12/site-packages/oslo_concurrency/lockutils.py:511}}
Jul 03 23:43:29.888298 np0000004490 nova-conductor[98672]: DEBUG oslo_concurrency.lockutils [None req-59ba27a3-debf-42ed-ac3f-60297f899714 tempest-ServerActionsTestOtherA-869308116 tempest-ServerActionsTestOtherA-869308116-project-member] Lock "0a7f89ff-c11f-4dad-a80c-ce05fec7239d" acquired by "nova.context.set_target_cell..get_or_set_cached_cell_and_set_connections" :: waited 0.000s {{(pid=98672) inner /opt/stack/data/venv/lib/python3.12/site-packages/oslo_concurrency/lockutils.py:524}}
Jul 03 23:43:29.888352 np0000004490 nova-conductor[98672]: DEBUG oslo_concurrency.lockutils [None req-59ba27a3-debf-42ed-ac3f-60297f899714 tempest-ServerActionsTestOtherA-869308116 tempest-ServerActionsTestOtherA-869308116-project-member] Lock "0a7f89ff-c11f-4dad-a80c-ce05fec7239d" "released" by "nova.context.set_target_cell..get_or_set_cached_cell_and_set_connections" :: held 0.000s {{(pid=98672) inner /opt/stack/data/venv/lib/python3.12/site-packages/oslo_concurrency/lockutils.py:543}}
Jul 03 23:43:29.890126 np0000004490 nova-conductor[98672]: INFO dbcounter [None req-59ba27a3-debf-42ed-ac3f-60297f899714 tempest-ServerActionsTestOtherA-869308116 tempest-ServerActionsTestOtherA-869308116-project-member] Registered counter for database nova_cell0
Jul 03 23:43:29.938108 np0000004490 nova-conductor[98672]: DEBUG oslo_db.sqlalchemy.engines [None req-59ba27a3-debf-42ed-ac3f-60297f899714 tempest-ServerActionsTestOtherA-869308116 tempest-ServerActionsTestOtherA-869308116-project-member] MySQL server mode set to STRICT_TRANS_TABLES,STRICT_ALL_TABLES,NO_ZERO_IN_DATE,NO_ZERO_DATE,ERROR_FOR_DIVISION_BY_ZERO,TRADITIONAL,NO_ENGINE_SUBSTITUTION {{(pid=98672) _check_effective_sql_mode /opt/stack/data/venv/lib/python3.12/site-packages/oslo_db/sqlalchemy/engines.py:325}}
Jul 03 23:43:29.950726 np0000004490 nova-conductor[98672]: DEBUG dbcounter [-] [98672] Writer thread running {{(pid=98672) stat_writer /opt/stack/data/venv/lib/python3.12/site-packages/dbcounter.py:102}}
Jul 03 23:43:29.963282 np0000004490 nova-conductor[98672]: DEBUG nova.quota [None req-59ba27a3-debf-42ed-ac3f-60297f899714 tempest-ServerActionsTestOtherA-869308116 tempest-ServerActionsTestOtherA-869308116-project-member] Getting quotas for project 3cd3b4d444064837abce0039acb29179. Resources: {'cores', 'instances', 'ram'} {{(pid=98672) _get_quotas /opt/stack/nova/nova/quota.py:389}}
Jul 03 23:43:29.966372 np0000004490 nova-conductor[98672]: DEBUG nova.quota [None req-59ba27a3-debf-42ed-ac3f-60297f899714 tempest-ServerActionsTestOtherA-869308116 tempest-ServerActionsTestOtherA-869308116-project-member] Getting quotas for user d17780c8108149479103e5d70f77d10d and project 3cd3b4d444064837abce0039acb29179. Resources: {'cores', 'instances', 'ram'} {{(pid=98672) _get_quotas /opt/stack/nova/nova/quota.py:379}}
Jul 03 23:43:29.978763 np0000004490 nova-conductor[98672]: DEBUG nova.conductor.manager [None req-59ba27a3-debf-42ed-ac3f-60297f899714 tempest-ServerActionsTestOtherA-869308116 tempest-ServerActionsTestOtherA-869308116-project-member] [instance: 38962e27-d654-4112-8423-59fbbd90795a] Selected host: np0000004490; Selected node: np0000004490; Alternates: [] {{(pid=98672) schedule_and_build_instances /opt/stack/nova/nova/conductor/manager.py:1784}}
Jul 03 23:43:29.979321 np0000004490 nova-conductor[98672]: DEBUG oslo_concurrency.lockutils [None req-59ba27a3-debf-42ed-ac3f-60297f899714 tempest-ServerActionsTestOtherA-869308116 tempest-ServerActionsTestOtherA-869308116-project-member] Acquiring lock "0a7f89ff-c11f-4dad-a80c-ce05fec7239d" by "nova.context.set_target_cell..get_or_set_cached_cell_and_set_connections" {{(pid=98672) inner /opt/stack/data/venv/lib/python3.12/site-packages/oslo_concurrency/lockutils.py:511}}
Jul 03 23:43:29.980747 np0000004490 nova-conductor[98672]: DEBUG oslo_concurrency.lockutils [None req-59ba27a3-debf-42ed-ac3f-60297f899714 tempest-ServerActionsTestOtherA-869308116 tempest-ServerActionsTestOtherA-869308116-project-member] Lock "0a7f89ff-c11f-4dad-a80c-ce05fec7239d" acquired by "nova.context.set_target_cell..get_or_set_cached_cell_and_set_connections" :: waited 0.000s {{(pid=98672) inner /opt/stack/data/venv/lib/python3.12/site-packages/oslo_concurrency/lockutils.py:524}}
Jul 03 23:43:29.980747 np0000004490 nova-conductor[98672]: DEBUG oslo_concurrency.lockutils [None req-59ba27a3-debf-42ed-ac3f-60297f899714 tempest-ServerActionsTestOtherA-869308116 tempest-ServerActionsTestOtherA-869308116-project-member] Lock "0a7f89ff-c11f-4dad-a80c-ce05fec7239d" "released" by "nova.context.set_target_cell..get_or_set_cached_cell_and_set_connections" :: held 0.000s {{(pid=98672) inner /opt/stack/data/venv/lib/python3.12/site-packages/oslo_concurrency/lockutils.py:543}}
Jul 03 23:43:29.998301 np0000004490 nova-conductor[98672]: DEBUG nova.conductor.manager [None req-59ba27a3-debf-42ed-ac3f-60297f899714 tempest-ServerActionsTestOtherA-869308116 tempest-ServerActionsTestOtherA-869308116-project-member] [instance: 38962e27-d654-4112-8423-59fbbd90795a] block_device_mapping [BlockDeviceMapping(attachment_id=,boot_index=0,connection_info=None,created_at=,delete_on_termination=True,deleted=,deleted_at=,destination_type='local',device_name=None,device_type='disk',disk_bus=None,encrypted=False,encryption_format=None,encryption_options=None,encryption_secret_uuid=None,guest_format=None,id=,image_id='dcdca3b5-37c2-4de2-9963-0d0410cefcc8',instance=,instance_uuid=,no_device=False,snapshot_id=None,source_type='image',tag=None,updated_at=,uuid=,volume_id=None,volume_size=None,volume_type=None)] {{(pid=98672) _create_block_device_mapping /opt/stack/nova/nova/conductor/manager.py:1529}}
Jul 03 23:43:30.000614 np0000004490 nova-conductor[98672]: DEBUG oslo_concurrency.lockutils [None req-59ba27a3-debf-42ed-ac3f-60297f899714 tempest-ServerActionsTestOtherA-869308116 tempest-ServerActionsTestOtherA-869308116-project-member] Acquiring lock "0a7f89ff-c11f-4dad-a80c-ce05fec7239d" by "nova.context.set_target_cell..get_or_set_cached_cell_and_set_connections" {{(pid=98672) inner /opt/stack/data/venv/lib/python3.12/site-packages/oslo_concurrency/lockutils.py:511}}
Jul 03 23:43:30.000614 np0000004490 nova-conductor[98672]: DEBUG oslo_concurrency.lockutils [None req-59ba27a3-debf-42ed-ac3f-60297f899714 tempest-ServerActionsTestOtherA-869308116 tempest-ServerActionsTestOtherA-869308116-project-member] Lock "0a7f89ff-c11f-4dad-a80c-ce05fec7239d" acquired by "nova.context.set_target_cell..get_or_set_cached_cell_and_set_connections" :: waited 0.000s {{(pid=98672) inner /opt/stack/data/venv/lib/python3.12/site-packages/oslo_concurrency/lockutils.py:524}}
Jul 03 23:43:30.000614 np0000004490 nova-conductor[98672]: DEBUG oslo_concurrency.lockutils [None req-59ba27a3-debf-42ed-ac3f-60297f899714 tempest-ServerActionsTestOtherA-869308116 tempest-ServerActionsTestOtherA-869308116-project-member] Lock "0a7f89ff-c11f-4dad-a80c-ce05fec7239d" "released" by "nova.context.set_target_cell..get_or_set_cached_cell_and_set_connections" :: held 0.000s {{(pid=98672) inner /opt/stack/data/venv/lib/python3.12/site-packages/oslo_concurrency/lockutils.py:543}}
Jul 03 23:43:30.049959 np0000004490 nova-conductor[98672]: DEBUG oslo_concurrency.lockutils [None req-59ba27a3-debf-42ed-ac3f-60297f899714 tempest-ServerActionsTestOtherA-869308116 tempest-ServerActionsTestOtherA-869308116-project-member] Acquiring lock "0a7f89ff-c11f-4dad-a80c-ce05fec7239d" by "nova.context.set_target_cell..get_or_set_cached_cell_and_set_connections" {{(pid=98672) inner /opt/stack/data/venv/lib/python3.12/site-packages/oslo_concurrency/lockutils.py:511}}
Jul 03 23:43:30.050863 np0000004490 nova-conductor[98672]: DEBUG oslo_concurrency.lockutils [None req-59ba27a3-debf-42ed-ac3f-60297f899714 tempest-ServerActionsTestOtherA-869308116 tempest-ServerActionsTestOtherA-869308116-project-member] Lock "0a7f89ff-c11f-4dad-a80c-ce05fec7239d" acquired by "nova.context.set_target_cell..get_or_set_cached_cell_and_set_connections" :: waited 0.000s {{(pid=98672) inner /opt/stack/data/venv/lib/python3.12/site-packages/oslo_concurrency/lockutils.py:524}}
Jul 03 23:43:30.050997 np0000004490 nova-conductor[98672]: DEBUG oslo_concurrency.lockutils [None req-59ba27a3-debf-42ed-ac3f-60297f899714 tempest-ServerActionsTestOtherA-869308116 tempest-ServerActionsTestOtherA-869308116-project-member] Lock "0a7f89ff-c11f-4dad-a80c-ce05fec7239d" "released" by "nova.context.set_target_cell..get_or_set_cached_cell_and_set_connections" :: held 0.001s {{(pid=98672) inner /opt/stack/data/venv/lib/python3.12/site-packages/oslo_concurrency/lockutils.py:543}}
