Jul 28 11:37:22.374950 np0000005990 devstack@g-api.service[103016]: [pid: 103016|app: 0|req: 8/36] 127.0.0.1 () {44 vars in 1051 bytes} [Tue Jul 28 11:37:22 2026] GET /v2/schemas/image => generated 6083 bytes in 3 msecs (HTTP/1.1 200) 4 headers in 158 bytes (1 switches on core 0)
Jul 28 11:37:22.383822 np0000005990 devstack@g-api.service[103017]: DEBUG glance.api.middleware.version_negotiation [None req-9bea4be0-aaca-4804-9509-10312656373b tempest-TaggedBootDevicesTest-1352888940 tempest-TaggedBootDevicesTest-1352888940-project-member] Determining version of request: GET /v2/schemas/image Accept: */* {{(pid=103017) process_request /opt/stack/glance/glance/api/middleware/version_negotiation.py:44}}
Jul 28 11:37:22.384028 np0000005990 devstack@g-api.service[103017]: DEBUG glance.api.middleware.version_negotiation [None req-9bea4be0-aaca-4804-9509-10312656373b tempest-TaggedBootDevicesTest-1352888940 tempest-TaggedBootDevicesTest-1352888940-project-member] Using url versioning {{(pid=103017) process_request /opt/stack/glance/glance/api/middleware/version_negotiation.py:57}}
Jul 28 11:37:22.384062 np0000005990 devstack@g-api.service[103017]: DEBUG glance.api.middleware.version_negotiation [None req-9bea4be0-aaca-4804-9509-10312656373b tempest-TaggedBootDevicesTest-1352888940 tempest-TaggedBootDevicesTest-1352888940-project-member] Matched version: v2 {{(pid=103017) process_request /opt/stack/glance/glance/api/middleware/version_negotiation.py:69}}
Jul 28 11:37:22.384748 np0000005990 devstack@g-api.service[103017]: DEBUG glance.api.middleware.version_negotiation [None req-9bea4be0-aaca-4804-9509-10312656373b tempest-TaggedBootDevicesTest-1352888940 tempest-TaggedBootDevicesTest-1352888940-project-member] new path /v2/schemas/image {{(pid=103017) process_request /opt/stack/glance/glance/api/middleware/version_negotiation.py:70}}
Jul 28 11:37:22.387497 np0000005990 devstack@g-api.service[103017]: [pid: 103017|app: 0|req: 13/37] 127.0.0.1 () {44 vars in 1051 bytes} [Tue Jul 28 11:37:22 2026] GET /v2/schemas/image => generated 6083 bytes in 4 msecs (HTTP/1.1 200) 4 headers in 158 bytes (1 switches on core 0)
Jul 28 11:37:22.420450 np0000005990 devstack@g-api.service[103016]: DEBUG glance.api.middleware.version_negotiation [None req-9bea4be0-aaca-4804-9509-10312656373b tempest-TaggedBootDevicesTest-1352888940 tempest-TaggedBootDevicesTest-1352888940-project-member] Determining version of request: GET /v2/images/25bba5aa-cf5c-490d-a4c8-d638ddc60f75 Accept: */* {{(pid=103016) process_request /opt/stack/glance/glance/api/middleware/version_negotiation.py:44}}
Jul 28 11:37:22.420680 np0000005990 devstack@g-api.service[103016]: DEBUG glance.api.middleware.version_negotiation [None req-9bea4be0-aaca-4804-9509-10312656373b tempest-TaggedBootDevicesTest-1352888940 tempest-TaggedBootDevicesTest-1352888940-project-member] Using url versioning {{(pid=103016) process_request /opt/stack/glance/glance/api/middleware/version_negotiation.py:57}}
Jul 28 11:37:22.420767 np0000005990 devstack@g-api.service[103016]: DEBUG glance.api.middleware.version_negotiation [None req-9bea4be0-aaca-4804-9509-10312656373b tempest-TaggedBootDevicesTest-1352888940 tempest-TaggedBootDevicesTest-1352888940-project-member] Matched version: v2 {{(pid=103016) process_request /opt/stack/glance/glance/api/middleware/version_negotiation.py:69}}
Jul 28 11:37:22.420906 np0000005990 devstack@g-api.service[103016]: DEBUG glance.api.middleware.version_negotiation [None req-9bea4be0-aaca-4804-9509-10312656373b tempest-TaggedBootDevicesTest-1352888940 tempest-TaggedBootDevicesTest-1352888940-project-member] new path /v2/images/25bba5aa-cf5c-490d-a4c8-d638ddc60f75 {{(pid=103016) process_request /opt/stack/glance/glance/api/middleware/version_negotiation.py:70}}
Jul 28 11:37:22.432446 np0000005990 devstack@g-api.service[103016]: [pid: 103016|app: 0|req: 9/38] 127.0.0.1 () {44 vars in 1111 bytes} [Tue Jul 28 11:37:22 2026] GET /v2/images/25bba5aa-cf5c-490d-a4c8-d638ddc60f75 => generated 1044 bytes in 12 msecs (HTTP/1.1 200) 4 headers in 158 bytes (1 switches on core 0)
Jul 28 11:37:22.440412 np0000005990 devstack@g-api.service[103017]: DEBUG glance.api.middleware.version_negotiation [None req-9bea4be0-aaca-4804-9509-10312656373b tempest-TaggedBootDevicesTest-1352888940 tempest-TaggedBootDevicesTest-1352888940-project-member] Determining version of request: GET /v2/schemas/image Accept: */* {{(pid=103017) process_request /opt/stack/glance/glance/api/middleware/version_negotiation.py:44}}
Jul 28 11:37:22.440564 np0000005990 devstack@g-api.service[103017]: DEBUG glance.api.middleware.version_negotiation [None req-9bea4be0-aaca-4804-9509-10312656373b tempest-TaggedBootDevicesTest-1352888940 tempest-TaggedBootDevicesTest-1352888940-project-member] Using url versioning {{(pid=103017) process_request /opt/stack/glance/glance/api/middleware/version_negotiation.py:57}}
Jul 28 11:37:22.440637 np0000005990 devstack@g-api.service[103017]: DEBUG glance.api.middleware.version_negotiation [None req-9bea4be0-aaca-4804-9509-10312656373b tempest-TaggedBootDevicesTest-1352888940 tempest-TaggedBootDevicesTest-1352888940-project-member] Matched version: v2 {{(pid=103017) process_request /opt/stack/glance/glance/api/middleware/version_negotiation.py:69}}
Jul 28 11:37:22.440721 np0000005990 devstack@g-api.service[103017]: DEBUG glance.api.middleware.version_negotiation [None req-9bea4be0-aaca-4804-9509-10312656373b tempest-TaggedBootDevicesTest-1352888940 tempest-TaggedBootDevicesTest-1352888940-project-member] new path /v2/schemas/image {{(pid=103017) process_request /opt/stack/glance/glance/api/middleware/version_negotiation.py:70}}
Jul 28 11:37:22.443261 np0000005990 devstack@g-api.service[103017]: [pid: 103017|app: 0|req: 14/39] 127.0.0.1 () {44 vars in 1051 bytes} [Tue Jul 28 11:37:22 2026] GET /v2/schemas/image => generated 6083 bytes in 3 msecs (HTTP/1.1 200) 4 headers in 158 bytes (1 switches on core 0)
Jul 28 11:37:22.455962 np0000005990 devstack@g-api.service[103016]: DEBUG glance.api.middleware.version_negotiation [None req-9bea4be0-aaca-4804-9509-10312656373b tempest-TaggedBootDevicesTest-1352888940 tempest-TaggedBootDevicesTest-1352888940-project-member] Determining version of request: GET /v2/schemas/image Accept: */* {{(pid=103016) process_request /opt/stack/glance/glance/api/middleware/version_negotiation.py:44}}
Jul 28 11:37:22.456175 np0000005990 devstack@g-api.service[103016]: DEBUG glance.api.middleware.version_negotiation [None req-9bea4be0-aaca-4804-9509-10312656373b tempest-TaggedBootDevicesTest-1352888940 tempest-TaggedBootDevicesTest-1352888940-project-member] Using url versioning {{(pid=103016) process_request /opt/stack/glance/glance/api/middleware/version_negotiation.py:57}}
Jul 28 11:37:22.456386 np0000005990 devstack@g-api.service[103016]: DEBUG glance.api.middleware.version_negotiation [None req-9bea4be0-aaca-4804-9509-10312656373b tempest-TaggedBootDevicesTest-1352888940 tempest-TaggedBootDevicesTest-1352888940-project-member] Matched version: v2 {{(pid=103016) process_request /opt/stack/glance/glance/api/middleware/version_negotiation.py:69}}
Jul 28 11:37:22.456537 np0000005990 devstack@g-api.service[103016]: DEBUG glance.api.middleware.version_negotiation [None req-9bea4be0-aaca-4804-9509-10312656373b tempest-TaggedBootDevicesTest-1352888940 tempest-TaggedBootDevicesTest-1352888940-project-member] new path /v2/schemas/image {{(pid=103016) process_request /opt/stack/glance/glance/api/middleware/version_negotiation.py:70}}
Jul 28 11:37:22.460390 np0000005990 devstack@g-api.service[103016]: [pid: 103016|app: 0|req: 10/40] 127.0.0.1 () {44 vars in 1051 bytes} [Tue Jul 28 11:37:22 2026] GET /v2/schemas/image => generated 6083 bytes in 4 msecs (HTTP/1.1 200) 4 headers in 158 bytes (1 switches on core 0)
Jul 28 11:37:22.513186 np0000005990 devstack@g-api.service[103015]: [pid: 103015|app: 0|req: 8/41] 127.0.0.1 () {44 vars in 1131 bytes} [Tue Jul 28 11:37:21 2026] GET /v2/images/25bba5aa-cf5c-490d-a4c8-d638ddc60f75/locations => generated 92 bytes in 545 msecs (HTTP/1.1 200) 4 headers in 156 bytes (1 switches on core 0)
Jul 28 11:37:22.521275 np0000005990 devstack@g-api.service[103017]: DEBUG glance.api.middleware.version_negotiation [None req-9bea4be0-aaca-4804-9509-10312656373b tempest-TaggedBootDevicesTest-1352888940 tempest-TaggedBootDevicesTest-1352888940-project-member] Determining version of request: GET /v2/images/25bba5aa-cf5c-490d-a4c8-d638ddc60f75 Accept: */* {{(pid=103017) process_request /opt/stack/glance/glance/api/middleware/version_negotiation.py:44}}
Jul 28 11:37:22.521407 np0000005990 devstack@g-api.service[103017]: DEBUG glance.api.middleware.version_negotiation [None req-9bea4be0-aaca-4804-9509-10312656373b tempest-TaggedBootDevicesTest-1352888940 tempest-TaggedBootDevicesTest-1352888940-project-member] Using url versioning {{(pid=103017) process_request /opt/stack/glance/glance/api/middleware/version_negotiation.py:57}}
Jul 28 11:37:22.521520 np0000005990 devstack@g-api.service[103017]: DEBUG glance.api.middleware.version_negotiation [None req-9bea4be0-aaca-4804-9509-10312656373b tempest-TaggedBootDevicesTest-1352888940 tempest-TaggedBootDevicesTest-1352888940-project-member] Matched version: v2 {{(pid=103017) process_request /opt/stack/glance/glance/api/middleware/version_negotiation.py:69}}
Jul 28 11:37:22.521608 np0000005990 devstack@g-api.service[103017]: DEBUG glance.api.middleware.version_negotiation [None req-9bea4be0-aaca-4804-9509-10312656373b tempest-TaggedBootDevicesTest-1352888940 tempest-TaggedBootDevicesTest-1352888940-project-member] new path /v2/images/25bba5aa-cf5c-490d-a4c8-d638ddc60f75 {{(pid=103017) process_request /opt/stack/glance/glance/api/middleware/version_negotiation.py:70}}
Jul 28 11:37:22.535736 np0000005990 devstack@g-api.service[103017]: [pid: 103017|app: 0|req: 15/42] 127.0.0.1 () {44 vars in 1111 bytes} [Tue Jul 28 11:37:22 2026] GET /v2/images/25bba5aa-cf5c-490d-a4c8-d638ddc60f75 => generated 1044 bytes in 14 msecs (HTTP/1.1 200) 4 headers in 158 bytes (1 switches on core 0)
Jul 28 11:37:22.544660 np0000005990 devstack@g-api.service[103016]: DEBUG glance.api.middleware.version_negotiation [None req-9bea4be0-aaca-4804-9509-10312656373b tempest-TaggedBootDevicesTest-1352888940 tempest-TaggedBootDevicesTest-1352888940-project-member] Determining version of request: GET /v2/schemas/image Accept: */* {{(pid=103016) process_request /opt/stack/glance/glance/api/middleware/version_negotiation.py:44}}
Jul 28 11:37:22.544769 np0000005990 devstack@g-api.service[103016]: DEBUG glance.api.middleware.version_negotiation [None req-9bea4be0-aaca-4804-9509-10312656373b tempest-TaggedBootDevicesTest-1352888940 tempest-TaggedBootDevicesTest-1352888940-project-member] Using url versioning {{(pid=103016) process_request /opt/stack/glance/glance/api/middleware/version_negotiation.py:57}}
Jul 28 11:37:22.544874 np0000005990 devstack@g-api.service[103016]: DEBUG glance.api.middleware.version_negotiation [None req-9bea4be0-aaca-4804-9509-10312656373b tempest-TaggedBootDevicesTest-1352888940 tempest-TaggedBootDevicesTest-1352888940-project-member] Matched version: v2 {{(pid=103016) process_request /opt/stack/glance/glance/api/middleware/version_negotiation.py:69}}
Jul 28 11:37:22.544960 np0000005990 devstack@g-api.service[103016]: DEBUG glance.api.middleware.version_negotiation [None req-9bea4be0-aaca-4804-9509-10312656373b tempest-TaggedBootDevicesTest-1352888940 tempest-TaggedBootDevicesTest-1352888940-project-member] new path /v2/schemas/image {{(pid=103016) process_request /opt/stack/glance/glance/api/middleware/version_negotiation.py:70}}
Jul 28 11:37:22.550143 np0000005990 devstack@g-api.service[103016]: [pid: 103016|app: 0|req: 11/43] 127.0.0.1 () {44 vars in 1051 bytes} [Tue Jul 28 11:37:22 2026] GET /v2/schemas/image => generated 6083 bytes in 2 msecs (HTTP/1.1 200) 4 headers in 158 bytes (1 switches on core 0)
Jul 28 11:37:22.561337 np0000005990 devstack@g-api.service[103015]: DEBUG glance.api.middleware.version_negotiation [None req-2dfe9e92-da12-441d-9009-3da44cbd4963 service glance] Determining version of request: GET /v2/schemas/image Accept: */* {{(pid=103015) process_request /opt/stack/glance/glance/api/middleware/version_negotiation.py:44}}
Jul 28 11:37:22.561521 np0000005990 devstack@g-api.service[103015]: DEBUG glance.api.middleware.version_negotiation [None req-2dfe9e92-da12-441d-9009-3da44cbd4963 service glance] Using url versioning {{(pid=103015) process_request /opt/stack/glance/glance/api/middleware/version_negotiation.py:57}}
Jul 28 11:37:22.561692 np0000005990 devstack@g-api.service[103015]: DEBUG glance.api.middleware.version_negotiation [None req-2dfe9e92-da12-441d-9009-3da44cbd4963 service glance] Matched version: v2 {{(pid=103015) process_request /opt/stack/glance/glance/api/middleware/version_negotiation.py:69}}
Jul 28 11:37:22.561841 np0000005990 devstack@g-api.service[103015]: DEBUG glance.api.middleware.version_negotiation [None req-2dfe9e92-da12-441d-9009-3da44cbd4963 service glance] new path /v2/schemas/image {{(pid=103015) process_request /opt/stack/glance/glance/api/middleware/version_negotiation.py:70}}
Jul 28 11:37:22.564270 np0000005990 devstack@g-api.service[103015]: [pid: 103015|app: 0|req: 9/44] 127.0.0.1 () {44 vars in 1051 bytes} [Tue Jul 28 11:37:22 2026] GET /v2/schemas/image => generated 6083 bytes in 3 msecs (HTTP/1.1 200) 4 headers in 158 bytes (1 switches on core 0)
Jul 28 11:37:22.624524 np0000005990 devstack@g-api.service[103017]: DEBUG glance.api.middleware.version_negotiation [None req-2dfe9e92-da12-441d-9009-3da44cbd4963 tempest-TaggedBootDevicesTest_v242-1909589483 tempest-TaggedBootDevicesTest_v242-1909589483-project-member] Determining version of request: GET /v2/images/25bba5aa-cf5c-490d-a4c8-d638ddc60f75 Accept: */* {{(pid=103017) process_request /opt/stack/glance/glance/api/middleware/version_negotiation.py:44}}
Jul 28 11:37:22.624524 np0000005990 devstack@g-api.service[103017]: DEBUG glance.api.middleware.version_negotiation [None req-2dfe9e92-da12-441d-9009-3da44cbd4963 tempest-TaggedBootDevicesTest_v242-1909589483 tempest-TaggedBootDevicesTest_v242-1909589483-project-member] Using url versioning {{(pid=103017) process_request /opt/stack/glance/glance/api/middleware/version_negotiation.py:57}}
Jul 28 11:37:22.624621 np0000005990 devstack@g-api.service[103017]: DEBUG glance.api.middleware.version_negotiation [None req-2dfe9e92-da12-441d-9009-3da44cbd4963 tempest-TaggedBootDevicesTest_v242-1909589483 tempest-TaggedBootDevicesTest_v242-1909589483-project-member] Matched version: v2 {{(pid=103017) process_request /opt/stack/glance/glance/api/middleware/version_negotiation.py:69}}
Jul 28 11:37:22.624717 np0000005990 devstack@g-api.service[103017]: DEBUG glance.api.middleware.version_negotiation [None req-2dfe9e92-da12-441d-9009-3da44cbd4963 tempest-TaggedBootDevicesTest_v242-1909589483 tempest-TaggedBootDevicesTest_v242-1909589483-project-member] new path /v2/images/25bba5aa-cf5c-490d-a4c8-d638ddc60f75 {{(pid=103017) process_request /opt/stack/glance/glance/api/middleware/version_negotiation.py:70}}
Jul 28 11:37:22.637158 np0000005990 devstack@g-api.service[103017]: [pid: 103017|app: 0|req: 16/45] 127.0.0.1 () {44 vars in 1111 bytes} [Tue Jul 28 11:37:22 2026] GET /v2/images/25bba5aa-cf5c-490d-a4c8-d638ddc60f75 => generated 1044 bytes in 13 msecs (HTTP/1.1 200) 4 headers in 158 bytes (1 switches on core 0)
Jul 28 11:37:22.647141 np0000005990 devstack@g-api.service[103016]: DEBUG glance.api.middleware.version_negotiation [None req-2dfe9e92-da12-441d-9009-3da44cbd4963 tempest-TaggedBootDevicesTest_v242-1909589483 tempest-TaggedBootDevicesTest_v242-1909589483-project-member] Determining version of request: GET /v2/images/25bba5aa-cf5c-490d-a4c8-d638ddc60f75/file Accept: */* {{(pid=103016) process_request /opt/stack/glance/glance/api/middleware/version_negotiation.py:44}}
Jul 28 11:37:22.647141 np0000005990 devstack@g-api.service[103016]: DEBUG glance.api.middleware.version_negotiation [None req-2dfe9e92-da12-441d-9009-3da44cbd4963 tempest-TaggedBootDevicesTest_v242-1909589483 tempest-TaggedBootDevicesTest_v242-1909589483-project-member] Using url versioning {{(pid=103016) process_request /opt/stack/glance/glance/api/middleware/version_negotiation.py:57}}
Jul 28 11:37:22.647141 np0000005990 devstack@g-api.service[103016]: DEBUG glance.api.middleware.version_negotiation [None req-2dfe9e92-da12-441d-9009-3da44cbd4963 tempest-TaggedBootDevicesTest_v242-1909589483 tempest-TaggedBootDevicesTest_v242-1909589483-project-member] Matched version: v2 {{(pid=103016) process_request /opt/stack/glance/glance/api/middleware/version_negotiation.py:69}}
Jul 28 11:37:22.647141 np0000005990 devstack@g-api.service[103016]: DEBUG glance.api.middleware.version_negotiation [None req-2dfe9e92-da12-441d-9009-3da44cbd4963 tempest-TaggedBootDevicesTest_v242-1909589483 tempest-TaggedBootDevicesTest_v242-1909589483-project-member] new path /v2/images/25bba5aa-cf5c-490d-a4c8-d638ddc60f75/file {{(pid=103016) process_request /opt/stack/glance/glance/api/middleware/version_negotiation.py:70}}
Jul 28 11:37:22.654140 np0000005990 devstack@g-api.service[103016]: DEBUG glance.api.middleware.cache [None req-2dfe9e92-da12-441d-9009-3da44cbd4963 tempest-TaggedBootDevicesTest_v242-1909589483 tempest-TaggedBootDevicesTest_v242-1909589483-project-member] Cache hit for image '25bba5aa-cf5c-490d-a4c8-d638ddc60f75' {{(pid=103016) process_request /opt/stack/glance/glance/api/middleware/cache.py:160}}
Jul 28 11:37:22.713733 np0000005990 devstack@g-api.service[103016]: [pid: 103016|app: 0|req: 12/46] 127.0.0.1 () {44 vars in 1121 bytes} [Tue Jul 28 11:37:22 2026] GET /v2/images/25bba5aa-cf5c-490d-a4c8-d638ddc60f75/file => generated 21692416 bytes in 69 msecs (HTTP/1.1 200) 5 headers in 217 bytes (340 switches on core 0)
Jul 28 11:37:22.847180 np0000005990 devstack@g-api.service[103015]: DEBUG glance.api.middleware.version_negotiation [None req-2dfe9e92-da12-441d-9009-3da44cbd4963 tempest-TaggedBootDevicesTest_v242-1909589483 tempest-TaggedBootDevicesTest_v242-1909589483-project-member] Determining version of request: GET /v2/images/25bba5aa-cf5c-490d-a4c8-d638ddc60f75 Accept: */* {{(pid=103015) process_request /opt/stack/glance/glance/api/middleware/version_negotiation.py:44}}
Jul 28 11:37:22.847412 np0000005990 devstack@g-api.service[103015]: DEBUG glance.api.middleware.version_negotiation [None req-2dfe9e92-da12-441d-9009-3da44cbd4963 tempest-TaggedBootDevicesTest_v242-1909589483 tempest-TaggedBootDevicesTest_v242-1909589483-project-member] Using url versioning {{(pid=103015) process_request /opt/stack/glance/glance/api/middleware/version_negotiation.py:57}}
Jul 28 11:37:22.847608 np0000005990 devstack@g-api.service[103015]: DEBUG glance.api.middleware.version_negotiation [None req-2dfe9e92-da12-441d-9009-3da44cbd4963 tempest-TaggedBootDevicesTest_v242-1909589483 tempest-TaggedBootDevicesTest_v242-1909589483-project-member] Matched version: v2 {{(pid=103015) process_request /opt/stack/glance/glance/api/middleware/version_negotiation.py:69}}
Jul 28 11:37:22.847951 np0000005990 devstack@g-api.service[103015]: DEBUG glance.api.middleware.version_negotiation [None req-2dfe9e92-da12-441d-9009-3da44cbd4963 tempest-TaggedBootDevicesTest_v242-1909589483 tempest-TaggedBootDevicesTest_v242-1909589483-project-member] new path /v2/images/25bba5aa-cf5c-490d-a4c8-d638ddc60f75 {{(pid=103015) process_request /opt/stack/glance/glance/api/middleware/version_negotiation.py:70}}
Jul 28 11:37:22.865781 np0000005990 devstack@g-api.service[103015]: [pid: 103015|app: 0|req: 10/47] 127.0.0.1 () {44 vars in 1111 bytes} [Tue Jul 28 11:37:22 2026] GET /v2/images/25bba5aa-cf5c-490d-a4c8-d638ddc60f75 => generated 1044 bytes in 19 msecs (HTTP/1.1 200) 4 headers in 158 bytes (1 switches on core 0)
Jul 28 11:37:22.872927 np0000005990 devstack@g-api.service[103017]: DEBUG glance.api.middleware.version_negotiation [None req-2dfe9e92-da12-441d-9009-3da44cbd4963 tempest-TaggedBootDevicesTest_v242-1909589483 tempest-TaggedBootDevicesTest_v242-1909589483-project-member] Determining version of request: GET /v2/schemas/image Accept: */* {{(pid=103017) process_request /opt/stack/glance/glance/api/middleware/version_negotiation.py:44}}
Jul 28 11:37:22.873038 np0000005990 devstack@g-api.service[103017]: DEBUG glance.api.middleware.version_negotiation [None req-2dfe9e92-da12-441d-9009-3da44cbd4963 tempest-TaggedBootDevicesTest_v242-1909589483 tempest-TaggedBootDevicesTest_v242-1909589483-project-member] Using url versioning {{(pid=103017) process_request /opt/stack/glance/glance/api/middleware/version_negotiation.py:57}}
Jul 28 11:37:22.873169 np0000005990 devstack@g-api.service[103017]: DEBUG glance.api.middleware.version_negotiation [None req-2dfe9e92-da12-441d-9009-3da44cbd4963 tempest-TaggedBootDevicesTest_v242-1909589483 tempest-TaggedBootDevicesTest_v242-1909589483-project-member] Matched version: v2 {{(pid=103017) process_request /opt/stack/glance/glance/api/middleware/version_negotiation.py:69}}
Jul 28 11:37:22.873257 np0000005990 devstack@g-api.service[103017]: DEBUG glance.api.middleware.version_negotiation [None req-2dfe9e92-da12-441d-9009-3da44cbd4963 tempest-TaggedBootDevicesTest_v242-1909589483 tempest-TaggedBootDevicesTest_v242-1909589483-project-member] new path /v2/schemas/image {{(pid=103017) process_request /opt/stack/glance/glance/api/middleware/version_negotiation.py:70}}
Jul 28 11:37:22.875182 np0000005990 devstack@g-api.service[103017]: [pid: 103017|app: 0|req: 17/48] 127.0.0.1 () {44 vars in 1051 bytes} [Tue Jul 28 11:37:22 2026] GET /v2/schemas/image => generated 6083 bytes in 2 msecs (HTTP/1.1 200) 4 headers in 158 bytes (1 switches on core 0)
Jul 28 11:37:22.991469 np0000005990 devstack@g-api.service[103016]: DEBUG glance.api.middleware.version_negotiation [None req-2dfe9e92-da12-441d-9009-3da44cbd4963 tempest-TaggedBootDevicesTest_v242-1909589483 tempest-TaggedBootDevicesTest_v242-1909589483-project-member] Determining version of request: GET /versions Accept: */* {{(pid=103016) process_request /opt/stack/glance/glance/api/middleware/version_negotiation.py:44}}
Jul 28 11:37:22.996448 np0000005990 devstack@g-api.service[103016]: [pid: 103016|app: 0|req: 13/49] 127.0.0.1 () {44 vars in 1035 bytes} [Tue Jul 28 11:37:22 2026] GET /versions => generated 1501 bytes in 4 msecs (HTTP/1.1 200) 3 headers in 92 bytes (1 switches on core 0)
Jul 28 11:37:23.007073 np0000005990 devstack@g-api.service[103015]: DEBUG glance.api.middleware.version_negotiation [None req-2dfe9e92-da12-441d-9009-3da44cbd4963 tempest-TaggedBootDevicesTest_v242-1909589483 tempest-TaggedBootDevicesTest_v242-1909589483-project-member] Determining version of request: GET /v2/images/25bba5aa-cf5c-490d-a4c8-d638ddc60f75/locations Accept: */* {{(pid=103015) process_request /opt/stack/glance/glance/api/middleware/version_negotiation.py:44}}
Jul 28 11:37:23.007073 np0000005990 devstack@g-api.service[103015]: DEBUG glance.api.middleware.version_negotiation [None req-2dfe9e92-da12-441d-9009-3da44cbd4963 tempest-TaggedBootDevicesTest_v242-1909589483 tempest-TaggedBootDevicesTest_v242-1909589483-project-member] Using url versioning {{(pid=103015) process_request /opt/stack/glance/glance/api/middleware/version_negotiation.py:57}}
Jul 28 11:37:23.007474 np0000005990 devstack@g-api.service[103015]: DEBUG glance.api.middleware.version_negotiation [None req-2dfe9e92-da12-441d-9009-3da44cbd4963 tempest-TaggedBootDevicesTest_v242-1909589483 tempest-TaggedBootDevicesTest_v242-1909589483-project-member] Matched version: v2 {{(pid=103015) process_request /opt/stack/glance/glance/api/middleware/version_negotiation.py:69}}
Jul 28 11:37:23.007474 np0000005990 devstack@g-api.service[103015]: DEBUG glance.api.middleware.version_negotiation [None req-2dfe9e92-da12-441d-9009-3da44cbd4963 tempest-TaggedBootDevicesTest_v242-1909589483 tempest-TaggedBootDevicesTest_v242-1909589483-project-member] new path /v2/images/25bba5aa-cf5c-490d-a4c8-d638ddc60f75/locations {{(pid=103015) process_request /opt/stack/glance/glance/api/middleware/version_negotiation.py:70}}
Jul 28 11:37:23.014954 np0000005990 devstack@g-api.service[103014]: DEBUG glance.location [None req-dc665958-a4f3-411b-8720-98721bd27c02 tempest-AttachSCSIVolumeTestJSON-323303561 tempest-AttachSCSIVolumeTestJSON-323303561-project-admin] Enabling in-flight format inspection for qcow2 {{(pid=103014) set_data /opt/stack/glance/glance/location.py:596}}
Jul 28 11:37:23.015525 np0000005990 devstack@g-api.service[103014]: DEBUG glance_store.backend [None req-dc665958-a4f3-411b-8720-98721bd27c02 tempest-AttachSCSIVolumeTestJSON-323303561 tempest-AttachSCSIVolumeTestJSON-323303561-project-admin] Attempting to import store swift {{(pid=103014) _load_store /opt/stack/data/venv/lib/python3.12/site-packages/glance_store/backend.py:215}}
Jul 28 11:37:23.017235 np0000005990 devstack@g-api.service[103014]: DEBUG glance_store.capabilities [None req-dc665958-a4f3-411b-8720-98721bd27c02 tempest-AttachSCSIVolumeTestJSON-323303561 tempest-AttachSCSIVolumeTestJSON-323303561-project-admin] Store glance_store._drivers.swift.store.SingleTenantStore doesn't support updating dynamic storage capabilities. Please overwrite 'update_capabilities' method of the store to implement updating logics if needed. {{(pid=103014) update_capabilities /opt/stack/data/venv/lib/python3.12/site-packages/glance_store/capabilities.py:91}}
Jul 28 11:37:23.017340 np0000005990 devstack@g-api.service[103014]: DEBUG glance_store.driver [None req-dc665958-a4f3-411b-8720-98721bd27c02 tempest-AttachSCSIVolumeTestJSON-323303561 tempest-AttachSCSIVolumeTestJSON-323303561-project-admin] Late loading location class glance_store._drivers.swift.store.StoreLocation {{(pid=103014) get_store_location_class /opt/stack/data/venv/lib/python3.12/site-packages/glance_store/driver.py:134}}
Jul 28 11:37:23.017504 np0000005990 devstack@g-api.service[103014]: DEBUG glance_store.location [None req-dc665958-a4f3-411b-8720-98721bd27c02 tempest-AttachSCSIVolumeTestJSON-323303561 tempest-AttachSCSIVolumeTestJSON-323303561-project-admin] Registering scheme swift+https with {'store': , 'location_class': , 'store_entry': 'swift'} {{(pid=103014) register_scheme_map /opt/stack/data/venv/lib/python3.12/site-packages/glance_store/location.py:146}}
Jul 28 11:37:23.017504 np0000005990 devstack@g-api.service[103014]: DEBUG glance_store.location [None req-dc665958-a4f3-411b-8720-98721bd27c02 tempest-AttachSCSIVolumeTestJSON-323303561 tempest-AttachSCSIVolumeTestJSON-323303561-project-admin] Registering scheme swift+https with {'store': , 'location_class': , 'store_entry': 'swift'} {{(pid=103014) register_scheme_map /opt/stack/data/venv/lib/python3.12/site-packages/glance_store/location.py:146}}
Jul 28 11:37:23.017639 np0000005990 devstack@g-api.service[103014]: DEBUG glance_store.location [None req-dc665958-a4f3-411b-8720-98721bd27c02 tempest-AttachSCSIVolumeTestJSON-323303561 tempest-AttachSCSIVolumeTestJSON-323303561-project-admin] Registering scheme swift with {'store': , 'location_class': , 'store_entry': 'swift'} {{(pid=103014) register_scheme_map /opt/stack/data/venv/lib/python3.12/site-packages/glance_store/location.py:146}}
Jul 28 11:37:23.017682 np0000005990 devstack@g-api.service[103014]: DEBUG glance_store.location [None req-dc665958-a4f3-411b-8720-98721bd27c02 tempest-AttachSCSIVolumeTestJSON-323303561 tempest-AttachSCSIVolumeTestJSON-323303561-project-admin] Registering scheme swift+https with {'store': , 'location_class': , 'store_entry': 'swift'} {{(pid=103014) register_scheme_map /opt/stack/data/venv/lib/python3.12/site-packages/glance_store/location.py:146}}
Jul 28 11:37:23.017734 np0000005990 devstack@g-api.service[103014]: DEBUG glance_store.location [None req-dc665958-a4f3-411b-8720-98721bd27c02 tempest-AttachSCSIVolumeTestJSON-323303561 tempest-AttachSCSIVolumeTestJSON-323303561-project-admin] Registering scheme swift with {'store': , 'location_class': , 'store_entry': 'swift'} {{(pid=103014) register_scheme_map /opt/stack/data/venv/lib/python3.12/site-packages/glance_store/location.py:146}}
Jul 28 11:37:23.017797 np0000005990 devstack@g-api.service[103014]: DEBUG glance_store.location [None req-dc665958-a4f3-411b-8720-98721bd27c02 tempest-AttachSCSIVolumeTestJSON-323303561 tempest-AttachSCSIVolumeTestJSON-323303561-project-admin] Registering scheme swift+http with {'store': , 'location_class': , 'store_entry': 'swift'} {{(pid=103014) register_scheme_map /opt/stack/data/venv/lib/python3.12/site-packages/glance_store/location.py:146}}
Jul 28 11:37:23.017917 np0000005990 devstack@g-api.service[103014]: DEBUG glance_store.location [None req-dc665958-a4f3-411b-8720-98721bd27c02 tempest-AttachSCSIVolumeTestJSON-323303561 tempest-AttachSCSIVolumeTestJSON-323303561-project-admin] Registering scheme swift+https with {'store': , 'location_class': , 'store_entry': 'swift'} {{(pid=103014) register_scheme_map /opt/stack/data/venv/lib/python3.12/site-packages/glance_store/location.py:146}}
Jul 28 11:37:23.018034 np0000005990 devstack@g-api.service[103014]: DEBUG glance_store.location [None req-dc665958-a4f3-411b-8720-98721bd27c02 tempest-AttachSCSIVolumeTestJSON-323303561 tempest-AttachSCSIVolumeTestJSON-323303561-project-admin] Registering scheme swift with {'store': , 'location_class': , 'store_entry': 'swift'} {{(pid=103014) register_scheme_map /opt/stack/data/venv/lib/python3.12/site-packages/glance_store/location.py:146}}
Jul 28 11:37:23.018199 np0000005990 devstack@g-api.service[103014]: DEBUG glance_store.location [None req-dc665958-a4f3-411b-8720-98721bd27c02 tempest-AttachSCSIVolumeTestJSON-323303561 tempest-AttachSCSIVolumeTestJSON-323303561-project-admin] Registering scheme swift+http with {'store': , 'location_class': , 'store_entry': 'swift'} {{(pid=103014) register_scheme_map /opt/stack/data/venv/lib/python3.12/site-packages/glance_store/location.py:146}}
Jul 28 11:37:23.018308 np0000005990 devstack@g-api.service[103014]: DEBUG glance_store.location [None req-dc665958-a4f3-411b-8720-98721bd27c02 tempest-AttachSCSIVolumeTestJSON-323303561 tempest-AttachSCSIVolumeTestJSON-323303561-project-admin] Registering scheme swift+config with {'store': , 'location_class': , 'store_entry': 'swift'} {{(pid=103014) register_scheme_map /opt/stack/data/venv/lib/python3.12/site-packages/glance_store/location.py:146}}
Jul 28 11:37:23.286131 np0000005990 devstack@g-api.service[103015]: [pid: 103015|app: 0|req: 11/50] 127.0.0.1 () {44 vars in 1131 bytes} [Tue Jul 28 11:37:23 2026] GET /v2/images/25bba5aa-cf5c-490d-a4c8-d638ddc60f75/locations => generated 92 bytes in 279 msecs (HTTP/1.1 200) 4 headers in 156 bytes (1 switches on core 0)
Jul 28 11:37:23.295142 np0000005990 devstack@g-api.service[103017]: DEBUG glance.api.middleware.version_negotiation [None req-2dfe9e92-da12-441d-9009-3da44cbd4963 tempest-TaggedBootDevicesTest_v242-1909589483 tempest-TaggedBootDevicesTest_v242-1909589483-project-member] Determining version of request: GET /v2/images/25bba5aa-cf5c-490d-a4c8-d638ddc60f75 Accept: */* {{(pid=103017) process_request /opt/stack/glance/glance/api/middleware/version_negotiation.py:44}}
Jul 28 11:37:23.295142 np0000005990 devstack@g-api.service[103017]: DEBUG glance.api.middleware.version_negotiation [None req-2dfe9e92-da12-441d-9009-3da44cbd4963 tempest-TaggedBootDevicesTest_v242-1909589483 tempest-TaggedBootDevicesTest_v242-1909589483-project-member] Using url versioning {{(pid=103017) process_request /opt/stack/glance/glance/api/middleware/version_negotiation.py:57}}
Jul 28 11:37:23.295142 np0000005990 devstack@g-api.service[103017]: DEBUG glance.api.middleware.version_negotiation [None req-2dfe9e92-da12-441d-9009-3da44cbd4963 tempest-TaggedBootDevicesTest_v242-1909589483 tempest-TaggedBootDevicesTest_v242-1909589483-project-member] Matched version: v2 {{(pid=103017) process_request /opt/stack/glance/glance/api/middleware/version_negotiation.py:69}}
Jul 28 11:37:23.295773 np0000005990 devstack@g-api.service[103017]: DEBUG glance.api.middleware.version_negotiation [None req-2dfe9e92-da12-441d-9009-3da44cbd4963 tempest-TaggedBootDevicesTest_v242-1909589483 tempest-TaggedBootDevicesTest_v242-1909589483-project-member] new path /v2/images/25bba5aa-cf5c-490d-a4c8-d638ddc60f75 {{(pid=103017) process_request /opt/stack/glance/glance/api/middleware/version_negotiation.py:70}}
Jul 28 11:37:23.307942 np0000005990 devstack@g-api.service[103017]: [pid: 103017|app: 0|req: 18/51] 127.0.0.1 () {44 vars in 1111 bytes} [Tue Jul 28 11:37:23 2026] GET /v2/images/25bba5aa-cf5c-490d-a4c8-d638ddc60f75 => generated 1044 bytes in 13 msecs (HTTP/1.1 200) 4 headers in 158 bytes (1 switches on core 0)
Jul 28 11:37:23.315885 np0000005990 devstack@g-api.service[103016]: DEBUG glance.api.middleware.version_negotiation [None req-2dfe9e92-da12-441d-9009-3da44cbd4963 tempest-TaggedBootDevicesTest_v242-1909589483 tempest-TaggedBootDevicesTest_v242-1909589483-project-member] Determining version of request: GET /v2/schemas/image Accept: */* {{(pid=103016) process_request /opt/stack/glance/glance/api/middleware/version_negotiation.py:44}}
Jul 28 11:37:23.316346 np0000005990 devstack@g-api.service[103016]: DEBUG glance.api.middleware.version_negotiation [None req-2dfe9e92-da12-441d-9009-3da44cbd4963 tempest-TaggedBootDevicesTest_v242-1909589483 tempest-TaggedBootDevicesTest_v242-1909589483-project-member] Using url versioning {{(pid=103016) process_request /opt/stack/glance/glance/api/middleware/version_negotiation.py:57}}
Jul 28 11:37:23.316346 np0000005990 devstack@g-api.service[103016]: DEBUG glance.api.middleware.version_negotiation [None req-2dfe9e92-da12-441d-9009-3da44cbd4963 tempest-TaggedBootDevicesTest_v242-1909589483 tempest-TaggedBootDevicesTest_v242-1909589483-project-member] Matched version: v2 {{(pid=103016) process_request /opt/stack/glance/glance/api/middleware/version_negotiation.py:69}}
Jul 28 11:37:23.316346 np0000005990 devstack@g-api.service[103016]: DEBUG glance.api.middleware.version_negotiation [None req-2dfe9e92-da12-441d-9009-3da44cbd4963 tempest-TaggedBootDevicesTest_v242-1909589483 tempest-TaggedBootDevicesTest_v242-1909589483-project-member] new path /v2/schemas/image {{(pid=103016) process_request /opt/stack/glance/glance/api/middleware/version_negotiation.py:70}}
Jul 28 11:37:23.320296 np0000005990 devstack@g-api.service[103016]: [pid: 103016|app: 0|req: 14/52] 127.0.0.1 () {44 vars in 1051 bytes} [Tue Jul 28 11:37:23 2026] GET /v2/schemas/image => generated 6083 bytes in 4 msecs (HTTP/1.1 200) 4 headers in 158 bytes (1 switches on core 0)
Jul 28 11:37:23.329135 np0000005990 devstack@g-api.service[103015]: DEBUG glance.api.middleware.version_negotiation [None req-9bea4be0-aaca-4804-9509-10312656373b service glance] Determining version of request: GET /v2/schemas/image Accept: */* {{(pid=103015) process_request /opt/stack/glance/glance/api/middleware/version_negotiation.py:44}}
Jul 28 11:37:23.329267 np0000005990 devstack@g-api.service[103015]: DEBUG glance.api.middleware.version_negotiation [None req-9bea4be0-aaca-4804-9509-10312656373b service glance] Using url versioning {{(pid=103015) process_request /opt/stack/glance/glance/api/middleware/version_negotiation.py:57}}
Jul 28 11:37:23.329374 np0000005990 devstack@g-api.service[103015]: DEBUG glance.api.middleware.version_negotiation [None req-9bea4be0-aaca-4804-9509-10312656373b service glance] Matched version: v2 {{(pid=103015) process_request /opt/stack/glance/glance/api/middleware/version_negotiation.py:69}}
Jul 28 11:37:23.329457 np0000005990 devstack@g-api.service[103015]: DEBUG glance.api.middleware.version_negotiation [None req-9bea4be0-aaca-4804-9509-10312656373b service glance] new path /v2/schemas/image {{(pid=103015) process_request /opt/stack/glance/glance/api/middleware/version_negotiation.py:70}}
Jul 28 11:37:23.332232 np0000005990 devstack@g-api.service[103015]: [pid: 103015|app: 0|req: 12/53] 127.0.0.1 () {44 vars in 1051 bytes} [Tue Jul 28 11:37:23 2026] GET /v2/schemas/image => generated 6083 bytes in 3 msecs (HTTP/1.1 200) 4 headers in 158 bytes (1 switches on core 0)
Jul 28 11:37:23.398282 np0000005990 devstack@g-api.service[103014]: DEBUG swiftclient [None req-dc665958-a4f3-411b-8720-98721bd27c02 tempest-AttachSCSIVolumeTestJSON-323303561 tempest-AttachSCSIVolumeTestJSON-323303561-project-admin] REQ: curl -i https://10.4.3.62:8080/v1/AUTH_31b012dd748146238473a896e07bf7f0/glance -I -H "X-Auth-Token: gAAAAABqaJRzMAqn..." {{(pid=103014) http_log /opt/stack/data/venv/lib/python3.12/site-packages/swiftclient/client.py:160}}
Jul 28 11:37:23.398282 np0000005990 devstack@g-api.service[103014]: DEBUG swiftclient [None req-dc665958-a4f3-411b-8720-98721bd27c02 tempest-AttachSCSIVolumeTestJSON-323303561 tempest-AttachSCSIVolumeTestJSON-323303561-project-admin] RESP STATUS: 204 No Content {{(pid=103014) http_log /opt/stack/data/venv/lib/python3.12/site-packages/swiftclient/client.py:161}}
Jul 28 11:37:23.398616 np0000005990 devstack@g-api.service[103014]: DEBUG swiftclient [None req-dc665958-a4f3-411b-8720-98721bd27c02 tempest-AttachSCSIVolumeTestJSON-323303561 tempest-AttachSCSIVolumeTestJSON-323303561-project-admin] RESP HEADERS: {'Date': 'Tue, 28 Jul 2026 11:37:23 GMT', 'Server': 'Apache/2.4.58 (Ubuntu)', 'Content-Type': 'text/plain; charset=utf-8', 'X-Container-Object-Count': '3', 'X-Container-Bytes-Used': '64356352', 'X-Timestamp': '1785238527.48578', 'Last-Modified': 'Tue, 28 Jul 2026 11:35:28 GMT', 'Accept-Ranges': 'bytes', 'X-Storage-Policy': 'Policy-0', 'X-Container-Sharding': 'False', 'Vary': 'Accept', 'X-Trans-Id': 'txc5785c4d151c4653b71f4-006a689473', 'X-Openstack-Request-Id': 'txc5785c4d151c4653b71f4-006a689473', 'Connection': 'close'} {{(pid=103014) http_log /opt/stack/data/venv/lib/python3.12/site-packages/swiftclient/client.py:162}}
Jul 28 11:37:23.398616 np0000005990 devstack@g-api.service[103014]: DEBUG glance_store._drivers.swift.store [None req-dc665958-a4f3-411b-8720-98721bd27c02 tempest-AttachSCSIVolumeTestJSON-323303561 tempest-AttachSCSIVolumeTestJSON-323303561-project-admin] Adding image object '11537890-520d-4dc1-8513-0d1c5ea0fdd7' to Swift {{(pid=103014) add /opt/stack/data/venv/lib/python3.12/site-packages/glance_store/_drivers/swift/store.py:970}}
Jul 28 11:37:23.398616 np0000005990 devstack@g-api.service[103014]: DEBUG glance_store._drivers.swift.store [None req-dc665958-a4f3-411b-8720-98721bd27c02 tempest-AttachSCSIVolumeTestJSON-323303561 tempest-AttachSCSIVolumeTestJSON-323303561-project-admin] Cannot determine image size because it is either not provided in the request or chunked-transfer encoding is used. Adding image as a segmented object to Swift. {{(pid=103014) add /opt/stack/data/venv/lib/python3.12/site-packages/glance_store/_drivers/swift/store.py:994}}
Jul 28 11:37:23.404712 np0000005990 devstack@g-api.service[103014]: DEBUG oslo_utils.imageutils.format_inspector [None req-dc665958-a4f3-411b-8720-98721bd27c02 tempest-AttachSCSIVolumeTestJSON-323303561 tempest-AttachSCSIVolumeTestJSON-323303561-project-admin] Format inspector for vmdk does not match, excluding from consideration (Signature KDMV not found: b'QFI\xfb') {{(pid=103014) _process_chunk /opt/stack/data/venv/lib/python3.12/site-packages/oslo_utils/imageutils/format_inspector.py:1758}}
Jul 28 11:37:23.407283 np0000005990 devstack@g-api.service[103014]: DEBUG oslo_utils.imageutils.format_inspector [None req-dc665958-a4f3-411b-8720-98721bd27c02 tempest-AttachSCSIVolumeTestJSON-323303561 tempest-AttachSCSIVolumeTestJSON-323303561-project-admin] Format inspector for vhdx does not match, excluding from consideration (Region signature not found at 30000) {{(pid=103014) _process_chunk /opt/stack/data/venv/lib/python3.12/site-packages/oslo_utils/imageutils/format_inspector.py:1758}}
Jul 28 11:37:23.663567 np0000005990 devstack@g-api.service[103014]: DEBUG swiftclient [None req-dc665958-a4f3-411b-8720-98721bd27c02 tempest-AttachSCSIVolumeTestJSON-323303561 tempest-AttachSCSIVolumeTestJSON-323303561-project-admin] REQ: curl -i https://10.4.3.62:8080/v1/AUTH_31b012dd748146238473a896e07bf7f0/glance/11537890-520d-4dc1-8513-0d1c5ea0fdd7-00001 -X PUT -H "X-Auth-Token: gAAAAABqaJRzMAqn..." {{(pid=103014) http_log /opt/stack/data/venv/lib/python3.12/site-packages/swiftclient/client.py:160}}
Jul 28 11:37:23.663651 np0000005990 devstack@g-api.service[103014]: DEBUG swiftclient [None req-dc665958-a4f3-411b-8720-98721bd27c02 tempest-AttachSCSIVolumeTestJSON-323303561 tempest-AttachSCSIVolumeTestJSON-323303561-project-admin] RESP STATUS: 201 Created {{(pid=103014) http_log /opt/stack/data/venv/lib/python3.12/site-packages/swiftclient/client.py:161}}
Jul 28 11:37:23.663774 np0000005990 devstack@g-api.service[103014]: DEBUG swiftclient [None req-dc665958-a4f3-411b-8720-98721bd27c02 tempest-AttachSCSIVolumeTestJSON-323303561 tempest-AttachSCSIVolumeTestJSON-323303561-project-admin] RESP HEADERS: {'Date': 'Tue, 28 Jul 2026 11:37:23 GMT', 'Server': 'Apache/2.4.58 (Ubuntu)', 'Content-Type': 'text/html; charset=UTF-8', 'Content-Length': '0', 'Etag': '87617e24a5e30cb3b87fda8c0764838f', 'Last-Modified': 'Tue, 28 Jul 2026 11:37:24 GMT', 'X-Trans-Id': 'tx7afe8bc95b7740278f807-006a689473', 'X-Openstack-Request-Id': 'tx7afe8bc95b7740278f807-006a689473', 'Connection': 'close'} {{(pid=103014) http_log /opt/stack/data/venv/lib/python3.12/site-packages/swiftclient/client.py:162}}
Jul 28 11:37:23.663872 np0000005990 devstack@g-api.service[103014]: DEBUG glance_store._drivers.swift.store [None req-dc665958-a4f3-411b-8720-98721bd27c02 tempest-AttachSCSIVolumeTestJSON-323303561 tempest-AttachSCSIVolumeTestJSON-323303561-project-admin] Wrote chunk 11537890-520d-4dc1-8513-0d1c5ea0fdd7-00001 (1/?) of length 21692416 to Swift returning MD5 of content: 87617e24a5e30cb3b87fda8c0764838f {{(pid=103014) add /opt/stack/data/venv/lib/python3.12/site-packages/glance_store/_drivers/swift/store.py:1059}}
Jul 28 11:37:23.666870 np0000005990 devstack@g-api.service[103014]: DEBUG glance_store._drivers.swift.store [None req-dc665958-a4f3-411b-8720-98721bd27c02 tempest-AttachSCSIVolumeTestJSON-323303561 tempest-AttachSCSIVolumeTestJSON-323303561-project-admin] Not writing zero-length chunk. {{(pid=103014) add /opt/stack/data/venv/lib/python3.12/site-packages/glance_store/_drivers/swift/store.py:1028}}
Jul 28 11:37:23.708149 np0000005990 devstack@g-api.service[103014]: DEBUG swiftclient [None req-dc665958-a4f3-411b-8720-98721bd27c02 tempest-AttachSCSIVolumeTestJSON-323303561 tempest-AttachSCSIVolumeTestJSON-323303561-project-admin] REQ: curl -i https://10.4.3.62:8080/v1/AUTH_31b012dd748146238473a896e07bf7f0/glance/11537890-520d-4dc1-8513-0d1c5ea0fdd7 -X PUT -H "X-Object-Manifest: glance/11537890-520d-4dc1-8513-0d1c5ea0fdd7-" -H "X-Auth-Token: gAAAAABqaJRzMAqn..." -H "Content-Length: 0" {{(pid=103014) http_log /opt/stack/data/venv/lib/python3.12/site-packages/swiftclient/client.py:160}}
Jul 28 11:37:23.708308 np0000005990 devstack@g-api.service[103014]: DEBUG swiftclient [None req-dc665958-a4f3-411b-8720-98721bd27c02 tempest-AttachSCSIVolumeTestJSON-323303561 tempest-AttachSCSIVolumeTestJSON-323303561-project-admin] RESP STATUS: 201 Created {{(pid=103014) http_log /opt/stack/data/venv/lib/python3.12/site-packages/swiftclient/client.py:161}}
Jul 28 11:37:23.708533 np0000005990 devstack@g-api.service[103014]: DEBUG swiftclient [None req-dc665958-a4f3-411b-8720-98721bd27c02 tempest-AttachSCSIVolumeTestJSON-323303561 tempest-AttachSCSIVolumeTestJSON-323303561-project-admin] RESP HEADERS: {'Date': 'Tue, 28 Jul 2026 11:37:23 GMT', 'Server': 'Apache/2.4.58 (Ubuntu)', 'Content-Type': 'text/html; charset=UTF-8', 'Content-Length': '0', 'Etag': 'd41d8cd98f00b204e9800998ecf8427e', 'Last-Modified': 'Tue, 28 Jul 2026 11:37:24 GMT', 'X-Trans-Id': 'tx767854f6b2ce4a0cbec47-006a689473', 'X-Openstack-Request-Id': 'tx767854f6b2ce4a0cbec47-006a689473', 'Connection': 'close'} {{(pid=103014) http_log /opt/stack/data/venv/lib/python3.12/site-packages/swiftclient/client.py:162}}
Jul 28 11:37:23.709248 np0000005990 devstack@g-api.service[103014]: INFO glance.location [None req-dc665958-a4f3-411b-8720-98721bd27c02 tempest-AttachSCSIVolumeTestJSON-323303561 tempest-AttachSCSIVolumeTestJSON-323303561-project-admin] Image format matched and virtual size computed: 117440512
Jul 28 11:37:23.743617 np0000005990 devstack@g-api.service[103017]: DEBUG glance.api.middleware.version_negotiation [None req-9bea4be0-aaca-4804-9509-10312656373b tempest-TaggedBootDevicesTest-1352888940 tempest-TaggedBootDevicesTest-1352888940-project-member] Determining version of request: GET /v2/images/25bba5aa-cf5c-490d-a4c8-d638ddc60f75 Accept: */* {{(pid=103017) process_request /opt/stack/glance/glance/api/middleware/version_negotiation.py:44}}
Jul 28 11:37:23.743811 np0000005990 devstack@g-api.service[103017]: DEBUG glance.api.middleware.version_negotiation [None req-9bea4be0-aaca-4804-9509-10312656373b tempest-TaggedBootDevicesTest-1352888940 tempest-TaggedBootDevicesTest-1352888940-project-member] Using url versioning {{(pid=103017) process_request /opt/stack/glance/glance/api/middleware/version_negotiation.py:57}}
Jul 28 11:37:23.743999 np0000005990 devstack@g-api.service[103017]: DEBUG glance.api.middleware.version_negotiation [None req-9bea4be0-aaca-4804-9509-10312656373b tempest-TaggedBootDevicesTest-1352888940 tempest-TaggedBootDevicesTest-1352888940-project-member] Matched version: v2 {{(pid=103017) process_request /opt/stack/glance/glance/api/middleware/version_negotiation.py:69}}
Jul 28 11:37:23.744169 np0000005990 devstack@g-api.service[103017]: DEBUG glance.api.middleware.version_negotiation [None req-9bea4be0-aaca-4804-9509-10312656373b tempest-TaggedBootDevicesTest-1352888940 tempest-TaggedBootDevicesTest-1352888940-project-member] new path /v2/images/25bba5aa-cf5c-490d-a4c8-d638ddc60f75 {{(pid=103017) process_request /opt/stack/glance/glance/api/middleware/version_negotiation.py:70}}
Jul 28 11:37:23.747966 np0000005990 devstack@g-api.service[103014]: DEBUG glance_store.backend [None req-dc665958-a4f3-411b-8720-98721bd27c02 tempest-AttachSCSIVolumeTestJSON-323303561 tempest-AttachSCSIVolumeTestJSON-323303561-project-admin] Attempting to import store swift {{(pid=103014) _load_store /opt/stack/data/venv/lib/python3.12/site-packages/glance_store/backend.py:215}}
Jul 28 11:37:23.749552 np0000005990 devstack@g-api.service[103014]: DEBUG glance_store.capabilities [None req-dc665958-a4f3-411b-8720-98721bd27c02 tempest-AttachSCSIVolumeTestJSON-323303561 tempest-AttachSCSIVolumeTestJSON-323303561-project-admin] Store glance_store._drivers.swift.store.SingleTenantStore doesn't support updating dynamic storage capabilities. Please overwrite 'update_capabilities' method of the store to implement updating logics if needed. {{(pid=103014) update_capabilities /opt/stack/data/venv/lib/python3.12/site-packages/glance_store/capabilities.py:91}}
Jul 28 11:37:23.749739 np0000005990 devstack@g-api.service[103014]: DEBUG glance_store.driver [None req-dc665958-a4f3-411b-8720-98721bd27c02 tempest-AttachSCSIVolumeTestJSON-323303561 tempest-AttachSCSIVolumeTestJSON-323303561-project-admin] Late loading location class glance_store._drivers.swift.store.StoreLocation {{(pid=103014) get_store_location_class /opt/stack/data/venv/lib/python3.12/site-packages/glance_store/driver.py:134}}
Jul 28 11:37:23.749910 np0000005990 devstack@g-api.service[103014]: DEBUG glance_store.location [None req-dc665958-a4f3-411b-8720-98721bd27c02 tempest-AttachSCSIVolumeTestJSON-323303561 tempest-AttachSCSIVolumeTestJSON-323303561-project-admin] Registering scheme swift+https with {'store': , 'location_class': , 'store_entry': 'swift'} {{(pid=103014) register_scheme_map /opt/stack/data/venv/lib/python3.12/site-packages/glance_store/location.py:146}}
Jul 28 11:37:23.750223 np0000005990 devstack@g-api.service[103014]: DEBUG glance_store.location [None req-dc665958-a4f3-411b-8720-98721bd27c02 tempest-AttachSCSIVolumeTestJSON-323303561 tempest-AttachSCSIVolumeTestJSON-323303561-project-admin] Registering scheme swift+https with {'store': , 'location_class': , 'store_entry': 'swift'} {{(pid=103014) register_scheme_map /opt/stack/data/venv/lib/python3.12/site-packages/glance_store/location.py:146}}
Jul 28 11:37:23.750223 np0000005990 devstack@g-api.service[103014]: DEBUG glance_store.location [None req-dc665958-a4f3-411b-8720-98721bd27c02 tempest-AttachSCSIVolumeTestJSON-323303561 tempest-AttachSCSIVolumeTestJSON-323303561-project-admin] Registering scheme swift with {'store': , 'location_class': , 'store_entry': 'swift'} {{(pid=103014) register_scheme_map /opt/stack/data/venv/lib/python3.12/site-packages/glance_store/location.py:146}}
Jul 28 11:37:23.750378 np0000005990 devstack@g-api.service[103014]: DEBUG glance_store.location [None req-dc665958-a4f3-411b-8720-98721bd27c02 tempest-AttachSCSIVolumeTestJSON-323303561 tempest-AttachSCSIVolumeTestJSON-323303561-project-admin] Registering scheme swift+https with {'store': , 'location_class': , 'store_entry': 'swift'} {{(pid=103014) register_scheme_map /opt/stack/data/venv/lib/python3.12/site-packages/glance_store/location.py:146}}
Jul 28 11:37:23.750486 np0000005990 devstack@g-api.service[103014]: DEBUG glance_store.location [None req-dc665958-a4f3-411b-8720-98721bd27c02 tempest-AttachSCSIVolumeTestJSON-323303561 tempest-AttachSCSIVolumeTestJSON-323303561-project-admin] Registering scheme swift with {'store': , 'location_class': , 'store_entry': 'swift'} {{(pid=103014) register_scheme_map /opt/stack/data/venv/lib/python3.12/site-packages/glance_store/location.py:146}}
Jul 28 11:37:23.750790 np0000005990 devstack@g-api.service[103014]: DEBUG glance_store.location [None req-dc665958-a4f3-411b-8720-98721bd27c02 tempest-AttachSCSIVolumeTestJSON-323303561 tempest-AttachSCSIVolumeTestJSON-323303561-project-admin] Registering scheme swift+http with {'store': , 'location_class': , 'store_entry': 'swift'} {{(pid=103014) register_scheme_map /opt/stack/data/venv/lib/python3.12/site-packages/glance_store/location.py:146}}
