Jul 01 00:53:21.428796 np0000004061 devstack@g-api.service[99496]: DEBUG glance_store.location [-] Registering scheme swift+https with {'store': , 'location_class': , 'store_entry': 'swift'} {{(pid=99496) register_scheme_map /opt/stack/data/venv/lib/python3.12/site-packages/glance_store/location.py:146}}
Jul 01 00:53:21.428817 np0000004061 devstack@g-api.service[99497]: DEBUG glance_store.location [-] Registering scheme swift+http with {'store': , 'location_class': , 'store_entry': 'swift'} {{(pid=99497) register_scheme_map /opt/stack/data/venv/lib/python3.12/site-packages/glance_store/location.py:146}}
Jul 01 00:53:21.428839 np0000004061 devstack@g-api.service[99496]: DEBUG glance_store.location [-] Registering scheme swift with {'store': , 'location_class': , 'store_entry': 'swift'} {{(pid=99496) register_scheme_map /opt/stack/data/venv/lib/python3.12/site-packages/glance_store/location.py:146}}
Jul 01 00:53:21.428860 np0000004061 devstack@g-api.service[99497]: DEBUG glance_store.location [-] Registering scheme swift+https with {'store': , 'location_class': , 'store_entry': 'swift'} {{(pid=99497) register_scheme_map /opt/stack/data/venv/lib/python3.12/site-packages/glance_store/location.py:146}}
Jul 01 00:53:21.428880 np0000004061 devstack@g-api.service[99496]: DEBUG glance_store.location [-] Registering scheme swift+http with {'store': , 'location_class': , 'store_entry': 'swift'} {{(pid=99496) register_scheme_map /opt/stack/data/venv/lib/python3.12/site-packages/glance_store/location.py:146}}
Jul 01 00:53:21.428902 np0000004061 devstack@g-api.service[99497]: DEBUG glance_store.location [-] Registering scheme swift with {'store': , 'location_class': , 'store_entry': 'swift'} {{(pid=99497) register_scheme_map /opt/stack/data/venv/lib/python3.12/site-packages/glance_store/location.py:146}}
Jul 01 00:53:21.428923 np0000004061 devstack@g-api.service[99496]: DEBUG glance_store.location [-] Registering scheme swift+config with {'store': , 'location_class': , 'store_entry': 'swift'} {{(pid=99496) register_scheme_map /opt/stack/data/venv/lib/python3.12/site-packages/glance_store/location.py:146}}
Jul 01 00:53:21.428944 np0000004061 devstack@g-api.service[99497]: DEBUG glance_store.location [-] Registering scheme swift+http with {'store': , 'location_class': , 'store_entry': 'swift'} {{(pid=99497) register_scheme_map /opt/stack/data/venv/lib/python3.12/site-packages/glance_store/location.py:146}}
Jul 01 00:53:21.429036 np0000004061 devstack@g-api.service[99497]: DEBUG glance_store.location [-] Registering scheme swift+config with {'store': , 'location_class': , 'store_entry': 'swift'} {{(pid=99497) register_scheme_map /opt/stack/data/venv/lib/python3.12/site-packages/glance_store/location.py:146}}
Jul 01 00:53:21.429167 np0000004061 devstack@g-api.service[99495]: DEBUG glance_store.capabilities [-] Store glance_store._drivers.swift.store.SingleTenantStore doesn't support updating dynamic storage capabilities. Please overwrite 'update_capabilities' method of the store to implement updating logics if needed. {{(pid=99495) update_capabilities /opt/stack/data/venv/lib/python3.12/site-packages/glance_store/capabilities.py:91}}
Jul 01 00:53:21.429210 np0000004061 devstack@g-api.service[99496]: DEBUG glance.sqlite_migration [-] SQLite caching database not located, skipping migration {{(pid=99496) get_db_path /opt/stack/glance/glance/sqlite_migration.py:68}}
Jul 01 00:53:21.429235 np0000004061 devstack@g-api.service[99495]: DEBUG glance_store.driver [-] Late loading location class glance_store._drivers.swift.store.StoreLocation {{(pid=99495) get_store_location_class /opt/stack/data/venv/lib/python3.12/site-packages/glance_store/driver.py:134}}
Jul 01 00:53:21.429336 np0000004061 devstack@g-api.service[99495]: DEBUG glance_store.location [-] Registering scheme swift+https with {'store': , 'location_class': , 'store_entry': 'swift'} {{(pid=99495) register_scheme_map /opt/stack/data/venv/lib/python3.12/site-packages/glance_store/location.py:146}}
Jul 01 00:53:21.429378 np0000004061 devstack@g-api.service[99497]: DEBUG glance.sqlite_migration [-] SQLite caching database not located, skipping migration {{(pid=99497) get_db_path /opt/stack/glance/glance/sqlite_migration.py:68}}
Jul 01 00:53:21.429406 np0000004061 devstack@g-api.service[99495]: DEBUG glance_store.location [-] Registering scheme swift+https with {'store': , 'location_class': , 'store_entry': 'swift'} {{(pid=99495) register_scheme_map /opt/stack/data/venv/lib/python3.12/site-packages/glance_store/location.py:146}}
Jul 01 00:53:21.429429 np0000004061 devstack@g-api.service[99496]: WARNING glance.common.wsgi_app [-] Import methods are enabled but staging directory /tmp/staging/ does not exist; Imports will fail!
Jul 01 00:53:21.429478 np0000004061 devstack@g-api.service[99495]: DEBUG glance_store.location [-] Registering scheme swift with {'store': , 'location_class': , 'store_entry': 'swift'} {{(pid=99495) register_scheme_map /opt/stack/data/venv/lib/python3.12/site-packages/glance_store/location.py:146}}
Jul 01 00:53:21.429513 np0000004061 devstack@g-api.service[99495]: DEBUG glance_store.location [-] Registering scheme swift+https with {'store': , 'location_class': , 'store_entry': 'swift'} {{(pid=99495) register_scheme_map /opt/stack/data/venv/lib/python3.12/site-packages/glance_store/location.py:146}}
Jul 01 00:53:21.429537 np0000004061 devstack@g-api.service[99495]: DEBUG glance_store.location [-] Registering scheme swift with {'store': , 'location_class': , 'store_entry': 'swift'} {{(pid=99495) register_scheme_map /opt/stack/data/venv/lib/python3.12/site-packages/glance_store/location.py:146}}
Jul 01 00:53:21.429588 np0000004061 devstack@g-api.service[99495]: DEBUG glance_store.location [-] Registering scheme swift+http with {'store': , 'location_class': , 'store_entry': 'swift'} {{(pid=99495) register_scheme_map /opt/stack/data/venv/lib/python3.12/site-packages/glance_store/location.py:146}}
Jul 01 00:53:21.429615 np0000004061 devstack@g-api.service[99497]: WARNING glance.common.wsgi_app [-] Import methods are enabled but staging directory /tmp/staging/ does not exist; Imports will fail!
Jul 01 00:53:21.429666 np0000004061 devstack@g-api.service[99495]: DEBUG glance_store.location [-] Registering scheme swift+https with {'store': , 'location_class': , 'store_entry': 'swift'} {{(pid=99495) register_scheme_map /opt/stack/data/venv/lib/python3.12/site-packages/glance_store/location.py:146}}
Jul 01 00:53:21.429740 np0000004061 devstack@g-api.service[99495]: DEBUG glance_store.location [-] Registering scheme swift with {'store': , 'location_class': , 'store_entry': 'swift'} {{(pid=99495) register_scheme_map /opt/stack/data/venv/lib/python3.12/site-packages/glance_store/location.py:146}}
Jul 01 00:53:21.429817 np0000004061 devstack@g-api.service[99495]: DEBUG glance_store.location [-] Registering scheme swift+http with {'store': , 'location_class': , 'store_entry': 'swift'} {{(pid=99495) register_scheme_map /opt/stack/data/venv/lib/python3.12/site-packages/glance_store/location.py:146}}
Jul 01 00:53:21.429899 np0000004061 devstack@g-api.service[99495]: DEBUG glance_store.location [-] Registering scheme swift+config with {'store': , 'location_class': , 'store_entry': 'swift'} {{(pid=99495) register_scheme_map /opt/stack/data/venv/lib/python3.12/site-packages/glance_store/location.py:146}}
Jul 01 00:53:21.430303 np0000004061 devstack@g-api.service[99495]: DEBUG glance.sqlite_migration [-] SQLite caching database not located, skipping migration {{(pid=99495) get_db_path /opt/stack/glance/glance/sqlite_migration.py:68}}
Jul 01 00:53:21.430721 np0000004061 devstack@g-api.service[99495]: WARNING glance.common.wsgi_app [-] Import methods are enabled but staging directory /tmp/staging/ does not exist; Imports will fail!
Jul 01 00:53:21.561670 np0000004061 devstack@g-api.service[99497]: DEBUG glance.common.config [None req-0f35cba2-6bdf-49d7-9239-35deaf2afb75 None None] Loading glance-api-keystone+cachemanagement from /etc/glance/glance-api-paste.ini {{(pid=99497) load_paste_app /opt/stack/glance/glance/common/config.py:759}}
Jul 01 00:53:21.568340 np0000004061 devstack@g-api.service[99496]: DEBUG glance.common.config [None req-05ccd7e3-4f08-4bd0-8048-e48933b0ae79 None None] Loading glance-api-keystone+cachemanagement from /etc/glance/glance-api-paste.ini {{(pid=99496) load_paste_app /opt/stack/glance/glance/common/config.py:759}}
Jul 01 00:53:21.576994 np0000004061 devstack@g-api.service[99495]: DEBUG glance.common.config [None req-c817de97-e161-4646-96f5-db8117afa9dd None None] Loading glance-api-keystone+cachemanagement from /etc/glance/glance-api-paste.ini {{(pid=99495) load_paste_app /opt/stack/glance/glance/common/config.py:759}}
Jul 01 00:53:22.173680 np0000004061 devstack@g-api.service[99496]: INFO glance.image_cache [None req-05ccd7e3-4f08-4bd0-8048-e48933b0ae79 None None] Image cache loaded driver 'centralized_db'.
Jul 01 00:53:22.174810 np0000004061 devstack@g-api.service[99497]: INFO glance.image_cache [None req-0f35cba2-6bdf-49d7-9239-35deaf2afb75 None None] Image cache loaded driver 'centralized_db'.
Jul 01 00:53:22.181803 np0000004061 devstack@g-api.service[99495]: INFO glance.image_cache [None req-c817de97-e161-4646-96f5-db8117afa9dd None None] Image cache loaded driver 'centralized_db'.
Jul 01 00:53:22.217054 np0000004061 devstack@g-api.service[99497]: INFO dbcounter [None req-0f35cba2-6bdf-49d7-9239-35deaf2afb75 None None] Registered counter for database glance
Jul 01 00:53:22.217733 np0000004061 devstack@g-api.service[99496]: INFO dbcounter [None req-05ccd7e3-4f08-4bd0-8048-e48933b0ae79 None None] Registered counter for database glance
Jul 01 00:53:22.222057 np0000004061 devstack@g-api.service[99495]: INFO dbcounter [None req-c817de97-e161-4646-96f5-db8117afa9dd None None] Registered counter for database glance
Jul 01 00:53:22.259890 np0000004061 devstack@g-api.service[99497]: DEBUG oslo_db.sqlalchemy.engines [None req-0f35cba2-6bdf-49d7-9239-35deaf2afb75 None None] MySQL server mode set to STRICT_TRANS_TABLES,STRICT_ALL_TABLES,NO_ZERO_IN_DATE,NO_ZERO_DATE,ERROR_FOR_DIVISION_BY_ZERO,TRADITIONAL,NO_ENGINE_SUBSTITUTION {{(pid=99497) _check_effective_sql_mode /opt/stack/data/venv/lib/python3.12/site-packages/oslo_db/sqlalchemy/engines.py:325}}
Jul 01 00:53:22.264150 np0000004061 devstack@g-api.service[99495]: DEBUG oslo_db.sqlalchemy.engines [None req-c817de97-e161-4646-96f5-db8117afa9dd None None] MySQL server mode set to STRICT_TRANS_TABLES,STRICT_ALL_TABLES,NO_ZERO_IN_DATE,NO_ZERO_DATE,ERROR_FOR_DIVISION_BY_ZERO,TRADITIONAL,NO_ENGINE_SUBSTITUTION {{(pid=99495) _check_effective_sql_mode /opt/stack/data/venv/lib/python3.12/site-packages/oslo_db/sqlalchemy/engines.py:325}}
Jul 01 00:53:22.266938 np0000004061 devstack@g-api.service[99496]: DEBUG oslo_db.sqlalchemy.engines [None req-05ccd7e3-4f08-4bd0-8048-e48933b0ae79 None None] MySQL server mode set to STRICT_TRANS_TABLES,STRICT_ALL_TABLES,NO_ZERO_IN_DATE,NO_ZERO_DATE,ERROR_FOR_DIVISION_BY_ZERO,TRADITIONAL,NO_ENGINE_SUBSTITUTION {{(pid=99496) _check_effective_sql_mode /opt/stack/data/venv/lib/python3.12/site-packages/oslo_db/sqlalchemy/engines.py:325}}
Jul 01 00:53:22.282697 np0000004061 devstack@g-api.service[99497]: DEBUG dbcounter [-] [99497] Writer thread running {{(pid=99497) stat_writer /opt/stack/data/venv/lib/python3.12/site-packages/dbcounter.py:102}}
Jul 01 00:53:22.285593 np0000004061 devstack@g-api.service[99495]: DEBUG dbcounter [-] [99495] Writer thread running {{(pid=99495) stat_writer /opt/stack/data/venv/lib/python3.12/site-packages/dbcounter.py:102}}
Jul 01 00:53:22.288422 np0000004061 devstack@g-api.service[99495]: DEBUG glance.image_cache.drivers.centralized_db [None req-c817de97-e161-4646-96f5-db8117afa9dd None None] Node reference is already recorded, ignoring it {{(pid=99495) configure /opt/stack/glance/glance/image_cache/drivers/centralized_db.py:71}}
Jul 01 00:53:22.288555 np0000004061 devstack@g-api.service[99496]: DEBUG dbcounter [-] [99496] Writer thread running {{(pid=99496) stat_writer /opt/stack/data/venv/lib/python3.12/site-packages/dbcounter.py:102}}
Jul 01 00:53:22.290623 np0000004061 devstack@g-api.service[99496]: DEBUG glance.image_cache.drivers.centralized_db [None req-05ccd7e3-4f08-4bd0-8048-e48933b0ae79 None None] Node reference is already recorded, ignoring it {{(pid=99496) configure /opt/stack/glance/glance/image_cache/drivers/centralized_db.py:71}}
Jul 01 00:53:22.293983 np0000004061 devstack@g-api.service[99497]: INFO glance.image_cache [None req-0f35cba2-6bdf-49d7-9239-35deaf2afb75 None None] Image cache loaded driver 'centralized_db'.
Jul 01 00:53:22.294530 np0000004061 devstack@g-api.service[99495]: INFO glance.image_cache [None req-c817de97-e161-4646-96f5-db8117afa9dd None None] Image cache loaded driver 'centralized_db'.
Jul 01 00:53:22.295659 np0000004061 devstack@g-api.service[99496]: INFO glance.image_cache [None req-05ccd7e3-4f08-4bd0-8048-e48933b0ae79 None None] Image cache loaded driver 'centralized_db'.
Jul 01 00:53:22.303151 np0000004061 devstack@g-api.service[99496]: DEBUG glance.image_cache.drivers.centralized_db [None req-05ccd7e3-4f08-4bd0-8048-e48933b0ae79 None None] Node reference is already recorded, ignoring it {{(pid=99496) configure /opt/stack/glance/glance/image_cache/drivers/centralized_db.py:71}}
Jul 01 00:53:22.303255 np0000004061 devstack@g-api.service[99495]: DEBUG glance.image_cache.drivers.centralized_db [None req-c817de97-e161-4646-96f5-db8117afa9dd None None] Node reference is already recorded, ignoring it {{(pid=99495) configure /opt/stack/glance/glance/image_cache/drivers/centralized_db.py:71}}
Jul 01 00:53:22.391016 np0000004061 devstack@g-api.service[99497]: DEBUG glance.image_cache.drivers.centralized_db [None req-0f35cba2-6bdf-49d7-9239-35deaf2afb75 None None] Node reference is already recorded, ignoring it {{(pid=99497) configure /opt/stack/glance/glance/image_cache/drivers/centralized_db.py:71}}
Jul 01 00:53:22.395712 np0000004061 devstack@g-api.service[99497]: DEBUG glance.api.v2.cached_images [None req-0f35cba2-6bdf-49d7-9239-35deaf2afb75 None None] Started cache worker thread {{(pid=99497) __init__ /opt/stack/glance/glance/api/v2/cached_images.py:69}}
Jul 01 00:53:22.396372 np0000004061 devstack@g-api.service[99497]: INFO glance.image_cache [None req-0f35cba2-6bdf-49d7-9239-35deaf2afb75 None None] Image cache loaded driver 'centralized_db'.
Jul 01 00:53:22.399844 np0000004061 devstack@g-api.service[99495]: DEBUG glance.api.v2.cached_images [None req-c817de97-e161-4646-96f5-db8117afa9dd None None] Started cache worker thread {{(pid=99495) __init__ /opt/stack/glance/glance/api/v2/cached_images.py:69}}
Jul 01 00:53:22.400592 np0000004061 devstack@g-api.service[99495]: INFO glance.image_cache [None req-c817de97-e161-4646-96f5-db8117afa9dd None None] Image cache loaded driver 'centralized_db'.
Jul 01 00:53:22.401868 np0000004061 devstack@g-api.service[99496]: DEBUG glance.api.v2.cached_images [None req-05ccd7e3-4f08-4bd0-8048-e48933b0ae79 None None] Started cache worker thread {{(pid=99496) __init__ /opt/stack/glance/glance/api/v2/cached_images.py:69}}
Jul 01 00:53:22.402418 np0000004061 devstack@g-api.service[99497]: DEBUG glance.image_cache.drivers.centralized_db [None req-0f35cba2-6bdf-49d7-9239-35deaf2afb75 None None] Node reference is already recorded, ignoring it {{(pid=99497) configure /opt/stack/glance/glance/image_cache/drivers/centralized_db.py:71}}
Jul 01 00:53:22.402668 np0000004061 devstack@g-api.service[99496]: INFO glance.image_cache [None req-05ccd7e3-4f08-4bd0-8048-e48933b0ae79 None None] Image cache loaded driver 'centralized_db'.
Jul 01 00:53:22.406793 np0000004061 devstack@g-api.service[99497]: INFO glance.api.middleware.cache_manage [None req-0f35cba2-6bdf-49d7-9239-35deaf2afb75 None None] Initialized image cache management middleware
Jul 01 00:53:22.406923 np0000004061 devstack@g-api.service[99497]: INFO glance.image_cache [None req-0f35cba2-6bdf-49d7-9239-35deaf2afb75 None None] Image cache loaded driver 'centralized_db'.
Jul 01 00:53:22.407717 np0000004061 devstack@g-api.service[99495]: DEBUG glance.image_cache.drivers.centralized_db [None req-c817de97-e161-4646-96f5-db8117afa9dd None None] Node reference is already recorded, ignoring it {{(pid=99495) configure /opt/stack/glance/glance/image_cache/drivers/centralized_db.py:71}}
Jul 01 00:53:22.410709 np0000004061 devstack@g-api.service[99496]: DEBUG glance.image_cache.drivers.centralized_db [None req-05ccd7e3-4f08-4bd0-8048-e48933b0ae79 None None] Node reference is already recorded, ignoring it {{(pid=99496) configure /opt/stack/glance/glance/image_cache/drivers/centralized_db.py:71}}
Jul 01 00:53:22.412778 np0000004061 devstack@g-api.service[99497]: DEBUG glance.image_cache.drivers.centralized_db [None req-0f35cba2-6bdf-49d7-9239-35deaf2afb75 None None] Node reference is already recorded, ignoring it {{(pid=99497) configure /opt/stack/glance/glance/image_cache/drivers/centralized_db.py:71}}
Jul 01 00:53:22.414430 np0000004061 devstack@g-api.service[99495]: INFO glance.api.middleware.cache_manage [None req-c817de97-e161-4646-96f5-db8117afa9dd None None] Initialized image cache management middleware
Jul 01 00:53:22.414638 np0000004061 devstack@g-api.service[99495]: INFO glance.image_cache [None req-c817de97-e161-4646-96f5-db8117afa9dd None None] Image cache loaded driver 'centralized_db'.
Jul 01 00:53:22.416299 np0000004061 devstack@g-api.service[99497]: INFO glance.api.middleware.cache [None req-0f35cba2-6bdf-49d7-9239-35deaf2afb75 None None] Initialized image cache middleware
Jul 01 00:53:22.417694 np0000004061 devstack@g-api.service[99496]: INFO glance.api.middleware.cache_manage [None req-05ccd7e3-4f08-4bd0-8048-e48933b0ae79 None None] Initialized image cache management middleware
Jul 01 00:53:22.417887 np0000004061 devstack@g-api.service[99496]: INFO glance.image_cache [None req-05ccd7e3-4f08-4bd0-8048-e48933b0ae79 None None] Image cache loaded driver 'centralized_db'.
Jul 01 00:53:22.423376 np0000004061 devstack@g-api.service[99495]: DEBUG glance.image_cache.drivers.centralized_db [None req-c817de97-e161-4646-96f5-db8117afa9dd None None] Node reference is already recorded, ignoring it {{(pid=99495) configure /opt/stack/glance/glance/image_cache/drivers/centralized_db.py:71}}
Jul 01 00:53:22.425670 np0000004061 devstack@g-api.service[99496]: DEBUG glance.image_cache.drivers.centralized_db [None req-05ccd7e3-4f08-4bd0-8048-e48933b0ae79 None None] Node reference is already recorded, ignoring it {{(pid=99496) configure /opt/stack/glance/glance/image_cache/drivers/centralized_db.py:71}}
Jul 01 00:53:22.427265 np0000004061 devstack@g-api.service[99497]: DEBUG glance.common.config [None req-0f35cba2-6bdf-49d7-9239-35deaf2afb75 None None] ******************************************************************************** {{(pid=99497) log_opt_values /opt/stack/data/venv/lib/python3.12/site-packages/oslo_config/cfg.py:3226}}
Jul 01 00:53:22.427375 np0000004061 devstack@g-api.service[99497]: DEBUG glance.common.config [None req-0f35cba2-6bdf-49d7-9239-35deaf2afb75 None None] Configuration options gathered from: {{(pid=99497) log_opt_values /opt/stack/data/venv/lib/python3.12/site-packages/oslo_config/cfg.py:3227}}
Jul 01 00:53:22.427670 np0000004061 devstack@g-api.service[99497]: DEBUG glance.common.config [None req-0f35cba2-6bdf-49d7-9239-35deaf2afb75 None None] command line args: [] {{(pid=99497) log_opt_values /opt/stack/data/venv/lib/python3.12/site-packages/oslo_config/cfg.py:3228}}
Jul 01 00:53:22.427885 np0000004061 devstack@g-api.service[99497]: DEBUG glance.common.config [None req-0f35cba2-6bdf-49d7-9239-35deaf2afb75 None None] config files: ['/etc/glance/glance-image-import.conf', '/etc/glance/glance-api.conf'] {{(pid=99497) log_opt_values /opt/stack/data/venv/lib/python3.12/site-packages/oslo_config/cfg.py:3229}}
Jul 01 00:53:22.427952 np0000004061 devstack@g-api.service[99497]: DEBUG glance.common.config [None req-0f35cba2-6bdf-49d7-9239-35deaf2afb75 None None] ================================================================================ {{(pid=99497) log_opt_values /opt/stack/data/venv/lib/python3.12/site-packages/oslo_config/cfg.py:3234}}
Jul 01 00:53:22.428145 np0000004061 devstack@g-api.service[99497]: DEBUG glance.common.config [None req-0f35cba2-6bdf-49d7-9239-35deaf2afb75 None None] allow_anonymous_access = False {{(pid=99497) log_opt_values /opt/stack/data/venv/lib/python3.12/site-packages/oslo_config/cfg.py:3242}}
Jul 01 00:53:22.428194 np0000004061 devstack@g-api.service[99497]: DEBUG glance.common.config [None req-0f35cba2-6bdf-49d7-9239-35deaf2afb75 None None] api_limit_max = 1000 {{(pid=99497) log_opt_values /opt/stack/data/venv/lib/python3.12/site-packages/oslo_config/cfg.py:3242}}
Jul 01 00:53:22.428269 np0000004061 devstack@g-api.service[99497]: DEBUG glance.common.config [None req-0f35cba2-6bdf-49d7-9239-35deaf2afb75 None None] backlog = 4096 {{(pid=99497) log_opt_values /opt/stack/data/venv/lib/python3.12/site-packages/oslo_config/cfg.py:3242}}
Jul 01 00:53:22.428430 np0000004061 devstack@g-api.service[99497]: DEBUG glance.common.config [None req-0f35cba2-6bdf-49d7-9239-35deaf2afb75 None None] bind_host = 0.0.0.0 {{(pid=99497) log_opt_values /opt/stack/data/venv/lib/python3.12/site-packages/oslo_config/cfg.py:3242}}
Jul 01 00:53:22.428545 np0000004061 devstack@g-api.service[99497]: DEBUG glance.common.config [None req-0f35cba2-6bdf-49d7-9239-35deaf2afb75 None None] bind_port = 19292 {{(pid=99497) log_opt_values /opt/stack/data/venv/lib/python3.12/site-packages/oslo_config/cfg.py:3242}}
Jul 01 00:53:22.428638 np0000004061 devstack@g-api.service[99497]: DEBUG glance.common.config [None req-0f35cba2-6bdf-49d7-9239-35deaf2afb75 None None] client_socket_timeout = 900 {{(pid=99497) log_opt_values /opt/stack/data/venv/lib/python3.12/site-packages/oslo_config/cfg.py:3242}}
Jul 01 00:53:22.428677 np0000004061 devstack@g-api.service[99495]: INFO glance.api.middleware.cache [None req-c817de97-e161-4646-96f5-db8117afa9dd None None] Initialized image cache middleware
Jul 01 00:53:22.428724 np0000004061 devstack@g-api.service[99497]: DEBUG glance.common.config [None req-0f35cba2-6bdf-49d7-9239-35deaf2afb75 None None] config_dir = [] {{(pid=99497) log_opt_values /opt/stack/data/venv/lib/python3.12/site-packages/oslo_config/cfg.py:3242}}
Jul 01 00:53:22.428795 np0000004061 devstack@g-api.service[99497]: DEBUG glance.common.config [None req-0f35cba2-6bdf-49d7-9239-35deaf2afb75 None None] config_file = ['/etc/glance/glance-image-import.conf', '/etc/glance/glance-api.conf'] {{(pid=99497) log_opt_values /opt/stack/data/venv/lib/python3.12/site-packages/oslo_config/cfg.py:3242}}
Jul 01 00:53:22.428885 np0000004061 devstack@g-api.service[99497]: DEBUG glance.common.config [None req-0f35cba2-6bdf-49d7-9239-35deaf2afb75 None None] config_source = [] {{(pid=99497) log_opt_values /opt/stack/data/venv/lib/python3.12/site-packages/oslo_config/cfg.py:3242}}
Jul 01 00:53:22.428999 np0000004061 devstack@g-api.service[99497]: DEBUG glance.common.config [None req-0f35cba2-6bdf-49d7-9239-35deaf2afb75 None None] control_exchange = glance {{(pid=99497) log_opt_values /opt/stack/data/venv/lib/python3.12/site-packages/oslo_config/cfg.py:3242}}
Jul 01 00:53:22.429075 np0000004061 devstack@g-api.service[99497]: DEBUG glance.common.config [None req-0f35cba2-6bdf-49d7-9239-35deaf2afb75 None None] debug = True {{(pid=99497) log_opt_values /opt/stack/data/venv/lib/python3.12/site-packages/oslo_config/cfg.py:3242}}
Jul 01 00:53:22.429223 np0000004061 devstack@g-api.service[99497]: DEBUG glance.common.config [None req-0f35cba2-6bdf-49d7-9239-35deaf2afb75 None None] default_log_levels = ['amqp=WARN', 'boto=WARN', 'sqlalchemy=WARN', 'suds=INFO', 'oslo.messaging=INFO', 'oslo_messaging=INFO', 'iso8601=WARN', 'requests.packages.urllib3.connectionpool=WARN', 'urllib3.connectionpool=WARN', 'websocket=WARN', 'requests.packages.urllib3.util.retry=WARN', 'urllib3.util.retry=WARN', 'keystonemiddleware=WARN', 'routes.middleware=WARN', 'stevedore=WARN', 'taskflow=WARN', 'keystoneauth=WARN', 'oslo.cache=INFO', 'oslo_policy=INFO', 'dogpile.core.dogpile=INFO'] {{(pid=99497) log_opt_values /opt/stack/data/venv/lib/python3.12/site-packages/oslo_config/cfg.py:3242}}
Jul 01 00:53:22.429343 np0000004061 devstack@g-api.service[99497]: DEBUG glance.common.config [None req-0f35cba2-6bdf-49d7-9239-35deaf2afb75 None None] default_publisher_id = image.localhost {{(pid=99497) log_opt_values /opt/stack/data/venv/lib/python3.12/site-packages/oslo_config/cfg.py:3242}}
Jul 01 00:53:22.429483 np0000004061 devstack@g-api.service[99497]: DEBUG glance.common.config [None req-0f35cba2-6bdf-49d7-9239-35deaf2afb75 None None] delayed_delete = False {{(pid=99497) log_opt_values /opt/stack/data/venv/lib/python3.12/site-packages/oslo_config/cfg.py:3242}}
Jul 01 00:53:22.429584 np0000004061 devstack@g-api.service[99497]: DEBUG glance.common.config [None req-0f35cba2-6bdf-49d7-9239-35deaf2afb75 None None] digest_algorithm = sha256 {{(pid=99497) log_opt_values /opt/stack/data/venv/lib/python3.12/site-packages/oslo_config/cfg.py:3242}}
Jul 01 00:53:22.429678 np0000004061 devstack@g-api.service[99497]: DEBUG glance.common.config [None req-0f35cba2-6bdf-49d7-9239-35deaf2afb75 None None] disabled_notifications = [] {{(pid=99497) log_opt_values /opt/stack/data/venv/lib/python3.12/site-packages/oslo_config/cfg.py:3242}}
Jul 01 00:53:22.429764 np0000004061 devstack@g-api.service[99497]: DEBUG glance.common.config [None req-0f35cba2-6bdf-49d7-9239-35deaf2afb75 None None] do_secure_hash = True {{(pid=99497) log_opt_values /opt/stack/data/venv/lib/python3.12/site-packages/oslo_config/cfg.py:3242}}
Jul 01 00:53:22.429852 np0000004061 devstack@g-api.service[99497]: DEBUG glance.common.config [None req-0f35cba2-6bdf-49d7-9239-35deaf2afb75 None None] enabled_backends = None {{(pid=99497) log_opt_values /opt/stack/data/venv/lib/python3.12/site-packages/oslo_config/cfg.py:3242}}
Jul 01 00:53:22.429958 np0000004061 devstack@g-api.service[99497]: DEBUG glance.common.config [None req-0f35cba2-6bdf-49d7-9239-35deaf2afb75 None None] enabled_import_methods = ['glance-direct', 'web-download', 'copy-image'] {{(pid=99497) log_opt_values /opt/stack/data/venv/lib/python3.12/site-packages/oslo_config/cfg.py:3242}}
Jul 01 00:53:22.430071 np0000004061 devstack@g-api.service[99497]: DEBUG glance.common.config [None req-0f35cba2-6bdf-49d7-9239-35deaf2afb75 None None] fatal_deprecations = False {{(pid=99497) log_opt_values /opt/stack/data/venv/lib/python3.12/site-packages/oslo_config/cfg.py:3242}}
Jul 01 00:53:22.430165 np0000004061 devstack@g-api.service[99497]: DEBUG glance.common.config [None req-0f35cba2-6bdf-49d7-9239-35deaf2afb75 None None] hashing_algorithm = sha512 {{(pid=99497) log_opt_values /opt/stack/data/venv/lib/python3.12/site-packages/oslo_config/cfg.py:3242}}
Jul 01 00:53:22.430253 np0000004061 devstack@g-api.service[99497]: DEBUG glance.common.config [None req-0f35cba2-6bdf-49d7-9239-35deaf2afb75 None None] http_keepalive = True {{(pid=99497) log_opt_values /opt/stack/data/venv/lib/python3.12/site-packages/oslo_config/cfg.py:3242}}
Jul 01 00:53:22.430340 np0000004061 devstack@g-api.service[99497]: DEBUG glance.common.config [None req-0f35cba2-6bdf-49d7-9239-35deaf2afb75 None None] http_retries = 3 {{(pid=99497) log_opt_values /opt/stack/data/venv/lib/python3.12/site-packages/oslo_config/cfg.py:3242}}
Jul 01 00:53:22.430478 np0000004061 devstack@g-api.service[99497]: DEBUG glance.common.config [None req-0f35cba2-6bdf-49d7-9239-35deaf2afb75 None None] image_cache_dir = /opt/stack/data/glance/cache/ {{(pid=99497) log_opt_values /opt/stack/data/venv/lib/python3.12/site-packages/oslo_config/cfg.py:3242}}
Jul 01 00:53:22.430577 np0000004061 devstack@g-api.service[99497]: DEBUG glance.common.config [None req-0f35cba2-6bdf-49d7-9239-35deaf2afb75 None None] image_cache_driver = centralized_db {{(pid=99497) log_opt_values /opt/stack/data/venv/lib/python3.12/site-packages/oslo_config/cfg.py:3242}}
Jul 01 00:53:22.430666 np0000004061 devstack@g-api.service[99497]: DEBUG glance.common.config [None req-0f35cba2-6bdf-49d7-9239-35deaf2afb75 None None] image_cache_max_size = 10737418240 {{(pid=99497) log_opt_values /opt/stack/data/venv/lib/python3.12/site-packages/oslo_config/cfg.py:3242}}
Jul 01 00:53:22.430759 np0000004061 devstack@g-api.service[99497]: DEBUG glance.common.config [None req-0f35cba2-6bdf-49d7-9239-35deaf2afb75 None None] image_cache_sqlite_db = cache.db {{(pid=99497) log_opt_values /opt/stack/data/venv/lib/python3.12/site-packages/oslo_config/cfg.py:3242}}
Jul 01 00:53:22.430848 np0000004061 devstack@g-api.service[99497]: DEBUG glance.common.config [None req-0f35cba2-6bdf-49d7-9239-35deaf2afb75 None None] image_cache_stall_time = 86400 {{(pid=99497) log_opt_values /opt/stack/data/venv/lib/python3.12/site-packages/oslo_config/cfg.py:3242}}
Jul 01 00:53:22.430935 np0000004061 devstack@g-api.service[99497]: DEBUG glance.common.config [None req-0f35cba2-6bdf-49d7-9239-35deaf2afb75 None None] image_location_quota = 10 {{(pid=99497) log_opt_values /opt/stack/data/venv/lib/python3.12/site-packages/oslo_config/cfg.py:3242}}
Jul 01 00:53:22.431046 np0000004061 devstack@g-api.service[99497]: DEBUG glance.common.config [None req-0f35cba2-6bdf-49d7-9239-35deaf2afb75 None None] image_member_quota = 128 {{(pid=99497) log_opt_values /opt/stack/data/venv/lib/python3.12/site-packages/oslo_config/cfg.py:3242}}
Jul 01 00:53:22.431135 np0000004061 devstack@g-api.service[99497]: DEBUG glance.common.config [None req-0f35cba2-6bdf-49d7-9239-35deaf2afb75 None None] image_property_quota = 128 {{(pid=99497) log_opt_values /opt/stack/data/venv/lib/python3.12/site-packages/oslo_config/cfg.py:3242}}
Jul 01 00:53:22.431176 np0000004061 devstack@g-api.service[99496]: INFO glance.api.middleware.cache [None req-05ccd7e3-4f08-4bd0-8048-e48933b0ae79 None None] Initialized image cache middleware
Jul 01 00:53:22.431222 np0000004061 devstack@g-api.service[99497]: DEBUG glance.common.config [None req-0f35cba2-6bdf-49d7-9239-35deaf2afb75 None None] image_size_cap = 1099511627776 {{(pid=99497) log_opt_values /opt/stack/data/venv/lib/python3.12/site-packages/oslo_config/cfg.py:3242}}
Jul 01 00:53:22.431301 np0000004061 devstack@g-api.service[99497]: DEBUG glance.common.config [None req-0f35cba2-6bdf-49d7-9239-35deaf2afb75 None None] image_tag_quota = 128 {{(pid=99497) log_opt_values /opt/stack/data/venv/lib/python3.12/site-packages/oslo_config/cfg.py:3242}}
Jul 01 00:53:22.431393 np0000004061 devstack@g-api.service[99497]: DEBUG glance.common.config [None req-0f35cba2-6bdf-49d7-9239-35deaf2afb75 None None] instance_format = [instance: %(uuid)s] {{(pid=99497) log_opt_values /opt/stack/data/venv/lib/python3.12/site-packages/oslo_config/cfg.py:3242}}
Jul 01 00:53:22.431500 np0000004061 devstack@g-api.service[99497]: DEBUG glance.common.config [None req-0f35cba2-6bdf-49d7-9239-35deaf2afb75 None None] instance_uuid_format = [instance: %(uuid)s] {{(pid=99497) log_opt_values /opt/stack/data/venv/lib/python3.12/site-packages/oslo_config/cfg.py:3242}}
Jul 01 00:53:22.431593 np0000004061 devstack@g-api.service[99497]: DEBUG glance.common.config [None req-0f35cba2-6bdf-49d7-9239-35deaf2afb75 None None] limit_param_default = 25 {{(pid=99497) log_opt_values /opt/stack/data/venv/lib/python3.12/site-packages/oslo_config/cfg.py:3242}}
Jul 01 00:53:22.431723 np0000004061 devstack@g-api.service[99497]: DEBUG glance.common.config [None req-0f35cba2-6bdf-49d7-9239-35deaf2afb75 None None] log_color = False {{(pid=99497) log_opt_values /opt/stack/data/venv/lib/python3.12/site-packages/oslo_config/cfg.py:3242}}
Jul 01 00:53:22.431822 np0000004061 devstack@g-api.service[99497]: DEBUG glance.common.config [None req-0f35cba2-6bdf-49d7-9239-35deaf2afb75 None None] log_config_append = None {{(pid=99497) log_opt_values /opt/stack/data/venv/lib/python3.12/site-packages/oslo_config/cfg.py:3242}}
Jul 01 00:53:22.431917 np0000004061 devstack@g-api.service[99497]: DEBUG glance.common.config [None req-0f35cba2-6bdf-49d7-9239-35deaf2afb75 None None] log_date_format = %Y-%m-%d %H:%M:%S {{(pid=99497) log_opt_values /opt/stack/data/venv/lib/python3.12/site-packages/oslo_config/cfg.py:3242}}
Jul 01 00:53:22.432029 np0000004061 devstack@g-api.service[99497]: DEBUG glance.common.config [None req-0f35cba2-6bdf-49d7-9239-35deaf2afb75 None None] log_dir = None {{(pid=99497) log_opt_values /opt/stack/data/venv/lib/python3.12/site-packages/oslo_config/cfg.py:3242}}
Jul 01 00:53:22.432120 np0000004061 devstack@g-api.service[99497]: DEBUG glance.common.config [None req-0f35cba2-6bdf-49d7-9239-35deaf2afb75 None None] log_file = None {{(pid=99497) log_opt_values /opt/stack/data/venv/lib/python3.12/site-packages/oslo_config/cfg.py:3242}}
Jul 01 00:53:22.432207 np0000004061 devstack@g-api.service[99497]: DEBUG glance.common.config [None req-0f35cba2-6bdf-49d7-9239-35deaf2afb75 None None] log_rotate_interval = 1 {{(pid=99497) log_opt_values /opt/stack/data/venv/lib/python3.12/site-packages/oslo_config/cfg.py:3242}}
Jul 01 00:53:22.432299 np0000004061 devstack@g-api.service[99497]: DEBUG glance.common.config [None req-0f35cba2-6bdf-49d7-9239-35deaf2afb75 None None] log_rotate_interval_type = days {{(pid=99497) log_opt_values /opt/stack/data/venv/lib/python3.12/site-packages/oslo_config/cfg.py:3242}}
Jul 01 00:53:22.432421 np0000004061 devstack@g-api.service[99497]: DEBUG glance.common.config [None req-0f35cba2-6bdf-49d7-9239-35deaf2afb75 None None] log_rotation_type = none {{(pid=99497) log_opt_values /opt/stack/data/venv/lib/python3.12/site-packages/oslo_config/cfg.py:3242}}
Jul 01 00:53:22.432511 np0000004061 devstack@g-api.service[99497]: DEBUG glance.common.config [None req-0f35cba2-6bdf-49d7-9239-35deaf2afb75 None None] logging_context_format_string = %(color)s%(levelname)s %(name)s [%(global_request_id)s %(request_id)s %(project_name)s %(user_name)s%(color)s] %(instance)s%(color)s%(message)s {{(pid=99497) log_opt_values /opt/stack/data/venv/lib/python3.12/site-packages/oslo_config/cfg.py:3242}}
Jul 01 00:53:22.432580 np0000004061 devstack@g-api.service[99497]: DEBUG glance.common.config [None req-0f35cba2-6bdf-49d7-9239-35deaf2afb75 None None] logging_debug_format_suffix = {{(pid=%(process)d) %(funcName)s %(pathname)s:%(lineno)d}} {{(pid=99497) log_opt_values /opt/stack/data/venv/lib/python3.12/site-packages/oslo_config/cfg.py:3242}}
Jul 01 00:53:22.432675 np0000004061 devstack@g-api.service[99497]: DEBUG glance.common.config [None req-0f35cba2-6bdf-49d7-9239-35deaf2afb75 None None] logging_default_format_string = %(color)s%(levelname)s %(name)s [-%(color)s] %(instance)s%(color)s%(message)s {{(pid=99497) log_opt_values /opt/stack/data/venv/lib/python3.12/site-packages/oslo_config/cfg.py:3242}}
Jul 01 00:53:22.432763 np0000004061 devstack@g-api.service[99497]: DEBUG glance.common.config [None req-0f35cba2-6bdf-49d7-9239-35deaf2afb75 None None] logging_exception_prefix = ERROR %(name)s %(instance)s {{(pid=99497) log_opt_values /opt/stack/data/venv/lib/python3.12/site-packages/oslo_config/cfg.py:3242}}
Jul 01 00:53:22.432827 np0000004061 devstack@g-api.service[99497]: DEBUG glance.common.config [None req-0f35cba2-6bdf-49d7-9239-35deaf2afb75 None None] logging_user_identity_format = %(user)s %(project)s %(domain)s %(system_scope)s %(user_domain)s %(project_domain)s {{(pid=99497) log_opt_values /opt/stack/data/venv/lib/python3.12/site-packages/oslo_config/cfg.py:3242}}
Jul 01 00:53:22.432911 np0000004061 devstack@g-api.service[99497]: DEBUG glance.common.config [None req-0f35cba2-6bdf-49d7-9239-35deaf2afb75 None None] max_header_line = 16384 {{(pid=99497) log_opt_values /opt/stack/data/venv/lib/python3.12/site-packages/oslo_config/cfg.py:3242}}
Jul 01 00:53:22.433015 np0000004061 devstack@g-api.service[99497]: DEBUG glance.common.config [None req-0f35cba2-6bdf-49d7-9239-35deaf2afb75 None None] max_logfile_count = 30 {{(pid=99497) log_opt_values /opt/stack/data/venv/lib/python3.12/site-packages/oslo_config/cfg.py:3242}}
Jul 01 00:53:22.433102 np0000004061 devstack@g-api.service[99497]: DEBUG glance.common.config [None req-0f35cba2-6bdf-49d7-9239-35deaf2afb75 None None] max_logfile_size_mb = 200 {{(pid=99497) log_opt_values /opt/stack/data/venv/lib/python3.12/site-packages/oslo_config/cfg.py:3242}}
Jul 01 00:53:22.433186 np0000004061 devstack@g-api.service[99497]: DEBUG glance.common.config [None req-0f35cba2-6bdf-49d7-9239-35deaf2afb75 None None] max_request_id_length = 64 {{(pid=99497) log_opt_values /opt/stack/data/venv/lib/python3.12/site-packages/oslo_config/cfg.py:3242}}
Jul 01 00:53:22.433274 np0000004061 devstack@g-api.service[99497]: DEBUG glance.common.config [None req-0f35cba2-6bdf-49d7-9239-35deaf2afb75 None None] metadata_encryption_key = **** {{(pid=99497) log_opt_values /opt/stack/data/venv/lib/python3.12/site-packages/oslo_config/cfg.py:3242}}
Jul 01 00:53:22.433365 np0000004061 devstack@g-api.service[99497]: DEBUG glance.common.config [None req-0f35cba2-6bdf-49d7-9239-35deaf2afb75 None None] node_staging_uri = file:///tmp/staging/ {{(pid=99497) log_opt_values /opt/stack/data/venv/lib/python3.12/site-packages/oslo_config/cfg.py:3242}}
Jul 01 00:53:22.433458 np0000004061 devstack@g-api.service[99497]: DEBUG glance.common.config [None req-0f35cba2-6bdf-49d7-9239-35deaf2afb75 None None] property_protection_file = None {{(pid=99497) log_opt_values /opt/stack/data/venv/lib/python3.12/site-packages/oslo_config/cfg.py:3242}}
Jul 01 00:53:22.433553 np0000004061 devstack@g-api.service[99497]: DEBUG glance.common.config [None req-0f35cba2-6bdf-49d7-9239-35deaf2afb75 None None] property_protection_rule_format = roles {{(pid=99497) log_opt_values /opt/stack/data/venv/lib/python3.12/site-packages/oslo_config/cfg.py:3242}}
Jul 01 00:53:22.433642 np0000004061 devstack@g-api.service[99497]: DEBUG glance.common.config [None req-0f35cba2-6bdf-49d7-9239-35deaf2afb75 None None] public_endpoint = https://10.4.3.89/image {{(pid=99497) log_opt_values /opt/stack/data/venv/lib/python3.12/site-packages/oslo_config/cfg.py:3242}}
Jul 01 00:53:22.433734 np0000004061 devstack@g-api.service[99497]: DEBUG glance.common.config [None req-0f35cba2-6bdf-49d7-9239-35deaf2afb75 None None] publish_errors = False {{(pid=99497) log_opt_values /opt/stack/data/venv/lib/python3.12/site-packages/oslo_config/cfg.py:3242}}
Jul 01 00:53:22.433851 np0000004061 devstack@g-api.service[99497]: DEBUG glance.common.config [None req-0f35cba2-6bdf-49d7-9239-35deaf2afb75 None None] pydev_worker_debug_host = None {{(pid=99497) log_opt_values /opt/stack/data/venv/lib/python3.12/site-packages/oslo_config/cfg.py:3242}}
Jul 01 00:53:22.433940 np0000004061 devstack@g-api.service[99497]: DEBUG glance.common.config [None req-0f35cba2-6bdf-49d7-9239-35deaf2afb75 None None] pydev_worker_debug_port = 5678 {{(pid=99497) log_opt_values /opt/stack/data/venv/lib/python3.12/site-packages/oslo_config/cfg.py:3242}}
Jul 01 00:53:22.434045 np0000004061 devstack@g-api.service[99497]: DEBUG glance.common.config [None req-0f35cba2-6bdf-49d7-9239-35deaf2afb75 None None] rate_limit_burst = 0 {{(pid=99497) log_opt_values /opt/stack/data/venv/lib/python3.12/site-packages/oslo_config/cfg.py:3242}}
Jul 01 00:53:22.434139 np0000004061 devstack@g-api.service[99497]: DEBUG glance.common.config [None req-0f35cba2-6bdf-49d7-9239-35deaf2afb75 None None] rate_limit_except_level = CRITICAL {{(pid=99497) log_opt_values /opt/stack/data/venv/lib/python3.12/site-packages/oslo_config/cfg.py:3242}}
Jul 01 00:53:22.434224 np0000004061 devstack@g-api.service[99497]: DEBUG glance.common.config [None req-0f35cba2-6bdf-49d7-9239-35deaf2afb75 None None] rate_limit_interval = 0 {{(pid=99497) log_opt_values /opt/stack/data/venv/lib/python3.12/site-packages/oslo_config/cfg.py:3242}}
Jul 01 00:53:22.434310 np0000004061 devstack@g-api.service[99497]: DEBUG glance.common.config [None req-0f35cba2-6bdf-49d7-9239-35deaf2afb75 None None] scrub_pool_size = 1 {{(pid=99497) log_opt_values /opt/stack/data/venv/lib/python3.12/site-packages/oslo_config/cfg.py:3242}}
Jul 01 00:53:22.434424 np0000004061 devstack@g-api.service[99497]: DEBUG glance.common.config [None req-0f35cba2-6bdf-49d7-9239-35deaf2afb75 None None] scrub_time = 0 {{(pid=99497) log_opt_values /opt/stack/data/venv/lib/python3.12/site-packages/oslo_config/cfg.py:3242}}
Jul 01 00:53:22.434529 np0000004061 devstack@g-api.service[99497]: DEBUG glance.common.config [None req-0f35cba2-6bdf-49d7-9239-35deaf2afb75 None None] shell_completion = None {{(pid=99497) log_opt_values /opt/stack/data/venv/lib/python3.12/site-packages/oslo_config/cfg.py:3242}}
Jul 01 00:53:22.434622 np0000004061 devstack@g-api.service[99497]: DEBUG glance.common.config [None req-0f35cba2-6bdf-49d7-9239-35deaf2afb75 None None] show_image_direct_url = False {{(pid=99497) log_opt_values /opt/stack/data/venv/lib/python3.12/site-packages/oslo_config/cfg.py:3242}}
Jul 01 00:53:22.434829 np0000004061 devstack@g-api.service[99497]: WARNING oslo_config.cfg [None req-0f35cba2-6bdf-49d7-9239-35deaf2afb75 None None] Deprecated: Option "show_multiple_locations" from group "DEFAULT" is deprecated for removal (Use of this option, deprecated since Newton, is a security risk and will be removed once we figure out a way to satisfy those use cases that currently require it. An earlier announcement that the same functionality can be achieved with greater granularity by using policies is incorrect. You cannot work around this option via policy configuration at the present time, though that is the direction we believe the fix will take. Please keep an eye on the Glance release notes to stay up to date on progress in addressing this issue.). Its value may be silently ignored in the future.
Jul 01 00:53:22.434936 np0000004061 devstack@g-api.service[99497]: DEBUG glance.common.config [None req-0f35cba2-6bdf-49d7-9239-35deaf2afb75 None None] show_multiple_locations = False {{(pid=99497) log_opt_values /opt/stack/data/venv/lib/python3.12/site-packages/oslo_config/cfg.py:3242}}
Jul 01 00:53:22.435056 np0000004061 devstack@g-api.service[99497]: DEBUG glance.common.config [None req-0f35cba2-6bdf-49d7-9239-35deaf2afb75 None None] syslog_log_facility = LOG_USER {{(pid=99497) log_opt_values /opt/stack/data/venv/lib/python3.12/site-packages/oslo_config/cfg.py:3242}}
Jul 01 00:53:22.435149 np0000004061 devstack@g-api.service[99497]: DEBUG glance.common.config [None req-0f35cba2-6bdf-49d7-9239-35deaf2afb75 None None] tcp_keepidle = 600 {{(pid=99497) log_opt_values /opt/stack/data/venv/lib/python3.12/site-packages/oslo_config/cfg.py:3242}}
Jul 01 00:53:22.435242 np0000004061 devstack@g-api.service[99497]: DEBUG glance.common.config [None req-0f35cba2-6bdf-49d7-9239-35deaf2afb75 None None] transport_url = **** {{(pid=99497) log_opt_values /opt/stack/data/venv/lib/python3.12/site-packages/oslo_config/cfg.py:3242}}
Jul 01 00:53:22.435329 np0000004061 devstack@g-api.service[99497]: DEBUG glance.common.config [None req-0f35cba2-6bdf-49d7-9239-35deaf2afb75 None None] use_journal = False {{(pid=99497) log_opt_values /opt/stack/data/venv/lib/python3.12/site-packages/oslo_config/cfg.py:3242}}
Jul 01 00:53:22.435433 np0000004061 devstack@g-api.service[99497]: DEBUG glance.common.config [None req-0f35cba2-6bdf-49d7-9239-35deaf2afb75 None None] use_json = False {{(pid=99497) log_opt_values /opt/stack/data/venv/lib/python3.12/site-packages/oslo_config/cfg.py:3242}}
Jul 01 00:53:22.435544 np0000004061 devstack@g-api.service[99497]: DEBUG glance.common.config [None req-0f35cba2-6bdf-49d7-9239-35deaf2afb75 None None] use_keystone_limits = True {{(pid=99497) log_opt_values /opt/stack/data/venv/lib/python3.12/site-packages/oslo_config/cfg.py:3242}}
Jul 01 00:53:22.435633 np0000004061 devstack@g-api.service[99497]: DEBUG glance.common.config [None req-0f35cba2-6bdf-49d7-9239-35deaf2afb75 None None] use_stderr = False {{(pid=99497) log_opt_values /opt/stack/data/venv/lib/python3.12/site-packages/oslo_config/cfg.py:3242}}
Jul 01 00:53:22.435726 np0000004061 devstack@g-api.service[99497]: DEBUG glance.common.config [None req-0f35cba2-6bdf-49d7-9239-35deaf2afb75 None None] use_syslog = False {{(pid=99497) log_opt_values /opt/stack/data/venv/lib/python3.12/site-packages/oslo_config/cfg.py:3242}}
Jul 01 00:53:22.435817 np0000004061 devstack@g-api.service[99497]: DEBUG glance.common.config [None req-0f35cba2-6bdf-49d7-9239-35deaf2afb75 None None] user_storage_quota = 0 {{(pid=99497) log_opt_values /opt/stack/data/venv/lib/python3.12/site-packages/oslo_config/cfg.py:3242}}
Jul 01 00:53:22.435906 np0000004061 devstack@g-api.service[99497]: DEBUG glance.common.config [None req-0f35cba2-6bdf-49d7-9239-35deaf2afb75 None None] worker_self_reference_url = http://127.0.0.1:60999 {{(pid=99497) log_opt_values /opt/stack/data/venv/lib/python3.12/site-packages/oslo_config/cfg.py:3242}}
Jul 01 00:53:22.436005 np0000004061 devstack@g-api.service[99497]: DEBUG glance.common.config [None req-0f35cba2-6bdf-49d7-9239-35deaf2afb75 None None] workers = None {{(pid=99497) log_opt_values /opt/stack/data/venv/lib/python3.12/site-packages/oslo_config/cfg.py:3242}}
Jul 01 00:53:22.436113 np0000004061 devstack@g-api.service[99497]: DEBUG glance.common.config [None req-0f35cba2-6bdf-49d7-9239-35deaf2afb75 None None] oslo_concurrency.disable_process_locking = False {{(pid=99497) log_opt_values /opt/stack/data/venv/lib/python3.12/site-packages/oslo_config/cfg.py:3253}}
Jul 01 00:53:22.436213 np0000004061 devstack@g-api.service[99497]: DEBUG glance.common.config [None req-0f35cba2-6bdf-49d7-9239-35deaf2afb75 None None] oslo_concurrency.lock_path = /opt/stack/data/glance/locks {{(pid=99497) log_opt_values /opt/stack/data/venv/lib/python3.12/site-packages/oslo_config/cfg.py:3253}}
Jul 01 00:53:22.436311 np0000004061 devstack@g-api.service[99497]: DEBUG glance.common.config [None req-0f35cba2-6bdf-49d7-9239-35deaf2afb75 None None] oslo_middleware.enable_proxy_headers_parsing = False {{(pid=99497) log_opt_values /opt/stack/data/venv/lib/python3.12/site-packages/oslo_config/cfg.py:3253}}
Jul 01 00:53:22.436430 np0000004061 devstack@g-api.service[99497]: DEBUG glance.common.config [None req-0f35cba2-6bdf-49d7-9239-35deaf2afb75 None None] oslo_middleware.http_basic_auth_user_file = /etc/htpasswd {{(pid=99497) log_opt_values /opt/stack/data/venv/lib/python3.12/site-packages/oslo_config/cfg.py:3253}}
Jul 01 00:53:22.436544 np0000004061 devstack@g-api.service[99497]: DEBUG glance.common.config [None req-0f35cba2-6bdf-49d7-9239-35deaf2afb75 None None] paste_deploy.config_file = None {{(pid=99497) log_opt_values /opt/stack/data/venv/lib/python3.12/site-packages/oslo_config/cfg.py:3253}}
Jul 01 00:53:22.436642 np0000004061 devstack@g-api.service[99497]: DEBUG glance.common.config [None req-0f35cba2-6bdf-49d7-9239-35deaf2afb75 None None] paste_deploy.flavor = keystone+cachemanagement {{(pid=99497) log_opt_values /opt/stack/data/venv/lib/python3.12/site-packages/oslo_config/cfg.py:3253}}
Jul 01 00:53:22.436768 np0000004061 devstack@g-api.service[99497]: DEBUG glance.common.config [None req-0f35cba2-6bdf-49d7-9239-35deaf2afb75 None None] image_format.container_formats = ['ami', 'ari', 'aki', 'bare', 'ovf', 'ova', 'docker', 'compressed'] {{(pid=99497) log_opt_values /opt/stack/data/venv/lib/python3.12/site-packages/oslo_config/cfg.py:3253}}
Jul 01 00:53:22.436892 np0000004061 devstack@g-api.service[99497]: DEBUG glance.common.config [None req-0f35cba2-6bdf-49d7-9239-35deaf2afb75 None None] image_format.disk_formats = ['ami', 'ari', 'aki', 'vhd', 'vhdx', 'vmdk', 'raw', 'qcow2', 'vdi', 'iso', 'ploop'] {{(pid=99497) log_opt_values /opt/stack/data/venv/lib/python3.12/site-packages/oslo_config/cfg.py:3253}}
Jul 01 00:53:22.436988 np0000004061 devstack@g-api.service[99497]: DEBUG glance.common.config [None req-0f35cba2-6bdf-49d7-9239-35deaf2afb75 None None] image_format.gpt_safety_checks_nonfatal = [] {{(pid=99497) log_opt_values /opt/stack/data/venv/lib/python3.12/site-packages/oslo_config/cfg.py:3253}}
Jul 01 00:53:22.437096 np0000004061 devstack@g-api.service[99497]: DEBUG glance.common.config [None req-0f35cba2-6bdf-49d7-9239-35deaf2afb75 None None] image_format.require_image_format_match = True {{(pid=99497) log_opt_values /opt/stack/data/venv/lib/python3.12/site-packages/oslo_config/cfg.py:3253}}
Jul 01 00:53:22.437196 np0000004061 devstack@g-api.service[99497]: DEBUG glance.common.config [None req-0f35cba2-6bdf-49d7-9239-35deaf2afb75 None None] image_format.vmdk_allowed_types = ['streamOptimized', 'monolithicSparse'] {{(pid=99497) log_opt_values /opt/stack/data/venv/lib/python3.12/site-packages/oslo_config/cfg.py:3253}}
Jul 01 00:53:22.437296 np0000004061 devstack@g-api.service[99497]: DEBUG glance.common.config [None req-0f35cba2-6bdf-49d7-9239-35deaf2afb75 None None] task.task_executor = taskflow {{(pid=99497) log_opt_values /opt/stack/data/venv/lib/python3.12/site-packages/oslo_config/cfg.py:3253}}
Jul 01 00:53:22.437387 np0000004061 devstack@g-api.service[99497]: DEBUG glance.common.config [None req-0f35cba2-6bdf-49d7-9239-35deaf2afb75 None None] task.task_time_to_live = 48 {{(pid=99497) log_opt_values /opt/stack/data/venv/lib/python3.12/site-packages/oslo_config/cfg.py:3253}}
Jul 01 00:53:22.437499 np0000004061 devstack@g-api.service[99497]: DEBUG glance.common.config [None req-0f35cba2-6bdf-49d7-9239-35deaf2afb75 None None] task.work_dir = None {{(pid=99497) log_opt_values /opt/stack/data/venv/lib/python3.12/site-packages/oslo_config/cfg.py:3253}}
Jul 01 00:53:22.437601 np0000004061 devstack@g-api.service[99497]: DEBUG glance.common.config [None req-0f35cba2-6bdf-49d7-9239-35deaf2afb75 None None] wsgi.python_interpreter = /opt/stack/data/venv/bin/python3 {{(pid=99497) log_opt_values /opt/stack/data/venv/lib/python3.12/site-packages/oslo_config/cfg.py:3253}}
