Jul 01 00:52:59.927091 np0000004061 nova-scheduler[93238]: DEBUG cotyledon.oslo_config_glue [-] oslo_limit.auth_type = None {{(pid=93238) log_opt_values /opt/stack/data/venv/lib/python3.12/site-packages/oslo_config/cfg.py:3253}}
Jul 01 00:52:59.927091 np0000004061 nova-scheduler[93238]: DEBUG cotyledon.oslo_config_glue [-] oslo_limit.cafile = None {{(pid=93238) log_opt_values /opt/stack/data/venv/lib/python3.12/site-packages/oslo_config/cfg.py:3253}}
Jul 01 00:52:59.927091 np0000004061 nova-scheduler[93238]: DEBUG cotyledon.oslo_config_glue [-] oslo_limit.certfile = None {{(pid=93238) log_opt_values /opt/stack/data/venv/lib/python3.12/site-packages/oslo_config/cfg.py:3253}}
Jul 01 00:52:59.927091 np0000004061 nova-scheduler[93238]: DEBUG cotyledon.oslo_config_glue [-] oslo_limit.collect_timing = False {{(pid=93238) log_opt_values /opt/stack/data/venv/lib/python3.12/site-packages/oslo_config/cfg.py:3253}}
Jul 01 00:52:59.927365 np0000004061 nova-scheduler[93238]: DEBUG cotyledon.oslo_config_glue [-] oslo_limit.connect_retries = None {{(pid=93238) log_opt_values /opt/stack/data/venv/lib/python3.12/site-packages/oslo_config/cfg.py:3253}}
Jul 01 00:52:59.927365 np0000004061 nova-scheduler[93238]: DEBUG cotyledon.oslo_config_glue [-] oslo_limit.connect_retry_delay = None {{(pid=93238) log_opt_values /opt/stack/data/venv/lib/python3.12/site-packages/oslo_config/cfg.py:3253}}
Jul 01 00:52:59.927365 np0000004061 nova-scheduler[93238]: DEBUG cotyledon.oslo_config_glue [-] oslo_limit.endpoint_id = None {{(pid=93238) log_opt_values /opt/stack/data/venv/lib/python3.12/site-packages/oslo_config/cfg.py:3253}}
Jul 01 00:52:59.927365 np0000004061 nova-scheduler[93238]: DEBUG cotyledon.oslo_config_glue [-] oslo_limit.endpoint_interface = public {{(pid=93238) log_opt_values /opt/stack/data/venv/lib/python3.12/site-packages/oslo_config/cfg.py:3253}}
Jul 01 00:52:59.927365 np0000004061 nova-scheduler[93238]: DEBUG cotyledon.oslo_config_glue [-] oslo_limit.endpoint_override = None {{(pid=93238) log_opt_values /opt/stack/data/venv/lib/python3.12/site-packages/oslo_config/cfg.py:3253}}
Jul 01 00:52:59.927365 np0000004061 nova-scheduler[93238]: DEBUG cotyledon.oslo_config_glue [-] oslo_limit.endpoint_region_name = None {{(pid=93238) log_opt_values /opt/stack/data/venv/lib/python3.12/site-packages/oslo_config/cfg.py:3253}}
Jul 01 00:52:59.927365 np0000004061 nova-scheduler[93238]: DEBUG cotyledon.oslo_config_glue [-] oslo_limit.endpoint_service_name = None {{(pid=93238) log_opt_values /opt/stack/data/venv/lib/python3.12/site-packages/oslo_config/cfg.py:3253}}
Jul 01 00:52:59.927365 np0000004061 nova-scheduler[93238]: DEBUG cotyledon.oslo_config_glue [-] oslo_limit.endpoint_service_type = None {{(pid=93238) log_opt_values /opt/stack/data/venv/lib/python3.12/site-packages/oslo_config/cfg.py:3253}}
Jul 01 00:52:59.927365 np0000004061 nova-scheduler[93238]: DEBUG cotyledon.oslo_config_glue [-] oslo_limit.insecure = False {{(pid=93238) log_opt_values /opt/stack/data/venv/lib/python3.12/site-packages/oslo_config/cfg.py:3253}}
Jul 01 00:52:59.927646 np0000004061 nova-scheduler[93238]: DEBUG cotyledon.oslo_config_glue [-] oslo_limit.keyfile = None {{(pid=93238) log_opt_values /opt/stack/data/venv/lib/python3.12/site-packages/oslo_config/cfg.py:3253}}
Jul 01 00:52:59.927646 np0000004061 nova-scheduler[93238]: DEBUG cotyledon.oslo_config_glue [-] oslo_limit.max_version = None {{(pid=93238) log_opt_values /opt/stack/data/venv/lib/python3.12/site-packages/oslo_config/cfg.py:3253}}
Jul 01 00:52:59.927646 np0000004061 nova-scheduler[93238]: DEBUG cotyledon.oslo_config_glue [-] oslo_limit.min_version = None {{(pid=93238) log_opt_values /opt/stack/data/venv/lib/python3.12/site-packages/oslo_config/cfg.py:3253}}
Jul 01 00:52:59.927646 np0000004061 nova-scheduler[93238]: DEBUG cotyledon.oslo_config_glue [-] oslo_limit.region_name = None {{(pid=93238) log_opt_values /opt/stack/data/venv/lib/python3.12/site-packages/oslo_config/cfg.py:3253}}
Jul 01 00:52:59.927646 np0000004061 nova-scheduler[93238]: DEBUG cotyledon.oslo_config_glue [-] oslo_limit.retriable_status_codes = None {{(pid=93238) log_opt_values /opt/stack/data/venv/lib/python3.12/site-packages/oslo_config/cfg.py:3253}}
Jul 01 00:52:59.927646 np0000004061 nova-scheduler[93238]: DEBUG cotyledon.oslo_config_glue [-] oslo_limit.service_name = None {{(pid=93238) log_opt_values /opt/stack/data/venv/lib/python3.12/site-packages/oslo_config/cfg.py:3253}}
Jul 01 00:52:59.927646 np0000004061 nova-scheduler[93238]: DEBUG cotyledon.oslo_config_glue [-] oslo_limit.service_type = None {{(pid=93238) log_opt_values /opt/stack/data/venv/lib/python3.12/site-packages/oslo_config/cfg.py:3253}}
Jul 01 00:52:59.927646 np0000004061 nova-scheduler[93238]: DEBUG cotyledon.oslo_config_glue [-] oslo_limit.split_loggers = False {{(pid=93238) log_opt_values /opt/stack/data/venv/lib/python3.12/site-packages/oslo_config/cfg.py:3253}}
Jul 01 00:52:59.927646 np0000004061 nova-scheduler[93238]: DEBUG cotyledon.oslo_config_glue [-] oslo_limit.status_code_retries = None {{(pid=93238) log_opt_values /opt/stack/data/venv/lib/python3.12/site-packages/oslo_config/cfg.py:3253}}
Jul 01 00:52:59.927911 np0000004061 nova-scheduler[93238]: DEBUG cotyledon.oslo_config_glue [-] oslo_limit.status_code_retry_delay = None {{(pid=93238) log_opt_values /opt/stack/data/venv/lib/python3.12/site-packages/oslo_config/cfg.py:3253}}
Jul 01 00:52:59.927911 np0000004061 nova-scheduler[93238]: DEBUG cotyledon.oslo_config_glue [-] oslo_limit.timeout = None {{(pid=93238) log_opt_values /opt/stack/data/venv/lib/python3.12/site-packages/oslo_config/cfg.py:3253}}
Jul 01 00:52:59.927911 np0000004061 nova-scheduler[93238]: DEBUG cotyledon.oslo_config_glue [-] oslo_limit.valid_interfaces = None {{(pid=93238) log_opt_values /opt/stack/data/venv/lib/python3.12/site-packages/oslo_config/cfg.py:3253}}
Jul 01 00:52:59.927911 np0000004061 nova-scheduler[93238]: DEBUG cotyledon.oslo_config_glue [-] oslo_limit.version = None {{(pid=93238) log_opt_values /opt/stack/data/venv/lib/python3.12/site-packages/oslo_config/cfg.py:3253}}
Jul 01 00:52:59.927911 np0000004061 nova-scheduler[93238]: DEBUG cotyledon.oslo_config_glue [-] oslo_reports.file_event_handler = None {{(pid=93238) log_opt_values /opt/stack/data/venv/lib/python3.12/site-packages/oslo_config/cfg.py:3253}}
Jul 01 00:52:59.927911 np0000004061 nova-scheduler[93238]: DEBUG cotyledon.oslo_config_glue [-] oslo_reports.file_event_handler_interval = 1 {{(pid=93238) log_opt_values /opt/stack/data/venv/lib/python3.12/site-packages/oslo_config/cfg.py:3253}}
Jul 01 00:52:59.927911 np0000004061 nova-scheduler[93238]: DEBUG cotyledon.oslo_config_glue [-] oslo_reports.log_dir = None {{(pid=93238) log_opt_values /opt/stack/data/venv/lib/python3.12/site-packages/oslo_config/cfg.py:3253}}
Jul 01 00:52:59.927911 np0000004061 nova-scheduler[93238]: DEBUG cotyledon.oslo_config_glue [-] ******************************************************************************** {{(pid=93238) log_opt_values /opt/stack/data/venv/lib/python3.12/site-packages/oslo_config/cfg.py:3260}}
Jul 01 00:52:59.927911 np0000004061 nova-scheduler[93238]: DEBUG cotyledon._service_worker [-] Run service ServiceWrapper(2) [93238] {{(pid=93238) wait_forever /opt/stack/data/venv/lib/python3.12/site-packages/cotyledon/_service_worker.py:218}}
Jul 01 00:52:59.928183 np0000004061 nova-scheduler[93238]: INFO nova.service [-] Starting scheduler node (version 33.1.0)
Jul 01 00:52:59.928183 np0000004061 nova-scheduler[93238]: INFO dbcounter [None req-39ec355f-64a8-4d29-9d5b-e78c93c28455 None None] Registered counter for database nova_cell0
Jul 01 00:52:59.943169 np0000004061 nova-scheduler[93230]: DEBUG oslo_db.sqlalchemy.engines [None req-edbc69d5-0b9e-4b46-947d-d9dfd99a714e None None] MySQL server mode set to STRICT_TRANS_TABLES,STRICT_ALL_TABLES,NO_ZERO_IN_DATE,NO_ZERO_DATE,ERROR_FOR_DIVISION_BY_ZERO,TRADITIONAL,NO_ENGINE_SUBSTITUTION {{(pid=93230) _check_effective_sql_mode /opt/stack/data/venv/lib/python3.12/site-packages/oslo_db/sqlalchemy/engines.py:325}}
Jul 01 00:52:59.955120 np0000004061 nova-scheduler[93230]: DEBUG dbcounter [-] [93230] Writer thread running {{(pid=93230) stat_writer /opt/stack/data/venv/lib/python3.12/site-packages/dbcounter.py:102}}
Jul 01 00:52:59.957854 np0000004061 nova-scheduler[93235]: DEBUG oslo_db.sqlalchemy.engines [None req-5c593ac6-652f-47cd-a68f-c9a6b3722a6e None None] MySQL server mode set to STRICT_TRANS_TABLES,STRICT_ALL_TABLES,NO_ZERO_IN_DATE,NO_ZERO_DATE,ERROR_FOR_DIVISION_BY_ZERO,TRADITIONAL,NO_ENGINE_SUBSTITUTION {{(pid=93235) _check_effective_sql_mode /opt/stack/data/venv/lib/python3.12/site-packages/oslo_db/sqlalchemy/engines.py:325}}
Jul 01 00:52:59.963289 np0000004061 nova-scheduler[93238]: DEBUG oslo_db.sqlalchemy.engines [None req-39ec355f-64a8-4d29-9d5b-e78c93c28455 None None] MySQL server mode set to STRICT_TRANS_TABLES,STRICT_ALL_TABLES,NO_ZERO_IN_DATE,NO_ZERO_DATE,ERROR_FOR_DIVISION_BY_ZERO,TRADITIONAL,NO_ENGINE_SUBSTITUTION {{(pid=93238) _check_effective_sql_mode /opt/stack/data/venv/lib/python3.12/site-packages/oslo_db/sqlalchemy/engines.py:325}}
Jul 01 00:52:59.968353 np0000004061 nova-scheduler[93230]: DEBUG nova.service [None req-edbc69d5-0b9e-4b46-947d-d9dfd99a714e None None] Creating RPC server for service: nova-scheduler on topic: scheduler {{(pid=93230) start /opt/stack/nova/nova/service.py:196}}
Jul 01 00:52:59.970762 np0000004061 nova-scheduler[93235]: DEBUG dbcounter [-] [93235] Writer thread running {{(pid=93235) stat_writer /opt/stack/data/venv/lib/python3.12/site-packages/dbcounter.py:102}}
Jul 01 00:52:59.974325 np0000004061 nova-scheduler[93235]: DEBUG nova.service [None req-5c593ac6-652f-47cd-a68f-c9a6b3722a6e None None] Creating RPC server for service: nova-scheduler on topic: scheduler {{(pid=93235) start /opt/stack/nova/nova/service.py:196}}
Jul 01 00:52:59.974880 np0000004061 nova-scheduler[93238]: DEBUG dbcounter [-] [93238] Writer thread running {{(pid=93238) stat_writer /opt/stack/data/venv/lib/python3.12/site-packages/dbcounter.py:102}}
Jul 01 00:52:59.980513 np0000004061 nova-scheduler[93238]: DEBUG nova.service [None req-39ec355f-64a8-4d29-9d5b-e78c93c28455 None None] Creating RPC server for service: nova-scheduler on topic: scheduler {{(pid=93238) start /opt/stack/nova/nova/service.py:196}}
Jul 01 00:52:59.995328 np0000004061 nova-scheduler[93230]: DEBUG nova.service [None req-edbc69d5-0b9e-4b46-947d-d9dfd99a714e None None] Join ServiceGroup membership for this service scheduler {{(pid=93230) start /opt/stack/nova/nova/service.py:222}}
Jul 01 00:52:59.995535 np0000004061 nova-scheduler[93230]: DEBUG nova.servicegroup.drivers.db [None req-edbc69d5-0b9e-4b46-947d-d9dfd99a714e None None] DB_Driver: join new ServiceGroup member np0000004061 to the scheduler group, service = {{(pid=93230) join /opt/stack/nova/nova/servicegroup/drivers/db.py:44}}
Jul 01 00:52:59.997165 np0000004061 nova-scheduler[93235]: DEBUG nova.service [None req-5c593ac6-652f-47cd-a68f-c9a6b3722a6e None None] Join ServiceGroup membership for this service scheduler {{(pid=93235) start /opt/stack/nova/nova/service.py:222}}
Jul 01 00:52:59.997407 np0000004061 nova-scheduler[93235]: DEBUG nova.servicegroup.drivers.db [None req-5c593ac6-652f-47cd-a68f-c9a6b3722a6e None None] DB_Driver: join new ServiceGroup member np0000004061 to the scheduler group, service = {{(pid=93235) join /opt/stack/nova/nova/servicegroup/drivers/db.py:44}}
Jul 01 00:53:00.009153 np0000004061 nova-scheduler[93238]: DEBUG nova.service [None req-39ec355f-64a8-4d29-9d5b-e78c93c28455 None None] Join ServiceGroup membership for this service scheduler {{(pid=93238) start /opt/stack/nova/nova/service.py:222}}
Jul 01 00:53:00.009367 np0000004061 nova-scheduler[93238]: DEBUG nova.servicegroup.drivers.db [None req-39ec355f-64a8-4d29-9d5b-e78c93c28455 None None] DB_Driver: join new ServiceGroup member np0000004061 to the scheduler group, service = {{(pid=93238) join /opt/stack/nova/nova/servicegroup/drivers/db.py:44}}
Jul 01 00:53:05.010418 np0000004061 nova-scheduler[93230]: DEBUG oslo.service.backend._threading.loopingcall [-] Fixed interval looping call 'nova.servicegroup.drivers.db.DbDriver._report_state' sleeping for 119.99 seconds {{(pid=93230) _run_loop /opt/stack/data/venv/lib/python3.12/site-packages/oslo_service/backend/_threading/loopingcall.py:125}}
Jul 01 00:53:05.016065 np0000004061 nova-scheduler[93235]: DEBUG oslo.service.backend._threading.loopingcall [-] Fixed interval looping call 'nova.servicegroup.drivers.db.DbDriver._report_state' sleeping for 119.98 seconds {{(pid=93235) _run_loop /opt/stack/data/venv/lib/python3.12/site-packages/oslo_service/backend/_threading/loopingcall.py:125}}
Jul 01 00:53:05.022631 np0000004061 nova-scheduler[93238]: DEBUG oslo.service.backend._threading.loopingcall [-] Fixed interval looping call 'nova.servicegroup.drivers.db.DbDriver._report_state' sleeping for 119.99 seconds {{(pid=93238) _run_loop /opt/stack/data/venv/lib/python3.12/site-packages/oslo_service/backend/_threading/loopingcall.py:125}}
Jul 01 00:53:08.546318 np0000004061 nova-scheduler[91959]: DEBUG dbcounter [-] [91959] Writing DB stats nova_api:SELECT=3 {{(pid=91959) stat_writer /opt/stack/data/venv/lib/python3.12/site-packages/dbcounter.py:115}}
Jul 01 00:53:08.666162 np0000004061 nova-scheduler[91959]: DEBUG dbcounter [-] [91959] Writing DB stats nova_cell0:SELECT=1 {{(pid=91959) stat_writer /opt/stack/data/venv/lib/python3.12/site-packages/dbcounter.py:115}}
Jul 01 00:53:08.673560 np0000004061 nova-scheduler[91959]: DEBUG dbcounter [-] [91959] Writing DB stats nova_cell1:SELECT=1 {{(pid=91959) stat_writer /opt/stack/data/venv/lib/python3.12/site-packages/dbcounter.py:115}}
Jul 01 00:53:15.005999 np0000004061 nova-scheduler[93230]: DEBUG dbcounter [-] [93230] Writing DB stats nova_cell0:SELECT=4,nova_cell0:INSERT=1,nova_cell0:UPDATE=1 {{(pid=93230) stat_writer /opt/stack/data/venv/lib/python3.12/site-packages/dbcounter.py:115}}
Jul 01 00:53:15.014135 np0000004061 nova-scheduler[93235]: DEBUG dbcounter [-] [93235] Writing DB stats nova_cell0:SELECT=3,nova_cell0:UPDATE=1 {{(pid=93235) stat_writer /opt/stack/data/venv/lib/python3.12/site-packages/dbcounter.py:115}}
Jul 01 00:53:15.019142 np0000004061 nova-scheduler[93238]: DEBUG dbcounter [-] [93238] Writing DB stats nova_cell0:SELECT=3 {{(pid=93238) stat_writer /opt/stack/data/venv/lib/python3.12/site-packages/dbcounter.py:115}}
Jul 01 00:53:30.999714 np0000004061 nova-scheduler[93235]: DEBUG oslo.service.backend._threading.loopingcall [None req-af8c4c98-0964-491b-96ee-f835f6d8446a None None] Dynamic interval looping call 'nova.service.Service.periodic_tasks' sleeping for 60.00 seconds {{(pid=93235) _run_loop /opt/stack/data/venv/lib/python3.12/site-packages/oslo_service/backend/_threading/loopingcall.py:125}}
Jul 01 00:53:42.997721 np0000004061 nova-scheduler[93230]: DEBUG oslo.service.backend._threading.loopingcall [None req-b4b9ff8c-37ab-4e82-b09d-85197b6f98c2 None None] Dynamic interval looping call 'nova.service.Service.periodic_tasks' sleeping for 60.00 seconds {{(pid=93230) _run_loop /opt/stack/data/venv/lib/python3.12/site-packages/oslo_service/backend/_threading/loopingcall.py:125}}
Jul 01 00:53:47.011765 np0000004061 nova-scheduler[93238]: DEBUG oslo.service.backend._threading.loopingcall [None req-033b94fa-c2bf-4c6d-b985-f72af7ac6ddf None None] Dynamic interval looping call 'nova.service.Service.periodic_tasks' sleeping for 60.00 seconds {{(pid=93238) _run_loop /opt/stack/data/venv/lib/python3.12/site-packages/oslo_service/backend/_threading/loopingcall.py:125}}
Jul 01 00:54:31.000426 np0000004061 nova-scheduler[93235]: DEBUG oslo.service.backend._threading.loopingcall [None req-af8c4c98-0964-491b-96ee-f835f6d8446a None None] Dynamic interval looping call 'nova.service.Service.periodic_tasks' sleeping for 60.00 seconds {{(pid=93235) _run_loop /opt/stack/data/venv/lib/python3.12/site-packages/oslo_service/backend/_threading/loopingcall.py:125}}
Jul 01 00:54:42.998259 np0000004061 nova-scheduler[93230]: DEBUG oslo.service.backend._threading.loopingcall [None req-b4b9ff8c-37ab-4e82-b09d-85197b6f98c2 None None] Dynamic interval looping call 'nova.service.Service.periodic_tasks' sleeping for 60.00 seconds {{(pid=93230) _run_loop /opt/stack/data/venv/lib/python3.12/site-packages/oslo_service/backend/_threading/loopingcall.py:125}}
Jul 01 00:54:47.012292 np0000004061 nova-scheduler[93238]: DEBUG oslo.service.backend._threading.loopingcall [None req-033b94fa-c2bf-4c6d-b985-f72af7ac6ddf None None] Dynamic interval looping call 'nova.service.Service.periodic_tasks' sleeping for 60.00 seconds {{(pid=93238) _run_loop /opt/stack/data/venv/lib/python3.12/site-packages/oslo_service/backend/_threading/loopingcall.py:125}}
Jul 01 00:55:05.004348 np0000004061 nova-scheduler[93235]: DEBUG oslo.service.backend._threading.loopingcall [-] Fixed interval looping call 'nova.servicegroup.drivers.db.DbDriver._report_state' sleeping for 119.99 seconds {{(pid=93235) _run_loop /opt/stack/data/venv/lib/python3.12/site-packages/oslo_service/backend/_threading/loopingcall.py:125}}
Jul 01 00:55:05.004847 np0000004061 nova-scheduler[93230]: DEBUG oslo.service.backend._threading.loopingcall [-] Fixed interval looping call 'nova.servicegroup.drivers.db.DbDriver._report_state' sleeping for 120.00 seconds {{(pid=93230) _run_loop /opt/stack/data/venv/lib/python3.12/site-packages/oslo_service/backend/_threading/loopingcall.py:125}}
Jul 01 00:55:05.016606 np0000004061 nova-scheduler[93238]: DEBUG oslo.service.backend._threading.loopingcall [-] Fixed interval looping call 'nova.servicegroup.drivers.db.DbDriver._report_state' sleeping for 120.00 seconds {{(pid=93238) _run_loop /opt/stack/data/venv/lib/python3.12/site-packages/oslo_service/backend/_threading/loopingcall.py:125}}
Jul 01 00:55:14.999238 np0000004061 nova-scheduler[93235]: DEBUG dbcounter [-] [93235] Writing DB stats nova_cell0:SELECT=1,nova_cell0:UPDATE=1 {{(pid=93235) stat_writer /opt/stack/data/venv/lib/python3.12/site-packages/dbcounter.py:115}}
Jul 01 00:55:15.002609 np0000004061 nova-scheduler[93230]: DEBUG dbcounter [-] [93230] Writing DB stats nova_cell0:SELECT=1 {{(pid=93230) stat_writer /opt/stack/data/venv/lib/python3.12/site-packages/dbcounter.py:115}}
Jul 01 00:55:15.014631 np0000004061 nova-scheduler[93238]: DEBUG dbcounter [-] [93238] Writing DB stats nova_cell0:SELECT=1 {{(pid=93238) stat_writer /opt/stack/data/venv/lib/python3.12/site-packages/dbcounter.py:115}}
Jul 01 00:55:31.001494 np0000004061 nova-scheduler[93235]: DEBUG oslo.service.backend._threading.loopingcall [None req-af8c4c98-0964-491b-96ee-f835f6d8446a None None] Dynamic interval looping call 'nova.service.Service.periodic_tasks' sleeping for 60.00 seconds {{(pid=93235) _run_loop /opt/stack/data/venv/lib/python3.12/site-packages/oslo_service/backend/_threading/loopingcall.py:125}}
Jul 01 00:55:40.120006 np0000004061 nova-scheduler[93230]: DEBUG nova.scheduler.manager [None req-7de774db-14a2-4508-95d7-4eaad6c10e6b tempest-ServerBootFromVolumeStableRescueTest-427625621 tempest-ServerBootFromVolumeStableRescueTest-427625621-project-member] Starting to schedule for instances: ['62714e92-f930-4095-8375-a6a0ee635b1c'] {{(pid=93230) select_destinations /opt/stack/nova/nova/scheduler/manager.py:209}}
Jul 01 00:55:40.120006 np0000004061 nova-scheduler[93230]: DEBUG nova.scheduler.request_filter [None req-7de774db-14a2-4508-95d7-4eaad6c10e6b tempest-ServerBootFromVolumeStableRescueTest-427625621 tempest-ServerBootFromVolumeStableRescueTest-427625621-project-member] compute_status_filter request filter added forbidden trait COMPUTE_STATUS_DISABLED {{(pid=93230) compute_status_filter /opt/stack/nova/nova/scheduler/request_filter.py:253}}
Jul 01 00:55:40.120006 np0000004061 nova-scheduler[93230]: DEBUG nova.scheduler.request_filter [None req-7de774db-14a2-4508-95d7-4eaad6c10e6b tempest-ServerBootFromVolumeStableRescueTest-427625621 tempest-ServerBootFromVolumeStableRescueTest-427625621-project-member] Request filter 'compute_status_filter' took 0.0 seconds {{(pid=93230) wrapper /opt/stack/nova/nova/scheduler/request_filter.py:46}}
Jul 01 00:55:40.121015 np0000004061 nova-scheduler[93230]: DEBUG nova.scheduler.request_filter [None req-7de774db-14a2-4508-95d7-4eaad6c10e6b tempest-ServerBootFromVolumeStableRescueTest-427625621 tempest-ServerBootFromVolumeStableRescueTest-427625621-project-member] Request filter 'accelerators_filter' took 0.0 seconds {{(pid=93230) wrapper /opt/stack/nova/nova/scheduler/request_filter.py:46}}
Jul 01 00:55:40.121735 np0000004061 nova-scheduler[93230]: DEBUG nova.scheduler.request_filter [None req-7de774db-14a2-4508-95d7-4eaad6c10e6b tempest-ServerBootFromVolumeStableRescueTest-427625621 tempest-ServerBootFromVolumeStableRescueTest-427625621-project-member] Request filter 'packed_virtqueue_filter' took 0.0 seconds {{(pid=93230) wrapper /opt/stack/nova/nova/scheduler/request_filter.py:46}}
Jul 01 00:55:40.122142 np0000004061 nova-scheduler[93230]: DEBUG nova.scheduler.request_filter [None req-7de774db-14a2-4508-95d7-4eaad6c10e6b tempest-ServerBootFromVolumeStableRescueTest-427625621 tempest-ServerBootFromVolumeStableRescueTest-427625621-project-member] Request filter 'remote_managed_ports_filter' took 0.0 seconds {{(pid=93230) wrapper /opt/stack/nova/nova/scheduler/request_filter.py:46}}
Jul 01 00:55:40.122451 np0000004061 nova-scheduler[93230]: DEBUG nova.scheduler.request_filter [None req-7de774db-14a2-4508-95d7-4eaad6c10e6b tempest-ServerBootFromVolumeStableRescueTest-427625621 tempest-ServerBootFromVolumeStableRescueTest-427625621-project-member] ephemeral_encryption_filter skipped {{(pid=93230) ephemeral_encryption_filter /opt/stack/nova/nova/scheduler/request_filter.py:426}}
Jul 01 00:55:40.122747 np0000004061 nova-scheduler[93230]: DEBUG nova.scheduler.request_filter [None req-7de774db-14a2-4508-95d7-4eaad6c10e6b tempest-ServerBootFromVolumeStableRescueTest-427625621 tempest-ServerBootFromVolumeStableRescueTest-427625621-project-member] virtio_sound_filter skipped {{(pid=93230) virtio_sound_filter /opt/stack/nova/nova/scheduler/request_filter.py:460}}
Jul 01 00:55:40.122996 np0000004061 nova-scheduler[93230]: DEBUG nova.scheduler.request_filter [None req-7de774db-14a2-4508-95d7-4eaad6c10e6b tempest-ServerBootFromVolumeStableRescueTest-427625621 tempest-ServerBootFromVolumeStableRescueTest-427625621-project-member] tpm_secret_security_filter skipped {{(pid=93230) tpm_secret_security_filter /opt/stack/nova/nova/scheduler/request_filter.py:477}}
Jul 01 00:55:40.719487 np0000004061 nova-scheduler[93235]: DEBUG nova.scheduler.manager [None req-487b2334-ab9c-4d5f-9570-a0dd57b18266 tempest-ServerActionsTestOtherA-1010337035 tempest-ServerActionsTestOtherA-1010337035-project-member] Starting to schedule for instances: ['4f9813a2-c29f-4587-8451-5c5ab4086ea0'] {{(pid=93235) select_destinations /opt/stack/nova/nova/scheduler/manager.py:209}}
Jul 01 00:55:40.720831 np0000004061 nova-scheduler[93235]: DEBUG nova.scheduler.request_filter [None req-487b2334-ab9c-4d5f-9570-a0dd57b18266 tempest-ServerActionsTestOtherA-1010337035 tempest-ServerActionsTestOtherA-1010337035-project-member] compute_status_filter request filter added forbidden trait COMPUTE_STATUS_DISABLED {{(pid=93235) compute_status_filter /opt/stack/nova/nova/scheduler/request_filter.py:253}}
Jul 01 00:55:40.720964 np0000004061 nova-scheduler[93235]: DEBUG nova.scheduler.request_filter [None req-487b2334-ab9c-4d5f-9570-a0dd57b18266 tempest-ServerActionsTestOtherA-1010337035 tempest-ServerActionsTestOtherA-1010337035-project-member] Request filter 'compute_status_filter' took 0.0 seconds {{(pid=93235) wrapper /opt/stack/nova/nova/scheduler/request_filter.py:46}}
Jul 01 00:55:40.721220 np0000004061 nova-scheduler[93235]: DEBUG nova.scheduler.request_filter [None req-487b2334-ab9c-4d5f-9570-a0dd57b18266 tempest-ServerActionsTestOtherA-1010337035 tempest-ServerActionsTestOtherA-1010337035-project-member] Request filter 'accelerators_filter' took 0.0 seconds {{(pid=93235) wrapper /opt/stack/nova/nova/scheduler/request_filter.py:46}}
Jul 01 00:55:40.721478 np0000004061 nova-scheduler[93235]: DEBUG nova.scheduler.request_filter [None req-487b2334-ab9c-4d5f-9570-a0dd57b18266 tempest-ServerActionsTestOtherA-1010337035 tempest-ServerActionsTestOtherA-1010337035-project-member] Request filter 'packed_virtqueue_filter' took 0.0 seconds {{(pid=93235) wrapper /opt/stack/nova/nova/scheduler/request_filter.py:46}}
Jul 01 00:55:40.722064 np0000004061 nova-scheduler[93235]: DEBUG nova.scheduler.request_filter [None req-487b2334-ab9c-4d5f-9570-a0dd57b18266 tempest-ServerActionsTestOtherA-1010337035 tempest-ServerActionsTestOtherA-1010337035-project-member] Request filter 'remote_managed_ports_filter' took 0.0 seconds {{(pid=93235) wrapper /opt/stack/nova/nova/scheduler/request_filter.py:46}}
Jul 01 00:55:40.722719 np0000004061 nova-scheduler[93235]: DEBUG nova.scheduler.request_filter [None req-487b2334-ab9c-4d5f-9570-a0dd57b18266 tempest-ServerActionsTestOtherA-1010337035 tempest-ServerActionsTestOtherA-1010337035-project-member] ephemeral_encryption_filter skipped {{(pid=93235) ephemeral_encryption_filter /opt/stack/nova/nova/scheduler/request_filter.py:426}}
Jul 01 00:55:40.723013 np0000004061 nova-scheduler[93235]: DEBUG nova.scheduler.request_filter [None req-487b2334-ab9c-4d5f-9570-a0dd57b18266 tempest-ServerActionsTestOtherA-1010337035 tempest-ServerActionsTestOtherA-1010337035-project-member] virtio_sound_filter skipped {{(pid=93235) virtio_sound_filter /opt/stack/nova/nova/scheduler/request_filter.py:460}}
Jul 01 00:55:40.723165 np0000004061 nova-scheduler[93235]: DEBUG nova.scheduler.request_filter [None req-487b2334-ab9c-4d5f-9570-a0dd57b18266 tempest-ServerActionsTestOtherA-1010337035 tempest-ServerActionsTestOtherA-1010337035-project-member] tpm_secret_security_filter skipped {{(pid=93235) tpm_secret_security_filter /opt/stack/nova/nova/scheduler/request_filter.py:477}}
Jul 01 00:55:40.793501 np0000004061 nova-scheduler[93238]: DEBUG nova.scheduler.manager [None req-0c0077f8-bf8d-4d23-829b-ab18fa4f9289 tempest-ServerStableDeviceRescueTest-1219268592 tempest-ServerStableDeviceRescueTest-1219268592-project-member] Starting to schedule for instances: ['1f7126e5-9302-4498-8c11-61f299e23507'] {{(pid=93238) select_destinations /opt/stack/nova/nova/scheduler/manager.py:209}}
Jul 01 00:55:40.794424 np0000004061 nova-scheduler[93238]: DEBUG nova.scheduler.request_filter [None req-0c0077f8-bf8d-4d23-829b-ab18fa4f9289 tempest-ServerStableDeviceRescueTest-1219268592 tempest-ServerStableDeviceRescueTest-1219268592-project-member] compute_status_filter request filter added forbidden trait COMPUTE_STATUS_DISABLED {{(pid=93238) compute_status_filter /opt/stack/nova/nova/scheduler/request_filter.py:253}}
Jul 01 00:55:40.794632 np0000004061 nova-scheduler[93238]: DEBUG nova.scheduler.request_filter [None req-0c0077f8-bf8d-4d23-829b-ab18fa4f9289 tempest-ServerStableDeviceRescueTest-1219268592 tempest-ServerStableDeviceRescueTest-1219268592-project-member] Request filter 'compute_status_filter' took 0.0 seconds {{(pid=93238) wrapper /opt/stack/nova/nova/scheduler/request_filter.py:46}}
Jul 01 00:55:40.794934 np0000004061 nova-scheduler[93238]: DEBUG nova.scheduler.request_filter [None req-0c0077f8-bf8d-4d23-829b-ab18fa4f9289 tempest-ServerStableDeviceRescueTest-1219268592 tempest-ServerStableDeviceRescueTest-1219268592-project-member] Request filter 'accelerators_filter' took 0.0 seconds {{(pid=93238) wrapper /opt/stack/nova/nova/scheduler/request_filter.py:46}}
Jul 01 00:55:40.795223 np0000004061 nova-scheduler[93238]: DEBUG nova.scheduler.request_filter [None req-0c0077f8-bf8d-4d23-829b-ab18fa4f9289 tempest-ServerStableDeviceRescueTest-1219268592 tempest-ServerStableDeviceRescueTest-1219268592-project-member] Request filter 'packed_virtqueue_filter' took 0.0 seconds {{(pid=93238) wrapper /opt/stack/nova/nova/scheduler/request_filter.py:46}}
Jul 01 00:55:40.795879 np0000004061 nova-scheduler[93238]: DEBUG nova.scheduler.request_filter [None req-0c0077f8-bf8d-4d23-829b-ab18fa4f9289 tempest-ServerStableDeviceRescueTest-1219268592 tempest-ServerStableDeviceRescueTest-1219268592-project-member] Request filter 'remote_managed_ports_filter' took 0.0 seconds {{(pid=93238) wrapper /opt/stack/nova/nova/scheduler/request_filter.py:46}}
Jul 01 00:55:40.796495 np0000004061 nova-scheduler[93238]: DEBUG nova.scheduler.request_filter [None req-0c0077f8-bf8d-4d23-829b-ab18fa4f9289 tempest-ServerStableDeviceRescueTest-1219268592 tempest-ServerStableDeviceRescueTest-1219268592-project-member] ephemeral_encryption_filter skipped {{(pid=93238) ephemeral_encryption_filter /opt/stack/nova/nova/scheduler/request_filter.py:426}}
Jul 01 00:55:40.796700 np0000004061 nova-scheduler[93238]: DEBUG nova.scheduler.request_filter [None req-0c0077f8-bf8d-4d23-829b-ab18fa4f9289 tempest-ServerStableDeviceRescueTest-1219268592 tempest-ServerStableDeviceRescueTest-1219268592-project-member] virtio_sound_filter skipped {{(pid=93238) virtio_sound_filter /opt/stack/nova/nova/scheduler/request_filter.py:460}}
Jul 01 00:55:40.799055 np0000004061 nova-scheduler[93238]: DEBUG nova.scheduler.request_filter [None req-0c0077f8-bf8d-4d23-829b-ab18fa4f9289 tempest-ServerStableDeviceRescueTest-1219268592 tempest-ServerStableDeviceRescueTest-1219268592-project-member] tpm_secret_security_filter skipped {{(pid=93238) tpm_secret_security_filter /opt/stack/nova/nova/scheduler/request_filter.py:477}}
Jul 01 00:55:40.949048 np0000004061 nova-scheduler[93230]: DEBUG nova.scheduler.manager [None req-9f165f46-617a-4195-892a-5cdd91fb7f22 tempest-ServerActionsTestOtherB-1035159786 tempest-ServerActionsTestOtherB-1035159786-project-member] Starting to schedule for instances: ['dd57cc8c-756b-4506-ae7d-e96049553f0e'] {{(pid=93230) select_destinations /opt/stack/nova/nova/scheduler/manager.py:209}}
Jul 01 00:55:40.950671 np0000004061 nova-scheduler[93230]: DEBUG nova.scheduler.request_filter [None req-9f165f46-617a-4195-892a-5cdd91fb7f22 tempest-ServerActionsTestOtherB-1035159786 tempest-ServerActionsTestOtherB-1035159786-project-member] compute_status_filter request filter added forbidden trait COMPUTE_STATUS_DISABLED {{(pid=93230) compute_status_filter /opt/stack/nova/nova/scheduler/request_filter.py:253}}
Jul 01 00:55:40.950872 np0000004061 nova-scheduler[93230]: DEBUG nova.scheduler.request_filter [None req-9f165f46-617a-4195-892a-5cdd91fb7f22 tempest-ServerActionsTestOtherB-1035159786 tempest-ServerActionsTestOtherB-1035159786-project-member] Request filter 'compute_status_filter' took 0.0 seconds {{(pid=93230) wrapper /opt/stack/nova/nova/scheduler/request_filter.py:46}}
Jul 01 00:55:40.952153 np0000004061 nova-scheduler[93230]: DEBUG nova.scheduler.request_filter [None req-9f165f46-617a-4195-892a-5cdd91fb7f22 tempest-ServerActionsTestOtherB-1035159786 tempest-ServerActionsTestOtherB-1035159786-project-member] Request filter 'accelerators_filter' took 0.0 seconds {{(pid=93230) wrapper /opt/stack/nova/nova/scheduler/request_filter.py:46}}
Jul 01 00:55:40.952153 np0000004061 nova-scheduler[93230]: DEBUG nova.scheduler.request_filter [None req-9f165f46-617a-4195-892a-5cdd91fb7f22 tempest-ServerActionsTestOtherB-1035159786 tempest-ServerActionsTestOtherB-1035159786-project-member] Request filter 'packed_virtqueue_filter' took 0.0 seconds {{(pid=93230) wrapper /opt/stack/nova/nova/scheduler/request_filter.py:46}}
Jul 01 00:55:40.952153 np0000004061 nova-scheduler[93230]: DEBUG nova.scheduler.request_filter [None req-9f165f46-617a-4195-892a-5cdd91fb7f22 tempest-ServerActionsTestOtherB-1035159786 tempest-ServerActionsTestOtherB-1035159786-project-member] Request filter 'remote_managed_ports_filter' took 0.0 seconds {{(pid=93230) wrapper /opt/stack/nova/nova/scheduler/request_filter.py:46}}
Jul 01 00:55:40.952153 np0000004061 nova-scheduler[93230]: DEBUG nova.scheduler.request_filter [None req-9f165f46-617a-4195-892a-5cdd91fb7f22 tempest-ServerActionsTestOtherB-1035159786 tempest-ServerActionsTestOtherB-1035159786-project-member] ephemeral_encryption_filter skipped {{(pid=93230) ephemeral_encryption_filter /opt/stack/nova/nova/scheduler/request_filter.py:426}}
Jul 01 00:55:40.952467 np0000004061 nova-scheduler[93230]: DEBUG nova.scheduler.request_filter [None req-9f165f46-617a-4195-892a-5cdd91fb7f22 tempest-ServerActionsTestOtherB-1035159786 tempest-ServerActionsTestOtherB-1035159786-project-member] virtio_sound_filter skipped {{(pid=93230) virtio_sound_filter /opt/stack/nova/nova/scheduler/request_filter.py:460}}
Jul 01 00:55:40.953825 np0000004061 nova-scheduler[93230]: DEBUG nova.scheduler.request_filter [None req-9f165f46-617a-4195-892a-5cdd91fb7f22 tempest-ServerActionsTestOtherB-1035159786 tempest-ServerActionsTestOtherB-1035159786-project-member] tpm_secret_security_filter skipped {{(pid=93230) tpm_secret_security_filter /opt/stack/nova/nova/scheduler/request_filter.py:477}}
Jul 01 00:55:40.977855 np0000004061 nova-scheduler[93230]: INFO nova.utils [None req-7de774db-14a2-4508-95d7-4eaad6c10e6b tempest-ServerBootFromVolumeStableRescueTest-427625621 tempest-ServerBootFromVolumeStableRescueTest-427625621-project-member] The cell worker thread pool ForkProcess-1.cell_worker is initialized
Jul 01 00:55:40.978355 np0000004061 nova-scheduler[93230]: DEBUG oslo_concurrency.lockutils [None req-7de774db-14a2-4508-95d7-4eaad6c10e6b tempest-ServerBootFromVolumeStableRescueTest-427625621 tempest-ServerBootFromVolumeStableRescueTest-427625621-project-member] Acquiring lock "4e6897a7-323d-40b3-99da-cafd922a520a" by "nova.context.set_target_cell..get_or_set_cached_cell_and_set_connections" {{(pid=93230) inner /opt/stack/data/venv/lib/python3.12/site-packages/oslo_concurrency/lockutils.py:511}}
Jul 01 00:55:40.978662 np0000004061 nova-scheduler[93230]: DEBUG oslo_concurrency.lockutils [None req-7de774db-14a2-4508-95d7-4eaad6c10e6b tempest-ServerBootFromVolumeStableRescueTest-427625621 tempest-ServerBootFromVolumeStableRescueTest-427625621-project-member] Lock "4e6897a7-323d-40b3-99da-cafd922a520a" acquired by "nova.context.set_target_cell..get_or_set_cached_cell_and_set_connections" :: waited 0.000s {{(pid=93230) inner /opt/stack/data/venv/lib/python3.12/site-packages/oslo_concurrency/lockutils.py:524}}
Jul 01 00:55:40.981817 np0000004061 nova-scheduler[93230]: DEBUG oslo_concurrency.lockutils [None req-7de774db-14a2-4508-95d7-4eaad6c10e6b tempest-ServerBootFromVolumeStableRescueTest-427625621 tempest-ServerBootFromVolumeStableRescueTest-427625621-project-member] Lock "4e6897a7-323d-40b3-99da-cafd922a520a" "released" by "nova.context.set_target_cell..get_or_set_cached_cell_and_set_connections" :: held 0.003s {{(pid=93230) inner /opt/stack/data/venv/lib/python3.12/site-packages/oslo_concurrency/lockutils.py:543}}
Jul 01 00:55:40.983949 np0000004061 nova-scheduler[93230]: INFO dbcounter [None req-7de774db-14a2-4508-95d7-4eaad6c10e6b tempest-ServerBootFromVolumeStableRescueTest-427625621 tempest-ServerBootFromVolumeStableRescueTest-427625621-project-member] Registered counter for database nova_cell1
Jul 01 00:55:41.018605 np0000004061 nova-scheduler[93230]: DEBUG oslo_db.sqlalchemy.engines [None req-7de774db-14a2-4508-95d7-4eaad6c10e6b tempest-ServerBootFromVolumeStableRescueTest-427625621 tempest-ServerBootFromVolumeStableRescueTest-427625621-project-member] MySQL server mode set to STRICT_TRANS_TABLES,STRICT_ALL_TABLES,NO_ZERO_IN_DATE,NO_ZERO_DATE,ERROR_FOR_DIVISION_BY_ZERO,TRADITIONAL,NO_ENGINE_SUBSTITUTION {{(pid=93230) _check_effective_sql_mode /opt/stack/data/venv/lib/python3.12/site-packages/oslo_db/sqlalchemy/engines.py:325}}
Jul 01 00:55:41.027487 np0000004061 nova-scheduler[93230]: DEBUG dbcounter [-] [93230] Writer thread running {{(pid=93230) stat_writer /opt/stack/data/venv/lib/python3.12/site-packages/dbcounter.py:102}}
Jul 01 00:55:41.046491 np0000004061 nova-scheduler[93230]: DEBUG oslo_db.sqlalchemy.engines [None req-7de774db-14a2-4508-95d7-4eaad6c10e6b tempest-ServerBootFromVolumeStableRescueTest-427625621 tempest-ServerBootFromVolumeStableRescueTest-427625621-project-member] Parent process 91959 forked (93230) with an open database connection, which is being discarded and recreated. {{(pid=93230) checkout /opt/stack/data/venv/lib/python3.12/site-packages/oslo_db/sqlalchemy/engines.py:402}}
Jul 01 00:55:41.077123 np0000004061 nova-scheduler[93230]: DEBUG oslo_concurrency.lockutils [None req-9f165f46-617a-4195-892a-5cdd91fb7f22 tempest-ServerActionsTestOtherB-1035159786 tempest-ServerActionsTestOtherB-1035159786-project-member] Acquiring lock "4e6897a7-323d-40b3-99da-cafd922a520a" by "nova.context.set_target_cell..get_or_set_cached_cell_and_set_connections" {{(pid=93230) inner /opt/stack/data/venv/lib/python3.12/site-packages/oslo_concurrency/lockutils.py:511}}
Jul 01 00:55:41.077339 np0000004061 nova-scheduler[93230]: DEBUG oslo_concurrency.lockutils [None req-9f165f46-617a-4195-892a-5cdd91fb7f22 tempest-ServerActionsTestOtherB-1035159786 tempest-ServerActionsTestOtherB-1035159786-project-member] Lock "4e6897a7-323d-40b3-99da-cafd922a520a" acquired by "nova.context.set_target_cell..get_or_set_cached_cell_and_set_connections" :: waited 0.000s {{(pid=93230) inner /opt/stack/data/venv/lib/python3.12/site-packages/oslo_concurrency/lockutils.py:524}}
Jul 01 00:55:41.077534 np0000004061 nova-scheduler[93230]: DEBUG oslo_concurrency.lockutils [None req-9f165f46-617a-4195-892a-5cdd91fb7f22 tempest-ServerActionsTestOtherB-1035159786 tempest-ServerActionsTestOtherB-1035159786-project-member] Lock "4e6897a7-323d-40b3-99da-cafd922a520a" "released" by "nova.context.set_target_cell..get_or_set_cached_cell_and_set_connections" :: held 0.000s {{(pid=93230) inner /opt/stack/data/venv/lib/python3.12/site-packages/oslo_concurrency/lockutils.py:543}}
Jul 01 00:55:41.106879 np0000004061 nova-scheduler[93230]: DEBUG dbcounter [-] [93230] Writer thread running {{(pid=93230) stat_writer /opt/stack/data/venv/lib/python3.12/site-packages/dbcounter.py:102}}
Jul 01 00:55:41.109921 np0000004061 nova-scheduler[93230]: DEBUG oslo_concurrency.lockutils [None req-7de774db-14a2-4508-95d7-4eaad6c10e6b tempest-ServerBootFromVolumeStableRescueTest-427625621 tempest-ServerBootFromVolumeStableRescueTest-427625621-project-member] Acquiring lock "4e6897a7-323d-40b3-99da-cafd922a520a" by "nova.context.set_target_cell..get_or_set_cached_cell_and_set_connections" {{(pid=93230) inner /opt/stack/data/venv/lib/python3.12/site-packages/oslo_concurrency/lockutils.py:511}}
Jul 01 00:55:41.110049 np0000004061 nova-scheduler[93230]: DEBUG oslo_concurrency.lockutils [None req-7de774db-14a2-4508-95d7-4eaad6c10e6b tempest-ServerBootFromVolumeStableRescueTest-427625621 tempest-ServerBootFromVolumeStableRescueTest-427625621-project-member] Lock "4e6897a7-323d-40b3-99da-cafd922a520a" acquired by "nova.context.set_target_cell..get_or_set_cached_cell_and_set_connections" :: waited 0.000s {{(pid=93230) inner /opt/stack/data/venv/lib/python3.12/site-packages/oslo_concurrency/lockutils.py:524}}
Jul 01 00:55:41.110229 np0000004061 nova-scheduler[93230]: DEBUG oslo_concurrency.lockutils [None req-7de774db-14a2-4508-95d7-4eaad6c10e6b tempest-ServerBootFromVolumeStableRescueTest-427625621 tempest-ServerBootFromVolumeStableRescueTest-427625621-project-member] Lock "4e6897a7-323d-40b3-99da-cafd922a520a" "released" by "nova.context.set_target_cell..get_or_set_cached_cell_and_set_connections" :: held 0.000s {{(pid=93230) inner /opt/stack/data/venv/lib/python3.12/site-packages/oslo_concurrency/lockutils.py:543}}
Jul 01 00:55:41.114733 np0000004061 nova-scheduler[93230]: DEBUG oslo_concurrency.lockutils [None req-7de774db-14a2-4508-95d7-4eaad6c10e6b tempest-ServerBootFromVolumeStableRescueTest-427625621 tempest-ServerBootFromVolumeStableRescueTest-427625621-project-member] Acquiring lock "np0000004061-np0000004061" by "nova.scheduler.host_manager.HostState.update.._locked_update" {{(pid=93230) inner /opt/stack/data/venv/lib/python3.12/site-packages/oslo_concurrency/lockutils.py:511}}
Jul 01 00:55:41.114903 np0000004061 nova-scheduler[93230]: DEBUG oslo_concurrency.lockutils [None req-7de774db-14a2-4508-95d7-4eaad6c10e6b tempest-ServerBootFromVolumeStableRescueTest-427625621 tempest-ServerBootFromVolumeStableRescueTest-427625621-project-member] Lock "np0000004061-np0000004061" acquired by "nova.scheduler.host_manager.HostState.update.._locked_update" :: waited 0.000s {{(pid=93230) inner /opt/stack/data/venv/lib/python3.12/site-packages/oslo_concurrency/lockutils.py:524}}
Jul 01 00:55:41.116497 np0000004061 nova-scheduler[93230]: DEBUG nova.scheduler.host_manager [None req-7de774db-14a2-4508-95d7-4eaad6c10e6b tempest-ServerBootFromVolumeStableRescueTest-427625621 tempest-ServerBootFromVolumeStableRescueTest-427625621-project-member] Update host state from compute node: ComputeNode(cpu_allocation_ratio=4.0,cpu_info='{"arch": "x86_64", "model": "EPYC-Milan", "vendor": "AMD", "topology": {"cells": 1, "sockets": 16, "cores": 1, "threads": 1}, "maxphysaddr": {"mode": "emulate", "bits": 40}, "features": ["gds-no", "virt-ssbd", "vaes", "rdseed", "skip-l1dfl-vmentry", "null-sel-clr-base", "rdpid", "amd-ssbd", "mmx", "xsave", "xsaveerptr", "erms", "pdpe1gb", "clzero", "nrip-save", "mmxext", "perfctr_core", "flushbyasid", "misalignsse", "vme", "rdtscp", "ssse3", "hypervisor", "rdctl-no", "ibpb", "clwb", "topoext", "cmp_legacy", "fsgsbase", "ssbd", "avx2", "pae", "tsc-deadline", "aes", "fsrm", "xgetbv1", "movbe", "fma", "bmi1", "lfence-always-serializing", "sep", "pni", "abm", "mtrr", "xsaveopt", "no-nested-data-bp", "spec-ctrl", "pcid", "de", "mds-no", "xsaves", "tsc-scale", "npt", "syscall", "clflushopt", "cr8legacy", "wbnoinvd", "popcnt", "osvw", "pku", "sse4a", "apic", "xsavec", "pat", "sha-ni", "clflush", "lbrv", "adx", "3dnowprefetch", "pause-filter", "vpclmulqdq", "smep", "nx", "sse", "arat", "cmov", "cx16", "f16c", "amd-psfd", "x2apic", "rdrand", "lm", "lahf_lm", "avx", "pschange-mc-no", "sse2", "pfthreshold", "tsc_adjust", "fxsr", "svm", "vmcb-clean", "pclmuldq", "fpu", "v-vmsave-vmload", "mca", "arch-capabilities", "pse", "sse4.1", "cx8", "tsc", "ibrs", "invpcid", "umip", "smap", "sse4.2", "mce", "bmi2", "amd-stibp", "pse36", "stibp", "stibp-always-on", "vgif", "msr", "svme-addr-chk", "fxsr_opt", "pge"]}',created_at=2026-07-01T00:53:26Z,current_workload=0,deleted=False,deleted_at=None,disk_allocation_ratio=1.0,disk_available_least=73,free_disk_gb=95,free_ram_mb=62765,host='np0000004061',host_ip=10.4.3.89,hypervisor_hostname='np0000004061',hypervisor_type='QEMU',hypervisor_version=8002002,id=1,local_gb=95,local_gb_used=0,mapped=1,memory_mb=63277,memory_mb_used=512,metrics='[]',numa_topology='{"nova_object.name": "NUMATopology", "nova_object.namespace": "nova", "nova_object.version": "1.2", "nova_object.data": {"cells": [{"nova_object.name": "NUMACell", "nova_object.namespace": "nova", "nova_object.version": "1.5", "nova_object.data": {"id": 0, "cpuset": [0, 1, 2, 3, 4, 5, 6, 7, 8, 9, 10, 11, 12, 13, 14, 15], "pcpuset": [0, 1, 2, 3, 4, 5, 6, 7, 8, 9, 10, 11, 12, 13, 14, 15], "memory": 63277, "cpu_usage": 0, "memory_usage": 0, "pinned_cpus": [], "siblings": [[6], [12], [2], [15], [5], [11], [8], [14], [4], [1], [7], [10], [0], [13], [3], [9]], "mempages": [{"nova_object.name": "NUMAPagesTopology", "nova_object.namespace": "nova", "nova_object.version": "1.1", "nova_object.data": {"size_kb": 4, "total": 16177931, "used": 0, "reserved": 0}, "nova_object.changes": ["used", "total", "size_kb", "reserved"]}, {"nova_object.name": "NUMAPagesTopology", "nova_object.namespace": "nova", "nova_object.version": "1.1", "nova_object.data": {"size_kb": 2048, "total": 41, "used": 0, "reserved": 0}, "nova_object.changes": ["used", "total", "size_kb", "reserved"]}, {"nova_object.name": "NUMAPagesTopology", "nova_object.namespace": "nova", "nova_object.version": "1.1", "nova_object.data": {"size_kb": 1048576, "total": 0, "used": 0, "reserved": 0}, "nova_object.changes": ["used", "total", "size_kb", "reserved"]}], "network_metadata": {"nova_object.name": "NetworkMetadata", "nova_object.namespace": "nova", "nova_object.version": "1.0", "nova_object.data": {"physnets": [], "tunneled": false}, "nova_object.changes": ["physnets", "tunneled"]}, "socket": null}, "nova_object.changes": ["memory", "cpuset", "pinned_cpus", "cpu_usage", "mempages", "id", "memory_usage", "siblings", "socket", "pcpuset", "network_metadata"]}]}, "nova_object.changes": ["cells"]}',pci_device_pools=PciDevicePoolList,ram_allocation_ratio=1.0,running_vms=0,service_id=3,stats={failed_builds='0',uptime=' 00:55:10 up 13 min, 2 users, load average: 1.21, 1.35, 0.79
Jul 01 00:55:41.116497 np0000004061 nova-scheduler[93230]: '},supported_hv_specs=[HVSpec,HVSpec,HVSpec,HVSpec,HVSpec,HVSpec,HVSpec,HVSpec,HVSpec,HVSpec,HVSpec,HVSpec,HVSpec,HVSpec,HVSpec,HVSpec,HVSpec,HVSpec,HVSpec,HVSpec,HVSpec,HVSpec,HVSpec,HVSpec,HVSpec],updated_at=2026-07-01T00:55:12Z,uuid=e46349ed-2f31-4229-b325-32ab91317e57,vcpus=16,vcpus_used=0) {{(pid=93230) _locked_update /opt/stack/nova/nova/scheduler/host_manager.py:168}}
Jul 01 00:55:41.117412 np0000004061 nova-scheduler[93230]: DEBUG nova.scheduler.host_manager [None req-7de774db-14a2-4508-95d7-4eaad6c10e6b tempest-ServerBootFromVolumeStableRescueTest-427625621 tempest-ServerBootFromVolumeStableRescueTest-427625621-project-member] Update host state with aggregates: [] {{(pid=93230) _locked_update /opt/stack/nova/nova/scheduler/host_manager.py:171}}
Jul 01 00:55:41.117539 np0000004061 nova-scheduler[93230]: DEBUG nova.scheduler.host_manager [None req-7de774db-14a2-4508-95d7-4eaad6c10e6b tempest-ServerBootFromVolumeStableRescueTest-427625621 tempest-ServerBootFromVolumeStableRescueTest-427625621-project-member] Update host state with service dict: {'id': 3, 'uuid': 'e50e55ad-e1e0-426e-b6ae-585775e0c49e', 'host': 'np0000004061', 'binary': 'nova-compute', 'topic': 'compute', 'report_count': 2, 'disabled': False, 'disabled_reason': None, 'last_seen_up': datetime.datetime(2026, 7, 1, 0, 55, 35, tzinfo=datetime.timezone.utc), 'forced_down': False, 'version': 72, 'created_at': datetime.datetime(2026, 7, 1, 0, 53, 24, tzinfo=datetime.timezone.utc), 'updated_at': datetime.datetime(2026, 7, 1, 0, 55, 35, tzinfo=datetime.timezone.utc), 'deleted_at': None, 'deleted': False} {{(pid=93230) _locked_update /opt/stack/nova/nova/scheduler/host_manager.py:174}}
Jul 01 00:55:41.117689 np0000004061 nova-scheduler[93230]: DEBUG nova.scheduler.host_manager [None req-7de774db-14a2-4508-95d7-4eaad6c10e6b tempest-ServerBootFromVolumeStableRescueTest-427625621 tempest-ServerBootFromVolumeStableRescueTest-427625621-project-member] Update host state with instances: [] {{(pid=93230) _locked_update /opt/stack/nova/nova/scheduler/host_manager.py:177}}
Jul 01 00:55:41.117814 np0000004061 nova-scheduler[93230]: DEBUG oslo_concurrency.lockutils [None req-7de774db-14a2-4508-95d7-4eaad6c10e6b tempest-ServerBootFromVolumeStableRescueTest-427625621 tempest-ServerBootFromVolumeStableRescueTest-427625621-project-member] Lock "np0000004061-np0000004061" "released" by "nova.scheduler.host_manager.HostState.update.._locked_update" :: held 0.003s {{(pid=93230) inner /opt/stack/data/venv/lib/python3.12/site-packages/oslo_concurrency/lockutils.py:543}}
Jul 01 00:55:41.118302 np0000004061 nova-scheduler[93230]: DEBUG nova.filters [None req-7de774db-14a2-4508-95d7-4eaad6c10e6b tempest-ServerBootFromVolumeStableRescueTest-427625621 tempest-ServerBootFromVolumeStableRescueTest-427625621-project-member] Starting with 1 host(s) {{(pid=93230) get_filtered_objects /opt/stack/nova/nova/filters.py:70}}
Jul 01 00:55:41.118654 np0000004061 nova-scheduler[93230]: DEBUG nova.filters [None req-7de774db-14a2-4508-95d7-4eaad6c10e6b tempest-ServerBootFromVolumeStableRescueTest-427625621 tempest-ServerBootFromVolumeStableRescueTest-427625621-project-member] Filter ComputeFilter returned 1 host(s) {{(pid=93230) get_filtered_objects /opt/stack/nova/nova/filters.py:102}}
Jul 01 00:55:41.118774 np0000004061 nova-scheduler[93230]: DEBUG nova.filters [None req-7de774db-14a2-4508-95d7-4eaad6c10e6b tempest-ServerBootFromVolumeStableRescueTest-427625621 tempest-ServerBootFromVolumeStableRescueTest-427625621-project-member] Filter ComputeCapabilitiesFilter returned 1 host(s) {{(pid=93230) get_filtered_objects /opt/stack/nova/nova/filters.py:102}}
Jul 01 00:55:41.118969 np0000004061 nova-scheduler[93230]: DEBUG nova.filters [None req-7de774db-14a2-4508-95d7-4eaad6c10e6b tempest-ServerBootFromVolumeStableRescueTest-427625621 tempest-ServerBootFromVolumeStableRescueTest-427625621-project-member] Filter ImagePropertiesFilter returned 1 host(s) {{(pid=93230) get_filtered_objects /opt/stack/nova/nova/filters.py:102}}
Jul 01 00:55:41.119107 np0000004061 nova-scheduler[93230]: DEBUG nova.filters [None req-7de774db-14a2-4508-95d7-4eaad6c10e6b tempest-ServerBootFromVolumeStableRescueTest-427625621 tempest-ServerBootFromVolumeStableRescueTest-427625621-project-member] Filter ServerGroupAntiAffinityFilter returned 1 host(s) {{(pid=93230) get_filtered_objects /opt/stack/nova/nova/filters.py:102}}
Jul 01 00:55:41.119208 np0000004061 nova-scheduler[93230]: DEBUG nova.filters [None req-7de774db-14a2-4508-95d7-4eaad6c10e6b tempest-ServerBootFromVolumeStableRescueTest-427625621 tempest-ServerBootFromVolumeStableRescueTest-427625621-project-member] Filter ServerGroupAffinityFilter returned 1 host(s) {{(pid=93230) get_filtered_objects /opt/stack/nova/nova/filters.py:102}}
Jul 01 00:55:41.119637 np0000004061 nova-scheduler[93230]: DEBUG nova.filters [None req-7de774db-14a2-4508-95d7-4eaad6c10e6b tempest-ServerBootFromVolumeStableRescueTest-427625621 tempest-ServerBootFromVolumeStableRescueTest-427625621-project-member] Filter SameHostFilter returned 1 host(s) {{(pid=93230) get_filtered_objects /opt/stack/nova/nova/filters.py:102}}
