Jun 29 12:11:38.582551 np0000003905 devstack@g-api.service[99571]: DEBUG glance.api.middleware.version_negotiation [None req-11456bac-3ee2-405d-bb1a-03c77bde3d25 tempest-AttachVolumeShelveTestJSON-2113148338 tempest-AttachVolumeShelveTestJSON-2113148338-project-member] new path /v2/images/6400722e-63ba-4086-8a92-805b60f8eeed/file {{(pid=99571) process_request /opt/stack/glance/glance/api/middleware/version_negotiation.py:70}}
Jun 29 12:11:38.697045 np0000003905 devstack@g-api.service[99572]: DEBUG glance.api.middleware.version_negotiation [None req-11456bac-3ee2-405d-bb1a-03c77bde3d25 tempest-AttachVolumeShelveTestJSON-2113148338 tempest-AttachVolumeShelveTestJSON-2113148338-project-member] Determining version of request: GET /v2/images/6ed6fb4e-340b-4e47-96d9-11b97e444fbc Accept: */* {{(pid=99572) process_request /opt/stack/glance/glance/api/middleware/version_negotiation.py:44}}
Jun 29 12:11:38.697045 np0000003905 devstack@g-api.service[99572]: DEBUG glance.api.middleware.version_negotiation [None req-11456bac-3ee2-405d-bb1a-03c77bde3d25 tempest-AttachVolumeShelveTestJSON-2113148338 tempest-AttachVolumeShelveTestJSON-2113148338-project-member] Using url versioning {{(pid=99572) process_request /opt/stack/glance/glance/api/middleware/version_negotiation.py:57}}
Jun 29 12:11:38.697045 np0000003905 devstack@g-api.service[99572]: DEBUG glance.api.middleware.version_negotiation [None req-11456bac-3ee2-405d-bb1a-03c77bde3d25 tempest-AttachVolumeShelveTestJSON-2113148338 tempest-AttachVolumeShelveTestJSON-2113148338-project-member] Matched version: v2 {{(pid=99572) process_request /opt/stack/glance/glance/api/middleware/version_negotiation.py:69}}
Jun 29 12:11:38.697045 np0000003905 devstack@g-api.service[99572]: DEBUG glance.api.middleware.version_negotiation [None req-11456bac-3ee2-405d-bb1a-03c77bde3d25 tempest-AttachVolumeShelveTestJSON-2113148338 tempest-AttachVolumeShelveTestJSON-2113148338-project-member] new path /v2/images/6ed6fb4e-340b-4e47-96d9-11b97e444fbc {{(pid=99572) process_request /opt/stack/glance/glance/api/middleware/version_negotiation.py:70}}
Jun 29 12:11:38.712732 np0000003905 devstack@g-api.service[99572]: [pid: 99572|app: 0|req: 95/260] 127.0.0.1 () {44 vars in 1115 bytes} [Mon Jun 29 12:11:38 2026] GET /v2/images/6ed6fb4e-340b-4e47-96d9-11b97e444fbc => generated 1332 bytes in 17 msecs (HTTP/1.1 200) 4 headers in 158 bytes (1 switches on core 0)
Jun 29 12:11:38.758214 np0000003905 devstack@g-api.service[99570]: DEBUG glance.api.middleware.version_negotiation [None req-11456bac-3ee2-405d-bb1a-03c77bde3d25 tempest-AttachVolumeShelveTestJSON-2113148338 tempest-AttachVolumeShelveTestJSON-2113148338-project-member] Determining version of request: GET /v2/schemas/image Accept: */* {{(pid=99570) process_request /opt/stack/glance/glance/api/middleware/version_negotiation.py:44}}
Jun 29 12:11:38.758214 np0000003905 devstack@g-api.service[99570]: DEBUG glance.api.middleware.version_negotiation [None req-11456bac-3ee2-405d-bb1a-03c77bde3d25 tempest-AttachVolumeShelveTestJSON-2113148338 tempest-AttachVolumeShelveTestJSON-2113148338-project-member] Using url versioning {{(pid=99570) process_request /opt/stack/glance/glance/api/middleware/version_negotiation.py:57}}
Jun 29 12:11:38.758214 np0000003905 devstack@g-api.service[99570]: DEBUG glance.api.middleware.version_negotiation [None req-11456bac-3ee2-405d-bb1a-03c77bde3d25 tempest-AttachVolumeShelveTestJSON-2113148338 tempest-AttachVolumeShelveTestJSON-2113148338-project-member] Matched version: v2 {{(pid=99570) process_request /opt/stack/glance/glance/api/middleware/version_negotiation.py:69}}
Jun 29 12:11:38.758214 np0000003905 devstack@g-api.service[99570]: DEBUG glance.api.middleware.version_negotiation [None req-11456bac-3ee2-405d-bb1a-03c77bde3d25 tempest-AttachVolumeShelveTestJSON-2113148338 tempest-AttachVolumeShelveTestJSON-2113148338-project-member] new path /v2/schemas/image {{(pid=99570) process_request /opt/stack/glance/glance/api/middleware/version_negotiation.py:70}}
Jun 29 12:11:38.764639 np0000003905 devstack@g-api.service[99570]: [pid: 99570|app: 0|req: 91/261] 127.0.0.1 () {44 vars in 1055 bytes} [Mon Jun 29 12:11:38 2026] GET /v2/schemas/image => generated 6083 bytes in 7 msecs (HTTP/1.1 200) 4 headers in 158 bytes (1 switches on core 0)
Jun 29 12:11:39.231849 np0000003905 devstack@g-api.service[99571]: INFO glance.api.v2.image_data [None req-11456bac-3ee2-405d-bb1a-03c77bde3d25 tempest-AttachVolumeShelveTestJSON-2113148338 tempest-AttachVolumeShelveTestJSON-2113148338-project-member] Unable to create trust: no such option collect_timing in group [keystone_authtoken] Use the existing user token.
Jun 29 12:11:39.843179 np0000003905 devstack@g-api.service[99572]: DEBUG glance.api.middleware.version_negotiation [None req-681b1883-41bc-46ce-8ae2-53aac665172f tempest-ServerStableDeviceRescueTest-70837254 tempest-ServerStableDeviceRescueTest-70837254-project-member] Determining version of request: GET /v2/images/6ed6fb4e-340b-4e47-96d9-11b97e444fbc Accept: */* {{(pid=99572) process_request /opt/stack/glance/glance/api/middleware/version_negotiation.py:44}}
Jun 29 12:11:39.843735 np0000003905 devstack@g-api.service[99572]: DEBUG glance.api.middleware.version_negotiation [None req-681b1883-41bc-46ce-8ae2-53aac665172f tempest-ServerStableDeviceRescueTest-70837254 tempest-ServerStableDeviceRescueTest-70837254-project-member] Using url versioning {{(pid=99572) process_request /opt/stack/glance/glance/api/middleware/version_negotiation.py:57}}
Jun 29 12:11:39.844142 np0000003905 devstack@g-api.service[99572]: DEBUG glance.api.middleware.version_negotiation [None req-681b1883-41bc-46ce-8ae2-53aac665172f tempest-ServerStableDeviceRescueTest-70837254 tempest-ServerStableDeviceRescueTest-70837254-project-member] Matched version: v2 {{(pid=99572) process_request /opt/stack/glance/glance/api/middleware/version_negotiation.py:69}}
Jun 29 12:11:39.844352 np0000003905 devstack@g-api.service[99572]: DEBUG glance.api.middleware.version_negotiation [None req-681b1883-41bc-46ce-8ae2-53aac665172f tempest-ServerStableDeviceRescueTest-70837254 tempest-ServerStableDeviceRescueTest-70837254-project-member] new path /v2/images/6ed6fb4e-340b-4e47-96d9-11b97e444fbc {{(pid=99572) process_request /opt/stack/glance/glance/api/middleware/version_negotiation.py:70}}
Jun 29 12:11:39.858702 np0000003905 devstack@g-api.service[99572]: [pid: 99572|app: 0|req: 96/262] 127.0.0.1 () {44 vars in 1115 bytes} [Mon Jun 29 12:11:39 2026] GET /v2/images/6ed6fb4e-340b-4e47-96d9-11b97e444fbc => generated 1332 bytes in 16 msecs (HTTP/1.1 200) 4 headers in 158 bytes (1 switches on core 0)
Jun 29 12:11:39.868442 np0000003905 devstack@g-api.service[99571]: DEBUG glance.location [None req-11456bac-3ee2-405d-bb1a-03c77bde3d25 tempest-AttachVolumeShelveTestJSON-2113148338 tempest-AttachVolumeShelveTestJSON-2113148338-project-member] Enabling in-flight format inspection for qcow2 {{(pid=99571) set_data /opt/stack/glance/glance/location.py:616}}
Jun 29 12:11:39.869091 np0000003905 devstack@g-api.service[99571]: DEBUG glance_store.backend [None req-11456bac-3ee2-405d-bb1a-03c77bde3d25 tempest-AttachVolumeShelveTestJSON-2113148338 tempest-AttachVolumeShelveTestJSON-2113148338-project-member] Attempting to import store swift {{(pid=99571) _load_store /opt/stack/data/venv/lib/python3.12/site-packages/glance_store/backend.py:215}}
Jun 29 12:11:39.871442 np0000003905 devstack@g-api.service[99571]: DEBUG glance_store.capabilities [None req-11456bac-3ee2-405d-bb1a-03c77bde3d25 tempest-AttachVolumeShelveTestJSON-2113148338 tempest-AttachVolumeShelveTestJSON-2113148338-project-member] Store glance_store._drivers.swift.store.SingleTenantStore doesn't support updating dynamic storage capabilities. Please overwrite 'update_capabilities' method of the store to implement updating logics if needed. {{(pid=99571) update_capabilities /opt/stack/data/venv/lib/python3.12/site-packages/glance_store/capabilities.py:91}}
Jun 29 12:11:39.873901 np0000003905 devstack@g-api.service[99571]: DEBUG glance_store.driver [None req-11456bac-3ee2-405d-bb1a-03c77bde3d25 tempest-AttachVolumeShelveTestJSON-2113148338 tempest-AttachVolumeShelveTestJSON-2113148338-project-member] Late loading location class glance_store._drivers.swift.store.StoreLocation {{(pid=99571) get_store_location_class /opt/stack/data/venv/lib/python3.12/site-packages/glance_store/driver.py:134}}
Jun 29 12:11:39.874228 np0000003905 devstack@g-api.service[99571]: DEBUG glance_store.location [None req-11456bac-3ee2-405d-bb1a-03c77bde3d25 tempest-AttachVolumeShelveTestJSON-2113148338 tempest-AttachVolumeShelveTestJSON-2113148338-project-member] Registering scheme swift+https with {'store': , 'location_class': , 'store_entry': 'swift'} {{(pid=99571) register_scheme_map /opt/stack/data/venv/lib/python3.12/site-packages/glance_store/location.py:146}}
Jun 29 12:11:39.874466 np0000003905 devstack@g-api.service[99571]: DEBUG glance_store.location [None req-11456bac-3ee2-405d-bb1a-03c77bde3d25 tempest-AttachVolumeShelveTestJSON-2113148338 tempest-AttachVolumeShelveTestJSON-2113148338-project-member] Registering scheme swift+https with {'store': , 'location_class': , 'store_entry': 'swift'} {{(pid=99571) register_scheme_map /opt/stack/data/venv/lib/python3.12/site-packages/glance_store/location.py:146}}
Jun 29 12:11:39.875444 np0000003905 devstack@g-api.service[99571]: DEBUG glance_store.location [None req-11456bac-3ee2-405d-bb1a-03c77bde3d25 tempest-AttachVolumeShelveTestJSON-2113148338 tempest-AttachVolumeShelveTestJSON-2113148338-project-member] Registering scheme swift with {'store': , 'location_class': , 'store_entry': 'swift'} {{(pid=99571) register_scheme_map /opt/stack/data/venv/lib/python3.12/site-packages/glance_store/location.py:146}}
Jun 29 12:11:39.875444 np0000003905 devstack@g-api.service[99571]: DEBUG glance_store.location [None req-11456bac-3ee2-405d-bb1a-03c77bde3d25 tempest-AttachVolumeShelveTestJSON-2113148338 tempest-AttachVolumeShelveTestJSON-2113148338-project-member] Registering scheme swift+https with {'store': , 'location_class': , 'store_entry': 'swift'} {{(pid=99571) register_scheme_map /opt/stack/data/venv/lib/python3.12/site-packages/glance_store/location.py:146}}
Jun 29 12:11:39.875444 np0000003905 devstack@g-api.service[99571]: DEBUG glance_store.location [None req-11456bac-3ee2-405d-bb1a-03c77bde3d25 tempest-AttachVolumeShelveTestJSON-2113148338 tempest-AttachVolumeShelveTestJSON-2113148338-project-member] Registering scheme swift with {'store': , 'location_class': , 'store_entry': 'swift'} {{(pid=99571) register_scheme_map /opt/stack/data/venv/lib/python3.12/site-packages/glance_store/location.py:146}}
Jun 29 12:11:39.875444 np0000003905 devstack@g-api.service[99571]: DEBUG glance_store.location [None req-11456bac-3ee2-405d-bb1a-03c77bde3d25 tempest-AttachVolumeShelveTestJSON-2113148338 tempest-AttachVolumeShelveTestJSON-2113148338-project-member] Registering scheme swift+http with {'store': , 'location_class': , 'store_entry': 'swift'} {{(pid=99571) register_scheme_map /opt/stack/data/venv/lib/python3.12/site-packages/glance_store/location.py:146}}
Jun 29 12:11:39.875823 np0000003905 devstack@g-api.service[99571]: DEBUG glance_store.location [None req-11456bac-3ee2-405d-bb1a-03c77bde3d25 tempest-AttachVolumeShelveTestJSON-2113148338 tempest-AttachVolumeShelveTestJSON-2113148338-project-member] Registering scheme swift+https with {'store': , 'location_class': , 'store_entry': 'swift'} {{(pid=99571) register_scheme_map /opt/stack/data/venv/lib/python3.12/site-packages/glance_store/location.py:146}}
Jun 29 12:11:39.875823 np0000003905 devstack@g-api.service[99571]: DEBUG glance_store.location [None req-11456bac-3ee2-405d-bb1a-03c77bde3d25 tempest-AttachVolumeShelveTestJSON-2113148338 tempest-AttachVolumeShelveTestJSON-2113148338-project-member] Registering scheme swift with {'store': , 'location_class': , 'store_entry': 'swift'} {{(pid=99571) register_scheme_map /opt/stack/data/venv/lib/python3.12/site-packages/glance_store/location.py:146}}
Jun 29 12:11:39.875929 np0000003905 devstack@g-api.service[99571]: DEBUG glance_store.location [None req-11456bac-3ee2-405d-bb1a-03c77bde3d25 tempest-AttachVolumeShelveTestJSON-2113148338 tempest-AttachVolumeShelveTestJSON-2113148338-project-member] Registering scheme swift+http with {'store': , 'location_class': , 'store_entry': 'swift'} {{(pid=99571) register_scheme_map /opt/stack/data/venv/lib/python3.12/site-packages/glance_store/location.py:146}}
Jun 29 12:11:39.877083 np0000003905 devstack@g-api.service[99571]: DEBUG glance_store.location [None req-11456bac-3ee2-405d-bb1a-03c77bde3d25 tempest-AttachVolumeShelveTestJSON-2113148338 tempest-AttachVolumeShelveTestJSON-2113148338-project-member] Registering scheme swift+config with {'store': , 'location_class': , 'store_entry': 'swift'} {{(pid=99571) register_scheme_map /opt/stack/data/venv/lib/python3.12/site-packages/glance_store/location.py:146}}
Jun 29 12:11:39.904533 np0000003905 devstack@g-api.service[99570]: DEBUG glance.api.middleware.version_negotiation [None req-681b1883-41bc-46ce-8ae2-53aac665172f tempest-ServerStableDeviceRescueTest-70837254 tempest-ServerStableDeviceRescueTest-70837254-project-member] Determining version of request: GET /v2/schemas/image Accept: */* {{(pid=99570) process_request /opt/stack/glance/glance/api/middleware/version_negotiation.py:44}}
Jun 29 12:11:39.905230 np0000003905 devstack@g-api.service[99570]: DEBUG glance.api.middleware.version_negotiation [None req-681b1883-41bc-46ce-8ae2-53aac665172f tempest-ServerStableDeviceRescueTest-70837254 tempest-ServerStableDeviceRescueTest-70837254-project-member] Using url versioning {{(pid=99570) process_request /opt/stack/glance/glance/api/middleware/version_negotiation.py:57}}
Jun 29 12:11:39.905230 np0000003905 devstack@g-api.service[99570]: DEBUG glance.api.middleware.version_negotiation [None req-681b1883-41bc-46ce-8ae2-53aac665172f tempest-ServerStableDeviceRescueTest-70837254 tempest-ServerStableDeviceRescueTest-70837254-project-member] Matched version: v2 {{(pid=99570) process_request /opt/stack/glance/glance/api/middleware/version_negotiation.py:69}}
Jun 29 12:11:39.905230 np0000003905 devstack@g-api.service[99570]: DEBUG glance.api.middleware.version_negotiation [None req-681b1883-41bc-46ce-8ae2-53aac665172f tempest-ServerStableDeviceRescueTest-70837254 tempest-ServerStableDeviceRescueTest-70837254-project-member] new path /v2/schemas/image {{(pid=99570) process_request /opt/stack/glance/glance/api/middleware/version_negotiation.py:70}}
Jun 29 12:11:39.907304 np0000003905 devstack@g-api.service[99570]: [pid: 99570|app: 0|req: 92/263] 127.0.0.1 () {44 vars in 1055 bytes} [Mon Jun 29 12:11:39 2026] GET /v2/schemas/image => generated 6083 bytes in 3 msecs (HTTP/1.1 200) 4 headers in 158 bytes (1 switches on core 0)
Jun 29 12:11:40.046537 np0000003905 devstack@g-api.service[99571]: DEBUG swiftclient [None req-11456bac-3ee2-405d-bb1a-03c77bde3d25 tempest-AttachVolumeShelveTestJSON-2113148338 tempest-AttachVolumeShelveTestJSON-2113148338-project-member] REQ: curl -i https://10.4.3.208:8080/v1/AUTH_ed34c61c15674d9298d103e57adb4f2d/glance -I -H "X-Auth-Token: gAAAAABqQmD7BOiK..." {{(pid=99571) http_log /opt/stack/data/venv/lib/python3.12/site-packages/swiftclient/client.py:160}}
Jun 29 12:11:40.046701 np0000003905 devstack@g-api.service[99571]: DEBUG swiftclient [None req-11456bac-3ee2-405d-bb1a-03c77bde3d25 tempest-AttachVolumeShelveTestJSON-2113148338 tempest-AttachVolumeShelveTestJSON-2113148338-project-member] RESP STATUS: 204 No Content {{(pid=99571) http_log /opt/stack/data/venv/lib/python3.12/site-packages/swiftclient/client.py:161}}
Jun 29 12:11:40.047557 np0000003905 devstack@g-api.service[99571]: DEBUG swiftclient [None req-11456bac-3ee2-405d-bb1a-03c77bde3d25 tempest-AttachVolumeShelveTestJSON-2113148338 tempest-AttachVolumeShelveTestJSON-2113148338-project-member] RESP HEADERS: {'Date': 'Mon, 29 Jun 2026 12:11:40 GMT', 'Server': 'Apache/2.4.58 (Ubuntu)', 'Content-Type': 'text/plain; charset=utf-8', 'X-Container-Object-Count': '3', 'X-Container-Bytes-Used': '64356352', 'X-Timestamp': '1782734762.52348', 'Last-Modified': 'Mon, 29 Jun 2026 12:06:03 GMT', 'Accept-Ranges': 'bytes', 'X-Storage-Policy': 'Policy-0', 'X-Container-Sharding': 'False', 'Vary': 'Accept', 'X-Trans-Id': 'txad9497d82f8b4724a3a97-006a4260fb', 'X-Openstack-Request-Id': 'txad9497d82f8b4724a3a97-006a4260fb', 'Connection': 'close'} {{(pid=99571) http_log /opt/stack/data/venv/lib/python3.12/site-packages/swiftclient/client.py:162}}
Jun 29 12:11:40.047557 np0000003905 devstack@g-api.service[99571]: DEBUG glance_store._drivers.swift.store [None req-11456bac-3ee2-405d-bb1a-03c77bde3d25 tempest-AttachVolumeShelveTestJSON-2113148338 tempest-AttachVolumeShelveTestJSON-2113148338-project-member] Adding image object '6400722e-63ba-4086-8a92-805b60f8eeed' to Swift {{(pid=99571) add /opt/stack/data/venv/lib/python3.12/site-packages/glance_store/_drivers/swift/store.py:970}}
Jun 29 12:11:40.047557 np0000003905 devstack@g-api.service[99571]: DEBUG glance_store._drivers.swift.store [None req-11456bac-3ee2-405d-bb1a-03c77bde3d25 tempest-AttachVolumeShelveTestJSON-2113148338 tempest-AttachVolumeShelveTestJSON-2113148338-project-member] Cannot determine image size because it is either not provided in the request or chunked-transfer encoding is used. Adding image as a segmented object to Swift. {{(pid=99571) add /opt/stack/data/venv/lib/python3.12/site-packages/glance_store/_drivers/swift/store.py:994}}
Jun 29 12:11:40.055625 np0000003905 devstack@g-api.service[99571]: DEBUG oslo_utils.imageutils.format_inspector [None req-11456bac-3ee2-405d-bb1a-03c77bde3d25 tempest-AttachVolumeShelveTestJSON-2113148338 tempest-AttachVolumeShelveTestJSON-2113148338-project-member] Format inspector for vmdk does not match, excluding from consideration (Signature KDMV not found: b'QFI\xfb') {{(pid=99571) _process_chunk /opt/stack/data/venv/lib/python3.12/site-packages/oslo_utils/imageutils/format_inspector.py:1758}}
Jun 29 12:11:40.059698 np0000003905 devstack@g-api.service[99571]: DEBUG oslo_utils.imageutils.format_inspector [None req-11456bac-3ee2-405d-bb1a-03c77bde3d25 tempest-AttachVolumeShelveTestJSON-2113148338 tempest-AttachVolumeShelveTestJSON-2113148338-project-member] Format inspector for vhdx does not match, excluding from consideration (Region signature not found at 30000) {{(pid=99571) _process_chunk /opt/stack/data/venv/lib/python3.12/site-packages/oslo_utils/imageutils/format_inspector.py:1758}}
Jun 29 12:11:40.977739 np0000003905 devstack@g-api.service[99572]: DEBUG glance.api.middleware.version_negotiation [None req-d0dd6b33-c604-4186-b1f3-73934aee2feb tempest-ServerStableDeviceRescueTest-70837254 tempest-ServerStableDeviceRescueTest-70837254-project-member] Determining version of request: GET /v2/images/6ed6fb4e-340b-4e47-96d9-11b97e444fbc Accept: */* {{(pid=99572) process_request /opt/stack/glance/glance/api/middleware/version_negotiation.py:44}}
Jun 29 12:11:40.978227 np0000003905 devstack@g-api.service[99572]: DEBUG glance.api.middleware.version_negotiation [None req-d0dd6b33-c604-4186-b1f3-73934aee2feb tempest-ServerStableDeviceRescueTest-70837254 tempest-ServerStableDeviceRescueTest-70837254-project-member] Using url versioning {{(pid=99572) process_request /opt/stack/glance/glance/api/middleware/version_negotiation.py:57}}
Jun 29 12:11:40.978227 np0000003905 devstack@g-api.service[99572]: DEBUG glance.api.middleware.version_negotiation [None req-d0dd6b33-c604-4186-b1f3-73934aee2feb tempest-ServerStableDeviceRescueTest-70837254 tempest-ServerStableDeviceRescueTest-70837254-project-member] Matched version: v2 {{(pid=99572) process_request /opt/stack/glance/glance/api/middleware/version_negotiation.py:69}}
Jun 29 12:11:40.978227 np0000003905 devstack@g-api.service[99572]: DEBUG glance.api.middleware.version_negotiation [None req-d0dd6b33-c604-4186-b1f3-73934aee2feb tempest-ServerStableDeviceRescueTest-70837254 tempest-ServerStableDeviceRescueTest-70837254-project-member] new path /v2/images/6ed6fb4e-340b-4e47-96d9-11b97e444fbc {{(pid=99572) process_request /opt/stack/glance/glance/api/middleware/version_negotiation.py:70}}
Jun 29 12:11:40.990662 np0000003905 devstack@g-api.service[99572]: [pid: 99572|app: 0|req: 97/264] 127.0.0.1 () {44 vars in 1115 bytes} [Mon Jun 29 12:11:40 2026] GET /v2/images/6ed6fb4e-340b-4e47-96d9-11b97e444fbc => generated 1332 bytes in 13 msecs (HTTP/1.1 200) 4 headers in 158 bytes (1 switches on core 0)
Jun 29 12:11:41.022903 np0000003905 devstack@g-api.service[99570]: DEBUG glance.api.middleware.version_negotiation [None req-d0dd6b33-c604-4186-b1f3-73934aee2feb tempest-ServerStableDeviceRescueTest-70837254 tempest-ServerStableDeviceRescueTest-70837254-project-member] Determining version of request: GET /v2/schemas/image Accept: */* {{(pid=99570) process_request /opt/stack/glance/glance/api/middleware/version_negotiation.py:44}}
Jun 29 12:11:41.023301 np0000003905 devstack@g-api.service[99570]: DEBUG glance.api.middleware.version_negotiation [None req-d0dd6b33-c604-4186-b1f3-73934aee2feb tempest-ServerStableDeviceRescueTest-70837254 tempest-ServerStableDeviceRescueTest-70837254-project-member] Using url versioning {{(pid=99570) process_request /opt/stack/glance/glance/api/middleware/version_negotiation.py:57}}
Jun 29 12:11:41.024011 np0000003905 devstack@g-api.service[99570]: DEBUG glance.api.middleware.version_negotiation [None req-d0dd6b33-c604-4186-b1f3-73934aee2feb tempest-ServerStableDeviceRescueTest-70837254 tempest-ServerStableDeviceRescueTest-70837254-project-member] Matched version: v2 {{(pid=99570) process_request /opt/stack/glance/glance/api/middleware/version_negotiation.py:69}}
Jun 29 12:11:41.024011 np0000003905 devstack@g-api.service[99570]: DEBUG glance.api.middleware.version_negotiation [None req-d0dd6b33-c604-4186-b1f3-73934aee2feb tempest-ServerStableDeviceRescueTest-70837254 tempest-ServerStableDeviceRescueTest-70837254-project-member] new path /v2/schemas/image {{(pid=99570) process_request /opt/stack/glance/glance/api/middleware/version_negotiation.py:70}}
Jun 29 12:11:41.027178 np0000003905 devstack@g-api.service[99570]: [pid: 99570|app: 0|req: 93/265] 127.0.0.1 () {44 vars in 1055 bytes} [Mon Jun 29 12:11:41 2026] GET /v2/schemas/image => generated 6083 bytes in 4 msecs (HTTP/1.1 200) 4 headers in 158 bytes (1 switches on core 0)
Jun 29 12:11:41.711615 np0000003905 devstack@g-api.service[99572]: DEBUG glance.api.middleware.version_negotiation [None req-0f8b5f7b-8cce-4e19-978c-2acb70764053 tempest-ServerStableDeviceRescueTest-70837254 tempest-ServerStableDeviceRescueTest-70837254-project-member] Determining version of request: GET /v2/images/6ed6fb4e-340b-4e47-96d9-11b97e444fbc Accept: */* {{(pid=99572) process_request /opt/stack/glance/glance/api/middleware/version_negotiation.py:44}}
Jun 29 12:11:41.711787 np0000003905 devstack@g-api.service[99572]: DEBUG glance.api.middleware.version_negotiation [None req-0f8b5f7b-8cce-4e19-978c-2acb70764053 tempest-ServerStableDeviceRescueTest-70837254 tempest-ServerStableDeviceRescueTest-70837254-project-member] Using url versioning {{(pid=99572) process_request /opt/stack/glance/glance/api/middleware/version_negotiation.py:57}}
Jun 29 12:11:41.711927 np0000003905 devstack@g-api.service[99572]: DEBUG glance.api.middleware.version_negotiation [None req-0f8b5f7b-8cce-4e19-978c-2acb70764053 tempest-ServerStableDeviceRescueTest-70837254 tempest-ServerStableDeviceRescueTest-70837254-project-member] Matched version: v2 {{(pid=99572) process_request /opt/stack/glance/glance/api/middleware/version_negotiation.py:69}}
Jun 29 12:11:41.712059 np0000003905 devstack@g-api.service[99572]: DEBUG glance.api.middleware.version_negotiation [None req-0f8b5f7b-8cce-4e19-978c-2acb70764053 tempest-ServerStableDeviceRescueTest-70837254 tempest-ServerStableDeviceRescueTest-70837254-project-member] new path /v2/images/6ed6fb4e-340b-4e47-96d9-11b97e444fbc {{(pid=99572) process_request /opt/stack/glance/glance/api/middleware/version_negotiation.py:70}}
Jun 29 12:11:41.723997 np0000003905 devstack@g-api.service[99572]: [pid: 99572|app: 0|req: 98/266] 127.0.0.1 () {44 vars in 1115 bytes} [Mon Jun 29 12:11:41 2026] GET /v2/images/6ed6fb4e-340b-4e47-96d9-11b97e444fbc => generated 1332 bytes in 12 msecs (HTTP/1.1 200) 4 headers in 158 bytes (1 switches on core 0)
Jun 29 12:11:41.760840 np0000003905 devstack@g-api.service[99570]: DEBUG glance.api.middleware.version_negotiation [None req-0f8b5f7b-8cce-4e19-978c-2acb70764053 tempest-ServerStableDeviceRescueTest-70837254 tempest-ServerStableDeviceRescueTest-70837254-project-member] Determining version of request: GET /v2/schemas/image Accept: */* {{(pid=99570) process_request /opt/stack/glance/glance/api/middleware/version_negotiation.py:44}}
Jun 29 12:11:41.761058 np0000003905 devstack@g-api.service[99570]: DEBUG glance.api.middleware.version_negotiation [None req-0f8b5f7b-8cce-4e19-978c-2acb70764053 tempest-ServerStableDeviceRescueTest-70837254 tempest-ServerStableDeviceRescueTest-70837254-project-member] Using url versioning {{(pid=99570) process_request /opt/stack/glance/glance/api/middleware/version_negotiation.py:57}}
Jun 29 12:11:41.761232 np0000003905 devstack@g-api.service[99570]: DEBUG glance.api.middleware.version_negotiation [None req-0f8b5f7b-8cce-4e19-978c-2acb70764053 tempest-ServerStableDeviceRescueTest-70837254 tempest-ServerStableDeviceRescueTest-70837254-project-member] Matched version: v2 {{(pid=99570) process_request /opt/stack/glance/glance/api/middleware/version_negotiation.py:69}}
Jun 29 12:11:41.761365 np0000003905 devstack@g-api.service[99570]: DEBUG glance.api.middleware.version_negotiation [None req-0f8b5f7b-8cce-4e19-978c-2acb70764053 tempest-ServerStableDeviceRescueTest-70837254 tempest-ServerStableDeviceRescueTest-70837254-project-member] new path /v2/schemas/image {{(pid=99570) process_request /opt/stack/glance/glance/api/middleware/version_negotiation.py:70}}
Jun 29 12:11:41.765454 np0000003905 devstack@g-api.service[99570]: [pid: 99570|app: 0|req: 94/267] 127.0.0.1 () {44 vars in 1055 bytes} [Mon Jun 29 12:11:41 2026] GET /v2/schemas/image => generated 6083 bytes in 4 msecs (HTTP/1.1 200) 4 headers in 158 bytes (1 switches on core 0)
Jun 29 12:11:41.800797 np0000003905 devstack@g-api.service[99572]: DEBUG glance.api.middleware.version_negotiation [None req-9a24dcd1-b1f1-4065-8395-1d9908143ef9 tempest-ServerStableDeviceRescueTest-70837254 tempest-ServerStableDeviceRescueTest-70837254-project-member] Determining version of request: GET /v2/schemas/image Accept: */* {{(pid=99572) process_request /opt/stack/glance/glance/api/middleware/version_negotiation.py:44}}
Jun 29 12:11:41.800994 np0000003905 devstack@g-api.service[99572]: DEBUG glance.api.middleware.version_negotiation [None req-9a24dcd1-b1f1-4065-8395-1d9908143ef9 tempest-ServerStableDeviceRescueTest-70837254 tempest-ServerStableDeviceRescueTest-70837254-project-member] Using url versioning {{(pid=99572) process_request /opt/stack/glance/glance/api/middleware/version_negotiation.py:57}}
Jun 29 12:11:41.801110 np0000003905 devstack@g-api.service[99572]: DEBUG glance.api.middleware.version_negotiation [None req-9a24dcd1-b1f1-4065-8395-1d9908143ef9 tempest-ServerStableDeviceRescueTest-70837254 tempest-ServerStableDeviceRescueTest-70837254-project-member] Matched version: v2 {{(pid=99572) process_request /opt/stack/glance/glance/api/middleware/version_negotiation.py:69}}
Jun 29 12:11:41.801284 np0000003905 devstack@g-api.service[99572]: DEBUG glance.api.middleware.version_negotiation [None req-9a24dcd1-b1f1-4065-8395-1d9908143ef9 tempest-ServerStableDeviceRescueTest-70837254 tempest-ServerStableDeviceRescueTest-70837254-project-member] new path /v2/schemas/image {{(pid=99572) process_request /opt/stack/glance/glance/api/middleware/version_negotiation.py:70}}
Jun 29 12:11:41.803501 np0000003905 devstack@g-api.service[99572]: [pid: 99572|app: 0|req: 99/268] 127.0.0.1 () {44 vars in 1055 bytes} [Mon Jun 29 12:11:41 2026] GET /v2/schemas/image => generated 6083 bytes in 3 msecs (HTTP/1.1 200) 4 headers in 158 bytes (1 switches on core 0)
Jun 29 12:11:41.840853 np0000003905 devstack@g-api.service[99570]: DEBUG glance.api.middleware.version_negotiation [None req-9a24dcd1-b1f1-4065-8395-1d9908143ef9 tempest-ServerStableDeviceRescueTest-70837254 tempest-ServerStableDeviceRescueTest-70837254-project-member] Determining version of request: PATCH /v2/images/6ed6fb4e-340b-4e47-96d9-11b97e444fbc Accept: */* {{(pid=99570) process_request /opt/stack/glance/glance/api/middleware/version_negotiation.py:44}}
Jun 29 12:11:41.842023 np0000003905 devstack@g-api.service[99570]: DEBUG glance.api.middleware.version_negotiation [None req-9a24dcd1-b1f1-4065-8395-1d9908143ef9 tempest-ServerStableDeviceRescueTest-70837254 tempest-ServerStableDeviceRescueTest-70837254-project-member] Using url versioning {{(pid=99570) process_request /opt/stack/glance/glance/api/middleware/version_negotiation.py:57}}
Jun 29 12:11:41.842060 np0000003905 devstack@g-api.service[99570]: DEBUG glance.api.middleware.version_negotiation [None req-9a24dcd1-b1f1-4065-8395-1d9908143ef9 tempest-ServerStableDeviceRescueTest-70837254 tempest-ServerStableDeviceRescueTest-70837254-project-member] Matched version: v2 {{(pid=99570) process_request /opt/stack/glance/glance/api/middleware/version_negotiation.py:69}}
Jun 29 12:11:41.842224 np0000003905 devstack@g-api.service[99570]: DEBUG glance.api.middleware.version_negotiation [None req-9a24dcd1-b1f1-4065-8395-1d9908143ef9 tempest-ServerStableDeviceRescueTest-70837254 tempest-ServerStableDeviceRescueTest-70837254-project-member] new path /v2/images/6ed6fb4e-340b-4e47-96d9-11b97e444fbc {{(pid=99570) process_request /opt/stack/glance/glance/api/middleware/version_negotiation.py:70}}
Jun 29 12:11:42.042265 np0000003905 devstack@g-api.service[99570]: [pid: 99570|app: 0|req: 95/269] 127.0.0.1 () {46 vars in 1158 bytes} [Mon Jun 29 12:11:41 2026] PATCH /v2/images/6ed6fb4e-340b-4e47-96d9-11b97e444fbc => generated 1443 bytes in 202 msecs (HTTP/1.1 200) 4 headers in 158 bytes (1 switches on core 0)
Jun 29 12:11:42.080396 np0000003905 devstack@g-api.service[99572]: DEBUG glance.api.middleware.version_negotiation [None req-9a24dcd1-b1f1-4065-8395-1d9908143ef9 tempest-ServerStableDeviceRescueTest-70837254 tempest-ServerStableDeviceRescueTest-70837254-project-member] Determining version of request: GET /v2/images/6ed6fb4e-340b-4e47-96d9-11b97e444fbc Accept: */* {{(pid=99572) process_request /opt/stack/glance/glance/api/middleware/version_negotiation.py:44}}
Jun 29 12:11:42.080770 np0000003905 devstack@g-api.service[99572]: DEBUG glance.api.middleware.version_negotiation [None req-9a24dcd1-b1f1-4065-8395-1d9908143ef9 tempest-ServerStableDeviceRescueTest-70837254 tempest-ServerStableDeviceRescueTest-70837254-project-member] Using url versioning {{(pid=99572) process_request /opt/stack/glance/glance/api/middleware/version_negotiation.py:57}}
Jun 29 12:11:42.080770 np0000003905 devstack@g-api.service[99572]: DEBUG glance.api.middleware.version_negotiation [None req-9a24dcd1-b1f1-4065-8395-1d9908143ef9 tempest-ServerStableDeviceRescueTest-70837254 tempest-ServerStableDeviceRescueTest-70837254-project-member] Matched version: v2 {{(pid=99572) process_request /opt/stack/glance/glance/api/middleware/version_negotiation.py:69}}
Jun 29 12:11:42.080849 np0000003905 devstack@g-api.service[99572]: DEBUG glance.api.middleware.version_negotiation [None req-9a24dcd1-b1f1-4065-8395-1d9908143ef9 tempest-ServerStableDeviceRescueTest-70837254 tempest-ServerStableDeviceRescueTest-70837254-project-member] new path /v2/images/6ed6fb4e-340b-4e47-96d9-11b97e444fbc {{(pid=99572) process_request /opt/stack/glance/glance/api/middleware/version_negotiation.py:70}}
Jun 29 12:11:42.088719 np0000003905 devstack@g-api.service[99570]: DEBUG glance.api.middleware.version_negotiation [None req-9a24dcd1-b1f1-4065-8395-1d9908143ef9 tempest-ServerStableDeviceRescueTest-70837254 tempest-ServerStableDeviceRescueTest-70837254-project-member] Determining version of request: GET /v2/images/6ed6fb4e-340b-4e47-96d9-11b97e444fbc Accept: */* {{(pid=99570) process_request /opt/stack/glance/glance/api/middleware/version_negotiation.py:44}}
Jun 29 12:11:42.088719 np0000003905 devstack@g-api.service[99570]: DEBUG glance.api.middleware.version_negotiation [None req-9a24dcd1-b1f1-4065-8395-1d9908143ef9 tempest-ServerStableDeviceRescueTest-70837254 tempest-ServerStableDeviceRescueTest-70837254-project-member] Using url versioning {{(pid=99570) process_request /opt/stack/glance/glance/api/middleware/version_negotiation.py:57}}
Jun 29 12:11:42.088719 np0000003905 devstack@g-api.service[99570]: DEBUG glance.api.middleware.version_negotiation [None req-9a24dcd1-b1f1-4065-8395-1d9908143ef9 tempest-ServerStableDeviceRescueTest-70837254 tempest-ServerStableDeviceRescueTest-70837254-project-member] Matched version: v2 {{(pid=99570) process_request /opt/stack/glance/glance/api/middleware/version_negotiation.py:69}}
Jun 29 12:11:42.088951 np0000003905 devstack@g-api.service[99570]: DEBUG glance.api.middleware.version_negotiation [None req-9a24dcd1-b1f1-4065-8395-1d9908143ef9 tempest-ServerStableDeviceRescueTest-70837254 tempest-ServerStableDeviceRescueTest-70837254-project-member] new path /v2/images/6ed6fb4e-340b-4e47-96d9-11b97e444fbc {{(pid=99570) process_request /opt/stack/glance/glance/api/middleware/version_negotiation.py:70}}
Jun 29 12:11:42.095401 np0000003905 devstack@g-api.service[99572]: [pid: 99572|app: 0|req: 100/270] 127.0.0.1 () {44 vars in 1115 bytes} [Mon Jun 29 12:11:42 2026] GET /v2/images/6ed6fb4e-340b-4e47-96d9-11b97e444fbc => generated 1443 bytes in 15 msecs (HTTP/1.1 200) 4 headers in 158 bytes (1 switches on core 0)
Jun 29 12:11:42.098743 np0000003905 devstack@g-api.service[99570]: [pid: 99570|app: 0|req: 96/271] 127.0.0.1 () {44 vars in 1115 bytes} [Mon Jun 29 12:11:42 2026] GET /v2/images/6ed6fb4e-340b-4e47-96d9-11b97e444fbc => generated 1443 bytes in 10 msecs (HTTP/1.1 200) 4 headers in 158 bytes (1 switches on core 0)
Jun 29 12:11:42.130048 np0000003905 devstack@g-api.service[99572]: DEBUG glance.api.middleware.version_negotiation [None req-9a24dcd1-b1f1-4065-8395-1d9908143ef9 tempest-ServerStableDeviceRescueTest-70837254 tempest-ServerStableDeviceRescueTest-70837254-project-member] Determining version of request: GET /v2/schemas/image Accept: */* {{(pid=99572) process_request /opt/stack/glance/glance/api/middleware/version_negotiation.py:44}}
Jun 29 12:11:42.130185 np0000003905 devstack@g-api.service[99572]: DEBUG glance.api.middleware.version_negotiation [None req-9a24dcd1-b1f1-4065-8395-1d9908143ef9 tempest-ServerStableDeviceRescueTest-70837254 tempest-ServerStableDeviceRescueTest-70837254-project-member] Using url versioning {{(pid=99572) process_request /opt/stack/glance/glance/api/middleware/version_negotiation.py:57}}
Jun 29 12:11:42.130368 np0000003905 devstack@g-api.service[99572]: DEBUG glance.api.middleware.version_negotiation [None req-9a24dcd1-b1f1-4065-8395-1d9908143ef9 tempest-ServerStableDeviceRescueTest-70837254 tempest-ServerStableDeviceRescueTest-70837254-project-member] Matched version: v2 {{(pid=99572) process_request /opt/stack/glance/glance/api/middleware/version_negotiation.py:69}}
Jun 29 12:11:42.130435 np0000003905 devstack@g-api.service[99572]: DEBUG glance.api.middleware.version_negotiation [None req-9a24dcd1-b1f1-4065-8395-1d9908143ef9 tempest-ServerStableDeviceRescueTest-70837254 tempest-ServerStableDeviceRescueTest-70837254-project-member] new path /v2/schemas/image {{(pid=99572) process_request /opt/stack/glance/glance/api/middleware/version_negotiation.py:70}}
Jun 29 12:11:42.132876 np0000003905 devstack@g-api.service[99572]: [pid: 99572|app: 0|req: 101/272] 127.0.0.1 () {44 vars in 1055 bytes} [Mon Jun 29 12:11:42 2026] GET /v2/schemas/image => generated 6083 bytes in 3 msecs (HTTP/1.1 200) 4 headers in 158 bytes (1 switches on core 0)
Jun 29 12:11:42.136268 np0000003905 devstack@g-api.service[99570]: DEBUG glance.api.middleware.version_negotiation [None req-2d1c0483-8843-4539-8f68-eafab7b230ab tempest-ServerStableDeviceRescueTest-70837254 tempest-ServerStableDeviceRescueTest-70837254-project-member] Determining version of request: PUT /v2/images/6ed6fb4e-340b-4e47-96d9-11b97e444fbc/file Accept: */* {{(pid=99570) process_request /opt/stack/glance/glance/api/middleware/version_negotiation.py:44}}
Jun 29 12:11:42.136489 np0000003905 devstack@g-api.service[99570]: DEBUG glance.api.middleware.version_negotiation [None req-2d1c0483-8843-4539-8f68-eafab7b230ab tempest-ServerStableDeviceRescueTest-70837254 tempest-ServerStableDeviceRescueTest-70837254-project-member] Using url versioning {{(pid=99570) process_request /opt/stack/glance/glance/api/middleware/version_negotiation.py:57}}
Jun 29 12:11:42.136649 np0000003905 devstack@g-api.service[99570]: DEBUG glance.api.middleware.version_negotiation [None req-2d1c0483-8843-4539-8f68-eafab7b230ab tempest-ServerStableDeviceRescueTest-70837254 tempest-ServerStableDeviceRescueTest-70837254-project-member] Matched version: v2 {{(pid=99570) process_request /opt/stack/glance/glance/api/middleware/version_negotiation.py:69}}
Jun 29 12:11:42.136835 np0000003905 devstack@g-api.service[99570]: DEBUG glance.api.middleware.version_negotiation [None req-2d1c0483-8843-4539-8f68-eafab7b230ab tempest-ServerStableDeviceRescueTest-70837254 tempest-ServerStableDeviceRescueTest-70837254-project-member] new path /v2/images/6ed6fb4e-340b-4e47-96d9-11b97e444fbc/file {{(pid=99570) process_request /opt/stack/glance/glance/api/middleware/version_negotiation.py:70}}
Jun 29 12:11:42.476665 np0000003905 devstack@g-api.service[99571]: DEBUG swiftclient [None req-11456bac-3ee2-405d-bb1a-03c77bde3d25 tempest-AttachVolumeShelveTestJSON-2113148338 tempest-AttachVolumeShelveTestJSON-2113148338-project-member] REQ: curl -i https://10.4.3.208:8080/v1/AUTH_ed34c61c15674d9298d103e57adb4f2d/glance/6400722e-63ba-4086-8a92-805b60f8eeed-00001 -X PUT -H "X-Auth-Token: gAAAAABqQmD7BOiK..." {{(pid=99571) http_log /opt/stack/data/venv/lib/python3.12/site-packages/swiftclient/client.py:160}}
Jun 29 12:11:42.477089 np0000003905 devstack@g-api.service[99571]: DEBUG swiftclient [None req-11456bac-3ee2-405d-bb1a-03c77bde3d25 tempest-AttachVolumeShelveTestJSON-2113148338 tempest-AttachVolumeShelveTestJSON-2113148338-project-member] RESP STATUS: 201 Created {{(pid=99571) http_log /opt/stack/data/venv/lib/python3.12/site-packages/swiftclient/client.py:161}}
Jun 29 12:11:42.477089 np0000003905 devstack@g-api.service[99571]: DEBUG swiftclient [None req-11456bac-3ee2-405d-bb1a-03c77bde3d25 tempest-AttachVolumeShelveTestJSON-2113148338 tempest-AttachVolumeShelveTestJSON-2113148338-project-member] RESP HEADERS: {'Date': 'Mon, 29 Jun 2026 12:11:42 GMT', 'Server': 'Apache/2.4.58 (Ubuntu)', 'Content-Type': 'text/html; charset=UTF-8', 'Content-Length': '0', 'Etag': 'a4043023279d33e0eda2eeb2e3f7135f', 'Last-Modified': 'Mon, 29 Jun 2026 12:11:41 GMT', 'X-Trans-Id': 'tx60cff619cadc4956bc6e0-006a4260fc', 'X-Openstack-Request-Id': 'tx60cff619cadc4956bc6e0-006a4260fc', 'Connection': 'close'} {{(pid=99571) http_log /opt/stack/data/venv/lib/python3.12/site-packages/swiftclient/client.py:162}}
Jun 29 12:11:42.477318 np0000003905 devstack@g-api.service[99571]: DEBUG glance_store._drivers.swift.store [None req-11456bac-3ee2-405d-bb1a-03c77bde3d25 tempest-AttachVolumeShelveTestJSON-2113148338 tempest-AttachVolumeShelveTestJSON-2113148338-project-member] Wrote chunk 6400722e-63ba-4086-8a92-805b60f8eeed-00001 (1/?) of length 54067200 to Swift returning MD5 of content: a4043023279d33e0eda2eeb2e3f7135f {{(pid=99571) add /opt/stack/data/venv/lib/python3.12/site-packages/glance_store/_drivers/swift/store.py:1059}}
Jun 29 12:11:42.477483 np0000003905 devstack@g-api.service[99571]: DEBUG glance_store._drivers.swift.store [None req-11456bac-3ee2-405d-bb1a-03c77bde3d25 tempest-AttachVolumeShelveTestJSON-2113148338 tempest-AttachVolumeShelveTestJSON-2113148338-project-member] Not writing zero-length chunk. {{(pid=99571) add /opt/stack/data/venv/lib/python3.12/site-packages/glance_store/_drivers/swift/store.py:1028}}
Jun 29 12:11:42.515730 np0000003905 devstack@g-api.service[99571]: DEBUG swiftclient [None req-11456bac-3ee2-405d-bb1a-03c77bde3d25 tempest-AttachVolumeShelveTestJSON-2113148338 tempest-AttachVolumeShelveTestJSON-2113148338-project-member] REQ: curl -i https://10.4.3.208:8080/v1/AUTH_ed34c61c15674d9298d103e57adb4f2d/glance/6400722e-63ba-4086-8a92-805b60f8eeed -X PUT -H "X-Object-Manifest: glance/6400722e-63ba-4086-8a92-805b60f8eeed-" -H "X-Auth-Token: gAAAAABqQmD7BOiK..." -H "Content-Length: 0" {{(pid=99571) http_log /opt/stack/data/venv/lib/python3.12/site-packages/swiftclient/client.py:160}}
Jun 29 12:11:42.515863 np0000003905 devstack@g-api.service[99571]: DEBUG swiftclient [None req-11456bac-3ee2-405d-bb1a-03c77bde3d25 tempest-AttachVolumeShelveTestJSON-2113148338 tempest-AttachVolumeShelveTestJSON-2113148338-project-member] RESP STATUS: 201 Created {{(pid=99571) http_log /opt/stack/data/venv/lib/python3.12/site-packages/swiftclient/client.py:161}}
Jun 29 12:11:42.516016 np0000003905 devstack@g-api.service[99571]: DEBUG swiftclient [None req-11456bac-3ee2-405d-bb1a-03c77bde3d25 tempest-AttachVolumeShelveTestJSON-2113148338 tempest-AttachVolumeShelveTestJSON-2113148338-project-member] RESP HEADERS: {'Date': 'Mon, 29 Jun 2026 12:11:42 GMT', 'Server': 'Apache/2.4.58 (Ubuntu)', 'Content-Type': 'text/html; charset=UTF-8', 'Content-Length': '0', 'Etag': 'd41d8cd98f00b204e9800998ecf8427e', 'Last-Modified': 'Mon, 29 Jun 2026 12:11:43 GMT', 'X-Trans-Id': 'tx55a08b379d2f4315842e9-006a4260fe', 'X-Openstack-Request-Id': 'tx55a08b379d2f4315842e9-006a4260fe', 'Connection': 'close'} {{(pid=99571) http_log /opt/stack/data/venv/lib/python3.12/site-packages/swiftclient/client.py:162}}
Jun 29 12:11:42.516432 np0000003905 devstack@g-api.service[99571]: INFO glance.location [None req-11456bac-3ee2-405d-bb1a-03c77bde3d25 tempest-AttachVolumeShelveTestJSON-2113148338 tempest-AttachVolumeShelveTestJSON-2113148338-project-member] Image format matched and virtual size computed: 1073741824
Jun 29 12:11:42.556637 np0000003905 devstack@g-api.service[99571]: DEBUG glance_store.backend [None req-11456bac-3ee2-405d-bb1a-03c77bde3d25 tempest-AttachVolumeShelveTestJSON-2113148338 tempest-AttachVolumeShelveTestJSON-2113148338-project-member] Attempting to import store swift {{(pid=99571) _load_store /opt/stack/data/venv/lib/python3.12/site-packages/glance_store/backend.py:215}}
Jun 29 12:11:42.557960 np0000003905 devstack@g-api.service[99571]: DEBUG glance_store.capabilities [None req-11456bac-3ee2-405d-bb1a-03c77bde3d25 tempest-AttachVolumeShelveTestJSON-2113148338 tempest-AttachVolumeShelveTestJSON-2113148338-project-member] Store glance_store._drivers.swift.store.SingleTenantStore doesn't support updating dynamic storage capabilities. Please overwrite 'update_capabilities' method of the store to implement updating logics if needed. {{(pid=99571) update_capabilities /opt/stack/data/venv/lib/python3.12/site-packages/glance_store/capabilities.py:91}}
Jun 29 12:11:42.558071 np0000003905 devstack@g-api.service[99571]: DEBUG glance_store.driver [None req-11456bac-3ee2-405d-bb1a-03c77bde3d25 tempest-AttachVolumeShelveTestJSON-2113148338 tempest-AttachVolumeShelveTestJSON-2113148338-project-member] Late loading location class glance_store._drivers.swift.store.StoreLocation {{(pid=99571) get_store_location_class /opt/stack/data/venv/lib/python3.12/site-packages/glance_store/driver.py:134}}
Jun 29 12:11:42.558212 np0000003905 devstack@g-api.service[99571]: DEBUG glance_store.location [None req-11456bac-3ee2-405d-bb1a-03c77bde3d25 tempest-AttachVolumeShelveTestJSON-2113148338 tempest-AttachVolumeShelveTestJSON-2113148338-project-member] Registering scheme swift+https with {'store': , 'location_class': , 'store_entry': 'swift'} {{(pid=99571) register_scheme_map /opt/stack/data/venv/lib/python3.12/site-packages/glance_store/location.py:146}}
Jun 29 12:11:42.558348 np0000003905 devstack@g-api.service[99571]: DEBUG glance_store.location [None req-11456bac-3ee2-405d-bb1a-03c77bde3d25 tempest-AttachVolumeShelveTestJSON-2113148338 tempest-AttachVolumeShelveTestJSON-2113148338-project-member] Registering scheme swift+https with {'store': , 'location_class': , 'store_entry': 'swift'} {{(pid=99571) register_scheme_map /opt/stack/data/venv/lib/python3.12/site-packages/glance_store/location.py:146}}
Jun 29 12:11:42.558503 np0000003905 devstack@g-api.service[99571]: DEBUG glance_store.location [None req-11456bac-3ee2-405d-bb1a-03c77bde3d25 tempest-AttachVolumeShelveTestJSON-2113148338 tempest-AttachVolumeShelveTestJSON-2113148338-project-member] Registering scheme swift with {'store': , 'location_class': , 'store_entry': 'swift'} {{(pid=99571) register_scheme_map /opt/stack/data/venv/lib/python3.12/site-packages/glance_store/location.py:146}}
Jun 29 12:11:42.558678 np0000003905 devstack@g-api.service[99571]: DEBUG glance_store.location [None req-11456bac-3ee2-405d-bb1a-03c77bde3d25 tempest-AttachVolumeShelveTestJSON-2113148338 tempest-AttachVolumeShelveTestJSON-2113148338-project-member] Registering scheme swift+https with {'store': , 'location_class': , 'store_entry': 'swift'} {{(pid=99571) register_scheme_map /opt/stack/data/venv/lib/python3.12/site-packages/glance_store/location.py:146}}
Jun 29 12:11:42.558678 np0000003905 devstack@g-api.service[99571]: DEBUG glance_store.location [None req-11456bac-3ee2-405d-bb1a-03c77bde3d25 tempest-AttachVolumeShelveTestJSON-2113148338 tempest-AttachVolumeShelveTestJSON-2113148338-project-member] Registering scheme swift with {'store': , 'location_class': , 'store_entry': 'swift'} {{(pid=99571) register_scheme_map /opt/stack/data/venv/lib/python3.12/site-packages/glance_store/location.py:146}}
Jun 29 12:11:42.558761 np0000003905 devstack@g-api.service[99571]: DEBUG glance_store.location [None req-11456bac-3ee2-405d-bb1a-03c77bde3d25 tempest-AttachVolumeShelveTestJSON-2113148338 tempest-AttachVolumeShelveTestJSON-2113148338-project-member] Registering scheme swift+http with {'store': , 'location_class': , 'store_entry': 'swift'} {{(pid=99571) register_scheme_map /opt/stack/data/venv/lib/python3.12/site-packages/glance_store/location.py:146}}
Jun 29 12:11:42.558822 np0000003905 devstack@g-api.service[99571]: DEBUG glance_store.location [None req-11456bac-3ee2-405d-bb1a-03c77bde3d25 tempest-AttachVolumeShelveTestJSON-2113148338 tempest-AttachVolumeShelveTestJSON-2113148338-project-member] Registering scheme swift+https with {'store': , 'location_class': , 'store_entry': 'swift'} {{(pid=99571) register_scheme_map /opt/stack/data/venv/lib/python3.12/site-packages/glance_store/location.py:146}}
Jun 29 12:11:42.558953 np0000003905 devstack@g-api.service[99571]: DEBUG glance_store.location [None req-11456bac-3ee2-405d-bb1a-03c77bde3d25 tempest-AttachVolumeShelveTestJSON-2113148338 tempest-AttachVolumeShelveTestJSON-2113148338-project-member] Registering scheme swift with {'store': , 'location_class': , 'store_entry': 'swift'} {{(pid=99571) register_scheme_map /opt/stack/data/venv/lib/python3.12/site-packages/glance_store/location.py:146}}
Jun 29 12:11:42.559069 np0000003905 devstack@g-api.service[99571]: DEBUG glance_store.location [None req-11456bac-3ee2-405d-bb1a-03c77bde3d25 tempest-AttachVolumeShelveTestJSON-2113148338 tempest-AttachVolumeShelveTestJSON-2113148338-project-member] Registering scheme swift+http with {'store': , 'location_class': , 'store_entry': 'swift'} {{(pid=99571) register_scheme_map /opt/stack/data/venv/lib/python3.12/site-packages/glance_store/location.py:146}}
Jun 29 12:11:42.559368 np0000003905 devstack@g-api.service[99571]: DEBUG glance_store.location [None req-11456bac-3ee2-405d-bb1a-03c77bde3d25 tempest-AttachVolumeShelveTestJSON-2113148338 tempest-AttachVolumeShelveTestJSON-2113148338-project-member] Registering scheme swift+config with {'store': , 'location_class': , 'store_entry': 'swift'} {{(pid=99571) register_scheme_map /opt/stack/data/venv/lib/python3.12/site-packages/glance_store/location.py:146}}
Jun 29 12:11:42.559368 np0000003905 devstack@g-api.service[99571]: DEBUG glance_store.backend [None req-11456bac-3ee2-405d-bb1a-03c77bde3d25 tempest-AttachVolumeShelveTestJSON-2113148338 tempest-AttachVolumeShelveTestJSON-2113148338-project-member] Skipping store.set_acls... not implemented. {{(pid=99571) set_acls /opt/stack/data/venv/lib/python3.12/site-packages/glance_store/backend.py:507}}
Jun 29 12:11:42.561802 np0000003905 devstack@g-api.service[99571]: [pid: 99571|app: 0|req: 76/273] 127.0.0.1 () {46 vars in 1158 bytes} [Mon Jun 29 12:11:38 2026] PUT /v2/images/6400722e-63ba-4086-8a92-805b60f8eeed/file => generated 0 bytes in 3981 msecs (HTTP/1.1 204) 4 headers in 171 bytes (1 switches on core 0)
Jun 29 12:11:42.608704 np0000003905 devstack@g-api.service[99572]: DEBUG glance.api.middleware.version_negotiation [None req-2d1c0483-8843-4539-8f68-eafab7b230ab tempest-ServerStableDeviceRescueTest-70837254 tempest-ServerStableDeviceRescueTest-70837254-project-member] Determining version of request: GET /v2/images/6400722e-63ba-4086-8a92-805b60f8eeed Accept: */* {{(pid=99572) process_request /opt/stack/glance/glance/api/middleware/version_negotiation.py:44}}
Jun 29 12:11:42.608704 np0000003905 devstack@g-api.service[99572]: DEBUG glance.api.middleware.version_negotiation [None req-2d1c0483-8843-4539-8f68-eafab7b230ab tempest-ServerStableDeviceRescueTest-70837254 tempest-ServerStableDeviceRescueTest-70837254-project-member] Using url versioning {{(pid=99572) process_request /opt/stack/glance/glance/api/middleware/version_negotiation.py:57}}
