Jun 29 12:10:07.074434 np0000003905 devstack@g-api.service[99571]: DEBUG glance.api.middleware.version_negotiation [None req-0d78f081-9437-4f92-a60c-1ecb6dc653a7 tempest-ServerBootFromVolumeStableRescueTest-1812523551 tempest-ServerBootFromVolumeStableRescueTest-1812523551-project-member] new path /v2/schemas/image {{(pid=99571) process_request /opt/stack/glance/glance/api/middleware/version_negotiation.py:70}}
Jun 29 12:10:07.077483 np0000003905 devstack@g-api.service[99571]: [pid: 99571|app: 0|req: 40/154] 127.0.0.1 () {44 vars in 1055 bytes} [Mon Jun 29 12:10:07 2026] GET /v2/schemas/image => generated 6083 bytes in 3 msecs (HTTP/1.1 200) 4 headers in 158 bytes (1 switches on core 0)
Jun 29 12:10:07.133589 np0000003905 devstack@g-api.service[99572]: DEBUG glance.api.middleware.version_negotiation [None req-69314eba-0598-42f7-b830-0864bf893d6b tempest-ServerBootFromVolumeStableRescueTest-1812523551 tempest-ServerBootFromVolumeStableRescueTest-1812523551-project-member] Determining version of request: GET /v2/schemas/image Accept: */* {{(pid=99572) process_request /opt/stack/glance/glance/api/middleware/version_negotiation.py:44}}
Jun 29 12:10:07.133804 np0000003905 devstack@g-api.service[99572]: DEBUG glance.api.middleware.version_negotiation [None req-69314eba-0598-42f7-b830-0864bf893d6b tempest-ServerBootFromVolumeStableRescueTest-1812523551 tempest-ServerBootFromVolumeStableRescueTest-1812523551-project-member] Using url versioning {{(pid=99572) process_request /opt/stack/glance/glance/api/middleware/version_negotiation.py:57}}
Jun 29 12:10:07.133906 np0000003905 devstack@g-api.service[99572]: DEBUG glance.api.middleware.version_negotiation [None req-69314eba-0598-42f7-b830-0864bf893d6b tempest-ServerBootFromVolumeStableRescueTest-1812523551 tempest-ServerBootFromVolumeStableRescueTest-1812523551-project-member] Matched version: v2 {{(pid=99572) process_request /opt/stack/glance/glance/api/middleware/version_negotiation.py:69}}
Jun 29 12:10:07.135090 np0000003905 devstack@g-api.service[99572]: DEBUG glance.api.middleware.version_negotiation [None req-69314eba-0598-42f7-b830-0864bf893d6b tempest-ServerBootFromVolumeStableRescueTest-1812523551 tempest-ServerBootFromVolumeStableRescueTest-1812523551-project-member] new path /v2/schemas/image {{(pid=99572) process_request /opt/stack/glance/glance/api/middleware/version_negotiation.py:70}}
Jun 29 12:10:07.138658 np0000003905 devstack@g-api.service[99572]: [pid: 99572|app: 0|req: 59/155] 127.0.0.1 () {44 vars in 1055 bytes} [Mon Jun 29 12:10:07 2026] GET /v2/schemas/image => generated 6083 bytes in 5 msecs (HTTP/1.1 200) 4 headers in 158 bytes (1 switches on core 0)
Jun 29 12:10:07.202556 np0000003905 devstack@g-api.service[99570]: DEBUG glance.api.middleware.version_negotiation [None req-cfef0964-eb18-401c-bf40-5cbb5091b527 tempest-ServerBootFromVolumeStableRescueTest-1812523551 tempest-ServerBootFromVolumeStableRescueTest-1812523551-project-member] Determining version of request: PATCH /v2/images/0e465764-520d-41f6-a244-98d269d99068 Accept: */* {{(pid=99570) process_request /opt/stack/glance/glance/api/middleware/version_negotiation.py:44}}
Jun 29 12:10:07.202728 np0000003905 devstack@g-api.service[99570]: DEBUG glance.api.middleware.version_negotiation [None req-cfef0964-eb18-401c-bf40-5cbb5091b527 tempest-ServerBootFromVolumeStableRescueTest-1812523551 tempest-ServerBootFromVolumeStableRescueTest-1812523551-project-member] Using url versioning {{(pid=99570) process_request /opt/stack/glance/glance/api/middleware/version_negotiation.py:57}}
Jun 29 12:10:07.205406 np0000003905 devstack@g-api.service[99570]: DEBUG glance.api.middleware.version_negotiation [None req-cfef0964-eb18-401c-bf40-5cbb5091b527 tempest-ServerBootFromVolumeStableRescueTest-1812523551 tempest-ServerBootFromVolumeStableRescueTest-1812523551-project-member] Matched version: v2 {{(pid=99570) process_request /opt/stack/glance/glance/api/middleware/version_negotiation.py:69}}
Jun 29 12:10:07.205527 np0000003905 devstack@g-api.service[99570]: DEBUG glance.api.middleware.version_negotiation [None req-cfef0964-eb18-401c-bf40-5cbb5091b527 tempest-ServerBootFromVolumeStableRescueTest-1812523551 tempest-ServerBootFromVolumeStableRescueTest-1812523551-project-member] new path /v2/images/0e465764-520d-41f6-a244-98d269d99068 {{(pid=99570) process_request /opt/stack/glance/glance/api/middleware/version_negotiation.py:70}}
Jun 29 12:10:07.472551 np0000003905 devstack@g-api.service[99570]: [pid: 99570|app: 0|req: 57/156] 127.0.0.1 () {46 vars in 1158 bytes} [Mon Jun 29 12:10:07 2026] PATCH /v2/images/0e465764-520d-41f6-a244-98d269d99068 => generated 1471 bytes in 270 msecs (HTTP/1.1 200) 4 headers in 158 bytes (1 switches on core 0)
Jun 29 12:10:07.485810 np0000003905 devstack@g-api.service[99571]: DEBUG glance.api.middleware.version_negotiation [None req-cfef0964-eb18-401c-bf40-5cbb5091b527 tempest-ServerBootFromVolumeStableRescueTest-1812523551 tempest-ServerBootFromVolumeStableRescueTest-1812523551-project-member] Determining version of request: GET /v2/images/0e465764-520d-41f6-a244-98d269d99068 Accept: application/json {{(pid=99571) process_request /opt/stack/glance/glance/api/middleware/version_negotiation.py:44}}
Jun 29 12:10:07.485810 np0000003905 devstack@g-api.service[99571]: DEBUG glance.api.middleware.version_negotiation [None req-cfef0964-eb18-401c-bf40-5cbb5091b527 tempest-ServerBootFromVolumeStableRescueTest-1812523551 tempest-ServerBootFromVolumeStableRescueTest-1812523551-project-member] Using url versioning {{(pid=99571) process_request /opt/stack/glance/glance/api/middleware/version_negotiation.py:57}}
Jun 29 12:10:07.485810 np0000003905 devstack@g-api.service[99571]: DEBUG glance.api.middleware.version_negotiation [None req-cfef0964-eb18-401c-bf40-5cbb5091b527 tempest-ServerBootFromVolumeStableRescueTest-1812523551 tempest-ServerBootFromVolumeStableRescueTest-1812523551-project-member] Matched version: v2 {{(pid=99571) process_request /opt/stack/glance/glance/api/middleware/version_negotiation.py:69}}
Jun 29 12:10:07.485810 np0000003905 devstack@g-api.service[99571]: DEBUG glance.api.middleware.version_negotiation [None req-cfef0964-eb18-401c-bf40-5cbb5091b527 tempest-ServerBootFromVolumeStableRescueTest-1812523551 tempest-ServerBootFromVolumeStableRescueTest-1812523551-project-member] new path /v2/images/0e465764-520d-41f6-a244-98d269d99068 {{(pid=99571) process_request /opt/stack/glance/glance/api/middleware/version_negotiation.py:70}}
Jun 29 12:10:07.520569 np0000003905 devstack@g-api.service[99571]: [pid: 99571|app: 0|req: 41/157] 127.0.0.1 () {40 vars in 838 bytes} [Mon Jun 29 12:10:07 2026] GET /v2/images/0e465764-520d-41f6-a244-98d269d99068 => generated 1471 bytes in 37 msecs (HTTP/1.1 200) 4 headers in 158 bytes (1 switches on core 0)
Jun 29 12:10:07.523573 np0000003905 devstack@g-api.service[99572]: DEBUG glance.api.middleware.version_negotiation [None req-cfef0964-eb18-401c-bf40-5cbb5091b527 tempest-ServerBootFromVolumeStableRescueTest-1812523551 tempest-ServerBootFromVolumeStableRescueTest-1812523551-project-member] Determining version of request: GET /v2/images/0e465764-520d-41f6-a244-98d269d99068 Accept: */* {{(pid=99572) process_request /opt/stack/glance/glance/api/middleware/version_negotiation.py:44}}
Jun 29 12:10:07.524051 np0000003905 devstack@g-api.service[99572]: DEBUG glance.api.middleware.version_negotiation [None req-cfef0964-eb18-401c-bf40-5cbb5091b527 tempest-ServerBootFromVolumeStableRescueTest-1812523551 tempest-ServerBootFromVolumeStableRescueTest-1812523551-project-member] Using url versioning {{(pid=99572) process_request /opt/stack/glance/glance/api/middleware/version_negotiation.py:57}}
Jun 29 12:10:07.524051 np0000003905 devstack@g-api.service[99572]: DEBUG glance.api.middleware.version_negotiation [None req-cfef0964-eb18-401c-bf40-5cbb5091b527 tempest-ServerBootFromVolumeStableRescueTest-1812523551 tempest-ServerBootFromVolumeStableRescueTest-1812523551-project-member] Matched version: v2 {{(pid=99572) process_request /opt/stack/glance/glance/api/middleware/version_negotiation.py:69}}
Jun 29 12:10:07.526171 np0000003905 devstack@g-api.service[99572]: DEBUG glance.api.middleware.version_negotiation [None req-cfef0964-eb18-401c-bf40-5cbb5091b527 tempest-ServerBootFromVolumeStableRescueTest-1812523551 tempest-ServerBootFromVolumeStableRescueTest-1812523551-project-member] new path /v2/images/0e465764-520d-41f6-a244-98d269d99068 {{(pid=99572) process_request /opt/stack/glance/glance/api/middleware/version_negotiation.py:70}}
Jun 29 12:10:07.564705 np0000003905 devstack@g-api.service[99572]: [pid: 99572|app: 0|req: 60/158] 127.0.0.1 () {44 vars in 1115 bytes} [Mon Jun 29 12:10:07 2026] GET /v2/images/0e465764-520d-41f6-a244-98d269d99068 => generated 1471 bytes in 41 msecs (HTTP/1.1 200) 4 headers in 158 bytes (1 switches on core 0)
Jun 29 12:10:07.640301 np0000003905 devstack@g-api.service[99570]: DEBUG glance.api.middleware.version_negotiation [None req-cfef0964-eb18-401c-bf40-5cbb5091b527 tempest-ServerBootFromVolumeStableRescueTest-1812523551 tempest-ServerBootFromVolumeStableRescueTest-1812523551-project-member] Determining version of request: PUT /v2/images/0e465764-520d-41f6-a244-98d269d99068/file Accept: */* {{(pid=99570) process_request /opt/stack/glance/glance/api/middleware/version_negotiation.py:44}}
Jun 29 12:10:07.640301 np0000003905 devstack@g-api.service[99570]: DEBUG glance.api.middleware.version_negotiation [None req-cfef0964-eb18-401c-bf40-5cbb5091b527 tempest-ServerBootFromVolumeStableRescueTest-1812523551 tempest-ServerBootFromVolumeStableRescueTest-1812523551-project-member] Using url versioning {{(pid=99570) process_request /opt/stack/glance/glance/api/middleware/version_negotiation.py:57}}
Jun 29 12:10:07.641961 np0000003905 devstack@g-api.service[99570]: DEBUG glance.api.middleware.version_negotiation [None req-cfef0964-eb18-401c-bf40-5cbb5091b527 tempest-ServerBootFromVolumeStableRescueTest-1812523551 tempest-ServerBootFromVolumeStableRescueTest-1812523551-project-member] Matched version: v2 {{(pid=99570) process_request /opt/stack/glance/glance/api/middleware/version_negotiation.py:69}}
Jun 29 12:10:07.641961 np0000003905 devstack@g-api.service[99570]: DEBUG glance.api.middleware.version_negotiation [None req-cfef0964-eb18-401c-bf40-5cbb5091b527 tempest-ServerBootFromVolumeStableRescueTest-1812523551 tempest-ServerBootFromVolumeStableRescueTest-1812523551-project-member] new path /v2/images/0e465764-520d-41f6-a244-98d269d99068/file {{(pid=99570) process_request /opt/stack/glance/glance/api/middleware/version_negotiation.py:70}}
Jun 29 12:10:08.537343 np0000003905 devstack@g-api.service[99571]: DEBUG glance.api.middleware.version_negotiation [None req-3e0a9808-0191-411e-9d75-b30f16d5c073 tempest-ServerBootFromVolumeStableRescueTest-1812523551 tempest-ServerBootFromVolumeStableRescueTest-1812523551-project-member] Determining version of request: GET /v2/images/0e465764-520d-41f6-a244-98d269d99068 Accept: application/json {{(pid=99571) process_request /opt/stack/glance/glance/api/middleware/version_negotiation.py:44}}
Jun 29 12:10:08.537343 np0000003905 devstack@g-api.service[99571]: DEBUG glance.api.middleware.version_negotiation [None req-3e0a9808-0191-411e-9d75-b30f16d5c073 tempest-ServerBootFromVolumeStableRescueTest-1812523551 tempest-ServerBootFromVolumeStableRescueTest-1812523551-project-member] Using url versioning {{(pid=99571) process_request /opt/stack/glance/glance/api/middleware/version_negotiation.py:57}}
Jun 29 12:10:08.537343 np0000003905 devstack@g-api.service[99571]: DEBUG glance.api.middleware.version_negotiation [None req-3e0a9808-0191-411e-9d75-b30f16d5c073 tempest-ServerBootFromVolumeStableRescueTest-1812523551 tempest-ServerBootFromVolumeStableRescueTest-1812523551-project-member] Matched version: v2 {{(pid=99571) process_request /opt/stack/glance/glance/api/middleware/version_negotiation.py:69}}
Jun 29 12:10:08.537343 np0000003905 devstack@g-api.service[99571]: DEBUG glance.api.middleware.version_negotiation [None req-3e0a9808-0191-411e-9d75-b30f16d5c073 tempest-ServerBootFromVolumeStableRescueTest-1812523551 tempest-ServerBootFromVolumeStableRescueTest-1812523551-project-member] new path /v2/images/0e465764-520d-41f6-a244-98d269d99068 {{(pid=99571) process_request /opt/stack/glance/glance/api/middleware/version_negotiation.py:70}}
Jun 29 12:10:08.565854 np0000003905 devstack@g-api.service[99571]: [pid: 99571|app: 0|req: 42/159] 127.0.0.1 () {40 vars in 838 bytes} [Mon Jun 29 12:10:08 2026] GET /v2/images/0e465764-520d-41f6-a244-98d269d99068 => generated 1471 bytes in 30 msecs (HTTP/1.1 200) 4 headers in 158 bytes (1 switches on core 0)
Jun 29 12:10:08.678083 np0000003905 devstack@g-api.service[99570]: INFO glance.api.v2.image_data [None req-cfef0964-eb18-401c-bf40-5cbb5091b527 tempest-ServerBootFromVolumeStableRescueTest-1812523551 tempest-ServerBootFromVolumeStableRescueTest-1812523551-project-member] Unable to create trust: no such option collect_timing in group [keystone_authtoken] Use the existing user token.
Jun 29 12:10:09.574776 np0000003905 devstack@g-api.service[99572]: DEBUG glance.api.middleware.version_negotiation [None req-cfef0964-eb18-401c-bf40-5cbb5091b527 tempest-ServerBootFromVolumeStableRescueTest-1812523551 tempest-ServerBootFromVolumeStableRescueTest-1812523551-project-member] Determining version of request: GET /v2/images/0e465764-520d-41f6-a244-98d269d99068 Accept: application/json {{(pid=99572) process_request /opt/stack/glance/glance/api/middleware/version_negotiation.py:44}}
Jun 29 12:10:09.575103 np0000003905 devstack@g-api.service[99572]: DEBUG glance.api.middleware.version_negotiation [None req-cfef0964-eb18-401c-bf40-5cbb5091b527 tempest-ServerBootFromVolumeStableRescueTest-1812523551 tempest-ServerBootFromVolumeStableRescueTest-1812523551-project-member] Using url versioning {{(pid=99572) process_request /opt/stack/glance/glance/api/middleware/version_negotiation.py:57}}
Jun 29 12:10:09.575180 np0000003905 devstack@g-api.service[99572]: DEBUG glance.api.middleware.version_negotiation [None req-cfef0964-eb18-401c-bf40-5cbb5091b527 tempest-ServerBootFromVolumeStableRescueTest-1812523551 tempest-ServerBootFromVolumeStableRescueTest-1812523551-project-member] Matched version: v2 {{(pid=99572) process_request /opt/stack/glance/glance/api/middleware/version_negotiation.py:69}}
Jun 29 12:10:09.575298 np0000003905 devstack@g-api.service[99572]: DEBUG glance.api.middleware.version_negotiation [None req-cfef0964-eb18-401c-bf40-5cbb5091b527 tempest-ServerBootFromVolumeStableRescueTest-1812523551 tempest-ServerBootFromVolumeStableRescueTest-1812523551-project-member] new path /v2/images/0e465764-520d-41f6-a244-98d269d99068 {{(pid=99572) process_request /opt/stack/glance/glance/api/middleware/version_negotiation.py:70}}
Jun 29 12:10:09.584710 np0000003905 devstack@g-api.service[99570]: DEBUG glance.location [None req-cfef0964-eb18-401c-bf40-5cbb5091b527 tempest-ServerBootFromVolumeStableRescueTest-1812523551 tempest-ServerBootFromVolumeStableRescueTest-1812523551-project-member] Enabling in-flight format inspection for qcow2 {{(pid=99570) set_data /opt/stack/glance/glance/location.py:616}}
Jun 29 12:10:09.584710 np0000003905 devstack@g-api.service[99570]: DEBUG glance_store.backend [None req-cfef0964-eb18-401c-bf40-5cbb5091b527 tempest-ServerBootFromVolumeStableRescueTest-1812523551 tempest-ServerBootFromVolumeStableRescueTest-1812523551-project-member] Attempting to import store swift {{(pid=99570) _load_store /opt/stack/data/venv/lib/python3.12/site-packages/glance_store/backend.py:215}}
Jun 29 12:10:09.585340 np0000003905 devstack@g-api.service[99570]: DEBUG glance_store.capabilities [None req-cfef0964-eb18-401c-bf40-5cbb5091b527 tempest-ServerBootFromVolumeStableRescueTest-1812523551 tempest-ServerBootFromVolumeStableRescueTest-1812523551-project-member] Store glance_store._drivers.swift.store.SingleTenantStore doesn't support updating dynamic storage capabilities. Please overwrite 'update_capabilities' method of the store to implement updating logics if needed. {{(pid=99570) update_capabilities /opt/stack/data/venv/lib/python3.12/site-packages/glance_store/capabilities.py:91}}
Jun 29 12:10:09.585536 np0000003905 devstack@g-api.service[99570]: DEBUG glance_store.driver [None req-cfef0964-eb18-401c-bf40-5cbb5091b527 tempest-ServerBootFromVolumeStableRescueTest-1812523551 tempest-ServerBootFromVolumeStableRescueTest-1812523551-project-member] Late loading location class glance_store._drivers.swift.store.StoreLocation {{(pid=99570) get_store_location_class /opt/stack/data/venv/lib/python3.12/site-packages/glance_store/driver.py:134}}
Jun 29 12:10:09.585536 np0000003905 devstack@g-api.service[99570]: DEBUG glance_store.location [None req-cfef0964-eb18-401c-bf40-5cbb5091b527 tempest-ServerBootFromVolumeStableRescueTest-1812523551 tempest-ServerBootFromVolumeStableRescueTest-1812523551-project-member] Registering scheme swift+https with {'store': , 'location_class': , 'store_entry': 'swift'} {{(pid=99570) register_scheme_map /opt/stack/data/venv/lib/python3.12/site-packages/glance_store/location.py:146}}
Jun 29 12:10:09.586133 np0000003905 devstack@g-api.service[99570]: DEBUG glance_store.location [None req-cfef0964-eb18-401c-bf40-5cbb5091b527 tempest-ServerBootFromVolumeStableRescueTest-1812523551 tempest-ServerBootFromVolumeStableRescueTest-1812523551-project-member] Registering scheme swift+https with {'store': , 'location_class': , 'store_entry': 'swift'} {{(pid=99570) register_scheme_map /opt/stack/data/venv/lib/python3.12/site-packages/glance_store/location.py:146}}
Jun 29 12:10:09.586133 np0000003905 devstack@g-api.service[99570]: DEBUG glance_store.location [None req-cfef0964-eb18-401c-bf40-5cbb5091b527 tempest-ServerBootFromVolumeStableRescueTest-1812523551 tempest-ServerBootFromVolumeStableRescueTest-1812523551-project-member] Registering scheme swift with {'store': , 'location_class': , 'store_entry': 'swift'} {{(pid=99570) register_scheme_map /opt/stack/data/venv/lib/python3.12/site-packages/glance_store/location.py:146}}
Jun 29 12:10:09.586133 np0000003905 devstack@g-api.service[99570]: DEBUG glance_store.location [None req-cfef0964-eb18-401c-bf40-5cbb5091b527 tempest-ServerBootFromVolumeStableRescueTest-1812523551 tempest-ServerBootFromVolumeStableRescueTest-1812523551-project-member] Registering scheme swift+https with {'store': , 'location_class': , 'store_entry': 'swift'} {{(pid=99570) register_scheme_map /opt/stack/data/venv/lib/python3.12/site-packages/glance_store/location.py:146}}
Jun 29 12:10:09.586133 np0000003905 devstack@g-api.service[99570]: DEBUG glance_store.location [None req-cfef0964-eb18-401c-bf40-5cbb5091b527 tempest-ServerBootFromVolumeStableRescueTest-1812523551 tempest-ServerBootFromVolumeStableRescueTest-1812523551-project-member] Registering scheme swift with {'store': , 'location_class': , 'store_entry': 'swift'} {{(pid=99570) register_scheme_map /opt/stack/data/venv/lib/python3.12/site-packages/glance_store/location.py:146}}
Jun 29 12:10:09.588861 np0000003905 devstack@g-api.service[99570]: DEBUG glance_store.location [None req-cfef0964-eb18-401c-bf40-5cbb5091b527 tempest-ServerBootFromVolumeStableRescueTest-1812523551 tempest-ServerBootFromVolumeStableRescueTest-1812523551-project-member] Registering scheme swift+http with {'store': , 'location_class': , 'store_entry': 'swift'} {{(pid=99570) register_scheme_map /opt/stack/data/venv/lib/python3.12/site-packages/glance_store/location.py:146}}
Jun 29 12:10:09.588861 np0000003905 devstack@g-api.service[99570]: DEBUG glance_store.location [None req-cfef0964-eb18-401c-bf40-5cbb5091b527 tempest-ServerBootFromVolumeStableRescueTest-1812523551 tempest-ServerBootFromVolumeStableRescueTest-1812523551-project-member] Registering scheme swift+https with {'store': , 'location_class': , 'store_entry': 'swift'} {{(pid=99570) register_scheme_map /opt/stack/data/venv/lib/python3.12/site-packages/glance_store/location.py:146}}
Jun 29 12:10:09.590079 np0000003905 devstack@g-api.service[99570]: DEBUG glance_store.location [None req-cfef0964-eb18-401c-bf40-5cbb5091b527 tempest-ServerBootFromVolumeStableRescueTest-1812523551 tempest-ServerBootFromVolumeStableRescueTest-1812523551-project-member] Registering scheme swift with {'store': , 'location_class': , 'store_entry': 'swift'} {{(pid=99570) register_scheme_map /opt/stack/data/venv/lib/python3.12/site-packages/glance_store/location.py:146}}
Jun 29 12:10:09.591064 np0000003905 devstack@g-api.service[99572]: [pid: 99572|app: 0|req: 61/160] 127.0.0.1 () {40 vars in 838 bytes} [Mon Jun 29 12:10:09 2026] GET /v2/images/0e465764-520d-41f6-a244-98d269d99068 => generated 1471 bytes in 15 msecs (HTTP/1.1 200) 4 headers in 158 bytes (1 switches on core 0)
Jun 29 12:10:09.591633 np0000003905 devstack@g-api.service[99570]: DEBUG glance_store.location [None req-cfef0964-eb18-401c-bf40-5cbb5091b527 tempest-ServerBootFromVolumeStableRescueTest-1812523551 tempest-ServerBootFromVolumeStableRescueTest-1812523551-project-member] Registering scheme swift+http with {'store': , 'location_class': , 'store_entry': 'swift'} {{(pid=99570) register_scheme_map /opt/stack/data/venv/lib/python3.12/site-packages/glance_store/location.py:146}}
Jun 29 12:10:09.591633 np0000003905 devstack@g-api.service[99570]: DEBUG glance_store.location [None req-cfef0964-eb18-401c-bf40-5cbb5091b527 tempest-ServerBootFromVolumeStableRescueTest-1812523551 tempest-ServerBootFromVolumeStableRescueTest-1812523551-project-member] Registering scheme swift+config with {'store': , 'location_class': , 'store_entry': 'swift'} {{(pid=99570) register_scheme_map /opt/stack/data/venv/lib/python3.12/site-packages/glance_store/location.py:146}}
Jun 29 12:10:10.154661 np0000003905 devstack@g-api.service[99570]: DEBUG swiftclient [None req-cfef0964-eb18-401c-bf40-5cbb5091b527 tempest-ServerBootFromVolumeStableRescueTest-1812523551 tempest-ServerBootFromVolumeStableRescueTest-1812523551-project-member] REQ: curl -i https://10.4.3.208:8080/v1/AUTH_ed34c61c15674d9298d103e57adb4f2d/glance -I -H "X-Auth-Token: gAAAAABqQmChorzC..." {{(pid=99570) http_log /opt/stack/data/venv/lib/python3.12/site-packages/swiftclient/client.py:160}}
Jun 29 12:10:10.155238 np0000003905 devstack@g-api.service[99570]: DEBUG swiftclient [None req-cfef0964-eb18-401c-bf40-5cbb5091b527 tempest-ServerBootFromVolumeStableRescueTest-1812523551 tempest-ServerBootFromVolumeStableRescueTest-1812523551-project-member] RESP STATUS: 204 No Content {{(pid=99570) http_log /opt/stack/data/venv/lib/python3.12/site-packages/swiftclient/client.py:161}}
Jun 29 12:10:10.155238 np0000003905 devstack@g-api.service[99570]: DEBUG swiftclient [None req-cfef0964-eb18-401c-bf40-5cbb5091b527 tempest-ServerBootFromVolumeStableRescueTest-1812523551 tempest-ServerBootFromVolumeStableRescueTest-1812523551-project-member] RESP HEADERS: {'Date': 'Mon, 29 Jun 2026 12:10:10 GMT', 'Server': 'Apache/2.4.58 (Ubuntu)', 'Content-Type': 'text/plain; charset=utf-8', 'X-Container-Object-Count': '5', 'X-Container-Bytes-Used': '87883776', 'X-Timestamp': '1782734762.52348', 'Last-Modified': 'Mon, 29 Jun 2026 12:06:03 GMT', 'Accept-Ranges': 'bytes', 'X-Storage-Policy': 'Policy-0', 'X-Container-Sharding': 'False', 'Vary': 'Accept', 'X-Trans-Id': 'tx86d045bfb1354312b1ae4-006a4260a1', 'X-Openstack-Request-Id': 'tx86d045bfb1354312b1ae4-006a4260a1', 'Connection': 'close'} {{(pid=99570) http_log /opt/stack/data/venv/lib/python3.12/site-packages/swiftclient/client.py:162}}
Jun 29 12:10:10.155669 np0000003905 devstack@g-api.service[99570]: DEBUG glance_store._drivers.swift.store [None req-cfef0964-eb18-401c-bf40-5cbb5091b527 tempest-ServerBootFromVolumeStableRescueTest-1812523551 tempest-ServerBootFromVolumeStableRescueTest-1812523551-project-member] Adding image object '0e465764-520d-41f6-a244-98d269d99068' to Swift {{(pid=99570) add /opt/stack/data/venv/lib/python3.12/site-packages/glance_store/_drivers/swift/store.py:970}}
Jun 29 12:10:10.155812 np0000003905 devstack@g-api.service[99570]: DEBUG glance_store._drivers.swift.store [None req-cfef0964-eb18-401c-bf40-5cbb5091b527 tempest-ServerBootFromVolumeStableRescueTest-1812523551 tempest-ServerBootFromVolumeStableRescueTest-1812523551-project-member] Cannot determine image size because it is either not provided in the request or chunked-transfer encoding is used. Adding image as a segmented object to Swift. {{(pid=99570) add /opt/stack/data/venv/lib/python3.12/site-packages/glance_store/_drivers/swift/store.py:994}}
Jun 29 12:10:10.164452 np0000003905 devstack@g-api.service[99570]: DEBUG oslo_utils.imageutils.format_inspector [None req-cfef0964-eb18-401c-bf40-5cbb5091b527 tempest-ServerBootFromVolumeStableRescueTest-1812523551 tempest-ServerBootFromVolumeStableRescueTest-1812523551-project-member] Format inspector for vmdk does not match, excluding from consideration (Signature KDMV not found: b'QFI\xfb') {{(pid=99570) _process_chunk /opt/stack/data/venv/lib/python3.12/site-packages/oslo_utils/imageutils/format_inspector.py:1758}}
Jun 29 12:10:10.172176 np0000003905 devstack@g-api.service[99570]: DEBUG oslo_utils.imageutils.format_inspector [None req-cfef0964-eb18-401c-bf40-5cbb5091b527 tempest-ServerBootFromVolumeStableRescueTest-1812523551 tempest-ServerBootFromVolumeStableRescueTest-1812523551-project-member] Format inspector for vhdx does not match, excluding from consideration (Region signature not found at 30000) {{(pid=99570) _process_chunk /opt/stack/data/venv/lib/python3.12/site-packages/oslo_utils/imageutils/format_inspector.py:1758}}
Jun 29 12:10:10.501448 np0000003905 devstack@g-api.service[99570]: DEBUG swiftclient [None req-cfef0964-eb18-401c-bf40-5cbb5091b527 tempest-ServerBootFromVolumeStableRescueTest-1812523551 tempest-ServerBootFromVolumeStableRescueTest-1812523551-project-member] REQ: curl -i https://10.4.3.208:8080/v1/AUTH_ed34c61c15674d9298d103e57adb4f2d/glance/0e465764-520d-41f6-a244-98d269d99068-00001 -X PUT -H "X-Auth-Token: gAAAAABqQmChorzC..." {{(pid=99570) http_log /opt/stack/data/venv/lib/python3.12/site-packages/swiftclient/client.py:160}}
Jun 29 12:10:10.501691 np0000003905 devstack@g-api.service[99570]: DEBUG swiftclient [None req-cfef0964-eb18-401c-bf40-5cbb5091b527 tempest-ServerBootFromVolumeStableRescueTest-1812523551 tempest-ServerBootFromVolumeStableRescueTest-1812523551-project-member] RESP STATUS: 201 Created {{(pid=99570) http_log /opt/stack/data/venv/lib/python3.12/site-packages/swiftclient/client.py:161}}
Jun 29 12:10:10.501872 np0000003905 devstack@g-api.service[99570]: DEBUG swiftclient [None req-cfef0964-eb18-401c-bf40-5cbb5091b527 tempest-ServerBootFromVolumeStableRescueTest-1812523551 tempest-ServerBootFromVolumeStableRescueTest-1812523551-project-member] RESP HEADERS: {'Date': 'Mon, 29 Jun 2026 12:10:10 GMT', 'Server': 'Apache/2.4.58 (Ubuntu)', 'Content-Type': 'text/html; charset=UTF-8', 'Content-Length': '0', 'Etag': '4fa343ee581d8d2e78533191fd1ac3e1', 'Last-Modified': 'Mon, 29 Jun 2026 12:10:11 GMT', 'X-Trans-Id': 'tx7298799b5da1484585409-006a4260a2', 'X-Openstack-Request-Id': 'tx7298799b5da1484585409-006a4260a2', 'Connection': 'close'} {{(pid=99570) http_log /opt/stack/data/venv/lib/python3.12/site-packages/swiftclient/client.py:162}}
Jun 29 12:10:10.502342 np0000003905 devstack@g-api.service[99570]: DEBUG glance_store._drivers.swift.store [None req-cfef0964-eb18-401c-bf40-5cbb5091b527 tempest-ServerBootFromVolumeStableRescueTest-1812523551 tempest-ServerBootFromVolumeStableRescueTest-1812523551-project-member] Wrote chunk 0e465764-520d-41f6-a244-98d269d99068-00001 (1/?) of length 23527424 to Swift returning MD5 of content: 4fa343ee581d8d2e78533191fd1ac3e1 {{(pid=99570) add /opt/stack/data/venv/lib/python3.12/site-packages/glance_store/_drivers/swift/store.py:1059}}
Jun 29 12:10:10.502510 np0000003905 devstack@g-api.service[99570]: DEBUG glance_store._drivers.swift.store [None req-cfef0964-eb18-401c-bf40-5cbb5091b527 tempest-ServerBootFromVolumeStableRescueTest-1812523551 tempest-ServerBootFromVolumeStableRescueTest-1812523551-project-member] Not writing zero-length chunk. {{(pid=99570) add /opt/stack/data/venv/lib/python3.12/site-packages/glance_store/_drivers/swift/store.py:1028}}
Jun 29 12:10:10.538762 np0000003905 devstack@g-api.service[99570]: DEBUG swiftclient [None req-cfef0964-eb18-401c-bf40-5cbb5091b527 tempest-ServerBootFromVolumeStableRescueTest-1812523551 tempest-ServerBootFromVolumeStableRescueTest-1812523551-project-member] REQ: curl -i https://10.4.3.208:8080/v1/AUTH_ed34c61c15674d9298d103e57adb4f2d/glance/0e465764-520d-41f6-a244-98d269d99068 -X PUT -H "X-Object-Manifest: glance/0e465764-520d-41f6-a244-98d269d99068-" -H "X-Auth-Token: gAAAAABqQmChorzC..." -H "Content-Length: 0" {{(pid=99570) http_log /opt/stack/data/venv/lib/python3.12/site-packages/swiftclient/client.py:160}}
Jun 29 12:10:10.538919 np0000003905 devstack@g-api.service[99570]: DEBUG swiftclient [None req-cfef0964-eb18-401c-bf40-5cbb5091b527 tempest-ServerBootFromVolumeStableRescueTest-1812523551 tempest-ServerBootFromVolumeStableRescueTest-1812523551-project-member] RESP STATUS: 201 Created {{(pid=99570) http_log /opt/stack/data/venv/lib/python3.12/site-packages/swiftclient/client.py:161}}
Jun 29 12:10:10.539103 np0000003905 devstack@g-api.service[99570]: DEBUG swiftclient [None req-cfef0964-eb18-401c-bf40-5cbb5091b527 tempest-ServerBootFromVolumeStableRescueTest-1812523551 tempest-ServerBootFromVolumeStableRescueTest-1812523551-project-member] RESP HEADERS: {'Date': 'Mon, 29 Jun 2026 12:10:10 GMT', 'Server': 'Apache/2.4.58 (Ubuntu)', 'Content-Type': 'text/html; charset=UTF-8', 'Content-Length': '0', 'Etag': 'd41d8cd98f00b204e9800998ecf8427e', 'Last-Modified': 'Mon, 29 Jun 2026 12:10:11 GMT', 'X-Trans-Id': 'tx0ad6143205a54994bc47b-006a4260a2', 'X-Openstack-Request-Id': 'tx0ad6143205a54994bc47b-006a4260a2', 'Connection': 'close'} {{(pid=99570) http_log /opt/stack/data/venv/lib/python3.12/site-packages/swiftclient/client.py:162}}
Jun 29 12:10:10.539654 np0000003905 devstack@g-api.service[99570]: INFO glance.location [None req-cfef0964-eb18-401c-bf40-5cbb5091b527 tempest-ServerBootFromVolumeStableRescueTest-1812523551 tempest-ServerBootFromVolumeStableRescueTest-1812523551-project-member] Image format matched and virtual size computed: 1073741824
Jun 29 12:10:10.596906 np0000003905 devstack@g-api.service[99570]: DEBUG glance_store.backend [None req-cfef0964-eb18-401c-bf40-5cbb5091b527 tempest-ServerBootFromVolumeStableRescueTest-1812523551 tempest-ServerBootFromVolumeStableRescueTest-1812523551-project-member] Attempting to import store swift {{(pid=99570) _load_store /opt/stack/data/venv/lib/python3.12/site-packages/glance_store/backend.py:215}}
Jun 29 12:10:10.601864 np0000003905 devstack@g-api.service[99570]: DEBUG glance_store.capabilities [None req-cfef0964-eb18-401c-bf40-5cbb5091b527 tempest-ServerBootFromVolumeStableRescueTest-1812523551 tempest-ServerBootFromVolumeStableRescueTest-1812523551-project-member] Store glance_store._drivers.swift.store.SingleTenantStore doesn't support updating dynamic storage capabilities. Please overwrite 'update_capabilities' method of the store to implement updating logics if needed. {{(pid=99570) update_capabilities /opt/stack/data/venv/lib/python3.12/site-packages/glance_store/capabilities.py:91}}
Jun 29 12:10:10.601864 np0000003905 devstack@g-api.service[99570]: DEBUG glance_store.driver [None req-cfef0964-eb18-401c-bf40-5cbb5091b527 tempest-ServerBootFromVolumeStableRescueTest-1812523551 tempest-ServerBootFromVolumeStableRescueTest-1812523551-project-member] Late loading location class glance_store._drivers.swift.store.StoreLocation {{(pid=99570) get_store_location_class /opt/stack/data/venv/lib/python3.12/site-packages/glance_store/driver.py:134}}
Jun 29 12:10:10.601864 np0000003905 devstack@g-api.service[99570]: DEBUG glance_store.location [None req-cfef0964-eb18-401c-bf40-5cbb5091b527 tempest-ServerBootFromVolumeStableRescueTest-1812523551 tempest-ServerBootFromVolumeStableRescueTest-1812523551-project-member] Registering scheme swift+https with {'store': , 'location_class': , 'store_entry': 'swift'} {{(pid=99570) register_scheme_map /opt/stack/data/venv/lib/python3.12/site-packages/glance_store/location.py:146}}
Jun 29 12:10:10.602056 np0000003905 devstack@g-api.service[99570]: DEBUG glance_store.location [None req-cfef0964-eb18-401c-bf40-5cbb5091b527 tempest-ServerBootFromVolumeStableRescueTest-1812523551 tempest-ServerBootFromVolumeStableRescueTest-1812523551-project-member] Registering scheme swift+https with {'store': , 'location_class': , 'store_entry': 'swift'} {{(pid=99570) register_scheme_map /opt/stack/data/venv/lib/python3.12/site-packages/glance_store/location.py:146}}
Jun 29 12:10:10.602056 np0000003905 devstack@g-api.service[99570]: DEBUG glance_store.location [None req-cfef0964-eb18-401c-bf40-5cbb5091b527 tempest-ServerBootFromVolumeStableRescueTest-1812523551 tempest-ServerBootFromVolumeStableRescueTest-1812523551-project-member] Registering scheme swift with {'store': , 'location_class': , 'store_entry': 'swift'} {{(pid=99570) register_scheme_map /opt/stack/data/venv/lib/python3.12/site-packages/glance_store/location.py:146}}
Jun 29 12:10:10.604692 np0000003905 devstack@g-api.service[99571]: DEBUG glance.api.middleware.version_negotiation [None req-1d4ebd6b-205a-4092-973e-94c85f0feeb1 tempest-ServerBootFromVolumeStableRescueTest-1812523551 tempest-ServerBootFromVolumeStableRescueTest-1812523551-project-member] Determining version of request: GET /v2/images/0e465764-520d-41f6-a244-98d269d99068 Accept: application/json {{(pid=99571) process_request /opt/stack/glance/glance/api/middleware/version_negotiation.py:44}}
Jun 29 12:10:10.605197 np0000003905 devstack@g-api.service[99570]: DEBUG glance_store.location [None req-cfef0964-eb18-401c-bf40-5cbb5091b527 tempest-ServerBootFromVolumeStableRescueTest-1812523551 tempest-ServerBootFromVolumeStableRescueTest-1812523551-project-member] Registering scheme swift+https with {'store': , 'location_class': , 'store_entry': 'swift'} {{(pid=99570) register_scheme_map /opt/stack/data/venv/lib/python3.12/site-packages/glance_store/location.py:146}}
Jun 29 12:10:10.605263 np0000003905 devstack@g-api.service[99571]: DEBUG glance.api.middleware.version_negotiation [None req-1d4ebd6b-205a-4092-973e-94c85f0feeb1 tempest-ServerBootFromVolumeStableRescueTest-1812523551 tempest-ServerBootFromVolumeStableRescueTest-1812523551-project-member] Using url versioning {{(pid=99571) process_request /opt/stack/glance/glance/api/middleware/version_negotiation.py:57}}
Jun 29 12:10:10.605329 np0000003905 devstack@g-api.service[99570]: DEBUG glance_store.location [None req-cfef0964-eb18-401c-bf40-5cbb5091b527 tempest-ServerBootFromVolumeStableRescueTest-1812523551 tempest-ServerBootFromVolumeStableRescueTest-1812523551-project-member] Registering scheme swift with {'store': , 'location_class': , 'store_entry': 'swift'} {{(pid=99570) register_scheme_map /opt/stack/data/venv/lib/python3.12/site-packages/glance_store/location.py:146}}
Jun 29 12:10:10.605329 np0000003905 devstack@g-api.service[99570]: DEBUG glance_store.location [None req-cfef0964-eb18-401c-bf40-5cbb5091b527 tempest-ServerBootFromVolumeStableRescueTest-1812523551 tempest-ServerBootFromVolumeStableRescueTest-1812523551-project-member] Registering scheme swift+http with {'store': , 'location_class': , 'store_entry': 'swift'} {{(pid=99570) register_scheme_map /opt/stack/data/venv/lib/python3.12/site-packages/glance_store/location.py:146}}
Jun 29 12:10:10.605449 np0000003905 devstack@g-api.service[99571]: DEBUG glance.api.middleware.version_negotiation [None req-1d4ebd6b-205a-4092-973e-94c85f0feeb1 tempest-ServerBootFromVolumeStableRescueTest-1812523551 tempest-ServerBootFromVolumeStableRescueTest-1812523551-project-member] Matched version: v2 {{(pid=99571) process_request /opt/stack/glance/glance/api/middleware/version_negotiation.py:69}}
Jun 29 12:10:10.605494 np0000003905 devstack@g-api.service[99570]: DEBUG glance_store.location [None req-cfef0964-eb18-401c-bf40-5cbb5091b527 tempest-ServerBootFromVolumeStableRescueTest-1812523551 tempest-ServerBootFromVolumeStableRescueTest-1812523551-project-member] Registering scheme swift+https with {'store': , 'location_class': , 'store_entry': 'swift'} {{(pid=99570) register_scheme_map /opt/stack/data/venv/lib/python3.12/site-packages/glance_store/location.py:146}}
Jun 29 12:10:10.605543 np0000003905 devstack@g-api.service[99571]: DEBUG glance.api.middleware.version_negotiation [None req-1d4ebd6b-205a-4092-973e-94c85f0feeb1 tempest-ServerBootFromVolumeStableRescueTest-1812523551 tempest-ServerBootFromVolumeStableRescueTest-1812523551-project-member] new path /v2/images/0e465764-520d-41f6-a244-98d269d99068 {{(pid=99571) process_request /opt/stack/glance/glance/api/middleware/version_negotiation.py:70}}
Jun 29 12:10:10.605593 np0000003905 devstack@g-api.service[99570]: DEBUG glance_store.location [None req-cfef0964-eb18-401c-bf40-5cbb5091b527 tempest-ServerBootFromVolumeStableRescueTest-1812523551 tempest-ServerBootFromVolumeStableRescueTest-1812523551-project-member] Registering scheme swift with {'store': , 'location_class': , 'store_entry': 'swift'} {{(pid=99570) register_scheme_map /opt/stack/data/venv/lib/python3.12/site-packages/glance_store/location.py:146}}
Jun 29 12:10:10.605593 np0000003905 devstack@g-api.service[99570]: DEBUG glance_store.location [None req-cfef0964-eb18-401c-bf40-5cbb5091b527 tempest-ServerBootFromVolumeStableRescueTest-1812523551 tempest-ServerBootFromVolumeStableRescueTest-1812523551-project-member] Registering scheme swift+http with {'store': , 'location_class': , 'store_entry': 'swift'} {{(pid=99570) register_scheme_map /opt/stack/data/venv/lib/python3.12/site-packages/glance_store/location.py:146}}
Jun 29 12:10:10.605593 np0000003905 devstack@g-api.service[99570]: DEBUG glance_store.location [None req-cfef0964-eb18-401c-bf40-5cbb5091b527 tempest-ServerBootFromVolumeStableRescueTest-1812523551 tempest-ServerBootFromVolumeStableRescueTest-1812523551-project-member] Registering scheme swift+config with {'store': , 'location_class': , 'store_entry': 'swift'} {{(pid=99570) register_scheme_map /opt/stack/data/venv/lib/python3.12/site-packages/glance_store/location.py:146}}
Jun 29 12:10:10.605593 np0000003905 devstack@g-api.service[99570]: DEBUG glance_store.backend [None req-cfef0964-eb18-401c-bf40-5cbb5091b527 tempest-ServerBootFromVolumeStableRescueTest-1812523551 tempest-ServerBootFromVolumeStableRescueTest-1812523551-project-member] Skipping store.set_acls... not implemented. {{(pid=99570) set_acls /opt/stack/data/venv/lib/python3.12/site-packages/glance_store/backend.py:507}}
Jun 29 12:10:10.605786 np0000003905 devstack@g-api.service[99570]: [pid: 99570|app: 0|req: 58/161] 127.0.0.1 () {46 vars in 1158 bytes} [Mon Jun 29 12:10:07 2026] PUT /v2/images/0e465764-520d-41f6-a244-98d269d99068/file => generated 0 bytes in 2966 msecs (HTTP/1.1 204) 4 headers in 171 bytes (1 switches on core 0)
Jun 29 12:10:10.621235 np0000003905 devstack@g-api.service[99571]: [pid: 99571|app: 0|req: 43/162] 127.0.0.1 () {40 vars in 838 bytes} [Mon Jun 29 12:10:10 2026] GET /v2/images/0e465764-520d-41f6-a244-98d269d99068 => generated 1641 bytes in 19 msecs (HTTP/1.1 200) 4 headers in 158 bytes (1 switches on core 0)
Jun 29 12:10:10.629880 np0000003905 devstack@g-api.service[99572]: DEBUG glance.api.middleware.version_negotiation [None req-938d002e-64c1-41d4-8fa5-ef04da059e58 tempest-ServerBootFromVolumeStableRescueTest-1812523551 tempest-ServerBootFromVolumeStableRescueTest-1812523551-project-member] Determining version of request: GET /v2/images/0e465764-520d-41f6-a244-98d269d99068 Accept: application/json {{(pid=99572) process_request /opt/stack/glance/glance/api/middleware/version_negotiation.py:44}}
Jun 29 12:10:10.630349 np0000003905 devstack@g-api.service[99572]: DEBUG glance.api.middleware.version_negotiation [None req-938d002e-64c1-41d4-8fa5-ef04da059e58 tempest-ServerBootFromVolumeStableRescueTest-1812523551 tempest-ServerBootFromVolumeStableRescueTest-1812523551-project-member] Using url versioning {{(pid=99572) process_request /opt/stack/glance/glance/api/middleware/version_negotiation.py:57}}
Jun 29 12:10:10.630349 np0000003905 devstack@g-api.service[99572]: DEBUG glance.api.middleware.version_negotiation [None req-938d002e-64c1-41d4-8fa5-ef04da059e58 tempest-ServerBootFromVolumeStableRescueTest-1812523551 tempest-ServerBootFromVolumeStableRescueTest-1812523551-project-member] Matched version: v2 {{(pid=99572) process_request /opt/stack/glance/glance/api/middleware/version_negotiation.py:69}}
Jun 29 12:10:10.630487 np0000003905 devstack@g-api.service[99572]: DEBUG glance.api.middleware.version_negotiation [None req-938d002e-64c1-41d4-8fa5-ef04da059e58 tempest-ServerBootFromVolumeStableRescueTest-1812523551 tempest-ServerBootFromVolumeStableRescueTest-1812523551-project-member] new path /v2/images/0e465764-520d-41f6-a244-98d269d99068 {{(pid=99572) process_request /opt/stack/glance/glance/api/middleware/version_negotiation.py:70}}
Jun 29 12:10:10.646013 np0000003905 devstack@g-api.service[99572]: [pid: 99572|app: 0|req: 62/163] 127.0.0.1 () {40 vars in 838 bytes} [Mon Jun 29 12:10:10 2026] GET /v2/images/0e465764-520d-41f6-a244-98d269d99068 => generated 1641 bytes in 16 msecs (HTTP/1.1 200) 4 headers in 158 bytes (1 switches on core 0)
Jun 29 12:10:10.665500 np0000003905 devstack@g-api.service[99570]: DEBUG glance.api.middleware.version_negotiation [None req-cfef0964-eb18-401c-bf40-5cbb5091b527 tempest-ServerBootFromVolumeStableRescueTest-1812523551 tempest-ServerBootFromVolumeStableRescueTest-1812523551-project-member] Determining version of request: GET /v2/images/0e465764-520d-41f6-a244-98d269d99068 Accept: */* {{(pid=99570) process_request /opt/stack/glance/glance/api/middleware/version_negotiation.py:44}}
Jun 29 12:10:10.665643 np0000003905 devstack@g-api.service[99570]: DEBUG glance.api.middleware.version_negotiation [None req-cfef0964-eb18-401c-bf40-5cbb5091b527 tempest-ServerBootFromVolumeStableRescueTest-1812523551 tempest-ServerBootFromVolumeStableRescueTest-1812523551-project-member] Using url versioning {{(pid=99570) process_request /opt/stack/glance/glance/api/middleware/version_negotiation.py:57}}
Jun 29 12:10:10.665845 np0000003905 devstack@g-api.service[99570]: DEBUG glance.api.middleware.version_negotiation [None req-cfef0964-eb18-401c-bf40-5cbb5091b527 tempest-ServerBootFromVolumeStableRescueTest-1812523551 tempest-ServerBootFromVolumeStableRescueTest-1812523551-project-member] Matched version: v2 {{(pid=99570) process_request /opt/stack/glance/glance/api/middleware/version_negotiation.py:69}}
Jun 29 12:10:10.666009 np0000003905 devstack@g-api.service[99570]: DEBUG glance.api.middleware.version_negotiation [None req-cfef0964-eb18-401c-bf40-5cbb5091b527 tempest-ServerBootFromVolumeStableRescueTest-1812523551 tempest-ServerBootFromVolumeStableRescueTest-1812523551-project-member] new path /v2/images/0e465764-520d-41f6-a244-98d269d99068 {{(pid=99570) process_request /opt/stack/glance/glance/api/middleware/version_negotiation.py:70}}
Jun 29 12:10:10.684035 np0000003905 devstack@g-api.service[99570]: [pid: 99570|app: 0|req: 59/164] 127.0.0.1 () {44 vars in 1115 bytes} [Mon Jun 29 12:10:10 2026] GET /v2/images/0e465764-520d-41f6-a244-98d269d99068 => generated 1641 bytes in 15 msecs (HTTP/1.1 200) 4 headers in 158 bytes (1 switches on core 0)
Jun 29 12:10:10.720510 np0000003905 devstack@g-api.service[99571]: DEBUG glance.api.middleware.version_negotiation [None req-3ca5cde5-964e-4d90-a0e2-cb81663437a0 tempest-ServerBootFromVolumeStableRescueTest-1812523551 tempest-ServerBootFromVolumeStableRescueTest-1812523551-project-member] Determining version of request: GET /v2/schemas/image Accept: */* {{(pid=99571) process_request /opt/stack/glance/glance/api/middleware/version_negotiation.py:44}}
Jun 29 12:10:10.721006 np0000003905 devstack@g-api.service[99571]: DEBUG glance.api.middleware.version_negotiation [None req-3ca5cde5-964e-4d90-a0e2-cb81663437a0 tempest-ServerBootFromVolumeStableRescueTest-1812523551 tempest-ServerBootFromVolumeStableRescueTest-1812523551-project-member] Using url versioning {{(pid=99571) process_request /opt/stack/glance/glance/api/middleware/version_negotiation.py:57}}
Jun 29 12:10:10.721806 np0000003905 devstack@g-api.service[99571]: DEBUG glance.api.middleware.version_negotiation [None req-3ca5cde5-964e-4d90-a0e2-cb81663437a0 tempest-ServerBootFromVolumeStableRescueTest-1812523551 tempest-ServerBootFromVolumeStableRescueTest-1812523551-project-member] Matched version: v2 {{(pid=99571) process_request /opt/stack/glance/glance/api/middleware/version_negotiation.py:69}}
Jun 29 12:10:10.721806 np0000003905 devstack@g-api.service[99571]: DEBUG glance.api.middleware.version_negotiation [None req-3ca5cde5-964e-4d90-a0e2-cb81663437a0 tempest-ServerBootFromVolumeStableRescueTest-1812523551 tempest-ServerBootFromVolumeStableRescueTest-1812523551-project-member] new path /v2/schemas/image {{(pid=99571) process_request /opt/stack/glance/glance/api/middleware/version_negotiation.py:70}}
Jun 29 12:10:10.725073 np0000003905 devstack@g-api.service[99571]: [pid: 99571|app: 0|req: 44/165] 127.0.0.1 () {44 vars in 1055 bytes} [Mon Jun 29 12:10:10 2026] GET /v2/schemas/image => generated 6083 bytes in 5 msecs (HTTP/1.1 200) 4 headers in 158 bytes (1 switches on core 0)
Jun 29 12:10:12.586668 np0000003905 devstack@g-api.service[99572]: DEBUG glance.api.middleware.version_negotiation [None req-edc0605c-1fb4-44bd-af4c-26532beaec4e tempest-ServerBootFromVolumeStableRescueTest-1812523551 tempest-ServerBootFromVolumeStableRescueTest-1812523551-project-member] Determining version of request: GET /v2/images/e711ad75-eabe-4e8f-9c52-9b861f2a8396 Accept: */* {{(pid=99572) process_request /opt/stack/glance/glance/api/middleware/version_negotiation.py:44}}
Jun 29 12:10:12.586668 np0000003905 devstack@g-api.service[99572]: DEBUG glance.api.middleware.version_negotiation [None req-edc0605c-1fb4-44bd-af4c-26532beaec4e tempest-ServerBootFromVolumeStableRescueTest-1812523551 tempest-ServerBootFromVolumeStableRescueTest-1812523551-project-member] Using url versioning {{(pid=99572) process_request /opt/stack/glance/glance/api/middleware/version_negotiation.py:57}}
Jun 29 12:10:12.586668 np0000003905 devstack@g-api.service[99572]: DEBUG glance.api.middleware.version_negotiation [None req-edc0605c-1fb4-44bd-af4c-26532beaec4e tempest-ServerBootFromVolumeStableRescueTest-1812523551 tempest-ServerBootFromVolumeStableRescueTest-1812523551-project-member] Matched version: v2 {{(pid=99572) process_request /opt/stack/glance/glance/api/middleware/version_negotiation.py:69}}
Jun 29 12:10:12.586668 np0000003905 devstack@g-api.service[99572]: DEBUG glance.api.middleware.version_negotiation [None req-edc0605c-1fb4-44bd-af4c-26532beaec4e tempest-ServerBootFromVolumeStableRescueTest-1812523551 tempest-ServerBootFromVolumeStableRescueTest-1812523551-project-member] new path /v2/images/e711ad75-eabe-4e8f-9c52-9b861f2a8396 {{(pid=99572) process_request /opt/stack/glance/glance/api/middleware/version_negotiation.py:70}}
Jun 29 12:10:12.599924 np0000003905 devstack@g-api.service[99572]: [pid: 99572|app: 0|req: 63/166] 127.0.0.1 () {44 vars in 1115 bytes} [Mon Jun 29 12:10:12 2026] GET /v2/images/e711ad75-eabe-4e8f-9c52-9b861f2a8396 => generated 1044 bytes in 14 msecs (HTTP/1.1 200) 4 headers in 158 bytes (1 switches on core 0)
Jun 29 12:10:12.648560 np0000003905 devstack@g-api.service[99570]: DEBUG glance.api.middleware.version_negotiation [None req-cfef0964-eb18-401c-bf40-5cbb5091b527 tempest-ServerBootFromVolumeStableRescueTest-1812523551 tempest-ServerBootFromVolumeStableRescueTest-1812523551-project-member] Determining version of request: GET /v2/schemas/image Accept: */* {{(pid=99570) process_request /opt/stack/glance/glance/api/middleware/version_negotiation.py:44}}
Jun 29 12:10:12.649114 np0000003905 devstack@g-api.service[99570]: DEBUG glance.api.middleware.version_negotiation [None req-cfef0964-eb18-401c-bf40-5cbb5091b527 tempest-ServerBootFromVolumeStableRescueTest-1812523551 tempest-ServerBootFromVolumeStableRescueTest-1812523551-project-member] Using url versioning {{(pid=99570) process_request /opt/stack/glance/glance/api/middleware/version_negotiation.py:57}}
Jun 29 12:10:12.649114 np0000003905 devstack@g-api.service[99570]: DEBUG glance.api.middleware.version_negotiation [None req-cfef0964-eb18-401c-bf40-5cbb5091b527 tempest-ServerBootFromVolumeStableRescueTest-1812523551 tempest-ServerBootFromVolumeStableRescueTest-1812523551-project-member] Matched version: v2 {{(pid=99570) process_request /opt/stack/glance/glance/api/middleware/version_negotiation.py:69}}
Jun 29 12:10:12.649114 np0000003905 devstack@g-api.service[99570]: DEBUG glance.api.middleware.version_negotiation [None req-cfef0964-eb18-401c-bf40-5cbb5091b527 tempest-ServerBootFromVolumeStableRescueTest-1812523551 tempest-ServerBootFromVolumeStableRescueTest-1812523551-project-member] new path /v2/schemas/image {{(pid=99570) process_request /opt/stack/glance/glance/api/middleware/version_negotiation.py:70}}
Jun 29 12:10:12.654744 np0000003905 devstack@g-api.service[99570]: [pid: 99570|app: 0|req: 60/167] 127.0.0.1 () {44 vars in 1055 bytes} [Mon Jun 29 12:10:12 2026] GET /v2/schemas/image => generated 6083 bytes in 6 msecs (HTTP/1.1 200) 4 headers in 158 bytes (1 switches on core 0)
Jun 29 12:10:13.263128 np0000003905 devstack@g-api.service[99571]: DEBUG glance.api.middleware.version_negotiation [None req-cfef0964-eb18-401c-bf40-5cbb5091b527 tempest-ServerBootFromVolumeStableRescueTest-1812523551 tempest-ServerBootFromVolumeStableRescueTest-1812523551-project-member] Determining version of request: GET /v2/images/e711ad75-eabe-4e8f-9c52-9b861f2a8396 Accept: */* {{(pid=99571) process_request /opt/stack/glance/glance/api/middleware/version_negotiation.py:44}}
