Jun 29 12:05:08.482248 np0000003905 devstack@neutron-api.service[87423]: DEBUG ovsdbapp.backend.ovs_idl [None req-b73c1d69-6f08-44b9-a0de-4f8c55b2438d None None] Created lookup_table index Chassis.name {{(pid=87423) autocreate_indices /opt/stack/data/venv/lib/python3.12/site-packages/ovsdbapp/backend/ovs_idl/__init__.py:87}}
Jun 29 12:05:08.482365 np0000003905 devstack@neutron-api.service[87423]: DEBUG ovsdbapp.backend.ovs_idl [None req-b73c1d69-6f08-44b9-a0de-4f8c55b2438d None None] Created lookup_table index Port_Binding.logical_port {{(pid=87423) autocreate_indices /opt/stack/data/venv/lib/python3.12/site-packages/ovsdbapp/backend/ovs_idl/__init__.py:87}}
Jun 29 12:05:08.482522 np0000003905 devstack@neutron-api.service[87423]: DEBUG ovsdbapp.backend.ovs_idl [None req-b73c1d69-6f08-44b9-a0de-4f8c55b2438d None None] Created schema index Chassis_Private.name {{(pid=87423) autocreate_indices /opt/stack/data/venv/lib/python3.12/site-packages/ovsdbapp/backend/ovs_idl/__init__.py:106}}
Jun 29 12:05:08.482634 np0000003905 devstack@neutron-api.service[87423]: DEBUG ovsdbapp.backend.ovs_idl [None req-b73c1d69-6f08-44b9-a0de-4f8c55b2438d None None] Created schema index Datapath_Binding.tunnel_key {{(pid=87423) autocreate_indices /opt/stack/data/venv/lib/python3.12/site-packages/ovsdbapp/backend/ovs_idl/__init__.py:106}}
Jun 29 12:05:08.484488 np0000003905 devstack@neutron-api.service[87422]: DEBUG neutron.common.ovn.hash_ring_manager [None req-ce5cf213-1866-4fe1-9e89-61a84326c69a None None] Allow caching, nodes 3>=3 {{(pid=87422) _wait_startup_before_caching /opt/stack/neutron/neutron/common/ovn/hash_ring_manager.py:71}}
Jun 29 12:05:08.484704 np0000003905 devstack@neutron-api.service[87423]: INFO ovsdbapp.backend.ovs_idl.vlog [None req-b73c1d69-6f08-44b9-a0de-4f8c55b2438d None None] ssl:10.4.3.208:6642: connecting...
Jun 29 12:05:08.488150 np0000003905 devstack@neutron-api.service[87422]: DEBUG neutron.common.ovn.hash_ring_manager [None req-ce5cf213-1866-4fe1-9e89-61a84326c69a None None] Hash Ring loaded. 3 active nodes. 0 offline nodes {{(pid=87422) _load_hash_ring /opt/stack/neutron/neutron/common/ovn/hash_ring_manager.py:110}}
Jun 29 12:05:08.488429 np0000003905 devstack@neutron-api.service[87422]: DEBUG neutron.plugins.ml2.drivers.ovn.mech_driver.ovsdb.ovsdb_monitor [None req-ce5cf213-1866-4fe1-9e89-61a84326c69a None None] ChassisAgentWriteEvent : Matched Chassis_Private, create, None None {{(pid=87422) matches /opt/stack/neutron/neutron/plugins/ml2/drivers/ovn/mech_driver/ovsdb/ovsdb_monitor.py:64}}
Jun 29 12:05:08.488582 np0000003905 devstack@neutron-api.service[87422]: DEBUG neutron.plugins.ml2.drivers.ovn.mech_driver.ovsdb.ovsdb_monitor [None req-ce5cf213-1866-4fe1-9e89-61a84326c69a None None] ChassisOVNAgentWriteEvent : Matched Chassis_Private, create, None None {{(pid=87422) matches /opt/stack/neutron/neutron/plugins/ml2/drivers/ovn/mech_driver/ovsdb/ovsdb_monitor.py:64}}
Jun 29 12:05:08.488886 np0000003905 devstack@neutron-api.service[87422]: DEBUG neutron.plugins.ml2.drivers.ovn.mech_driver.ovsdb.ovsdb_monitor [None req-ce5cf213-1866-4fe1-9e89-61a84326c69a None None] Hash Ring: Node ba211e896f4a5628b43632d1dec586e8 (host: np0000003905) handling event "create" for row 6e4c3490-f282-4943-b7f1-52a06ec81e8c (table: Chassis_Private) {{(pid=87422) notify /opt/stack/neutron/neutron/plugins/ml2/drivers/ovn/mech_driver/ovsdb/ovsdb_monitor.py:1015}}
Jun 29 12:05:08.489837 np0000003905 devstack@neutron-api.service[87423]: INFO ovsdbapp.backend.ovs_idl.vlog [None req-b73c1d69-6f08-44b9-a0de-4f8c55b2438d None None] ssl:10.4.3.208:6642: connected
Jun 29 12:05:08.490352 np0000003905 devstack@neutron-api.service[87422]: INFO neutron.plugins.ml2.drivers.ovn.mech_driver.mech_driver [None req-ce5cf213-1866-4fe1-9e89-61a84326c69a None None] WorkerService process has finished the post initialization
Jun 29 12:05:08.490680 np0000003905 devstack@neutron-api.service[87422]: DEBUG oslo_concurrency.processutils [None req-ce5cf213-1866-4fe1-9e89-61a84326c69a None None] Running cmd (subprocess): ovsdb-client transact ssl:10.4.3.208:6641 --timeout 180 -p /opt/stack/data/CA/int-ca/private/devstack-cert.key -c /opt/stack/data/CA/int-ca/devstack-cert.crt -C /opt/stack/data/CA/int-ca/ca-chain.pem ["OVN_Northbound", {"op": "wait", "timeout": 0, "table": "Port_Group", "where": [["name", "==", "pvlan_pg_drop"]], "until": "==", "rows": []}, {"op": "insert", "table": "ACL", "row": {"action": "drop", "direction": "to-lport", "match": "outport == @pvlan_pg_drop && ip", "priority": 1010}, "uuid-name": "pvlandroptoport"}, {"op": "insert", "table": "ACL", "row": {"action": "drop", "direction": "from-lport", "match": "inport == @pvlan_pg_drop && ip", "priority": 1010}, "uuid-name": "pvlandropfromport"}, {"op": "insert", "table": "Port_Group", "row": {"name": "pvlan_pg_drop", "acls": ["set", [["named-uuid", "pvlandroptoport"], ["named-uuid", "pvlandropfromport"]]]}}] {{(pid=87422) execute /opt/stack/data/venv/lib/python3.12/site-packages/oslo_concurrency/processutils.py:440}}
Jun 29 12:05:08.512767 np0000003905 devstack@neutron-api.service[87422]: DEBUG oslo_concurrency.processutils [None req-ce5cf213-1866-4fe1-9e89-61a84326c69a None None] CMD "ovsdb-client transact ssl:10.4.3.208:6641 --timeout 180 -p /opt/stack/data/CA/int-ca/private/devstack-cert.key -c /opt/stack/data/CA/int-ca/devstack-cert.crt -C /opt/stack/data/CA/int-ca/ca-chain.pem ["OVN_Northbound", {"op": "wait", "timeout": 0, "table": "Port_Group", "where": [["name", "==", "pvlan_pg_drop"]], "until": "==", "rows": []}, {"op": "insert", "table": "ACL", "row": {"action": "drop", "direction": "to-lport", "match": "outport == @pvlan_pg_drop && ip", "priority": 1010}, "uuid-name": "pvlandroptoport"}, {"op": "insert", "table": "ACL", "row": {"action": "drop", "direction": "from-lport", "match": "inport == @pvlan_pg_drop && ip", "priority": 1010}, "uuid-name": "pvlandropfromport"}, {"op": "insert", "table": "Port_Group", "row": {"name": "pvlan_pg_drop", "acls": ["set", [["named-uuid", "pvlandroptoport"], ["named-uuid", "pvlandropfromport"]]]}}]" returned: 0 in 0.022s {{(pid=87422) execute /opt/stack/data/venv/lib/python3.12/site-packages/oslo_concurrency/processutils.py:468}}
Jun 29 12:05:08.514667 np0000003905 devstack@neutron-api.service[87422]: WSGI app 0 (mountpoint='') ready in 6 seconds on interpreter 0x75fe76ea3668 pid: 87422 (default app)
Jun 29 12:05:08.520581 np0000003905 devstack@neutron-api.service[87423]: DEBUG neutron.common.ovn.hash_ring_manager [None req-b73c1d69-6f08-44b9-a0de-4f8c55b2438d None None] Allow caching, nodes 3>=3 {{(pid=87423) _wait_startup_before_caching /opt/stack/neutron/neutron/common/ovn/hash_ring_manager.py:71}}
Jun 29 12:05:08.523922 np0000003905 devstack@neutron-api.service[87423]: DEBUG neutron.common.ovn.hash_ring_manager [None req-b73c1d69-6f08-44b9-a0de-4f8c55b2438d None None] Hash Ring loaded. 3 active nodes. 0 offline nodes {{(pid=87423) _load_hash_ring /opt/stack/neutron/neutron/common/ovn/hash_ring_manager.py:110}}
Jun 29 12:05:08.524119 np0000003905 devstack@neutron-api.service[87423]: DEBUG neutron.plugins.ml2.drivers.ovn.mech_driver.ovsdb.ovsdb_monitor [None req-b73c1d69-6f08-44b9-a0de-4f8c55b2438d None None] Hash Ring: Node 69ac9dafc6925e6682cca85d1a1411b8 (host: np0000003905) handling event "create" for row 7cd61294-d93b-4709-9d70-95d42848e73c (table: Chassis) {{(pid=87423) notify /opt/stack/neutron/neutron/plugins/ml2/drivers/ovn/mech_driver/ovsdb/ovsdb_monitor.py:1015}}
Jun 29 12:05:08.524852 np0000003905 devstack@neutron-api.service[87423]: DEBUG ovsdbapp.backend.ovs_idl.event [None req-b73c1d69-6f08-44b9-a0de-4f8c55b2438d None None] Matched CREATE: ChassisBandwidthConfigEvent(events=('create', 'update'), table='Chassis', conditions=None, old_conditions=None), priority=20 to row=Chassis(uuid=7cd61294-d93b-4709-9d70-95d42848e73c, encaps=[f0e5a27e-bd72-44ad-85be-dd8e9edc13de], external_ids={}, hostname='np0000003905', name='e01b55b9-16df-4e21-ba0a-a94f46d42ca4', nb_cfg=0, other_config={'ct-commit-nat-v2': 'true', 'ct-commit-to-zone': 'true', 'ct-next-zone': 'true', 'ct-no-masked-label': 'true', 'ct-state-save': 'true', 'datapath-type': 'system', 'fdb-timestamp': 'true', 'iface-types': 'afxdp,afxdp-nonpmd,bareudp,erspan,geneve,gre,gtpu,internal,ip6erspan,ip6gre,lisp,patch,srv6,stt,system,tap,vxlan', 'is-interconn': 'false', 'ls-dpg-column': 'true', 'mac-binding-timestamp': 'true', 'ovn-bridge-mappings': 'public:br-ex', 'ovn-chassis-mac-mappings': '', 'ovn-cms-options': 'enable-chassis-as-gw', 'ovn-ct-lb-related': 'true', 'ovn-enable-lflow-cache': 'true', 'ovn-limit-lflow-cache': '', 'ovn-memlimit-lflow-cache-kb': '', 'ovn-monitor-all': 'false', 'ovn-trim-limit-lflow-cache': '', 'ovn-trim-timeout-ms': '', 'ovn-trim-wmark-perc-lflow-cache': '', 'port-up-notif': 'true'}, transport_zones=[], vtep_logical_switches=[]) old= {{(pid=87423) matches /opt/stack/data/venv/lib/python3.12/site-packages/ovsdbapp/backend/ovs_idl/event.py:55}}
Jun 29 12:05:08.525308 np0000003905 devstack@neutron-api.service[87423]: DEBUG neutron.plugins.ml2.drivers.ovn.mech_driver.ovsdb.ovsdb_monitor [None req-b73c1d69-6f08-44b9-a0de-4f8c55b2438d None None] ChassisAgentWriteEvent : Matched Chassis_Private, create, None None {{(pid=87423) matches /opt/stack/neutron/neutron/plugins/ml2/drivers/ovn/mech_driver/ovsdb/ovsdb_monitor.py:64}}
Jun 29 12:05:08.525494 np0000003905 devstack@neutron-api.service[87423]: DEBUG neutron.plugins.ml2.drivers.ovn.mech_driver.ovsdb.ovsdb_monitor [None req-b73c1d69-6f08-44b9-a0de-4f8c55b2438d None None] ChassisOVNAgentWriteEvent : Matched Chassis_Private, create, None None {{(pid=87423) matches /opt/stack/neutron/neutron/plugins/ml2/drivers/ovn/mech_driver/ovsdb/ovsdb_monitor.py:64}}
Jun 29 12:05:08.526743 np0000003905 devstack@neutron-api.service[87423]: INFO neutron.plugins.ml2.drivers.ovn.mech_driver.mech_driver [None req-b73c1d69-6f08-44b9-a0de-4f8c55b2438d None None] WorkerService process has finished the post initialization
Jun 29 12:05:08.527428 np0000003905 devstack@neutron-api.service[87423]: INFO neutron.plugins.ml2.drivers.ovn.mech_driver.ovsdb.extensions.qos [-] Starting OVNClientQosExtension
Jun 29 12:05:08.527659 np0000003905 devstack@neutron-api.service[87423]: DEBUG oslo_concurrency.processutils [None req-b73c1d69-6f08-44b9-a0de-4f8c55b2438d None None] Running cmd (subprocess): ovsdb-client transact ssl:10.4.3.208:6641 --timeout 180 -p /opt/stack/data/CA/int-ca/private/devstack-cert.key -c /opt/stack/data/CA/int-ca/devstack-cert.crt -C /opt/stack/data/CA/int-ca/ca-chain.pem ["OVN_Northbound", {"op": "wait", "timeout": 0, "table": "Port_Group", "where": [["name", "==", "pvlan_pg_drop"]], "until": "==", "rows": []}, {"op": "insert", "table": "ACL", "row": {"action": "drop", "direction": "to-lport", "match": "outport == @pvlan_pg_drop && ip", "priority": 1010}, "uuid-name": "pvlandroptoport"}, {"op": "insert", "table": "ACL", "row": {"action": "drop", "direction": "from-lport", "match": "inport == @pvlan_pg_drop && ip", "priority": 1010}, "uuid-name": "pvlandropfromport"}, {"op": "insert", "table": "Port_Group", "row": {"name": "pvlan_pg_drop", "acls": ["set", [["named-uuid", "pvlandroptoport"], ["named-uuid", "pvlandropfromport"]]]}}] {{(pid=87423) execute /opt/stack/data/venv/lib/python3.12/site-packages/oslo_concurrency/processutils.py:440}}
Jun 29 12:05:08.527780 np0000003905 devstack@neutron-api.service[87423]: INFO neutron.plugins.ml2.drivers.ovn.mech_driver.ovsdb.extensions.placement [-] Starting OVNClientPlacementExtension
Jun 29 12:05:08.558585 np0000003905 devstack@neutron-api.service[87423]: DEBUG oslo_concurrency.processutils [None req-b73c1d69-6f08-44b9-a0de-4f8c55b2438d None None] CMD "ovsdb-client transact ssl:10.4.3.208:6641 --timeout 180 -p /opt/stack/data/CA/int-ca/private/devstack-cert.key -c /opt/stack/data/CA/int-ca/devstack-cert.crt -C /opt/stack/data/CA/int-ca/ca-chain.pem ["OVN_Northbound", {"op": "wait", "timeout": 0, "table": "Port_Group", "where": [["name", "==", "pvlan_pg_drop"]], "until": "==", "rows": []}, {"op": "insert", "table": "ACL", "row": {"action": "drop", "direction": "to-lport", "match": "outport == @pvlan_pg_drop && ip", "priority": 1010}, "uuid-name": "pvlandroptoport"}, {"op": "insert", "table": "ACL", "row": {"action": "drop", "direction": "from-lport", "match": "inport == @pvlan_pg_drop && ip", "priority": 1010}, "uuid-name": "pvlandropfromport"}, {"op": "insert", "table": "Port_Group", "row": {"name": "pvlan_pg_drop", "acls": ["set", [["named-uuid", "pvlandroptoport"], ["named-uuid", "pvlandropfromport"]]]}}]" returned: 0 in 0.031s {{(pid=87423) execute /opt/stack/data/venv/lib/python3.12/site-packages/oslo_concurrency/processutils.py:468}}
Jun 29 12:05:08.560902 np0000003905 devstack@neutron-api.service[87423]: WSGI app 0 (mountpoint='') ready in 6 seconds on interpreter 0x75fe76ea3668 pid: 87423 (default app)
Jun 29 12:05:09.196475 np0000003905 devstack@neutron-api.service[87421]: DEBUG neutron.common.ovn.hash_ring_manager [-] Allow caching, nodes 3>=3 {{(pid=87421) _wait_startup_before_caching /opt/stack/neutron/neutron/common/ovn/hash_ring_manager.py:71}}
Jun 29 12:05:09.196475 np0000003905 devstack@neutron-api.service[87421]: DEBUG neutron.plugins.ml2.drivers.ovn.mech_driver.ovsdb.ovsdb_monitor [-] Hash Ring: Node a64b10c491ff55fca02f6c5f62443838 (host: np0000003905) handling event "update" for row 5d6b6d03-1f7f-4a53-abc7-17835561ac06 (table: Connection) {{(pid=87421) notify /opt/stack/neutron/neutron/plugins/ml2/drivers/ovn/mech_driver/ovsdb/ovsdb_monitor.py:1015}}
Jun 29 12:05:09.197634 np0000003905 devstack@neutron-api.service[87423]: DEBUG neutron.plugins.ml2.drivers.ovn.mech_driver.ovsdb.ovsdb_monitor [-] Hash Ring: Node 69ac9dafc6925e6682cca85d1a1411b8 (host: np0000003905) handling event "update" for row 5d6b6d03-1f7f-4a53-abc7-17835561ac06 (table: Connection) {{(pid=87423) notify /opt/stack/neutron/neutron/plugins/ml2/drivers/ovn/mech_driver/ovsdb/ovsdb_monitor.py:1015}}
Jun 29 12:05:11.694999 np0000003905 devstack@neutron-api.service[87421]: DEBUG neutron.plugins.ml2.drivers.ovn.mech_driver.ovsdb.ovsdb_monitor [-] Hash Ring: Node a64b10c491ff55fca02f6c5f62443838 (host: np0000003905) handling event "update" for row 5d6b6d03-1f7f-4a53-abc7-17835561ac06 (table: Connection) {{(pid=87421) notify /opt/stack/neutron/neutron/plugins/ml2/drivers/ovn/mech_driver/ovsdb/ovsdb_monitor.py:1015}}
Jun 29 12:05:11.696996 np0000003905 devstack@neutron-api.service[87423]: DEBUG neutron.plugins.ml2.drivers.ovn.mech_driver.ovsdb.ovsdb_monitor [-] Hash Ring: Node 69ac9dafc6925e6682cca85d1a1411b8 (host: np0000003905) handling event "update" for row 5d6b6d03-1f7f-4a53-abc7-17835561ac06 (table: Connection) {{(pid=87423) notify /opt/stack/neutron/neutron/plugins/ml2/drivers/ovn/mech_driver/ovsdb/ovsdb_monitor.py:1015}}
Jun 29 12:05:12.380455 np0000003905 devstack@neutron-api.service[87421]: DEBUG neutron.api.wsgi [None req-6bc6f0a0-f848-431e-be21-b7b4c3f48372 admin admin] Missing Content-Type {{(pid=87421) get_content_type /opt/stack/neutron/neutron/api/wsgi.py:80}}
Jun 29 12:05:12.380850 np0000003905 devstack@neutron-api.service[87421]: DEBUG neutron.api.wsgi [None req-6bc6f0a0-f848-431e-be21-b7b4c3f48372 admin admin] https://10.4.3.208/networking/v2.0/extensions returned with HTTP 200 {{(pid=87421) __call__ /opt/stack/neutron/neutron/api/wsgi.py:540}}
Jun 29 12:05:12.381575 np0000003905 devstack@neutron-api.service[87421]: [pid: 87421|app: 0|req: 2/2] 10.4.3.208 () {64 vars in 1292 bytes} [Mon Jun 29 12:05:11 2026] GET /networking/v2.0/extensions => generated 16171 bytes in 542 msecs (HTTP/1.1 200) 4 headers in 159 bytes (1 switches on core 0)
Jun 29 12:05:12.756586 np0000003905 devstack@neutron-api.service[87422]: DEBUG neutron.api.v2.base [None req-b53549d3-be40-429f-8e03-774374b46f0e admin admin] Request body: {'subnetpool': {'default_prefixlen': 26, 'name': 'shared-default-subnetpool-v4', 'is_default': True, 'shared': True, 'prefixes': ['10.1.0.0/20']}} {{(pid=87422) prepare_request_body /opt/stack/neutron/neutron/api/v2/base.py:727}}
Jun 29 12:05:12.974236 np0000003905 devstack@neutron-api.service[87422]: DEBUG neutron.policy [None req-b53549d3-be40-429f-8e03-774374b46f0e admin admin] Loaded default policies from ['neutron'] under neutron.policies entry points {{(pid=87422) register_rules /opt/stack/neutron/neutron/policy.py:65}}
Jun 29 12:05:13.101252 np0000003905 devstack@neutron-api.service[87422]: DEBUG neutron_lib.callbacks.manager [None req-b53549d3-be40-429f-8e03-774374b46f0e admin admin] Publish callbacks ['neutron.objects.securitygroup.RbacNeutronDbObjectMixin.validate_rbac_policy_change-2343518406637', 'neutron.objects.address_group.RbacNeutronDbObjectMixin.validate_rbac_policy_change-2343518298684', 'neutron.objects.network.RbacNeutronDbObjectMixin.validate_rbac_policy_change-2343518445288', 'neutron.objects.qos.policy.RbacNeutronDbObjectMixin.validate_rbac_policy_change-2343518446448', 'neutron.objects.subnetpool.RbacNeutronDbObjectMixin.validate_rbac_policy_change-2343518360686', 'neutron.objects.address_scope.RbacNeutronDbObjectMixin.validate_rbac_policy_change-2343518352665', 'neutron.plugins.ml2.plugin.External_net_db_mixin._process_ext_policy_create-310430', 'neutron.plugins.ml2.plugin.NeutronDbPluginV2.validate_network_rbac_policy_change-300214'] for rbac-policy (None), before_create {{(pid=87422) _notify_loop /opt/stack/data/venv/lib/python3.12/site-packages/neutron_lib/callbacks/manager.py:184}}
Jun 29 12:05:13.142741 np0000003905 devstack@neutron-api.service[87422]: DEBUG neutron_lib.callbacks.manager [None req-b53549d3-be40-429f-8e03-774374b46f0e admin admin] Publish callbacks [] for subnetpool (None), before_response {{(pid=87422) _notify_loop /opt/stack/data/venv/lib/python3.12/site-packages/neutron_lib/callbacks/manager.py:184}}
Jun 29 12:05:13.143243 np0000003905 devstack@neutron-api.service[87422]: [pid: 87422|app: 0|req: 1/3] 10.4.3.208 () {68 vars in 1336 bytes} [Mon Jun 29 12:05:12 2026] POST /networking/v2.0/subnetpools => generated 533 bytes in 481 msecs (HTTP/1.1 201) 4 headers in 162 bytes (1 switches on core 0)
Jun 29 12:05:13.471566 np0000003905 devstack@neutron-api.service[87423]: DEBUG neutron.api.v2.base [None req-f586e4b8-bb6c-4087-ac4a-e18ae1bb23b8 admin admin] Request body: {'subnetpool': {'default_prefixlen': 64, 'name': 'shared-default-subnetpool-v6', 'is_default': True, 'shared': True, 'prefixes': ['fdee:c8a3:e87e::/56']}} {{(pid=87423) prepare_request_body /opt/stack/neutron/neutron/api/v2/base.py:727}}
Jun 29 12:05:13.652700 np0000003905 devstack@neutron-api.service[87423]: DEBUG neutron.policy [None req-f586e4b8-bb6c-4087-ac4a-e18ae1bb23b8 admin admin] Loaded default policies from ['neutron'] under neutron.policies entry points {{(pid=87423) register_rules /opt/stack/neutron/neutron/policy.py:65}}
Jun 29 12:05:13.779670 np0000003905 devstack@neutron-api.service[87423]: DEBUG neutron_lib.callbacks.manager [None req-f586e4b8-bb6c-4087-ac4a-e18ae1bb23b8 admin admin] Publish callbacks ['neutron.objects.securitygroup.RbacNeutronDbObjectMixin.validate_rbac_policy_change-2343518269235', 'neutron.objects.address_group.RbacNeutronDbObjectMixin.validate_rbac_policy_change-2343518225493', 'neutron.objects.network.RbacNeutronDbObjectMixin.validate_rbac_policy_change-2343518362126', 'neutron.objects.qos.policy.RbacNeutronDbObjectMixin.validate_rbac_policy_change-2343518353165', 'neutron.objects.subnetpool.RbacNeutronDbObjectMixin.validate_rbac_policy_change-2343518458748', 'neutron.objects.address_scope.RbacNeutronDbObjectMixin.validate_rbac_policy_change-2343518442796', 'neutron.plugins.ml2.plugin.External_net_db_mixin._process_ext_policy_create-33391530', 'neutron.plugins.ml2.plugin.NeutronDbPluginV2.validate_network_rbac_policy_change-33452930'] for rbac-policy (None), before_create {{(pid=87423) _notify_loop /opt/stack/data/venv/lib/python3.12/site-packages/neutron_lib/callbacks/manager.py:184}}
Jun 29 12:05:13.819766 np0000003905 devstack@neutron-api.service[87423]: DEBUG neutron_lib.callbacks.manager [None req-f586e4b8-bb6c-4087-ac4a-e18ae1bb23b8 admin admin] Publish callbacks [] for subnetpool (None), before_response {{(pid=87423) _notify_loop /opt/stack/data/venv/lib/python3.12/site-packages/neutron_lib/callbacks/manager.py:184}}
Jun 29 12:05:13.820329 np0000003905 devstack@neutron-api.service[87423]: [pid: 87423|app: 0|req: 1/4] 10.4.3.208 () {68 vars in 1336 bytes} [Mon Jun 29 12:05:13 2026] POST /networking/v2.0/subnetpools => generated 543 bytes in 447 msecs (HTTP/1.1 201) 4 headers in 162 bytes (1 switches on core 0)
Jun 29 12:05:14.037722 np0000003905 devstack@neutron-api.service[87421]: DEBUG neutron.api.v2.base [None req-8059e169-2826-4cca-b706-66cc8ccec5b5 admin admin] Request body: {'network': {'name': 'private', 'admin_state_up': True}} {{(pid=87421) prepare_request_body /opt/stack/neutron/neutron/api/v2/base.py:727}}
Jun 29 12:05:14.065471 np0000003905 devstack@neutron-api.service[87421]: DEBUG neutron.pecan_wsgi.hooks.quota_enforcement [None req-8059e169-2826-4cca-b706-66cc8ccec5b5 admin admin] Made reservation on behalf of 968a89bc460048c5bd290a6c75d806ca for: {'network': 1} {{(pid=87421) before /opt/stack/neutron/neutron/pecan_wsgi/hooks/quota_enforcement.py:66}}
Jun 29 12:05:14.223758 np0000003905 devstack@neutron-api.service[87421]: DEBUG neutron.policy [None req-8059e169-2826-4cca-b706-66cc8ccec5b5 admin admin] Loaded default policies from ['neutron'] under neutron.policies entry points {{(pid=87421) register_rules /opt/stack/neutron/neutron/policy.py:65}}
Jun 29 12:05:14.312140 np0000003905 devstack@neutron-api.service[87421]: DEBUG neutron_lib.callbacks.manager [None req-8059e169-2826-4cca-b706-66cc8ccec5b5 admin admin] Publish callbacks ['neutron.plugins.ml2.plugin.SecurityGroupDbMixin._ensure_default_security_group_handler-443836'] for network (None), before_create {{(pid=87421) _notify_loop /opt/stack/data/venv/lib/python3.12/site-packages/neutron_lib/callbacks/manager.py:184}}
Jun 29 12:05:14.329882 np0000003905 devstack@neutron-api.service[87421]: DEBUG neutron_lib.callbacks.manager [None req-8059e169-2826-4cca-b706-66cc8ccec5b5 admin admin] Publish callbacks [] for security_group (None), before_create {{(pid=87421) _notify_loop /opt/stack/data/venv/lib/python3.12/site-packages/neutron_lib/callbacks/manager.py:184}}
Jun 29 12:05:14.417353 np0000003905 devstack@neutron-api.service[87421]: DEBUG neutron_lib.callbacks.manager [None req-8059e169-2826-4cca-b706-66cc8ccec5b5 admin admin] Publish callbacks ['neutron.plugins.ml2.drivers.ovn.mech_driver.mech_driver.OVNMechanismDriver._create_security_group_precommit-356668'] for security_group (7a4fb1dd-d95f-4e6c-b4a9-19904ba4ab5b), precommit_create {{(pid=87421) _notify_loop /opt/stack/data/venv/lib/python3.12/site-packages/neutron_lib/callbacks/manager.py:184}}
Jun 29 12:05:14.417506 np0000003905 devstack@neutron-api.service[87421]: DEBUG neutron.db.ovn_revision_numbers_db [None req-8059e169-2826-4cca-b706-66cc8ccec5b5 admin admin] create_initial_revision uuid=7a4fb1dd-d95f-4e6c-b4a9-19904ba4ab5b, type=security_groups, rev=-1 {{(pid=87421) create_initial_revision /opt/stack/neutron/neutron/db/ovn_revision_numbers_db.py:98}}
Jun 29 12:05:14.419655 np0000003905 devstack@neutron-api.service[87421]: DEBUG neutron.db.ovn_revision_numbers_db [None req-8059e169-2826-4cca-b706-66cc8ccec5b5 admin admin] create_initial_revision uuid=3a37a95d-cb64-4e36-811d-6dae17a0d63e, type=security_group_rules, rev=-1 {{(pid=87421) create_initial_revision /opt/stack/neutron/neutron/db/ovn_revision_numbers_db.py:98}}
Jun 29 12:05:14.420573 np0000003905 devstack@neutron-api.service[87421]: DEBUG neutron.db.ovn_revision_numbers_db [None req-8059e169-2826-4cca-b706-66cc8ccec5b5 admin admin] create_initial_revision uuid=402ed941-6d0f-41fa-bd08-41c10f71ff08, type=security_group_rules, rev=-1 {{(pid=87421) create_initial_revision /opt/stack/neutron/neutron/db/ovn_revision_numbers_db.py:98}}
Jun 29 12:05:14.421433 np0000003905 devstack@neutron-api.service[87421]: DEBUG neutron.db.ovn_revision_numbers_db [None req-8059e169-2826-4cca-b706-66cc8ccec5b5 admin admin] create_initial_revision uuid=764f94b3-f4bf-430d-b983-d136cbb6e545, type=security_group_rules, rev=-1 {{(pid=87421) create_initial_revision /opt/stack/neutron/neutron/db/ovn_revision_numbers_db.py:98}}
Jun 29 12:05:14.422295 np0000003905 devstack@neutron-api.service[87421]: DEBUG neutron.db.ovn_revision_numbers_db [None req-8059e169-2826-4cca-b706-66cc8ccec5b5 admin admin] create_initial_revision uuid=9215ad33-45a1-4c5e-b96c-53776004892e, type=security_group_rules, rev=-1 {{(pid=87421) create_initial_revision /opt/stack/neutron/neutron/db/ovn_revision_numbers_db.py:98}}
Jun 29 12:05:14.430544 np0000003905 devstack@neutron-api.service[87421]: DEBUG neutron_lib.callbacks.manager [None req-8059e169-2826-4cca-b706-66cc8ccec5b5 admin admin] Publish callbacks ['neutron.plugins.ml2.drivers.ovn.mech_driver.mech_driver.OVNMechanismDriver._create_security_group-356678', 'neutron.plugins.ml2.ovo_rpc._ObjectChangeHandler.handle_event-32705796'] for security_group (7a4fb1dd-d95f-4e6c-b4a9-19904ba4ab5b), after_create {{(pid=87421) _notify_loop /opt/stack/data/venv/lib/python3.12/site-packages/neutron_lib/callbacks/manager.py:184}}
Jun 29 12:05:14.431169 np0000003905 devstack@neutron-api.service[87421]: DEBUG ovsdbapp.backend.ovs_idl.transaction [-] Running txn n=1 command(idx=0): PgAddCommand(_result=None, name=pg_7a4fb1dd_d95f_4e6c_b4a9_19904ba4ab5b, may_exist=False, columns={'acls': [], 'external_ids': {'neutron:security_group_id': '7a4fb1dd-d95f-4e6c-b4a9-19904ba4ab5b'}}) {{(pid=87421) do_commit /opt/stack/data/venv/lib/python3.12/site-packages/ovsdbapp/backend/ovs_idl/transaction.py:89}}
Jun 29 12:05:14.432051 np0000003905 devstack@neutron-api.service[87421]: DEBUG ovsdbapp.backend.ovs_idl.transaction [-] Running txn n=1 command(idx=1): PgAclAddCommand(_result=None, entity=pg_7a4fb1dd_d95f_4e6c_b4a9_19904ba4ab5b, direction=from-lport, priority=1002, match=inport == @pg_7a4fb1dd_d95f_4e6c_b4a9_19904ba4ab5b && ip6, action=allow-related, log=False, may_exist=True, severity=[], name=[], meter=[], external_ids={'neutron:security_group_rule_id': '3a37a95d-cb64-4e36-811d-6dae17a0d63e'}) {{(pid=87421) do_commit /opt/stack/data/venv/lib/python3.12/site-packages/ovsdbapp/backend/ovs_idl/transaction.py:89}}
Jun 29 12:05:14.432396 np0000003905 devstack@neutron-api.service[87421]: DEBUG ovsdbapp.backend.ovs_idl.transaction [-] Running txn n=1 command(idx=2): PgAclAddCommand(_result=None, entity=pg_7a4fb1dd_d95f_4e6c_b4a9_19904ba4ab5b, direction=from-lport, priority=1002, match=inport == @pg_7a4fb1dd_d95f_4e6c_b4a9_19904ba4ab5b && ip4, action=allow-related, log=False, may_exist=True, severity=[], name=[], meter=[], external_ids={'neutron:security_group_rule_id': '402ed941-6d0f-41fa-bd08-41c10f71ff08'}) {{(pid=87421) do_commit /opt/stack/data/venv/lib/python3.12/site-packages/ovsdbapp/backend/ovs_idl/transaction.py:89}}
Jun 29 12:05:14.432637 np0000003905 devstack@neutron-api.service[87421]: DEBUG ovsdbapp.backend.ovs_idl.transaction [-] Running txn n=1 command(idx=3): PgAclAddCommand(_result=None, entity=pg_7a4fb1dd_d95f_4e6c_b4a9_19904ba4ab5b, direction=to-lport, priority=1002, match=outport == @pg_7a4fb1dd_d95f_4e6c_b4a9_19904ba4ab5b && ip6 && ip6.src == $pg_7a4fb1dd_d95f_4e6c_b4a9_19904ba4ab5b_ip6, action=allow-related, log=False, may_exist=True, severity=[], name=[], meter=[], external_ids={'neutron:security_group_rule_id': '764f94b3-f4bf-430d-b983-d136cbb6e545'}) {{(pid=87421) do_commit /opt/stack/data/venv/lib/python3.12/site-packages/ovsdbapp/backend/ovs_idl/transaction.py:89}}
Jun 29 12:05:14.432836 np0000003905 devstack@neutron-api.service[87421]: DEBUG ovsdbapp.backend.ovs_idl.transaction [-] Running txn n=1 command(idx=4): PgAclAddCommand(_result=None, entity=pg_7a4fb1dd_d95f_4e6c_b4a9_19904ba4ab5b, direction=to-lport, priority=1002, match=outport == @pg_7a4fb1dd_d95f_4e6c_b4a9_19904ba4ab5b && ip4 && ip4.src == $pg_7a4fb1dd_d95f_4e6c_b4a9_19904ba4ab5b_ip4, action=allow-related, log=False, may_exist=True, severity=[], name=[], meter=[], external_ids={'neutron:security_group_rule_id': '9215ad33-45a1-4c5e-b96c-53776004892e'}) {{(pid=87421) do_commit /opt/stack/data/venv/lib/python3.12/site-packages/ovsdbapp/backend/ovs_idl/transaction.py:89}}
Jun 29 12:05:14.436500 np0000003905 devstack@neutron-api.service[87421]: DEBUG neutron.plugins.ml2.drivers.ovn.mech_driver.ovsdb.ovsdb_monitor [-] Hash Ring: Node a64b10c491ff55fca02f6c5f62443838 (host: np0000003905) handling event "create" for row 1488e0e6-b0b5-4533-9b02-6894098c53d1 (table: ACL) {{(pid=87421) notify /opt/stack/neutron/neutron/plugins/ml2/drivers/ovn/mech_driver/ovsdb/ovsdb_monitor.py:1015}}
Jun 29 12:05:14.436707 np0000003905 devstack@neutron-api.service[87421]: DEBUG neutron.plugins.ml2.drivers.ovn.mech_driver.ovsdb.ovsdb_monitor [-] Hash Ring: Node a64b10c491ff55fca02f6c5f62443838 (host: np0000003905) handling event "create" for row 481578ff-39c0-4961-a1b9-f96359b5f40d (table: ACL) {{(pid=87421) notify /opt/stack/neutron/neutron/plugins/ml2/drivers/ovn/mech_driver/ovsdb/ovsdb_monitor.py:1015}}
Jun 29 12:05:14.436808 np0000003905 devstack@neutron-api.service[87421]: DEBUG neutron.plugins.ml2.drivers.ovn.mech_driver.ovsdb.ovsdb_monitor [-] Hash Ring: Node a64b10c491ff55fca02f6c5f62443838 (host: np0000003905) handling event "create" for row 506be3d7-1eab-4eca-b046-98ed5fd2fc98 (table: ACL) {{(pid=87421) notify /opt/stack/neutron/neutron/plugins/ml2/drivers/ovn/mech_driver/ovsdb/ovsdb_monitor.py:1015}}
Jun 29 12:05:14.437065 np0000003905 devstack@neutron-api.service[87421]: DEBUG neutron.plugins.ml2.drivers.ovn.mech_driver.ovsdb.ovsdb_monitor [-] Hash Ring: Node a64b10c491ff55fca02f6c5f62443838 (host: np0000003905) handling event "create" for row 64fc4c27-fa85-4b6a-82c7-4c4d875ab747 (table: ACL) {{(pid=87421) notify /opt/stack/neutron/neutron/plugins/ml2/drivers/ovn/mech_driver/ovsdb/ovsdb_monitor.py:1015}}
Jun 29 12:05:14.437065 np0000003905 devstack@neutron-api.service[87421]: DEBUG neutron.plugins.ml2.drivers.ovn.mech_driver.ovsdb.ovsdb_monitor [-] Hash Ring: Node a64b10c491ff55fca02f6c5f62443838 (host: np0000003905) handling event "create" for row e2a71720-369d-4990-bd65-fabe65e7d4ec (table: Port_Group) {{(pid=87421) notify /opt/stack/neutron/neutron/plugins/ml2/drivers/ovn/mech_driver/ovsdb/ovsdb_monitor.py:1015}}
Jun 29 12:05:14.442742 np0000003905 devstack@neutron-api.service[87422]: DEBUG neutron.plugins.ml2.drivers.ovn.mech_driver.ovsdb.ovsdb_monitor [-] Hash Ring: Node ba211e896f4a5628b43632d1dec586e8 (host: np0000003905) handling event "create" for row 506be3d7-1eab-4eca-b046-98ed5fd2fc98 (table: ACL) {{(pid=87422) notify /opt/stack/neutron/neutron/plugins/ml2/drivers/ovn/mech_driver/ovsdb/ovsdb_monitor.py:1015}}
Jun 29 12:05:14.442742 np0000003905 devstack@neutron-api.service[87422]: DEBUG neutron.plugins.ml2.drivers.ovn.mech_driver.ovsdb.ovsdb_monitor [-] Hash Ring: Node ba211e896f4a5628b43632d1dec586e8 (host: np0000003905) handling event "create" for row 64fc4c27-fa85-4b6a-82c7-4c4d875ab747 (table: ACL) {{(pid=87422) notify /opt/stack/neutron/neutron/plugins/ml2/drivers/ovn/mech_driver/ovsdb/ovsdb_monitor.py:1015}}
Jun 29 12:05:14.442742 np0000003905 devstack@neutron-api.service[87422]: DEBUG neutron.plugins.ml2.drivers.ovn.mech_driver.ovsdb.ovsdb_monitor [-] Hash Ring: Node ba211e896f4a5628b43632d1dec586e8 (host: np0000003905) handling event "create" for row e2a71720-369d-4990-bd65-fabe65e7d4ec (table: Port_Group) {{(pid=87422) notify /opt/stack/neutron/neutron/plugins/ml2/drivers/ovn/mech_driver/ovsdb/ovsdb_monitor.py:1015}}
Jun 29 12:05:14.445080 np0000003905 devstack@neutron-api.service[87423]: DEBUG neutron.plugins.ml2.drivers.ovn.mech_driver.ovsdb.ovsdb_monitor [-] Hash Ring: Node 69ac9dafc6925e6682cca85d1a1411b8 (host: np0000003905) handling event "create" for row 481578ff-39c0-4961-a1b9-f96359b5f40d (table: ACL) {{(pid=87423) notify /opt/stack/neutron/neutron/plugins/ml2/drivers/ovn/mech_driver/ovsdb/ovsdb_monitor.py:1015}}
Jun 29 12:05:14.465124 np0000003905 devstack@neutron-api.service[87421]: INFO neutron.db.ovn_revision_numbers_db [None req-8059e169-2826-4cca-b706-66cc8ccec5b5 admin admin] Successfully bumped revision number for resource 7a4fb1dd-d95f-4e6c-b4a9-19904ba4ab5b (type: security_groups) to 1
Jun 29 12:05:14.479306 np0000003905 devstack@neutron-api.service[87421]: INFO neutron.db.ovn_revision_numbers_db [None req-8059e169-2826-4cca-b706-66cc8ccec5b5 admin admin] Successfully bumped revision number for resource 3a37a95d-cb64-4e36-811d-6dae17a0d63e (type: security_group_rules) to 0
Jun 29 12:05:14.489530 np0000003905 devstack@neutron-api.service[87421]: INFO neutron.db.ovn_revision_numbers_db [None req-8059e169-2826-4cca-b706-66cc8ccec5b5 admin admin] Successfully bumped revision number for resource 402ed941-6d0f-41fa-bd08-41c10f71ff08 (type: security_group_rules) to 0
Jun 29 12:05:14.502041 np0000003905 devstack@neutron-api.service[87421]: INFO neutron.db.ovn_revision_numbers_db [None req-8059e169-2826-4cca-b706-66cc8ccec5b5 admin admin] Successfully bumped revision number for resource 764f94b3-f4bf-430d-b983-d136cbb6e545 (type: security_group_rules) to 0
Jun 29 12:05:14.513482 np0000003905 devstack@neutron-api.service[87421]: INFO neutron.db.ovn_revision_numbers_db [None req-8059e169-2826-4cca-b706-66cc8ccec5b5 admin admin] Successfully bumped revision number for resource 9215ad33-45a1-4c5e-b96c-53776004892e (type: security_group_rules) to 0
Jun 29 12:05:14.531539 np0000003905 devstack@neutron-api.service[87421]: DEBUG neutron.api.rpc.handlers.resources_rpc [None req-8059e169-2826-4cca-b706-66cc8ccec5b5 admin admin] Pushing event updated for resources: {'SecurityGroup': ['ID=7a4fb1dd-d95f-4e6c-b4a9-19904ba4ab5b,revision_number=1']} {{(pid=87421) push /opt/stack/neutron/neutron/api/rpc/handlers/resources_rpc.py:237}}
Jun 29 12:05:14.537556 np0000003905 devstack@neutron-api.service[87421]: DEBUG ovsdbapp.backend.ovs_idl.transaction [-] Running txn n=1 command(idx=0): CheckLivenessCommand(_result=None) {{(pid=87421) do_commit /opt/stack/data/venv/lib/python3.12/site-packages/ovsdbapp/backend/ovs_idl/transaction.py:89}}
Jun 29 12:05:14.539154 np0000003905 devstack@neutron-api.service[87421]: DEBUG neutron.plugins.ml2.drivers.ovn.mech_driver.ovsdb.ovsdb_monitor [-] Hash Ring: Node a64b10c491ff55fca02f6c5f62443838 (host: np0000003905) handling event "update" for row 9549f3dc-b5c6-4c9b-8da3-bba765dc53a4 (table: NB_Global) {{(pid=87421) notify /opt/stack/neutron/neutron/plugins/ml2/drivers/ovn/mech_driver/ovsdb/ovsdb_monitor.py:1015}}
Jun 29 12:05:14.541213 np0000003905 devstack@neutron-api.service[87421]: DEBUG neutron.api.rpc.callbacks.version_manager [None req-8059e169-2826-4cca-b706-66cc8ccec5b5 admin admin] Tracked resource versions report:
Jun 29 12:05:14.541213 np0000003905 devstack@neutron-api.service[87421]: pushed versions:
Jun 29 12:05:14.541213 np0000003905 devstack@neutron-api.service[87421]: { 'AddressGroup': {'1.2'},
Jun 29 12:05:14.541213 np0000003905 devstack@neutron-api.service[87421]: 'Agent': {'1.1'},
Jun 29 12:05:14.541213 np0000003905 devstack@neutron-api.service[87421]: 'ConntrackHelper': {'1.0'},
Jun 29 12:05:14.541213 np0000003905 devstack@neutron-api.service[87421]: 'LocalIPAssociation': {'1.0'},
Jun 29 12:05:14.541213 np0000003905 devstack@neutron-api.service[87421]: 'Log': {'1.0'},
Jun 29 12:05:14.541213 np0000003905 devstack@neutron-api.service[87421]: 'NDPProxy': {'1.0'},
Jun 29 12:05:14.541213 np0000003905 devstack@neutron-api.service[87421]: 'Network': {'1.3'},
Jun 29 12:05:14.541213 np0000003905 devstack@neutron-api.service[87421]: 'Port': {'1.11'},
Jun 29 12:05:14.541213 np0000003905 devstack@neutron-api.service[87421]: 'PortForwarding': {'1.3'},
Jun 29 12:05:14.541213 np0000003905 devstack@neutron-api.service[87421]: 'QosPolicy': {'1.10'},
Jun 29 12:05:14.541213 np0000003905 devstack@neutron-api.service[87421]: 'SecurityGroup': {'1.6'},
Jun 29 12:05:14.541213 np0000003905 devstack@neutron-api.service[87421]: 'SecurityGroupRule': {'1.3'},
Jun 29 12:05:14.541213 np0000003905 devstack@neutron-api.service[87421]: 'SubPort': {'1.0'},
Jun 29 12:05:14.541213 np0000003905 devstack@neutron-api.service[87421]: 'Subnet': {'1.2'},
Jun 29 12:05:14.541213 np0000003905 devstack@neutron-api.service[87421]: 'Trunk': {'1.1'}}
Jun 29 12:05:14.541213 np0000003905 devstack@neutron-api.service[87421]: consumer versions:
Jun 29 12:05:14.541213 np0000003905 devstack@neutron-api.service[87421]: {}
Jun 29 12:05:14.541213 np0000003905 devstack@neutron-api.service[87421]: {{(pid=87421) report /opt/stack/neutron/neutron/api/rpc/callbacks/version_manager.py:183}}
Jun 29 12:05:14.544506 np0000003905 devstack@neutron-api.service[87421]: DEBUG neutron.plugins.ml2.drivers.ovn.mech_driver.ovsdb.ovsdb_monitor [-] Hash Ring: Node a64b10c491ff55fca02f6c5f62443838 (host: np0000003905) handling event "update" for row 9549f3dc-b5c6-4c9b-8da3-bba765dc53a4 (table: NB_Global) {{(pid=87421) notify /opt/stack/neutron/neutron/plugins/ml2/drivers/ovn/mech_driver/ovsdb/ovsdb_monitor.py:1015}}
Jun 29 12:05:14.545981 np0000003905 devstack@neutron-api.service[87421]: DEBUG neutron.plugins.ml2.drivers.ovn.mech_driver.ovsdb.ovsdb_monitor [-] Hash Ring: Node a64b10c491ff55fca02f6c5f62443838 (host: np0000003905) handling event "update" for row 9549f3dc-b5c6-4c9b-8da3-bba765dc53a4 (table: NB_Global) {{(pid=87421) notify /opt/stack/neutron/neutron/plugins/ml2/drivers/ovn/mech_driver/ovsdb/ovsdb_monitor.py:1015}}
Jun 29 12:05:14.546511 np0000003905 devstack@neutron-api.service[87422]: DEBUG neutron.plugins.ml2.drivers.ovn.mech_driver.ovsdb.ovsdb_monitor [-] ChassisAgentWriteEvent : Matched Chassis_Private, update, None None {{(pid=87422) matches /opt/stack/neutron/neutron/plugins/ml2/drivers/ovn/mech_driver/ovsdb/ovsdb_monitor.py:64}}
Jun 29 12:05:14.547035 np0000003905 devstack@neutron-api.service[87422]: DEBUG neutron.plugins.ml2.drivers.ovn.mech_driver.ovsdb.ovsdb_monitor [-] Hash Ring: Node ba211e896f4a5628b43632d1dec586e8 (host: np0000003905) handling event "update" for row 6e4c3490-f282-4943-b7f1-52a06ec81e8c (table: Chassis_Private) {{(pid=87422) notify /opt/stack/neutron/neutron/plugins/ml2/drivers/ovn/mech_driver/ovsdb/ovsdb_monitor.py:1015}}
Jun 29 12:05:14.549078 np0000003905 devstack@neutron-api.service[87423]: DEBUG neutron.plugins.ml2.drivers.ovn.mech_driver.ovsdb.ovsdb_monitor [-] ChassisAgentWriteEvent : Matched Chassis_Private, update, None None {{(pid=87423) matches /opt/stack/neutron/neutron/plugins/ml2/drivers/ovn/mech_driver/ovsdb/ovsdb_monitor.py:64}}
Jun 29 12:05:14.551033 np0000003905 devstack@neutron-api.service[87421]: DEBUG neutron.plugins.ml2.drivers.ovn.mech_driver.ovsdb.ovsdb_monitor [-] ChassisAgentWriteEvent : Matched Chassis_Private, update, None None {{(pid=87421) matches /opt/stack/neutron/neutron/plugins/ml2/drivers/ovn/mech_driver/ovsdb/ovsdb_monitor.py:64}}
Jun 29 12:05:14.553220 np0000003905 devstack@neutron-api.service[87421]: DEBUG neutron.plugins.ml2.drivers.ovn.mech_driver.ovsdb.ovsdb_monitor [-] Hash Ring: Node a64b10c491ff55fca02f6c5f62443838 (host: np0000003905) handling event "update" for row 9549f3dc-b5c6-4c9b-8da3-bba765dc53a4 (table: NB_Global) {{(pid=87421) notify /opt/stack/neutron/neutron/plugins/ml2/drivers/ovn/mech_driver/ovsdb/ovsdb_monitor.py:1015}}
Jun 29 12:05:14.554905 np0000003905 devstack@neutron-api.service[87422]: DEBUG neutron.plugins.ml2.drivers.ovn.mech_driver.ovsdb.ovsdb_monitor [-] ChassisOVNAgentWriteEvent : Matched Chassis_Private, update, None None {{(pid=87422) matches /opt/stack/neutron/neutron/plugins/ml2/drivers/ovn/mech_driver/ovsdb/ovsdb_monitor.py:64}}
Jun 29 12:05:14.555032 np0000003905 devstack@neutron-api.service[87422]: DEBUG neutron.plugins.ml2.drivers.ovn.mech_driver.ovsdb.ovsdb_monitor [-] Hash Ring: Node ba211e896f4a5628b43632d1dec586e8 (host: np0000003905) handling event "update" for row 6e4c3490-f282-4943-b7f1-52a06ec81e8c (table: Chassis_Private) {{(pid=87422) notify /opt/stack/neutron/neutron/plugins/ml2/drivers/ovn/mech_driver/ovsdb/ovsdb_monitor.py:1015}}
Jun 29 12:05:14.556621 np0000003905 devstack@neutron-api.service[87423]: DEBUG neutron.plugins.ml2.drivers.ovn.mech_driver.ovsdb.ovsdb_monitor [-] ChassisOVNAgentWriteEvent : Matched Chassis_Private, update, None None {{(pid=87423) matches /opt/stack/neutron/neutron/plugins/ml2/drivers/ovn/mech_driver/ovsdb/ovsdb_monitor.py:64}}
Jun 29 12:05:14.557000 np0000003905 devstack@neutron-api.service[87421]: DEBUG neutron.common.ovn.hash_ring_manager [-] Allow caching, nodes 3>=3 {{(pid=87421) _wait_startup_before_caching /opt/stack/neutron/neutron/common/ovn/hash_ring_manager.py:71}}
Jun 29 12:05:14.557000 np0000003905 devstack@neutron-api.service[87421]: DEBUG neutron.plugins.ml2.drivers.ovn.mech_driver.ovsdb.ovsdb_monitor [-] Hash Ring: Node a64b10c491ff55fca02f6c5f62443838 (host: np0000003905) handling event "update" for row 6e4c3490-f282-4943-b7f1-52a06ec81e8c (table: Chassis_Private) {{(pid=87421) notify /opt/stack/neutron/neutron/plugins/ml2/drivers/ovn/mech_driver/ovsdb/ovsdb_monitor.py:1015}}
Jun 29 12:05:14.557923 np0000003905 devstack@neutron-api.service[87421]: DEBUG neutron.plugins.ml2.drivers.ovn.mech_driver.ovsdb.ovsdb_monitor [-] ChassisOVNAgentWriteEvent : Matched Chassis_Private, update, None None {{(pid=87421) matches /opt/stack/neutron/neutron/plugins/ml2/drivers/ovn/mech_driver/ovsdb/ovsdb_monitor.py:64}}
Jun 29 12:05:14.558343 np0000003905 devstack@neutron-api.service[87421]: DEBUG neutron.plugins.ml2.drivers.ovn.mech_driver.ovsdb.ovsdb_monitor [-] Hash Ring: Node a64b10c491ff55fca02f6c5f62443838 (host: np0000003905) handling event "update" for row 6e4c3490-f282-4943-b7f1-52a06ec81e8c (table: Chassis_Private) {{(pid=87421) notify /opt/stack/neutron/neutron/plugins/ml2/drivers/ovn/mech_driver/ovsdb/ovsdb_monitor.py:1015}}
Jun 29 12:05:14.595131 np0000003905 devstack@neutron-api.service[87421]: DEBUG neutron.plugins.ml2.drivers.helpers [None req-8059e169-2826-4cca-b706-66cc8ccec5b5 admin admin] geneve segment allocate from pool success with {'geneve_vni': 63695} {{(pid=87421) allocate_partially_specified_segment /opt/stack/neutron/neutron/plugins/ml2/drivers/helpers.py:142}}
Jun 29 12:05:14.604520 np0000003905 devstack@neutron-api.service[87421]: DEBUG neutron_lib.callbacks.manager [None req-8059e169-2826-4cca-b706-66cc8ccec5b5 admin admin] Publish callbacks ['neutron.services.segments.db._add_segment_host_mapping_for_segment-8108478951194', 'neutron.plugins.ml2.plugin.Ml2Plugin._handle_segment_change-33197404'] for segment (85737f3f-4d05-43e6-84ef-c88fd3ae4b3f), precommit_create {{(pid=87421) _notify_loop /opt/stack/data/venv/lib/python3.12/site-packages/neutron_lib/callbacks/manager.py:184}}
Jun 29 12:05:14.604685 np0000003905 devstack@neutron-api.service[87421]: INFO neutron.db.segments_db [None req-8059e169-2826-4cca-b706-66cc8ccec5b5 admin admin] Added segment 85737f3f-4d05-43e6-84ef-c88fd3ae4b3f of type geneve for network 8d7e9b64-481b-4b4b-890f-59d3847ca285
Jun 29 12:05:14.647759 np0000003905 devstack@neutron-api.service[87421]: DEBUG neutron_lib.callbacks.manager [None req-8059e169-2826-4cca-b706-66cc8ccec5b5 admin admin] Publish callbacks ['neutron.services.auto_allocate.db._ensure_external_network_default_value_callback-8108477298962'] for network (8d7e9b64-481b-4b4b-890f-59d3847ca285), precommit_create {{(pid=87421) _notify_loop /opt/stack/data/venv/lib/python3.12/site-packages/neutron_lib/callbacks/manager.py:184}}
Jun 29 12:05:14.664133 np0000003905 devstack@neutron-api.service[87421]: DEBUG neutron.plugins.ml2.drivers.ovn.mech_driver.mech_driver [None req-8059e169-2826-4cca-b706-66cc8ccec5b5 admin admin] Validating network segment with type geneve, segmentation ID 63695, physical network None {{(pid=87421) _validate_network_segments /opt/stack/neutron/neutron/plugins/ml2/drivers/ovn/mech_driver/mech_driver.py:646}}
Jun 29 12:05:14.664295 np0000003905 devstack@neutron-api.service[87421]: DEBUG neutron.db.ovn_revision_numbers_db [None req-8059e169-2826-4cca-b706-66cc8ccec5b5 admin admin] create_initial_revision uuid=8d7e9b64-481b-4b4b-890f-59d3847ca285, type=networks, rev=-1 {{(pid=87421) create_initial_revision /opt/stack/neutron/neutron/db/ovn_revision_numbers_db.py:98}}
Jun 29 12:05:14.682853 np0000003905 devstack@neutron-api.service[87421]: DEBUG neutron_lib.callbacks.manager [None req-8059e169-2826-4cca-b706-66cc8ccec5b5 admin admin] Publish callbacks ['neutron.plugins.ml2.ovo_rpc._ObjectChangeHandler.handle_event-32705849'] for network (8d7e9b64-481b-4b4b-890f-59d3847ca285), after_create {{(pid=87421) _notify_loop /opt/stack/data/venv/lib/python3.12/site-packages/neutron_lib/callbacks/manager.py:184}}
Jun 29 12:05:14.729265 np0000003905 devstack@neutron-api.service[87421]: DEBUG neutron.api.rpc.handlers.resources_rpc [None req-8059e169-2826-4cca-b706-66cc8ccec5b5 admin admin] Pushing event updated for resources: {'Network': ['ID=8d7e9b64-481b-4b4b-890f-59d3847ca285,revision_number=1']} {{(pid=87421) push /opt/stack/neutron/neutron/api/rpc/handlers/resources_rpc.py:237}}
Jun 29 12:05:14.736714 np0000003905 devstack@neutron-api.service[87421]: DEBUG ovsdbapp.backend.ovs_idl.transaction [-] Running txn n=1 command(idx=0): AddNetworkCommand(_result=None, network_uuid=8d7e9b64-481b-4b4b-890f-59d3847ca285, may_exist=True, columns={'external_ids': {'neutron:network_name': 'private', 'neutron:mtu': '1372', 'neutron:revision_number': '1', 'neutron:availability_zone_hints': '', 'neutron:provnet-network-type': 'geneve'}, 'other_config': {'mcast_snoop': 'false', 'mcast_flood_unregistered': 'false', 'vlan-passthru': 'false'}}) {{(pid=87421) do_commit /opt/stack/data/venv/lib/python3.12/site-packages/ovsdbapp/backend/ovs_idl/transaction.py:89}}
Jun 29 12:05:14.736854 np0000003905 devstack@neutron-api.service[87421]: DEBUG neutron.common.ovn.utils [-] OVS persist_uuid supported=True {{(pid=87421) ovs_persist_uuid_supported /opt/stack/neutron/neutron/common/ovn/utils.py:1544}}
Jun 29 12:05:14.739705 np0000003905 devstack@neutron-api.service[87421]: DEBUG neutron.plugins.ml2.drivers.ovn.mech_driver.ovsdb.ovsdb_monitor [-] Hash Ring: Node a64b10c491ff55fca02f6c5f62443838 (host: np0000003905) handling event "create" for row 8d7e9b64-481b-4b4b-890f-59d3847ca285 (table: Logical_Switch) {{(pid=87421) notify /opt/stack/neutron/neutron/plugins/ml2/drivers/ovn/mech_driver/ovsdb/ovsdb_monitor.py:1015}}
Jun 29 12:05:14.746486 np0000003905 devstack@neutron-api.service[87422]: DEBUG neutron.plugins.ml2.drivers.ovn.mech_driver.ovsdb.ovsdb_monitor [-] Hash Ring: Node ba211e896f4a5628b43632d1dec586e8 (host: np0000003905) handling event "create" for row 133ec8a6-9919-4ef7-958e-6c402d8e1e2d (table: Datapath_Binding) {{(pid=87422) notify /opt/stack/neutron/neutron/plugins/ml2/drivers/ovn/mech_driver/ovsdb/ovsdb_monitor.py:1015}}
Jun 29 12:05:14.751220 np0000003905 devstack@neutron-api.service[87421]: DEBUG neutron.plugins.ml2.drivers.ovn.mech_driver.ovsdb.ovsdb_monitor [-] Hash Ring: Node a64b10c491ff55fca02f6c5f62443838 (host: np0000003905) handling event "create" for row 133ec8a6-9919-4ef7-958e-6c402d8e1e2d (table: Datapath_Binding) {{(pid=87421) notify /opt/stack/neutron/neutron/plugins/ml2/drivers/ovn/mech_driver/ovsdb/ovsdb_monitor.py:1015}}
Jun 29 12:05:14.770100 np0000003905 devstack@neutron-api.service[87421]: INFO neutron.db.ovn_revision_numbers_db [None req-8059e169-2826-4cca-b706-66cc8ccec5b5 admin admin] Successfully bumped revision number for resource 8d7e9b64-481b-4b4b-890f-59d3847ca285 (type: networks) to 1
Jun 29 12:05:14.822885 np0000003905 devstack@neutron-api.service[87421]: DEBUG neutron_lib.callbacks.manager [None req-8059e169-2826-4cca-b706-66cc8ccec5b5 admin admin] Publish callbacks ['neutron.plugins.ml2.plugin.SecurityGroupDbMixin._ensure_default_security_group_handler-443836'] for port (None), before_create {{(pid=87421) _notify_loop /opt/stack/data/venv/lib/python3.12/site-packages/neutron_lib/callbacks/manager.py:184}}
Jun 29 12:05:14.918759 np0000003905 devstack@neutron-api.service[87421]: DEBUG neutron_lib.callbacks.manager [None req-8059e169-2826-4cca-b706-66cc8ccec5b5 admin admin] Publish callbacks ['neutron.plugins.ml2.drivers.ovn.mech_driver.mech_driver.OVNMechanismDriver._validate_allowed_address_pairs-357044'] for allowed_address_pair (1cde86ef-ff17-4d04-9c7c-a7840b4dfd5d), before_create {{(pid=87421) _notify_loop /opt/stack/data/venv/lib/python3.12/site-packages/neutron_lib/callbacks/manager.py:184}}
Jun 29 12:05:14.919387 np0000003905 devstack@neutron-api.service[87421]: DEBUG neutron_lib.callbacks.manager [None req-8059e169-2826-4cca-b706-66cc8ccec5b5 admin admin] Publish callbacks [] for port (1cde86ef-ff17-4d04-9c7c-a7840b4dfd5d), precommit_create {{(pid=87421) _notify_loop /opt/stack/data/venv/lib/python3.12/site-packages/neutron_lib/callbacks/manager.py:184}}
Jun 29 12:05:14.919596 np0000003905 devstack@neutron-api.service[87421]: DEBUG neutron.plugins.ml2.drivers.ovn.mech_driver.mech_driver [None req-8059e169-2826-4cca-b706-66cc8ccec5b5 admin admin] No provisioning block for port 1cde86ef-ff17-4d04-9c7c-a7840b4dfd5d since it does not have a host {{(pid=87421) _is_port_provisioning_required /opt/stack/neutron/neutron/plugins/ml2/drivers/ovn/mech_driver/mech_driver.py:899}}
Jun 29 12:05:14.919730 np0000003905 devstack@neutron-api.service[87421]: DEBUG neutron.db.ovn_revision_numbers_db [None req-8059e169-2826-4cca-b706-66cc8ccec5b5 admin admin] create_initial_revision uuid=1cde86ef-ff17-4d04-9c7c-a7840b4dfd5d, type=ports, rev=-1 {{(pid=87421) create_initial_revision /opt/stack/neutron/neutron/db/ovn_revision_numbers_db.py:98}}
