Jul 05 01:22:24.130398 np0000004547 devstack@g-api.service[99441]: DEBUG glance_store.driver [-] Late loading location class glance_store._drivers.swift.store.StoreLocation {{(pid=99441) get_store_location_class /opt/stack/data/venv/lib/python3.12/site-packages/glance_store/driver.py:134}}
Jul 05 01:22:24.130509 np0000004547 devstack@g-api.service[99441]: DEBUG glance_store.location [-] Registering scheme swift+https with {'store': , 'location_class': , 'store_entry': 'swift'} {{(pid=99441) register_scheme_map /opt/stack/data/venv/lib/python3.12/site-packages/glance_store/location.py:146}}
Jul 05 01:22:24.130602 np0000004547 devstack@g-api.service[99441]: DEBUG glance_store.location [-] Registering scheme swift+https with {'store': , 'location_class': , 'store_entry': 'swift'} {{(pid=99441) register_scheme_map /opt/stack/data/venv/lib/python3.12/site-packages/glance_store/location.py:146}}
Jul 05 01:22:24.130693 np0000004547 devstack@g-api.service[99441]: DEBUG glance_store.location [-] Registering scheme swift with {'store': , 'location_class': , 'store_entry': 'swift'} {{(pid=99441) register_scheme_map /opt/stack/data/venv/lib/python3.12/site-packages/glance_store/location.py:146}}
Jul 05 01:22:24.130769 np0000004547 devstack@g-api.service[99441]: DEBUG glance_store.location [-] Registering scheme swift+https with {'store': , 'location_class': , 'store_entry': 'swift'} {{(pid=99441) register_scheme_map /opt/stack/data/venv/lib/python3.12/site-packages/glance_store/location.py:146}}
Jul 05 01:22:24.130853 np0000004547 devstack@g-api.service[99441]: DEBUG glance_store.location [-] Registering scheme swift with {'store': , 'location_class': , 'store_entry': 'swift'} {{(pid=99441) register_scheme_map /opt/stack/data/venv/lib/python3.12/site-packages/glance_store/location.py:146}}
Jul 05 01:22:24.130941 np0000004547 devstack@g-api.service[99441]: DEBUG glance_store.location [-] Registering scheme swift+http with {'store': , 'location_class': , 'store_entry': 'swift'} {{(pid=99441) register_scheme_map /opt/stack/data/venv/lib/python3.12/site-packages/glance_store/location.py:146}}
Jul 05 01:22:24.131019 np0000004547 devstack@g-api.service[99441]: DEBUG glance_store.location [-] Registering scheme swift+https with {'store': , 'location_class': , 'store_entry': 'swift'} {{(pid=99441) register_scheme_map /opt/stack/data/venv/lib/python3.12/site-packages/glance_store/location.py:146}}
Jul 05 01:22:24.131122 np0000004547 devstack@g-api.service[99441]: DEBUG glance_store.location [-] Registering scheme swift with {'store': , 'location_class': , 'store_entry': 'swift'} {{(pid=99441) register_scheme_map /opt/stack/data/venv/lib/python3.12/site-packages/glance_store/location.py:146}}
Jul 05 01:22:24.131215 np0000004547 devstack@g-api.service[99441]: DEBUG glance_store.location [-] Registering scheme swift+http with {'store': , 'location_class': , 'store_entry': 'swift'} {{(pid=99441) register_scheme_map /opt/stack/data/venv/lib/python3.12/site-packages/glance_store/location.py:146}}
Jul 05 01:22:24.131305 np0000004547 devstack@g-api.service[99441]: DEBUG glance_store.location [-] Registering scheme swift+config with {'store': , 'location_class': , 'store_entry': 'swift'} {{(pid=99441) register_scheme_map /opt/stack/data/venv/lib/python3.12/site-packages/glance_store/location.py:146}}
Jul 05 01:22:24.131592 np0000004547 devstack@g-api.service[99442]: DEBUG glance_store.capabilities [-] Store glance_store._drivers.swift.store.SingleTenantStore doesn't support updating dynamic storage capabilities. Please overwrite 'update_capabilities' method of the store to implement updating logics if needed. {{(pid=99442) update_capabilities /opt/stack/data/venv/lib/python3.12/site-packages/glance_store/capabilities.py:91}}
Jul 05 01:22:24.131669 np0000004547 devstack@g-api.service[99442]: DEBUG glance_store.driver [-] Late loading location class glance_store._drivers.swift.store.StoreLocation {{(pid=99442) get_store_location_class /opt/stack/data/venv/lib/python3.12/site-packages/glance_store/driver.py:134}}
Jul 05 01:22:24.131717 np0000004547 devstack@g-api.service[99441]: DEBUG glance.sqlite_migration [-] SQLite caching database not located, skipping migration {{(pid=99441) get_db_path /opt/stack/glance/glance/sqlite_migration.py:68}}
Jul 05 01:22:24.131766 np0000004547 devstack@g-api.service[99442]: DEBUG glance_store.location [-] Registering scheme swift+https with {'store': , 'location_class': , 'store_entry': 'swift'} {{(pid=99442) register_scheme_map /opt/stack/data/venv/lib/python3.12/site-packages/glance_store/location.py:146}}
Jul 05 01:22:24.131858 np0000004547 devstack@g-api.service[99442]: DEBUG glance_store.location [-] Registering scheme swift+https with {'store': , 'location_class': , 'store_entry': 'swift'} {{(pid=99442) register_scheme_map /opt/stack/data/venv/lib/python3.12/site-packages/glance_store/location.py:146}}
Jul 05 01:22:24.131940 np0000004547 devstack@g-api.service[99442]: DEBUG glance_store.location [-] Registering scheme swift with {'store': , 'location_class': , 'store_entry': 'swift'} {{(pid=99442) register_scheme_map /opt/stack/data/venv/lib/python3.12/site-packages/glance_store/location.py:146}}
Jul 05 01:22:24.131999 np0000004547 devstack@g-api.service[99441]: WARNING glance.common.wsgi_app [-] Import methods are enabled but staging directory /tmp/staging/ does not exist; Imports will fail!
Jul 05 01:22:24.132043 np0000004547 devstack@g-api.service[99442]: DEBUG glance_store.location [-] Registering scheme swift+https with {'store': , 'location_class': , 'store_entry': 'swift'} {{(pid=99442) register_scheme_map /opt/stack/data/venv/lib/python3.12/site-packages/glance_store/location.py:146}}
Jul 05 01:22:24.132103 np0000004547 devstack@g-api.service[99442]: DEBUG glance_store.location [-] Registering scheme swift with {'store': , 'location_class': , 'store_entry': 'swift'} {{(pid=99442) register_scheme_map /opt/stack/data/venv/lib/python3.12/site-packages/glance_store/location.py:146}}
Jul 05 01:22:24.132188 np0000004547 devstack@g-api.service[99442]: DEBUG glance_store.location [-] Registering scheme swift+http with {'store': , 'location_class': , 'store_entry': 'swift'} {{(pid=99442) register_scheme_map /opt/stack/data/venv/lib/python3.12/site-packages/glance_store/location.py:146}}
Jul 05 01:22:24.132286 np0000004547 devstack@g-api.service[99442]: DEBUG glance_store.location [-] Registering scheme swift+https with {'store': , 'location_class': , 'store_entry': 'swift'} {{(pid=99442) register_scheme_map /opt/stack/data/venv/lib/python3.12/site-packages/glance_store/location.py:146}}
Jul 05 01:22:24.132380 np0000004547 devstack@g-api.service[99442]: DEBUG glance_store.location [-] Registering scheme swift with {'store': , 'location_class': , 'store_entry': 'swift'} {{(pid=99442) register_scheme_map /opt/stack/data/venv/lib/python3.12/site-packages/glance_store/location.py:146}}
Jul 05 01:22:24.132467 np0000004547 devstack@g-api.service[99442]: DEBUG glance_store.location [-] Registering scheme swift+http with {'store': , 'location_class': , 'store_entry': 'swift'} {{(pid=99442) register_scheme_map /opt/stack/data/venv/lib/python3.12/site-packages/glance_store/location.py:146}}
Jul 05 01:22:24.132552 np0000004547 devstack@g-api.service[99442]: DEBUG glance_store.location [-] Registering scheme swift+config with {'store': , 'location_class': , 'store_entry': 'swift'} {{(pid=99442) register_scheme_map /opt/stack/data/venv/lib/python3.12/site-packages/glance_store/location.py:146}}
Jul 05 01:22:24.132854 np0000004547 devstack@g-api.service[99442]: DEBUG glance.sqlite_migration [-] SQLite caching database not located, skipping migration {{(pid=99442) get_db_path /opt/stack/glance/glance/sqlite_migration.py:68}}
Jul 05 01:22:24.133081 np0000004547 devstack@g-api.service[99442]: WARNING glance.common.wsgi_app [-] Import methods are enabled but staging directory /tmp/staging/ does not exist; Imports will fail!
Jul 05 01:22:24.264055 np0000004547 devstack@g-api.service[99441]: DEBUG glance.common.config [None req-1078fb10-fe3d-42e0-9a01-218711d2adb8 None None] Loading glance-api-keystone+cachemanagement from /etc/glance/glance-api-paste.ini {{(pid=99441) load_paste_app /opt/stack/glance/glance/common/config.py:765}}
Jul 05 01:22:24.264804 np0000004547 devstack@g-api.service[99442]: DEBUG glance.common.config [None req-248cf255-0d92-4810-98ef-477203ebe000 None None] Loading glance-api-keystone+cachemanagement from /etc/glance/glance-api-paste.ini {{(pid=99442) load_paste_app /opt/stack/glance/glance/common/config.py:765}}
Jul 05 01:22:24.269059 np0000004547 devstack@g-api.service[99443]: DEBUG glance.common.config [None req-0be75da3-803c-455e-a62a-93fc70ffd01c None None] Loading glance-api-keystone+cachemanagement from /etc/glance/glance-api-paste.ini {{(pid=99443) load_paste_app /opt/stack/glance/glance/common/config.py:765}}
Jul 05 01:22:24.872661 np0000004547 devstack@g-api.service[99441]: INFO glance.image_cache [None req-1078fb10-fe3d-42e0-9a01-218711d2adb8 None None] Image cache loaded driver 'centralized_db'.
Jul 05 01:22:24.875424 np0000004547 devstack@g-api.service[99442]: INFO glance.image_cache [None req-248cf255-0d92-4810-98ef-477203ebe000 None None] Image cache loaded driver 'centralized_db'.
Jul 05 01:22:24.877734 np0000004547 devstack@g-api.service[99443]: INFO glance.image_cache [None req-0be75da3-803c-455e-a62a-93fc70ffd01c None None] Image cache loaded driver 'centralized_db'.
Jul 05 01:22:24.917545 np0000004547 devstack@g-api.service[99441]: INFO dbcounter [None req-1078fb10-fe3d-42e0-9a01-218711d2adb8 None None] Registered counter for database glance
Jul 05 01:22:24.920915 np0000004547 devstack@g-api.service[99442]: INFO dbcounter [None req-248cf255-0d92-4810-98ef-477203ebe000 None None] Registered counter for database glance
Jul 05 01:22:24.922880 np0000004547 devstack@g-api.service[99443]: INFO dbcounter [None req-0be75da3-803c-455e-a62a-93fc70ffd01c None None] Registered counter for database glance
Jul 05 01:22:24.961709 np0000004547 devstack@g-api.service[99441]: DEBUG oslo_db.sqlalchemy.engines [None req-1078fb10-fe3d-42e0-9a01-218711d2adb8 None None] MySQL server mode set to STRICT_TRANS_TABLES,STRICT_ALL_TABLES,NO_ZERO_IN_DATE,NO_ZERO_DATE,ERROR_FOR_DIVISION_BY_ZERO,TRADITIONAL,NO_ENGINE_SUBSTITUTION {{(pid=99441) _check_effective_sql_mode /opt/stack/data/venv/lib/python3.12/site-packages/oslo_db/sqlalchemy/engines.py:325}}
Jul 05 01:22:24.965954 np0000004547 devstack@g-api.service[99443]: DEBUG oslo_db.sqlalchemy.engines [None req-0be75da3-803c-455e-a62a-93fc70ffd01c None None] MySQL server mode set to STRICT_TRANS_TABLES,STRICT_ALL_TABLES,NO_ZERO_IN_DATE,NO_ZERO_DATE,ERROR_FOR_DIVISION_BY_ZERO,TRADITIONAL,NO_ENGINE_SUBSTITUTION {{(pid=99443) _check_effective_sql_mode /opt/stack/data/venv/lib/python3.12/site-packages/oslo_db/sqlalchemy/engines.py:325}}
Jul 05 01:22:24.970955 np0000004547 devstack@g-api.service[99442]: DEBUG oslo_db.sqlalchemy.engines [None req-248cf255-0d92-4810-98ef-477203ebe000 None None] MySQL server mode set to STRICT_TRANS_TABLES,STRICT_ALL_TABLES,NO_ZERO_IN_DATE,NO_ZERO_DATE,ERROR_FOR_DIVISION_BY_ZERO,TRADITIONAL,NO_ENGINE_SUBSTITUTION {{(pid=99442) _check_effective_sql_mode /opt/stack/data/venv/lib/python3.12/site-packages/oslo_db/sqlalchemy/engines.py:325}}
Jul 05 01:22:24.984934 np0000004547 devstack@g-api.service[99441]: DEBUG dbcounter [-] [99441] Writer thread running {{(pid=99441) stat_writer /opt/stack/data/venv/lib/python3.12/site-packages/dbcounter.py:102}}
Jul 05 01:22:24.988672 np0000004547 devstack@g-api.service[99443]: DEBUG dbcounter [-] [99443] Writer thread running {{(pid=99443) stat_writer /opt/stack/data/venv/lib/python3.12/site-packages/dbcounter.py:102}}
Jul 05 01:22:24.988672 np0000004547 devstack@g-api.service[99443]: DEBUG glance.image_cache.drivers.centralized_db [None req-0be75da3-803c-455e-a62a-93fc70ffd01c None None] Node reference is already recorded, ignoring it {{(pid=99443) configure /opt/stack/glance/glance/image_cache/drivers/centralized_db.py:71}}
Jul 05 01:22:24.997118 np0000004547 devstack@g-api.service[99441]: INFO glance.image_cache [None req-1078fb10-fe3d-42e0-9a01-218711d2adb8 None None] Image cache loaded driver 'centralized_db'.
Jul 05 01:22:24.998491 np0000004547 devstack@g-api.service[99443]: INFO glance.image_cache [None req-0be75da3-803c-455e-a62a-93fc70ffd01c None None] Image cache loaded driver 'centralized_db'.
Jul 05 01:22:25.000122 np0000004547 devstack@g-api.service[99442]: DEBUG dbcounter [-] [99442] Writer thread running {{(pid=99442) stat_writer /opt/stack/data/venv/lib/python3.12/site-packages/dbcounter.py:102}}
Jul 05 01:22:25.003355 np0000004547 devstack@g-api.service[99442]: DEBUG glance.image_cache.drivers.centralized_db [None req-248cf255-0d92-4810-98ef-477203ebe000 None None] Node reference is already recorded, ignoring it {{(pid=99442) configure /opt/stack/glance/glance/image_cache/drivers/centralized_db.py:71}}
Jul 05 01:22:25.012903 np0000004547 devstack@g-api.service[99442]: INFO glance.image_cache [None req-248cf255-0d92-4810-98ef-477203ebe000 None None] Image cache loaded driver 'centralized_db'.
Jul 05 01:22:25.088878 np0000004547 devstack@g-api.service[99441]: DEBUG glance.image_cache.drivers.centralized_db [None req-1078fb10-fe3d-42e0-9a01-218711d2adb8 None None] Node reference is already recorded, ignoring it {{(pid=99441) configure /opt/stack/glance/glance/image_cache/drivers/centralized_db.py:71}}
Jul 05 01:22:25.093537 np0000004547 devstack@g-api.service[99441]: DEBUG glance.api.v2.cached_images [None req-1078fb10-fe3d-42e0-9a01-218711d2adb8 None None] Started cache worker thread {{(pid=99441) __init__ /opt/stack/glance/glance/api/v2/cached_images.py:71}}
Jul 05 01:22:25.094101 np0000004547 devstack@g-api.service[99441]: INFO glance.image_cache [None req-1078fb10-fe3d-42e0-9a01-218711d2adb8 None None] Image cache loaded driver 'centralized_db'.
Jul 05 01:22:25.096311 np0000004547 devstack@g-api.service[99443]: DEBUG glance.image_cache.drivers.centralized_db [None req-0be75da3-803c-455e-a62a-93fc70ffd01c None None] Node reference is already recorded, ignoring it {{(pid=99443) configure /opt/stack/glance/glance/image_cache/drivers/centralized_db.py:71}}
Jul 05 01:22:25.100367 np0000004547 devstack@g-api.service[99441]: DEBUG glance.image_cache.drivers.centralized_db [None req-1078fb10-fe3d-42e0-9a01-218711d2adb8 None None] Node reference is already recorded, ignoring it {{(pid=99441) configure /opt/stack/glance/glance/image_cache/drivers/centralized_db.py:71}}
Jul 05 01:22:25.101023 np0000004547 devstack@g-api.service[99443]: DEBUG glance.api.v2.cached_images [None req-0be75da3-803c-455e-a62a-93fc70ffd01c None None] Started cache worker thread {{(pid=99443) __init__ /opt/stack/glance/glance/api/v2/cached_images.py:71}}
Jul 05 01:22:25.101739 np0000004547 devstack@g-api.service[99443]: INFO glance.image_cache [None req-0be75da3-803c-455e-a62a-93fc70ffd01c None None] Image cache loaded driver 'centralized_db'.
Jul 05 01:22:25.104861 np0000004547 devstack@g-api.service[99441]: INFO glance.api.middleware.cache_manage [None req-1078fb10-fe3d-42e0-9a01-218711d2adb8 None None] Initialized image cache management middleware
Jul 05 01:22:25.105039 np0000004547 devstack@g-api.service[99441]: INFO glance.image_cache [None req-1078fb10-fe3d-42e0-9a01-218711d2adb8 None None] Image cache loaded driver 'centralized_db'.
Jul 05 01:22:25.107863 np0000004547 devstack@g-api.service[99443]: DEBUG glance.image_cache.drivers.centralized_db [None req-0be75da3-803c-455e-a62a-93fc70ffd01c None None] Node reference is already recorded, ignoring it {{(pid=99443) configure /opt/stack/glance/glance/image_cache/drivers/centralized_db.py:71}}
Jul 05 01:22:25.109574 np0000004547 devstack@g-api.service[99442]: DEBUG glance.image_cache.drivers.centralized_db [None req-248cf255-0d92-4810-98ef-477203ebe000 None None] Node reference is already recorded, ignoring it {{(pid=99442) configure /opt/stack/glance/glance/image_cache/drivers/centralized_db.py:71}}
Jul 05 01:22:25.111138 np0000004547 devstack@g-api.service[99441]: DEBUG glance.image_cache.drivers.centralized_db [None req-1078fb10-fe3d-42e0-9a01-218711d2adb8 None None] Node reference is already recorded, ignoring it {{(pid=99441) configure /opt/stack/glance/glance/image_cache/drivers/centralized_db.py:71}}
Jul 05 01:22:25.112004 np0000004547 devstack@g-api.service[99443]: INFO glance.api.middleware.cache_manage [None req-0be75da3-803c-455e-a62a-93fc70ffd01c None None] Initialized image cache management middleware
Jul 05 01:22:25.112135 np0000004547 devstack@g-api.service[99443]: INFO glance.image_cache [None req-0be75da3-803c-455e-a62a-93fc70ffd01c None None] Image cache loaded driver 'centralized_db'.
Jul 05 01:22:25.114524 np0000004547 devstack@g-api.service[99442]: DEBUG glance.api.v2.cached_images [None req-248cf255-0d92-4810-98ef-477203ebe000 None None] Started cache worker thread {{(pid=99442) __init__ /opt/stack/glance/glance/api/v2/cached_images.py:71}}
Jul 05 01:22:25.114712 np0000004547 devstack@g-api.service[99441]: INFO glance.api.middleware.cache [None req-1078fb10-fe3d-42e0-9a01-218711d2adb8 None None] Initialized image cache middleware
Jul 05 01:22:25.115200 np0000004547 devstack@g-api.service[99442]: INFO glance.image_cache [None req-248cf255-0d92-4810-98ef-477203ebe000 None None] Image cache loaded driver 'centralized_db'.
Jul 05 01:22:25.119084 np0000004547 devstack@g-api.service[99443]: DEBUG glance.image_cache.drivers.centralized_db [None req-0be75da3-803c-455e-a62a-93fc70ffd01c None None] Node reference is already recorded, ignoring it {{(pid=99443) configure /opt/stack/glance/glance/image_cache/drivers/centralized_db.py:71}}
Jul 05 01:22:25.122539 np0000004547 devstack@g-api.service[99442]: DEBUG glance.image_cache.drivers.centralized_db [None req-248cf255-0d92-4810-98ef-477203ebe000 None None] Node reference is already recorded, ignoring it {{(pid=99442) configure /opt/stack/glance/glance/image_cache/drivers/centralized_db.py:71}}
Jul 05 01:22:25.122674 np0000004547 devstack@g-api.service[99443]: INFO glance.api.middleware.cache [None req-0be75da3-803c-455e-a62a-93fc70ffd01c None None] Initialized image cache middleware
Jul 05 01:22:25.125684 np0000004547 devstack@g-api.service[99441]: DEBUG glance.common.config [None req-1078fb10-fe3d-42e0-9a01-218711d2adb8 None None] ******************************************************************************** {{(pid=99441) log_opt_values /opt/stack/data/venv/lib/python3.12/site-packages/oslo_config/cfg.py:3226}}
Jul 05 01:22:25.125746 np0000004547 devstack@g-api.service[99441]: DEBUG glance.common.config [None req-1078fb10-fe3d-42e0-9a01-218711d2adb8 None None] Configuration options gathered from: {{(pid=99441) log_opt_values /opt/stack/data/venv/lib/python3.12/site-packages/oslo_config/cfg.py:3227}}
Jul 05 01:22:25.126003 np0000004547 devstack@g-api.service[99441]: DEBUG glance.common.config [None req-1078fb10-fe3d-42e0-9a01-218711d2adb8 None None] command line args: [] {{(pid=99441) log_opt_values /opt/stack/data/venv/lib/python3.12/site-packages/oslo_config/cfg.py:3228}}
Jul 05 01:22:25.126117 np0000004547 devstack@g-api.service[99441]: DEBUG glance.common.config [None req-1078fb10-fe3d-42e0-9a01-218711d2adb8 None None] config files: ['/etc/glance/glance-image-import.conf', '/etc/glance/glance-api.conf'] {{(pid=99441) log_opt_values /opt/stack/data/venv/lib/python3.12/site-packages/oslo_config/cfg.py:3229}}
Jul 05 01:22:25.126187 np0000004547 devstack@g-api.service[99441]: DEBUG glance.common.config [None req-1078fb10-fe3d-42e0-9a01-218711d2adb8 None None] ================================================================================ {{(pid=99441) log_opt_values /opt/stack/data/venv/lib/python3.12/site-packages/oslo_config/cfg.py:3234}}
Jul 05 01:22:25.126325 np0000004547 devstack@g-api.service[99441]: DEBUG glance.common.config [None req-1078fb10-fe3d-42e0-9a01-218711d2adb8 None None] allow_anonymous_access = False {{(pid=99441) log_opt_values /opt/stack/data/venv/lib/python3.12/site-packages/oslo_config/cfg.py:3242}}
Jul 05 01:22:25.126417 np0000004547 devstack@g-api.service[99441]: DEBUG glance.common.config [None req-1078fb10-fe3d-42e0-9a01-218711d2adb8 None None] api_limit_max = 1000 {{(pid=99441) log_opt_values /opt/stack/data/venv/lib/python3.12/site-packages/oslo_config/cfg.py:3242}}
Jul 05 01:22:25.126527 np0000004547 devstack@g-api.service[99441]: DEBUG glance.common.config [None req-1078fb10-fe3d-42e0-9a01-218711d2adb8 None None] config_dir = [] {{(pid=99441) log_opt_values /opt/stack/data/venv/lib/python3.12/site-packages/oslo_config/cfg.py:3242}}
Jul 05 01:22:25.126627 np0000004547 devstack@g-api.service[99441]: DEBUG glance.common.config [None req-1078fb10-fe3d-42e0-9a01-218711d2adb8 None None] config_file = ['/etc/glance/glance-image-import.conf', '/etc/glance/glance-api.conf'] {{(pid=99441) log_opt_values /opt/stack/data/venv/lib/python3.12/site-packages/oslo_config/cfg.py:3242}}
Jul 05 01:22:25.126732 np0000004547 devstack@g-api.service[99441]: DEBUG glance.common.config [None req-1078fb10-fe3d-42e0-9a01-218711d2adb8 None None] config_source = [] {{(pid=99441) log_opt_values /opt/stack/data/venv/lib/python3.12/site-packages/oslo_config/cfg.py:3242}}
Jul 05 01:22:25.126828 np0000004547 devstack@g-api.service[99441]: DEBUG glance.common.config [None req-1078fb10-fe3d-42e0-9a01-218711d2adb8 None None] control_exchange = glance {{(pid=99441) log_opt_values /opt/stack/data/venv/lib/python3.12/site-packages/oslo_config/cfg.py:3242}}
Jul 05 01:22:25.126899 np0000004547 devstack@g-api.service[99441]: DEBUG glance.common.config [None req-1078fb10-fe3d-42e0-9a01-218711d2adb8 None None] debug = True {{(pid=99441) log_opt_values /opt/stack/data/venv/lib/python3.12/site-packages/oslo_config/cfg.py:3242}}
Jul 05 01:22:25.127047 np0000004547 devstack@g-api.service[99441]: DEBUG glance.common.config [None req-1078fb10-fe3d-42e0-9a01-218711d2adb8 None None] default_log_levels = ['amqp=WARN', 'boto=WARN', 'sqlalchemy=WARN', 'suds=INFO', 'oslo.messaging=INFO', 'oslo_messaging=INFO', 'iso8601=WARN', 'requests.packages.urllib3.connectionpool=WARN', 'urllib3.connectionpool=WARN', 'websocket=WARN', 'requests.packages.urllib3.util.retry=WARN', 'urllib3.util.retry=WARN', 'keystonemiddleware=WARN', 'routes.middleware=WARN', 'stevedore=WARN', 'taskflow=WARN', 'keystoneauth=WARN', 'oslo.cache=INFO', 'oslo_policy=INFO', 'dogpile.core.dogpile=INFO'] {{(pid=99441) log_opt_values /opt/stack/data/venv/lib/python3.12/site-packages/oslo_config/cfg.py:3242}}
Jul 05 01:22:25.127137 np0000004547 devstack@g-api.service[99441]: DEBUG glance.common.config [None req-1078fb10-fe3d-42e0-9a01-218711d2adb8 None None] default_publisher_id = image.localhost {{(pid=99441) log_opt_values /opt/stack/data/venv/lib/python3.12/site-packages/oslo_config/cfg.py:3242}}
Jul 05 01:22:25.127239 np0000004547 devstack@g-api.service[99441]: DEBUG glance.common.config [None req-1078fb10-fe3d-42e0-9a01-218711d2adb8 None None] delayed_delete = False {{(pid=99441) log_opt_values /opt/stack/data/venv/lib/python3.12/site-packages/oslo_config/cfg.py:3242}}
Jul 05 01:22:25.127359 np0000004547 devstack@g-api.service[99441]: DEBUG glance.common.config [None req-1078fb10-fe3d-42e0-9a01-218711d2adb8 None None] digest_algorithm = sha256 {{(pid=99441) log_opt_values /opt/stack/data/venv/lib/python3.12/site-packages/oslo_config/cfg.py:3242}}
Jul 05 01:22:25.127472 np0000004547 devstack@g-api.service[99441]: DEBUG glance.common.config [None req-1078fb10-fe3d-42e0-9a01-218711d2adb8 None None] disabled_notifications = [] {{(pid=99441) log_opt_values /opt/stack/data/venv/lib/python3.12/site-packages/oslo_config/cfg.py:3242}}
Jul 05 01:22:25.127561 np0000004547 devstack@g-api.service[99441]: DEBUG glance.common.config [None req-1078fb10-fe3d-42e0-9a01-218711d2adb8 None None] do_secure_hash = True {{(pid=99441) log_opt_values /opt/stack/data/venv/lib/python3.12/site-packages/oslo_config/cfg.py:3242}}
Jul 05 01:22:25.127694 np0000004547 devstack@g-api.service[99441]: DEBUG glance.common.config [None req-1078fb10-fe3d-42e0-9a01-218711d2adb8 None None] enabled_backends = None {{(pid=99441) log_opt_values /opt/stack/data/venv/lib/python3.12/site-packages/oslo_config/cfg.py:3242}}
Jul 05 01:22:25.127755 np0000004547 devstack@g-api.service[99441]: DEBUG glance.common.config [None req-1078fb10-fe3d-42e0-9a01-218711d2adb8 None None] enabled_import_methods = ['glance-direct', 'web-download', 'copy-image'] {{(pid=99441) log_opt_values /opt/stack/data/venv/lib/python3.12/site-packages/oslo_config/cfg.py:3242}}
Jul 05 01:22:25.127846 np0000004547 devstack@g-api.service[99441]: DEBUG glance.common.config [None req-1078fb10-fe3d-42e0-9a01-218711d2adb8 None None] fatal_deprecations = False {{(pid=99441) log_opt_values /opt/stack/data/venv/lib/python3.12/site-packages/oslo_config/cfg.py:3242}}
Jul 05 01:22:25.127914 np0000004547 devstack@g-api.service[99442]: INFO glance.api.middleware.cache_manage [None req-248cf255-0d92-4810-98ef-477203ebe000 None None] Initialized image cache management middleware
Jul 05 01:22:25.127962 np0000004547 devstack@g-api.service[99441]: DEBUG glance.common.config [None req-1078fb10-fe3d-42e0-9a01-218711d2adb8 None None] hashing_algorithm = sha512 {{(pid=99441) log_opt_values /opt/stack/data/venv/lib/python3.12/site-packages/oslo_config/cfg.py:3242}}
Jul 05 01:22:25.128015 np0000004547 devstack@g-api.service[99441]: DEBUG glance.common.config [None req-1078fb10-fe3d-42e0-9a01-218711d2adb8 None None] http_retries = 3 {{(pid=99441) log_opt_values /opt/stack/data/venv/lib/python3.12/site-packages/oslo_config/cfg.py:3242}}
Jul 05 01:22:25.128394 np0000004547 devstack@g-api.service[99442]: INFO glance.image_cache [None req-248cf255-0d92-4810-98ef-477203ebe000 None None] Image cache loaded driver 'centralized_db'.
Jul 05 01:22:25.128437 np0000004547 devstack@g-api.service[99441]: DEBUG glance.common.config [None req-1078fb10-fe3d-42e0-9a01-218711d2adb8 None None] image_cache_dir = /opt/stack/data/glance/cache/ {{(pid=99441) log_opt_values /opt/stack/data/venv/lib/python3.12/site-packages/oslo_config/cfg.py:3242}}
Jul 05 01:22:25.128437 np0000004547 devstack@g-api.service[99441]: DEBUG glance.common.config [None req-1078fb10-fe3d-42e0-9a01-218711d2adb8 None None] image_cache_driver = centralized_db {{(pid=99441) log_opt_values /opt/stack/data/venv/lib/python3.12/site-packages/oslo_config/cfg.py:3242}}
Jul 05 01:22:25.128437 np0000004547 devstack@g-api.service[99441]: DEBUG glance.common.config [None req-1078fb10-fe3d-42e0-9a01-218711d2adb8 None None] image_cache_max_size = 10737418240 {{(pid=99441) log_opt_values /opt/stack/data/venv/lib/python3.12/site-packages/oslo_config/cfg.py:3242}}
Jul 05 01:22:25.128437 np0000004547 devstack@g-api.service[99441]: DEBUG glance.common.config [None req-1078fb10-fe3d-42e0-9a01-218711d2adb8 None None] image_cache_sqlite_db = cache.db {{(pid=99441) log_opt_values /opt/stack/data/venv/lib/python3.12/site-packages/oslo_config/cfg.py:3242}}
Jul 05 01:22:25.128546 np0000004547 devstack@g-api.service[99441]: DEBUG glance.common.config [None req-1078fb10-fe3d-42e0-9a01-218711d2adb8 None None] image_cache_stall_time = 86400 {{(pid=99441) log_opt_values /opt/stack/data/venv/lib/python3.12/site-packages/oslo_config/cfg.py:3242}}
Jul 05 01:22:25.128546 np0000004547 devstack@g-api.service[99441]: DEBUG glance.common.config [None req-1078fb10-fe3d-42e0-9a01-218711d2adb8 None None] image_location_quota = 10 {{(pid=99441) log_opt_values /opt/stack/data/venv/lib/python3.12/site-packages/oslo_config/cfg.py:3242}}
Jul 05 01:22:25.129065 np0000004547 devstack@g-api.service[99441]: DEBUG glance.common.config [None req-1078fb10-fe3d-42e0-9a01-218711d2adb8 None None] image_member_quota = 128 {{(pid=99441) log_opt_values /opt/stack/data/venv/lib/python3.12/site-packages/oslo_config/cfg.py:3242}}
Jul 05 01:22:25.129065 np0000004547 devstack@g-api.service[99441]: DEBUG glance.common.config [None req-1078fb10-fe3d-42e0-9a01-218711d2adb8 None None] image_property_quota = 128 {{(pid=99441) log_opt_values /opt/stack/data/venv/lib/python3.12/site-packages/oslo_config/cfg.py:3242}}
Jul 05 01:22:25.129065 np0000004547 devstack@g-api.service[99441]: DEBUG glance.common.config [None req-1078fb10-fe3d-42e0-9a01-218711d2adb8 None None] image_size_cap = 1099511627776 {{(pid=99441) log_opt_values /opt/stack/data/venv/lib/python3.12/site-packages/oslo_config/cfg.py:3242}}
Jul 05 01:22:25.129065 np0000004547 devstack@g-api.service[99441]: DEBUG glance.common.config [None req-1078fb10-fe3d-42e0-9a01-218711d2adb8 None None] image_tag_quota = 128 {{(pid=99441) log_opt_values /opt/stack/data/venv/lib/python3.12/site-packages/oslo_config/cfg.py:3242}}
Jul 05 01:22:25.129180 np0000004547 devstack@g-api.service[99441]: DEBUG glance.common.config [None req-1078fb10-fe3d-42e0-9a01-218711d2adb8 None None] instance_format = [instance: %(uuid)s] {{(pid=99441) log_opt_values /opt/stack/data/venv/lib/python3.12/site-packages/oslo_config/cfg.py:3242}}
Jul 05 01:22:25.129180 np0000004547 devstack@g-api.service[99441]: DEBUG glance.common.config [None req-1078fb10-fe3d-42e0-9a01-218711d2adb8 None None] instance_uuid_format = [instance: %(uuid)s] {{(pid=99441) log_opt_values /opt/stack/data/venv/lib/python3.12/site-packages/oslo_config/cfg.py:3242}}
Jul 05 01:22:25.129291 np0000004547 devstack@g-api.service[99441]: DEBUG glance.common.config [None req-1078fb10-fe3d-42e0-9a01-218711d2adb8 None None] limit_param_default = 25 {{(pid=99441) log_opt_values /opt/stack/data/venv/lib/python3.12/site-packages/oslo_config/cfg.py:3242}}
Jul 05 01:22:25.129399 np0000004547 devstack@g-api.service[99441]: DEBUG glance.common.config [None req-1078fb10-fe3d-42e0-9a01-218711d2adb8 None None] log_color = False {{(pid=99441) log_opt_values /opt/stack/data/venv/lib/python3.12/site-packages/oslo_config/cfg.py:3242}}
Jul 05 01:22:25.129506 np0000004547 devstack@g-api.service[99441]: DEBUG glance.common.config [None req-1078fb10-fe3d-42e0-9a01-218711d2adb8 None None] log_config_append = None {{(pid=99441) log_opt_values /opt/stack/data/venv/lib/python3.12/site-packages/oslo_config/cfg.py:3242}}
Jul 05 01:22:25.129603 np0000004547 devstack@g-api.service[99441]: DEBUG glance.common.config [None req-1078fb10-fe3d-42e0-9a01-218711d2adb8 None None] log_date_format = %Y-%m-%d %H:%M:%S {{(pid=99441) log_opt_values /opt/stack/data/venv/lib/python3.12/site-packages/oslo_config/cfg.py:3242}}
Jul 05 01:22:25.129694 np0000004547 devstack@g-api.service[99441]: DEBUG glance.common.config [None req-1078fb10-fe3d-42e0-9a01-218711d2adb8 None None] log_dir = None {{(pid=99441) log_opt_values /opt/stack/data/venv/lib/python3.12/site-packages/oslo_config/cfg.py:3242}}
Jul 05 01:22:25.129781 np0000004547 devstack@g-api.service[99441]: DEBUG glance.common.config [None req-1078fb10-fe3d-42e0-9a01-218711d2adb8 None None] log_file = None {{(pid=99441) log_opt_values /opt/stack/data/venv/lib/python3.12/site-packages/oslo_config/cfg.py:3242}}
Jul 05 01:22:25.129870 np0000004547 devstack@g-api.service[99441]: DEBUG glance.common.config [None req-1078fb10-fe3d-42e0-9a01-218711d2adb8 None None] log_rotate_interval = 1 {{(pid=99441) log_opt_values /opt/stack/data/venv/lib/python3.12/site-packages/oslo_config/cfg.py:3242}}
Jul 05 01:22:25.130037 np0000004547 devstack@g-api.service[99441]: DEBUG glance.common.config [None req-1078fb10-fe3d-42e0-9a01-218711d2adb8 None None] log_rotate_interval_type = days {{(pid=99441) log_opt_values /opt/stack/data/venv/lib/python3.12/site-packages/oslo_config/cfg.py:3242}}
Jul 05 01:22:25.130078 np0000004547 devstack@g-api.service[99441]: DEBUG glance.common.config [None req-1078fb10-fe3d-42e0-9a01-218711d2adb8 None None] log_rotation_type = none {{(pid=99441) log_opt_values /opt/stack/data/venv/lib/python3.12/site-packages/oslo_config/cfg.py:3242}}
Jul 05 01:22:25.130120 np0000004547 devstack@g-api.service[99441]: DEBUG glance.common.config [None req-1078fb10-fe3d-42e0-9a01-218711d2adb8 None None] logging_context_format_string = %(color)s%(levelname)s %(name)s [%(global_request_id)s %(request_id)s %(project_name)s %(user_name)s%(color)s] %(instance)s%(color)s%(message)s {{(pid=99441) log_opt_values /opt/stack/data/venv/lib/python3.12/site-packages/oslo_config/cfg.py:3242}}
Jul 05 01:22:25.130184 np0000004547 devstack@g-api.service[99441]: DEBUG glance.common.config [None req-1078fb10-fe3d-42e0-9a01-218711d2adb8 None None] logging_debug_format_suffix = {{(pid=%(process)d) %(funcName)s %(pathname)s:%(lineno)d}} {{(pid=99441) log_opt_values /opt/stack/data/venv/lib/python3.12/site-packages/oslo_config/cfg.py:3242}}
Jul 05 01:22:25.130306 np0000004547 devstack@g-api.service[99441]: DEBUG glance.common.config [None req-1078fb10-fe3d-42e0-9a01-218711d2adb8 None None] logging_default_format_string = %(color)s%(levelname)s %(name)s [-%(color)s] %(instance)s%(color)s%(message)s {{(pid=99441) log_opt_values /opt/stack/data/venv/lib/python3.12/site-packages/oslo_config/cfg.py:3242}}
Jul 05 01:22:25.130405 np0000004547 devstack@g-api.service[99441]: DEBUG glance.common.config [None req-1078fb10-fe3d-42e0-9a01-218711d2adb8 None None] logging_exception_prefix = ERROR %(name)s %(instance)s {{(pid=99441) log_opt_values /opt/stack/data/venv/lib/python3.12/site-packages/oslo_config/cfg.py:3242}}
Jul 05 01:22:25.130473 np0000004547 devstack@g-api.service[99441]: DEBUG glance.common.config [None req-1078fb10-fe3d-42e0-9a01-218711d2adb8 None None] logging_user_identity_format = %(user)s %(project)s %(domain)s %(system_scope)s %(user_domain)s %(project_domain)s {{(pid=99441) log_opt_values /opt/stack/data/venv/lib/python3.12/site-packages/oslo_config/cfg.py:3242}}
Jul 05 01:22:25.130612 np0000004547 devstack@g-api.service[99441]: DEBUG glance.common.config [None req-1078fb10-fe3d-42e0-9a01-218711d2adb8 None None] max_logfile_count = 30 {{(pid=99441) log_opt_values /opt/stack/data/venv/lib/python3.12/site-packages/oslo_config/cfg.py:3242}}
Jul 05 01:22:25.130675 np0000004547 devstack@g-api.service[99441]: DEBUG glance.common.config [None req-1078fb10-fe3d-42e0-9a01-218711d2adb8 None None] max_logfile_size_mb = 200 {{(pid=99441) log_opt_values /opt/stack/data/venv/lib/python3.12/site-packages/oslo_config/cfg.py:3242}}
Jul 05 01:22:25.130762 np0000004547 devstack@g-api.service[99441]: DEBUG glance.common.config [None req-1078fb10-fe3d-42e0-9a01-218711d2adb8 None None] max_request_id_length = 64 {{(pid=99441) log_opt_values /opt/stack/data/venv/lib/python3.12/site-packages/oslo_config/cfg.py:3242}}
Jul 05 01:22:25.130849 np0000004547 devstack@g-api.service[99441]: DEBUG glance.common.config [None req-1078fb10-fe3d-42e0-9a01-218711d2adb8 None None] metadata_encryption_key = **** {{(pid=99441) log_opt_values /opt/stack/data/venv/lib/python3.12/site-packages/oslo_config/cfg.py:3242}}
Jul 05 01:22:25.131082 np0000004547 devstack@g-api.service[99441]: DEBUG glance.common.config [None req-1078fb10-fe3d-42e0-9a01-218711d2adb8 None None] node_staging_uri = file:///tmp/staging/ {{(pid=99441) log_opt_values /opt/stack/data/venv/lib/python3.12/site-packages/oslo_config/cfg.py:3242}}
Jul 05 01:22:25.131082 np0000004547 devstack@g-api.service[99441]: DEBUG glance.common.config [None req-1078fb10-fe3d-42e0-9a01-218711d2adb8 None None] property_protection_file = None {{(pid=99441) log_opt_values /opt/stack/data/venv/lib/python3.12/site-packages/oslo_config/cfg.py:3242}}
Jul 05 01:22:25.131145 np0000004547 devstack@g-api.service[99441]: DEBUG glance.common.config [None req-1078fb10-fe3d-42e0-9a01-218711d2adb8 None None] property_protection_rule_format = roles {{(pid=99441) log_opt_values /opt/stack/data/venv/lib/python3.12/site-packages/oslo_config/cfg.py:3242}}
Jul 05 01:22:25.131188 np0000004547 devstack@g-api.service[99441]: DEBUG glance.common.config [None req-1078fb10-fe3d-42e0-9a01-218711d2adb8 None None] public_endpoint = https://10.4.3.210/image {{(pid=99441) log_opt_values /opt/stack/data/venv/lib/python3.12/site-packages/oslo_config/cfg.py:3242}}
Jul 05 01:22:25.131304 np0000004547 devstack@g-api.service[99441]: DEBUG glance.common.config [None req-1078fb10-fe3d-42e0-9a01-218711d2adb8 None None] publish_errors = False {{(pid=99441) log_opt_values /opt/stack/data/venv/lib/python3.12/site-packages/oslo_config/cfg.py:3242}}
Jul 05 01:22:25.131417 np0000004547 devstack@g-api.service[99441]: DEBUG glance.common.config [None req-1078fb10-fe3d-42e0-9a01-218711d2adb8 None None] pydev_worker_debug_host = None {{(pid=99441) log_opt_values /opt/stack/data/venv/lib/python3.12/site-packages/oslo_config/cfg.py:3242}}
Jul 05 01:22:25.131520 np0000004547 devstack@g-api.service[99441]: DEBUG glance.common.config [None req-1078fb10-fe3d-42e0-9a01-218711d2adb8 None None] pydev_worker_debug_port = 5678 {{(pid=99441) log_opt_values /opt/stack/data/venv/lib/python3.12/site-packages/oslo_config/cfg.py:3242}}
Jul 05 01:22:25.131605 np0000004547 devstack@g-api.service[99441]: DEBUG glance.common.config [None req-1078fb10-fe3d-42e0-9a01-218711d2adb8 None None] rate_limit_burst = 0 {{(pid=99441) log_opt_values /opt/stack/data/venv/lib/python3.12/site-packages/oslo_config/cfg.py:3242}}
Jul 05 01:22:25.131700 np0000004547 devstack@g-api.service[99441]: DEBUG glance.common.config [None req-1078fb10-fe3d-42e0-9a01-218711d2adb8 None None] rate_limit_except_level = CRITICAL {{(pid=99441) log_opt_values /opt/stack/data/venv/lib/python3.12/site-packages/oslo_config/cfg.py:3242}}
Jul 05 01:22:25.131788 np0000004547 devstack@g-api.service[99441]: DEBUG glance.common.config [None req-1078fb10-fe3d-42e0-9a01-218711d2adb8 None None] rate_limit_interval = 0 {{(pid=99441) log_opt_values /opt/stack/data/venv/lib/python3.12/site-packages/oslo_config/cfg.py:3242}}
Jul 05 01:22:25.131891 np0000004547 devstack@g-api.service[99441]: DEBUG glance.common.config [None req-1078fb10-fe3d-42e0-9a01-218711d2adb8 None None] scrub_pool_size = 1 {{(pid=99441) log_opt_values /opt/stack/data/venv/lib/python3.12/site-packages/oslo_config/cfg.py:3242}}
Jul 05 01:22:25.131961 np0000004547 devstack@g-api.service[99441]: DEBUG glance.common.config [None req-1078fb10-fe3d-42e0-9a01-218711d2adb8 None None] scrub_time = 0 {{(pid=99441) log_opt_values /opt/stack/data/venv/lib/python3.12/site-packages/oslo_config/cfg.py:3242}}
Jul 05 01:22:25.132083 np0000004547 devstack@g-api.service[99441]: DEBUG glance.common.config [None req-1078fb10-fe3d-42e0-9a01-218711d2adb8 None None] shell_completion = None {{(pid=99441) log_opt_values /opt/stack/data/venv/lib/python3.12/site-packages/oslo_config/cfg.py:3242}}
Jul 05 01:22:25.132131 np0000004547 devstack@g-api.service[99441]: DEBUG glance.common.config [None req-1078fb10-fe3d-42e0-9a01-218711d2adb8 None None] show_image_direct_url = False {{(pid=99441) log_opt_values /opt/stack/data/venv/lib/python3.12/site-packages/oslo_config/cfg.py:3242}}
Jul 05 01:22:25.132338 np0000004547 devstack@g-api.service[99441]: WARNING oslo_config.cfg [None req-1078fb10-fe3d-42e0-9a01-218711d2adb8 None None] Deprecated: Option "show_multiple_locations" from group "DEFAULT" is deprecated for removal (Use of this option, deprecated since Newton, is a security risk and will be removed once we figure out a way to satisfy those use cases that currently require it. An earlier announcement that the same functionality can be achieved with greater granularity by using policies is incorrect. You cannot work around this option via policy configuration at the present time, though that is the direction we believe the fix will take. Please keep an eye on the Glance release notes to stay up to date on progress in addressing this issue.). Its value may be silently ignored in the future.
Jul 05 01:22:25.132437 np0000004547 devstack@g-api.service[99441]: DEBUG glance.common.config [None req-1078fb10-fe3d-42e0-9a01-218711d2adb8 None None] show_multiple_locations = False {{(pid=99441) log_opt_values /opt/stack/data/venv/lib/python3.12/site-packages/oslo_config/cfg.py:3242}}
Jul 05 01:22:25.132673 np0000004547 devstack@g-api.service[99441]: DEBUG glance.common.config [None req-1078fb10-fe3d-42e0-9a01-218711d2adb8 None None] syslog_log_facility = LOG_USER {{(pid=99441) log_opt_values /opt/stack/data/venv/lib/python3.12/site-packages/oslo_config/cfg.py:3242}}
Jul 05 01:22:25.132673 np0000004547 devstack@g-api.service[99441]: DEBUG glance.common.config [None req-1078fb10-fe3d-42e0-9a01-218711d2adb8 None None] transport_url = **** {{(pid=99441) log_opt_values /opt/stack/data/venv/lib/python3.12/site-packages/oslo_config/cfg.py:3242}}
Jul 05 01:22:25.132742 np0000004547 devstack@g-api.service[99441]: DEBUG glance.common.config [None req-1078fb10-fe3d-42e0-9a01-218711d2adb8 None None] use_journal = False {{(pid=99441) log_opt_values /opt/stack/data/venv/lib/python3.12/site-packages/oslo_config/cfg.py:3242}}
Jul 05 01:22:25.132831 np0000004547 devstack@g-api.service[99441]: DEBUG glance.common.config [None req-1078fb10-fe3d-42e0-9a01-218711d2adb8 None None] use_json = False {{(pid=99441) log_opt_values /opt/stack/data/venv/lib/python3.12/site-packages/oslo_config/cfg.py:3242}}
Jul 05 01:22:25.132927 np0000004547 devstack@g-api.service[99441]: DEBUG glance.common.config [None req-1078fb10-fe3d-42e0-9a01-218711d2adb8 None None] use_keystone_limits = True {{(pid=99441) log_opt_values /opt/stack/data/venv/lib/python3.12/site-packages/oslo_config/cfg.py:3242}}
Jul 05 01:22:25.133013 np0000004547 devstack@g-api.service[99441]: DEBUG glance.common.config [None req-1078fb10-fe3d-42e0-9a01-218711d2adb8 None None] use_stderr = False {{(pid=99441) log_opt_values /opt/stack/data/venv/lib/python3.12/site-packages/oslo_config/cfg.py:3242}}
Jul 05 01:22:25.133108 np0000004547 devstack@g-api.service[99441]: DEBUG glance.common.config [None req-1078fb10-fe3d-42e0-9a01-218711d2adb8 None None] use_syslog = False {{(pid=99441) log_opt_values /opt/stack/data/venv/lib/python3.12/site-packages/oslo_config/cfg.py:3242}}
Jul 05 01:22:25.133197 np0000004547 devstack@g-api.service[99441]: DEBUG glance.common.config [None req-1078fb10-fe3d-42e0-9a01-218711d2adb8 None None] user_storage_quota = 0 {{(pid=99441) log_opt_values /opt/stack/data/venv/lib/python3.12/site-packages/oslo_config/cfg.py:3242}}
Jul 05 01:22:25.133319 np0000004547 devstack@g-api.service[99441]: DEBUG glance.common.config [None req-1078fb10-fe3d-42e0-9a01-218711d2adb8 None None] worker_self_reference_url = http://127.0.0.1:60999 {{(pid=99441) log_opt_values /opt/stack/data/venv/lib/python3.12/site-packages/oslo_config/cfg.py:3242}}
Jul 05 01:22:25.133453 np0000004547 devstack@g-api.service[99441]: DEBUG glance.common.config [None req-1078fb10-fe3d-42e0-9a01-218711d2adb8 None None] oslo_concurrency.disable_process_locking = False {{(pid=99441) log_opt_values /opt/stack/data/venv/lib/python3.12/site-packages/oslo_config/cfg.py:3253}}
Jul 05 01:22:25.133557 np0000004547 devstack@g-api.service[99441]: DEBUG glance.common.config [None req-1078fb10-fe3d-42e0-9a01-218711d2adb8 None None] oslo_concurrency.lock_path = /opt/stack/data/glance/locks {{(pid=99441) log_opt_values /opt/stack/data/venv/lib/python3.12/site-packages/oslo_config/cfg.py:3253}}
Jul 05 01:22:25.133657 np0000004547 devstack@g-api.service[99441]: DEBUG glance.common.config [None req-1078fb10-fe3d-42e0-9a01-218711d2adb8 None None] oslo_middleware.enable_proxy_headers_parsing = False {{(pid=99441) log_opt_values /opt/stack/data/venv/lib/python3.12/site-packages/oslo_config/cfg.py:3253}}
Jul 05 01:22:25.133752 np0000004547 devstack@g-api.service[99441]: DEBUG glance.common.config [None req-1078fb10-fe3d-42e0-9a01-218711d2adb8 None None] oslo_middleware.http_basic_auth_user_file = /etc/htpasswd {{(pid=99441) log_opt_values /opt/stack/data/venv/lib/python3.12/site-packages/oslo_config/cfg.py:3253}}
Jul 05 01:22:25.133844 np0000004547 devstack@g-api.service[99441]: DEBUG glance.common.config [None req-1078fb10-fe3d-42e0-9a01-218711d2adb8 None None] paste_deploy.config_file = None {{(pid=99441) log_opt_values /opt/stack/data/venv/lib/python3.12/site-packages/oslo_config/cfg.py:3253}}
Jul 05 01:22:25.133935 np0000004547 devstack@g-api.service[99441]: DEBUG glance.common.config [None req-1078fb10-fe3d-42e0-9a01-218711d2adb8 None None] paste_deploy.flavor = keystone+cachemanagement {{(pid=99441) log_opt_values /opt/stack/data/venv/lib/python3.12/site-packages/oslo_config/cfg.py:3253}}
Jul 05 01:22:25.134063 np0000004547 devstack@g-api.service[99441]: DEBUG glance.common.config [None req-1078fb10-fe3d-42e0-9a01-218711d2adb8 None None] image_format.container_formats = ['ami', 'ari', 'aki', 'bare', 'ovf', 'ova', 'docker', 'compressed'] {{(pid=99441) log_opt_values /opt/stack/data/venv/lib/python3.12/site-packages/oslo_config/cfg.py:3253}}
Jul 05 01:22:25.134237 np0000004547 devstack@g-api.service[99441]: DEBUG glance.common.config [None req-1078fb10-fe3d-42e0-9a01-218711d2adb8 None None] image_format.disk_formats = ['ami', 'ari', 'aki', 'vhd', 'vhdx', 'vmdk', 'raw', 'qcow2', 'vdi', 'iso', 'ploop'] {{(pid=99441) log_opt_values /opt/stack/data/venv/lib/python3.12/site-packages/oslo_config/cfg.py:3253}}
Jul 05 01:22:25.134306 np0000004547 devstack@g-api.service[99441]: DEBUG glance.common.config [None req-1078fb10-fe3d-42e0-9a01-218711d2adb8 None None] image_format.gpt_safety_checks_nonfatal = [] {{(pid=99441) log_opt_values /opt/stack/data/venv/lib/python3.12/site-packages/oslo_config/cfg.py:3253}}
Jul 05 01:22:25.134412 np0000004547 devstack@g-api.service[99441]: DEBUG glance.common.config [None req-1078fb10-fe3d-42e0-9a01-218711d2adb8 None None] image_format.require_image_format_match = True {{(pid=99441) log_opt_values /opt/stack/data/venv/lib/python3.12/site-packages/oslo_config/cfg.py:3253}}
Jul 05 01:22:25.134466 np0000004547 devstack@g-api.service[99442]: DEBUG glance.image_cache.drivers.centralized_db [None req-248cf255-0d92-4810-98ef-477203ebe000 None None] Node reference is already recorded, ignoring it {{(pid=99442) configure /opt/stack/glance/glance/image_cache/drivers/centralized_db.py:71}}
Jul 05 01:22:25.134573 np0000004547 devstack@g-api.service[99441]: DEBUG glance.common.config [None req-1078fb10-fe3d-42e0-9a01-218711d2adb8 None None] image_format.vmdk_allowed_types = ['streamOptimized', 'monolithicSparse'] {{(pid=99441) log_opt_values /opt/stack/data/venv/lib/python3.12/site-packages/oslo_config/cfg.py:3253}}
Jul 05 01:22:25.134641 np0000004547 devstack@g-api.service[99441]: DEBUG glance.common.config [None req-1078fb10-fe3d-42e0-9a01-218711d2adb8 None None] task.task_executor = taskflow {{(pid=99441) log_opt_values /opt/stack/data/venv/lib/python3.12/site-packages/oslo_config/cfg.py:3253}}
Jul 05 01:22:25.134734 np0000004547 devstack@g-api.service[99441]: DEBUG glance.common.config [None req-1078fb10-fe3d-42e0-9a01-218711d2adb8 None None] task.task_time_to_live = 48 {{(pid=99441) log_opt_values /opt/stack/data/venv/lib/python3.12/site-packages/oslo_config/cfg.py:3253}}
Jul 05 01:22:25.134944 np0000004547 devstack@g-api.service[99441]: DEBUG glance.common.config [None req-1078fb10-fe3d-42e0-9a01-218711d2adb8 None None] task.work_dir = None {{(pid=99441) log_opt_values /opt/stack/data/venv/lib/python3.12/site-packages/oslo_config/cfg.py:3253}}
Jul 05 01:22:25.134944 np0000004547 devstack@g-api.service[99441]: DEBUG glance.common.config [None req-1078fb10-fe3d-42e0-9a01-218711d2adb8 None None] wsgi.python_interpreter = /opt/stack/data/venv/bin/python3 {{(pid=99441) log_opt_values /opt/stack/data/venv/lib/python3.12/site-packages/oslo_config/cfg.py:3253}}
Jul 05 01:22:25.135022 np0000004547 devstack@g-api.service[99441]: DEBUG glance.common.config [None req-1078fb10-fe3d-42e0-9a01-218711d2adb8 None None] wsgi.task_pool_threads = 16 {{(pid=99441) log_opt_values /opt/stack/data/venv/lib/python3.12/site-packages/oslo_config/cfg.py:3253}}
Jul 05 01:22:25.135089 np0000004547 devstack@g-api.service[99441]: DEBUG glance.common.config [None req-1078fb10-fe3d-42e0-9a01-218711d2adb8 None None] import_filtering_opts.allowed_hosts = [] {{(pid=99441) log_opt_values /opt/stack/data/venv/lib/python3.12/site-packages/oslo_config/cfg.py:3253}}
Jul 05 01:22:25.135184 np0000004547 devstack@g-api.service[99441]: DEBUG glance.common.config [None req-1078fb10-fe3d-42e0-9a01-218711d2adb8 None None] import_filtering_opts.allowed_ports = [80, 443] {{(pid=99441) log_opt_values /opt/stack/data/venv/lib/python3.12/site-packages/oslo_config/cfg.py:3253}}
Jul 05 01:22:25.135319 np0000004547 devstack@g-api.service[99441]: DEBUG glance.common.config [None req-1078fb10-fe3d-42e0-9a01-218711d2adb8 None None] import_filtering_opts.allowed_schemes = ['http', 'https'] {{(pid=99441) log_opt_values /opt/stack/data/venv/lib/python3.12/site-packages/oslo_config/cfg.py:3253}}
Jul 05 01:22:25.135430 np0000004547 devstack@g-api.service[99441]: DEBUG glance.common.config [None req-1078fb10-fe3d-42e0-9a01-218711d2adb8 None None] import_filtering_opts.disallowed_hosts = [] {{(pid=99441) log_opt_values /opt/stack/data/venv/lib/python3.12/site-packages/oslo_config/cfg.py:3253}}
Jul 05 01:22:25.135534 np0000004547 devstack@g-api.service[99441]: DEBUG glance.common.config [None req-1078fb10-fe3d-42e0-9a01-218711d2adb8 None None] import_filtering_opts.disallowed_ports = [] {{(pid=99441) log_opt_values /opt/stack/data/venv/lib/python3.12/site-packages/oslo_config/cfg.py:3253}}
Jul 05 01:22:25.135625 np0000004547 devstack@g-api.service[99441]: DEBUG glance.common.config [None req-1078fb10-fe3d-42e0-9a01-218711d2adb8 None None] import_filtering_opts.disallowed_schemes = [] {{(pid=99441) log_opt_values /opt/stack/data/venv/lib/python3.12/site-packages/oslo_config/cfg.py:3253}}
Jul 05 01:22:25.135716 np0000004547 devstack@g-api.service[99441]: DEBUG glance.common.config [None req-1078fb10-fe3d-42e0-9a01-218711d2adb8 None None] oslo_messaging_metrics.metrics_buffer_size = 1000 {{(pid=99441) log_opt_values /opt/stack/data/venv/lib/python3.12/site-packages/oslo_config/cfg.py:3253}}
