Jul 05 01:22:02.249609 np0000004547 devstack@neutron-api.service[87314]: DEBUG ovsdbapp.backend.ovs_idl.transaction [None req-442eb35b-0e2f-4537-9722-904bf21a3ed8 None None] Running txn n=1 command(idx=1): UpdateLRouterPortCommand(_result=None, name=lrp-600c638e-fa30-4af7-8035-a18672b0e0d2, columns={'external_ids': {'neutron:revision_number': '4', 'neutron:subnet_ids': '7ea782b2-a66f-4892-843c-be56bb3db0db', 'neutron:network_name': 'neutron-95a99151-7e9c-49f4-88bd-9dbce63ab54c', 'neutron:is_ext_gw': 'False', 'neutron:router_name': 'neutron-4ef5b9b9-4840-4aed-bf41-5810cfb10e40'}, 'options': {}, 'networks': ['fdf6:ab9e:b0c8::1/64'], 'ipv6_ra_configs': {'address_mode': 'slaac', 'send_periodic': 'true', 'mtu': '1372'}}, if_exists=False) {{(pid=87314) do_commit /opt/stack/data/venv/lib/python3.12/site-packages/ovsdbapp/backend/ovs_idl/transaction.py:89}}
Jul 05 01:22:02.249912 np0000004547 devstack@neutron-api.service[87314]: DEBUG ovsdbapp.backend.ovs_idl.transaction [None req-442eb35b-0e2f-4537-9722-904bf21a3ed8 None None] Running txn n=1 command(idx=2): SetLRouterPortInLSwitchPortCommand(_result=None, lswitch_port=600c638e-fa30-4af7-8035-a18672b0e0d2, lrouter_port=lrp-600c638e-fa30-4af7-8035-a18672b0e0d2, is_gw_port=False, if_exists=True, lsp_address=router) {{(pid=87314) do_commit /opt/stack/data/venv/lib/python3.12/site-packages/ovsdbapp/backend/ovs_idl/transaction.py:89}}
Jul 05 01:22:02.250219 np0000004547 devstack@neutron-api.service[87314]: DEBUG ovsdbapp.backend.ovs_idl.transaction [None req-442eb35b-0e2f-4537-9722-904bf21a3ed8 None None] Transaction caused no change {{(pid=87314) do_commit /opt/stack/data/venv/lib/python3.12/site-packages/ovsdbapp/backend/ovs_idl/transaction.py:129}}
Jul 05 01:22:03.136387 np0000004547 devstack@neutron-api.service[87313]: WARNING neutron.plugins.ml2.drivers.ovn.mech_driver.ovsdb.ovn_client [None req-6ef73441-42fc-4ceb-b574-12b4e0a47fdc None None] No hosting information found for port 600c638e-fa30-4af7-8035-a18672b0e0d2: RuntimeError: No hosting information found for port 600c638e-fa30-4af7-8035-a18672b0e0d2
Jul 05 01:22:03.172112 np0000004547 devstack@neutron-api.service[87313]: INFO neutron.common.ovn.utils [None req-6ef73441-42fc-4ceb-b574-12b4e0a47fdc None None] HA Chassis Group neutron-95a99151-7e9c-49f4-88bd-9dbce63ab54c synchronized; highest priority chassis 6d181a5e-4f03-45a6-94f0-20b15d05cda5
Jul 05 01:22:03.172815 np0000004547 devstack@neutron-api.service[87313]: DEBUG ovsdbapp.backend.ovs_idl.transaction [None req-6d0c0640-f2cf-4e37-bc3b-b010a0372a1a None None] Running txn n=1 command(idx=0): DbSetCommand(_result=None, table=HA_Chassis_Group, record=neutron-95a99151-7e9c-49f4-88bd-9dbce63ab54c, col_values=(('external_ids', {'neutron:availability_zone_hints': '', 'neutron:network_id': '95a99151-7e9c-49f4-88bd-9dbce63ab54c', 'neutron:router_id': '4ef5b9b9-4840-4aed-bf41-5810cfb10e40'}),), if_exists=True) {{(pid=87313) do_commit /opt/stack/data/venv/lib/python3.12/site-packages/ovsdbapp/backend/ovs_idl/transaction.py:89}}
Jul 05 01:22:03.173162 np0000004547 devstack@neutron-api.service[87313]: DEBUG ovsdbapp.backend.ovs_idl.transaction [None req-6d0c0640-f2cf-4e37-bc3b-b010a0372a1a None None] Running txn n=1 command(idx=1): HAChassisGroupAddChassisCommand(_result=None, hcg=neutron-95a99151-7e9c-49f4-88bd-9dbce63ab54c, chassis=6d181a5e-4f03-45a6-94f0-20b15d05cda5, priority=1, columns={}) {{(pid=87313) do_commit /opt/stack/data/venv/lib/python3.12/site-packages/ovsdbapp/backend/ovs_idl/transaction.py:89}}
Jul 05 01:22:03.173524 np0000004547 devstack@neutron-api.service[87313]: DEBUG ovsdbapp.backend.ovs_idl.transaction [None req-6d0c0640-f2cf-4e37-bc3b-b010a0372a1a None None] Transaction caused no change {{(pid=87313) do_commit /opt/stack/data/venv/lib/python3.12/site-packages/ovsdbapp/backend/ovs_idl/transaction.py:129}}
Jul 05 01:22:03.246190 np0000004547 devstack@neutron-api.service[87313]: DEBUG ovsdbapp.backend.ovs_idl.transaction [None req-6d0c0640-f2cf-4e37-bc3b-b010a0372a1a None None] Running txn n=1 command(idx=0): CheckRevisionNumberCommand(_result=None, name=lrp-600c638e-fa30-4af7-8035-a18672b0e0d2, resource={'id': '600c638e-fa30-4af7-8035-a18672b0e0d2', 'name': '', 'network_id': '95a99151-7e9c-49f4-88bd-9dbce63ab54c', 'project_id': '41476df3ded540f6836852bb9799b446', 'mac_address': 'fa:16:3e:5a:56:66', 'admin_state_up': True, 'status': 'ACTIVE', 'device_id': '4ef5b9b9-4840-4aed-bf41-5810cfb10e40', 'device_owner': 'network:router_interface', 'standard_attr_id': 24, 'fixed_ips': [{'subnet_id': '7ea782b2-a66f-4892-843c-be56bb3db0db', 'ip_address': 'fdf6:ab9e:b0c8::1'}], 'allowed_address_pairs': [], 'extra_dhcp_opts': [], 'security_groups': [], 'description': '', 'binding:vnic_type': 'normal', 'binding:profile': {}, 'binding:host_id': '', 'binding:vif_type': 'unbound', 'binding:vif_details': {}, 'port_security_enabled': False, 'tags': [], 'created_at': '2026-07-05T01:21:54Z', 'updated_at': '2026-07-05T01:21:57Z', 'revision_number': 4, 'tenant_id': '41476df3ded540f6836852bb9799b446'}, resource_type=router_ports, if_exists=True) {{(pid=87313) do_commit /opt/stack/data/venv/lib/python3.12/site-packages/ovsdbapp/backend/ovs_idl/transaction.py:89}}
Jul 05 01:22:03.246444 np0000004547 devstack@neutron-api.service[87313]: DEBUG ovsdbapp.backend.ovs_idl.transaction [None req-6d0c0640-f2cf-4e37-bc3b-b010a0372a1a None None] Running txn n=1 command(idx=1): UpdateLRouterPortCommand(_result=None, name=lrp-600c638e-fa30-4af7-8035-a18672b0e0d2, columns={'external_ids': {'neutron:revision_number': '4', 'neutron:subnet_ids': '7ea782b2-a66f-4892-843c-be56bb3db0db', 'neutron:network_name': 'neutron-95a99151-7e9c-49f4-88bd-9dbce63ab54c', 'neutron:is_ext_gw': 'False', 'neutron:router_name': 'neutron-4ef5b9b9-4840-4aed-bf41-5810cfb10e40'}, 'options': {}, 'networks': ['fdf6:ab9e:b0c8::1/64'], 'ipv6_ra_configs': {'address_mode': 'slaac', 'send_periodic': 'true', 'mtu': '1372'}}, if_exists=False) {{(pid=87313) do_commit /opt/stack/data/venv/lib/python3.12/site-packages/ovsdbapp/backend/ovs_idl/transaction.py:89}}
Jul 05 01:22:03.246785 np0000004547 devstack@neutron-api.service[87313]: DEBUG ovsdbapp.backend.ovs_idl.transaction [None req-6d0c0640-f2cf-4e37-bc3b-b010a0372a1a None None] Running txn n=1 command(idx=2): SetLRouterPortInLSwitchPortCommand(_result=None, lswitch_port=600c638e-fa30-4af7-8035-a18672b0e0d2, lrouter_port=lrp-600c638e-fa30-4af7-8035-a18672b0e0d2, is_gw_port=False, if_exists=True, lsp_address=router) {{(pid=87313) do_commit /opt/stack/data/venv/lib/python3.12/site-packages/ovsdbapp/backend/ovs_idl/transaction.py:89}}
Jul 05 01:22:03.247096 np0000004547 devstack@neutron-api.service[87313]: DEBUG ovsdbapp.backend.ovs_idl.transaction [None req-6d0c0640-f2cf-4e37-bc3b-b010a0372a1a None None] Transaction caused no change {{(pid=87313) do_commit /opt/stack/data/venv/lib/python3.12/site-packages/ovsdbapp/backend/ovs_idl/transaction.py:129}}
Jul 05 01:22:03.276351 np0000004547 devstack@neutron-api.service[87313]: INFO neutron.common.ovn.utils [None req-6ef73441-42fc-4ceb-b574-12b4e0a47fdc None None] HA Chassis Group neutron-95a99151-7e9c-49f4-88bd-9dbce63ab54c synchronized; highest priority chassis 6d181a5e-4f03-45a6-94f0-20b15d05cda5
Jul 05 01:22:03.277189 np0000004547 devstack@neutron-api.service[87313]: DEBUG ovsdbapp.backend.ovs_idl.transaction [None req-6d0c0640-f2cf-4e37-bc3b-b010a0372a1a None None] Running txn n=1 command(idx=0): DbSetCommand(_result=None, table=HA_Chassis_Group, record=neutron-95a99151-7e9c-49f4-88bd-9dbce63ab54c, col_values=(('external_ids', {'neutron:availability_zone_hints': '', 'neutron:network_id': '95a99151-7e9c-49f4-88bd-9dbce63ab54c', 'neutron:router_id': '4ef5b9b9-4840-4aed-bf41-5810cfb10e40'}),), if_exists=True) {{(pid=87313) do_commit /opt/stack/data/venv/lib/python3.12/site-packages/ovsdbapp/backend/ovs_idl/transaction.py:89}}
Jul 05 01:22:03.277719 np0000004547 devstack@neutron-api.service[87313]: DEBUG ovsdbapp.backend.ovs_idl.transaction [None req-6d0c0640-f2cf-4e37-bc3b-b010a0372a1a None None] Running txn n=1 command(idx=1): HAChassisGroupAddChassisCommand(_result=None, hcg=neutron-95a99151-7e9c-49f4-88bd-9dbce63ab54c, chassis=6d181a5e-4f03-45a6-94f0-20b15d05cda5, priority=1, columns={}) {{(pid=87313) do_commit /opt/stack/data/venv/lib/python3.12/site-packages/ovsdbapp/backend/ovs_idl/transaction.py:89}}
Jul 05 01:22:03.278041 np0000004547 devstack@neutron-api.service[87313]: DEBUG ovsdbapp.backend.ovs_idl.transaction [None req-6d0c0640-f2cf-4e37-bc3b-b010a0372a1a None None] Transaction caused no change {{(pid=87313) do_commit /opt/stack/data/venv/lib/python3.12/site-packages/ovsdbapp/backend/ovs_idl/transaction.py:129}}
Jul 05 01:22:03.308291 np0000004547 devstack@neutron-api.service[87313]: INFO neutron.common.ovn.utils [None req-6ef73441-42fc-4ceb-b574-12b4e0a47fdc None None] HA Chassis Group neutron-95a99151-7e9c-49f4-88bd-9dbce63ab54c synchronized; highest priority chassis 6d181a5e-4f03-45a6-94f0-20b15d05cda5
Jul 05 01:22:03.309073 np0000004547 devstack@neutron-api.service[87313]: DEBUG ovsdbapp.backend.ovs_idl.transaction [None req-6d0c0640-f2cf-4e37-bc3b-b010a0372a1a None None] Running txn n=1 command(idx=0): DbSetCommand(_result=None, table=HA_Chassis_Group, record=neutron-95a99151-7e9c-49f4-88bd-9dbce63ab54c, col_values=(('external_ids', {'neutron:availability_zone_hints': '', 'neutron:network_id': '95a99151-7e9c-49f4-88bd-9dbce63ab54c', 'neutron:router_id': '4ef5b9b9-4840-4aed-bf41-5810cfb10e40'}),), if_exists=True) {{(pid=87313) do_commit /opt/stack/data/venv/lib/python3.12/site-packages/ovsdbapp/backend/ovs_idl/transaction.py:89}}
Jul 05 01:22:03.309605 np0000004547 devstack@neutron-api.service[87313]: DEBUG ovsdbapp.backend.ovs_idl.transaction [None req-6d0c0640-f2cf-4e37-bc3b-b010a0372a1a None None] Running txn n=1 command(idx=1): HAChassisGroupAddChassisCommand(_result=None, hcg=neutron-95a99151-7e9c-49f4-88bd-9dbce63ab54c, chassis=6d181a5e-4f03-45a6-94f0-20b15d05cda5, priority=1, columns={}) {{(pid=87313) do_commit /opt/stack/data/venv/lib/python3.12/site-packages/ovsdbapp/backend/ovs_idl/transaction.py:89}}
Jul 05 01:22:03.310022 np0000004547 devstack@neutron-api.service[87313]: DEBUG ovsdbapp.backend.ovs_idl.transaction [None req-6d0c0640-f2cf-4e37-bc3b-b010a0372a1a None None] Transaction caused no change {{(pid=87313) do_commit /opt/stack/data/venv/lib/python3.12/site-packages/ovsdbapp/backend/ovs_idl/transaction.py:129}}
Jul 05 01:22:03.381291 np0000004547 devstack@neutron-api.service[87313]: DEBUG ovsdbapp.backend.ovs_idl.transaction [None req-6d0c0640-f2cf-4e37-bc3b-b010a0372a1a None None] Running txn n=1 command(idx=0): CheckRevisionNumberCommand(_result=None, name=lrp-600c638e-fa30-4af7-8035-a18672b0e0d2, resource={'id': '600c638e-fa30-4af7-8035-a18672b0e0d2', 'name': '', 'network_id': '95a99151-7e9c-49f4-88bd-9dbce63ab54c', 'project_id': '41476df3ded540f6836852bb9799b446', 'mac_address': 'fa:16:3e:5a:56:66', 'admin_state_up': True, 'status': 'ACTIVE', 'device_id': '4ef5b9b9-4840-4aed-bf41-5810cfb10e40', 'device_owner': 'network:router_interface', 'standard_attr_id': 24, 'fixed_ips': [{'subnet_id': '7ea782b2-a66f-4892-843c-be56bb3db0db', 'ip_address': 'fdf6:ab9e:b0c8::1'}], 'allowed_address_pairs': [], 'extra_dhcp_opts': [], 'security_groups': [], 'description': '', 'binding:vnic_type': 'normal', 'binding:profile': {}, 'binding:host_id': '', 'binding:vif_type': 'unbound', 'binding:vif_details': {}, 'port_security_enabled': False, 'tags': [], 'created_at': '2026-07-05T01:21:54Z', 'updated_at': '2026-07-05T01:21:57Z', 'revision_number': 4, 'tenant_id': '41476df3ded540f6836852bb9799b446'}, resource_type=router_ports, if_exists=True) {{(pid=87313) do_commit /opt/stack/data/venv/lib/python3.12/site-packages/ovsdbapp/backend/ovs_idl/transaction.py:89}}
Jul 05 01:22:03.381686 np0000004547 devstack@neutron-api.service[87313]: DEBUG ovsdbapp.backend.ovs_idl.transaction [None req-6d0c0640-f2cf-4e37-bc3b-b010a0372a1a None None] Running txn n=1 command(idx=1): UpdateLRouterPortCommand(_result=None, name=lrp-600c638e-fa30-4af7-8035-a18672b0e0d2, columns={'external_ids': {'neutron:revision_number': '4', 'neutron:subnet_ids': '7ea782b2-a66f-4892-843c-be56bb3db0db', 'neutron:network_name': 'neutron-95a99151-7e9c-49f4-88bd-9dbce63ab54c', 'neutron:is_ext_gw': 'False', 'neutron:router_name': 'neutron-4ef5b9b9-4840-4aed-bf41-5810cfb10e40'}, 'options': {}, 'networks': ['fdf6:ab9e:b0c8::1/64'], 'ipv6_ra_configs': {'address_mode': 'slaac', 'send_periodic': 'true', 'mtu': '1372'}}, if_exists=False) {{(pid=87313) do_commit /opt/stack/data/venv/lib/python3.12/site-packages/ovsdbapp/backend/ovs_idl/transaction.py:89}}
Jul 05 01:22:03.382060 np0000004547 devstack@neutron-api.service[87313]: DEBUG ovsdbapp.backend.ovs_idl.transaction [None req-6d0c0640-f2cf-4e37-bc3b-b010a0372a1a None None] Running txn n=1 command(idx=2): SetLRouterPortInLSwitchPortCommand(_result=None, lswitch_port=600c638e-fa30-4af7-8035-a18672b0e0d2, lrouter_port=lrp-600c638e-fa30-4af7-8035-a18672b0e0d2, is_gw_port=False, if_exists=True, lsp_address=router) {{(pid=87313) do_commit /opt/stack/data/venv/lib/python3.12/site-packages/ovsdbapp/backend/ovs_idl/transaction.py:89}}
Jul 05 01:22:03.382430 np0000004547 devstack@neutron-api.service[87313]: DEBUG ovsdbapp.backend.ovs_idl.transaction [None req-6d0c0640-f2cf-4e37-bc3b-b010a0372a1a None None] Transaction caused no change {{(pid=87313) do_commit /opt/stack/data/venv/lib/python3.12/site-packages/ovsdbapp/backend/ovs_idl/transaction.py:129}}
Jul 05 01:22:03.452225 np0000004547 devstack@neutron-api.service[87313]: DEBUG ovsdbapp.backend.ovs_idl.transaction [None req-6d0c0640-f2cf-4e37-bc3b-b010a0372a1a None None] Running txn n=1 command(idx=0): CheckRevisionNumberCommand(_result=None, name=lrp-600c638e-fa30-4af7-8035-a18672b0e0d2, resource={'id': '600c638e-fa30-4af7-8035-a18672b0e0d2', 'name': '', 'network_id': '95a99151-7e9c-49f4-88bd-9dbce63ab54c', 'project_id': '41476df3ded540f6836852bb9799b446', 'mac_address': 'fa:16:3e:5a:56:66', 'admin_state_up': True, 'status': 'ACTIVE', 'device_id': '4ef5b9b9-4840-4aed-bf41-5810cfb10e40', 'device_owner': 'network:router_interface', 'standard_attr_id': 24, 'fixed_ips': [{'subnet_id': '7ea782b2-a66f-4892-843c-be56bb3db0db', 'ip_address': 'fdf6:ab9e:b0c8::1'}], 'allowed_address_pairs': [], 'extra_dhcp_opts': [], 'security_groups': [], 'description': '', 'binding:vnic_type': 'normal', 'binding:profile': {}, 'binding:host_id': '', 'binding:vif_type': 'unbound', 'binding:vif_details': {}, 'port_security_enabled': False, 'tags': [], 'created_at': '2026-07-05T01:21:54Z', 'updated_at': '2026-07-05T01:21:57Z', 'revision_number': 4, 'tenant_id': '41476df3ded540f6836852bb9799b446'}, resource_type=router_ports, if_exists=True) {{(pid=87313) do_commit /opt/stack/data/venv/lib/python3.12/site-packages/ovsdbapp/backend/ovs_idl/transaction.py:89}}
Jul 05 01:22:03.452225 np0000004547 devstack@neutron-api.service[87313]: DEBUG ovsdbapp.backend.ovs_idl.transaction [None req-6d0c0640-f2cf-4e37-bc3b-b010a0372a1a None None] Running txn n=1 command(idx=1): UpdateLRouterPortCommand(_result=None, name=lrp-600c638e-fa30-4af7-8035-a18672b0e0d2, columns={'external_ids': {'neutron:revision_number': '4', 'neutron:subnet_ids': '7ea782b2-a66f-4892-843c-be56bb3db0db', 'neutron:network_name': 'neutron-95a99151-7e9c-49f4-88bd-9dbce63ab54c', 'neutron:is_ext_gw': 'False', 'neutron:router_name': 'neutron-4ef5b9b9-4840-4aed-bf41-5810cfb10e40'}, 'options': {}, 'networks': ['fdf6:ab9e:b0c8::1/64'], 'ipv6_ra_configs': {'address_mode': 'slaac', 'send_periodic': 'true', 'mtu': '1372'}}, if_exists=False) {{(pid=87313) do_commit /opt/stack/data/venv/lib/python3.12/site-packages/ovsdbapp/backend/ovs_idl/transaction.py:89}}
Jul 05 01:22:03.452225 np0000004547 devstack@neutron-api.service[87313]: DEBUG ovsdbapp.backend.ovs_idl.transaction [None req-6d0c0640-f2cf-4e37-bc3b-b010a0372a1a None None] Running txn n=1 command(idx=2): SetLRouterPortInLSwitchPortCommand(_result=None, lswitch_port=600c638e-fa30-4af7-8035-a18672b0e0d2, lrouter_port=lrp-600c638e-fa30-4af7-8035-a18672b0e0d2, is_gw_port=False, if_exists=True, lsp_address=router) {{(pid=87313) do_commit /opt/stack/data/venv/lib/python3.12/site-packages/ovsdbapp/backend/ovs_idl/transaction.py:89}}
Jul 05 01:22:03.452225 np0000004547 devstack@neutron-api.service[87313]: DEBUG ovsdbapp.backend.ovs_idl.transaction [None req-6d0c0640-f2cf-4e37-bc3b-b010a0372a1a None None] Transaction caused no change {{(pid=87313) do_commit /opt/stack/data/venv/lib/python3.12/site-packages/ovsdbapp/backend/ovs_idl/transaction.py:129}}
Jul 05 01:22:03.560967 np0000004547 devstack@neutron-api.service[87313]: DEBUG ovsdbapp.backend.ovs_idl.transaction [None req-6d0c0640-f2cf-4e37-bc3b-b010a0372a1a None None] Running txn n=1 command(idx=0): CheckRevisionNumberCommand(_result=None, name=lrp-600c638e-fa30-4af7-8035-a18672b0e0d2, resource={'id': '600c638e-fa30-4af7-8035-a18672b0e0d2', 'name': '', 'network_id': '95a99151-7e9c-49f4-88bd-9dbce63ab54c', 'project_id': '41476df3ded540f6836852bb9799b446', 'mac_address': 'fa:16:3e:5a:56:66', 'admin_state_up': True, 'status': 'ACTIVE', 'device_id': '4ef5b9b9-4840-4aed-bf41-5810cfb10e40', 'device_owner': 'network:router_interface', 'standard_attr_id': 24, 'fixed_ips': [{'subnet_id': '7ea782b2-a66f-4892-843c-be56bb3db0db', 'ip_address': 'fdf6:ab9e:b0c8::1'}], 'allowed_address_pairs': [], 'extra_dhcp_opts': [], 'security_groups': [], 'description': '', 'binding:vnic_type': 'normal', 'binding:profile': {}, 'binding:host_id': '', 'binding:vif_type': 'unbound', 'binding:vif_details': {}, 'port_security_enabled': False, 'tags': [], 'created_at': '2026-07-05T01:21:54Z', 'updated_at': '2026-07-05T01:21:57Z', 'revision_number': 4, 'tenant_id': '41476df3ded540f6836852bb9799b446'}, resource_type=router_ports, if_exists=True) {{(pid=87313) do_commit /opt/stack/data/venv/lib/python3.12/site-packages/ovsdbapp/backend/ovs_idl/transaction.py:89}}
Jul 05 01:22:03.561322 np0000004547 devstack@neutron-api.service[87313]: DEBUG ovsdbapp.backend.ovs_idl.transaction [None req-6d0c0640-f2cf-4e37-bc3b-b010a0372a1a None None] Running txn n=1 command(idx=1): UpdateLRouterPortCommand(_result=None, name=lrp-600c638e-fa30-4af7-8035-a18672b0e0d2, columns={'external_ids': {'neutron:revision_number': '4', 'neutron:subnet_ids': '7ea782b2-a66f-4892-843c-be56bb3db0db', 'neutron:network_name': 'neutron-95a99151-7e9c-49f4-88bd-9dbce63ab54c', 'neutron:is_ext_gw': 'False', 'neutron:router_name': 'neutron-4ef5b9b9-4840-4aed-bf41-5810cfb10e40'}, 'options': {}, 'networks': ['fdf6:ab9e:b0c8::1/64'], 'ipv6_ra_configs': {'address_mode': 'slaac', 'send_periodic': 'true', 'mtu': '1372'}}, if_exists=False) {{(pid=87313) do_commit /opt/stack/data/venv/lib/python3.12/site-packages/ovsdbapp/backend/ovs_idl/transaction.py:89}}
Jul 05 01:22:03.561652 np0000004547 devstack@neutron-api.service[87313]: DEBUG ovsdbapp.backend.ovs_idl.transaction [None req-6d0c0640-f2cf-4e37-bc3b-b010a0372a1a None None] Running txn n=1 command(idx=2): SetLRouterPortInLSwitchPortCommand(_result=None, lswitch_port=600c638e-fa30-4af7-8035-a18672b0e0d2, lrouter_port=lrp-600c638e-fa30-4af7-8035-a18672b0e0d2, is_gw_port=False, if_exists=True, lsp_address=router) {{(pid=87313) do_commit /opt/stack/data/venv/lib/python3.12/site-packages/ovsdbapp/backend/ovs_idl/transaction.py:89}}
Jul 05 01:22:03.561937 np0000004547 devstack@neutron-api.service[87313]: DEBUG ovsdbapp.backend.ovs_idl.transaction [None req-6d0c0640-f2cf-4e37-bc3b-b010a0372a1a None None] Transaction caused no change {{(pid=87313) do_commit /opt/stack/data/venv/lib/python3.12/site-packages/ovsdbapp/backend/ovs_idl/transaction.py:129}}
Jul 05 01:22:06.412707 np0000004547 devstack@neutron-api.service[87313]: DEBUG futurist.periodics [-] Submitting periodic callback 'neutron.plugins.ml2.drivers.ovn.mech_driver.ovsdb.maintenance.HashRingHealthCheckPeriodics.touch_hash_ring_node' {{(pid=87313) _process_scheduled /opt/stack/data/venv/lib/python3.12/site-packages/futurist/periodics.py:784}}
Jul 05 01:22:06.412707 np0000004547 devstack@neutron-api.service[87313]: DEBUG neutron.plugins.ml2.drivers.ovn.mech_driver.ovsdb.maintenance [-] Touching Hash Ring node "98620925ea575985bef9f74ccb78fb00" from periodic health check thread {{(pid=87313) touch_hash_ring_node /opt/stack/neutron/neutron/plugins/ml2/drivers/ovn/mech_driver/ovsdb/maintenance.py:1419}}
Jul 05 01:22:07.356405 np0000004547 devstack@neutron-api.service[87314]: DEBUG futurist.periodics [-] Submitting periodic callback 'neutron.plugins.ml2.drivers.ovn.mech_driver.ovsdb.maintenance.HashRingHealthCheckPeriodics.touch_hash_ring_node' {{(pid=87314) _process_scheduled /opt/stack/data/venv/lib/python3.12/site-packages/futurist/periodics.py:784}}
Jul 05 01:22:07.356857 np0000004547 devstack@neutron-api.service[87314]: DEBUG neutron.plugins.ml2.drivers.ovn.mech_driver.ovsdb.maintenance [-] Touching Hash Ring node "fbdd4d14ca625a529826556106492234" from periodic health check thread {{(pid=87314) touch_hash_ring_node /opt/stack/neutron/neutron/plugins/ml2/drivers/ovn/mech_driver/ovsdb/maintenance.py:1419}}
Jul 05 01:22:07.519326 np0000004547 devstack@neutron-api.service[87315]: DEBUG futurist.periodics [-] Submitting periodic callback 'neutron.plugins.ml2.drivers.ovn.mech_driver.ovsdb.maintenance.HashRingHealthCheckPeriodics.touch_hash_ring_node' {{(pid=87315) _process_scheduled /opt/stack/data/venv/lib/python3.12/site-packages/futurist/periodics.py:784}}
Jul 05 01:22:07.519787 np0000004547 devstack@neutron-api.service[87315]: DEBUG neutron.plugins.ml2.drivers.ovn.mech_driver.ovsdb.maintenance [-] Touching Hash Ring node "8a40e56e818e541684008f44d2fc6780" from periodic health check thread {{(pid=87315) touch_hash_ring_node /opt/stack/neutron/neutron/plugins/ml2/drivers/ovn/mech_driver/ovsdb/maintenance.py:1419}}
Jul 05 01:22:16.420564 np0000004547 devstack@neutron-api.service[87313]: DEBUG dbcounter [-] [87313] Writing DB stats neutron:SELECT=3370,neutron:INSERT=730,neutron:DELETE=12,neutron:UPDATE=139 {{(pid=87313) stat_writer /opt/stack/data/venv/lib/python3.12/site-packages/dbcounter.py:115}}
Jul 05 01:22:17.363174 np0000004547 devstack@neutron-api.service[87314]: DEBUG dbcounter [-] [87314] Writing DB stats neutron:SELECT=1246,neutron:INSERT=19,neutron:DELETE=8,neutron:UPDATE=63 {{(pid=87314) stat_writer /opt/stack/data/venv/lib/python3.12/site-packages/dbcounter.py:115}}
Jul 05 01:22:17.526201 np0000004547 devstack@neutron-api.service[87315]: DEBUG dbcounter [-] [87315] Writing DB stats neutron:SELECT=2303,neutron:INSERT=55,neutron:DELETE=10,neutron:UPDATE=51 {{(pid=87315) stat_writer /opt/stack/data/venv/lib/python3.12/site-packages/dbcounter.py:115}}
Jul 05 01:22:21.413232 np0000004547 devstack@neutron-api.service[87313]: DEBUG futurist.periodics [-] Submitting periodic callback 'neutron.plugins.ml2.drivers.ovn.mech_driver.ovsdb.maintenance.HashRingHealthCheckPeriodics.touch_hash_ring_node' {{(pid=87313) _process_scheduled /opt/stack/data/venv/lib/python3.12/site-packages/futurist/periodics.py:784}}
Jul 05 01:22:21.413232 np0000004547 devstack@neutron-api.service[87313]: DEBUG neutron.plugins.ml2.drivers.ovn.mech_driver.ovsdb.maintenance [-] Touching Hash Ring node "98620925ea575985bef9f74ccb78fb00" from periodic health check thread {{(pid=87313) touch_hash_ring_node /opt/stack/neutron/neutron/plugins/ml2/drivers/ovn/mech_driver/ovsdb/maintenance.py:1419}}
Jul 05 01:22:22.357035 np0000004547 devstack@neutron-api.service[87314]: DEBUG futurist.periodics [-] Submitting periodic callback 'neutron.plugins.ml2.drivers.ovn.mech_driver.ovsdb.maintenance.HashRingHealthCheckPeriodics.touch_hash_ring_node' {{(pid=87314) _process_scheduled /opt/stack/data/venv/lib/python3.12/site-packages/futurist/periodics.py:784}}
Jul 05 01:22:22.357499 np0000004547 devstack@neutron-api.service[87314]: DEBUG neutron.plugins.ml2.drivers.ovn.mech_driver.ovsdb.maintenance [-] Touching Hash Ring node "fbdd4d14ca625a529826556106492234" from periodic health check thread {{(pid=87314) touch_hash_ring_node /opt/stack/neutron/neutron/plugins/ml2/drivers/ovn/mech_driver/ovsdb/maintenance.py:1419}}
Jul 05 01:22:22.519997 np0000004547 devstack@neutron-api.service[87315]: DEBUG futurist.periodics [-] Submitting periodic callback 'neutron.plugins.ml2.drivers.ovn.mech_driver.ovsdb.maintenance.HashRingHealthCheckPeriodics.touch_hash_ring_node' {{(pid=87315) _process_scheduled /opt/stack/data/venv/lib/python3.12/site-packages/futurist/periodics.py:784}}
Jul 05 01:22:22.520572 np0000004547 devstack@neutron-api.service[87315]: DEBUG neutron.plugins.ml2.drivers.ovn.mech_driver.ovsdb.maintenance [-] Touching Hash Ring node "8a40e56e818e541684008f44d2fc6780" from periodic health check thread {{(pid=87315) touch_hash_ring_node /opt/stack/neutron/neutron/plugins/ml2/drivers/ovn/mech_driver/ovsdb/maintenance.py:1419}}
Jul 05 01:22:31.421397 np0000004547 devstack@neutron-api.service[87313]: DEBUG dbcounter [-] [87313] Writing DB stats neutron:UPDATE=1,neutron:SELECT=1 {{(pid=87313) stat_writer /opt/stack/data/venv/lib/python3.12/site-packages/dbcounter.py:115}}
Jul 05 01:22:32.364401 np0000004547 devstack@neutron-api.service[87314]: DEBUG dbcounter [-] [87314] Writing DB stats neutron:UPDATE=1,neutron:SELECT=1 {{(pid=87314) stat_writer /opt/stack/data/venv/lib/python3.12/site-packages/dbcounter.py:115}}
Jul 05 01:22:32.528826 np0000004547 devstack@neutron-api.service[87315]: DEBUG dbcounter [-] [87315] Writing DB stats neutron:UPDATE=1,neutron:SELECT=1 {{(pid=87315) stat_writer /opt/stack/data/venv/lib/python3.12/site-packages/dbcounter.py:115}}
Jul 05 01:22:36.413386 np0000004547 devstack@neutron-api.service[87313]: DEBUG futurist.periodics [-] Submitting periodic callback 'neutron.plugins.ml2.drivers.ovn.mech_driver.ovsdb.maintenance.HashRingHealthCheckPeriodics.touch_hash_ring_node' {{(pid=87313) _process_scheduled /opt/stack/data/venv/lib/python3.12/site-packages/futurist/periodics.py:784}}
Jul 05 01:22:36.413951 np0000004547 devstack@neutron-api.service[87313]: DEBUG neutron.plugins.ml2.drivers.ovn.mech_driver.ovsdb.maintenance [-] Touching Hash Ring node "98620925ea575985bef9f74ccb78fb00" from periodic health check thread {{(pid=87313) touch_hash_ring_node /opt/stack/neutron/neutron/plugins/ml2/drivers/ovn/mech_driver/ovsdb/maintenance.py:1419}}
Jul 05 01:22:37.357515 np0000004547 devstack@neutron-api.service[87314]: DEBUG futurist.periodics [-] Submitting periodic callback 'neutron.plugins.ml2.drivers.ovn.mech_driver.ovsdb.maintenance.HashRingHealthCheckPeriodics.touch_hash_ring_node' {{(pid=87314) _process_scheduled /opt/stack/data/venv/lib/python3.12/site-packages/futurist/periodics.py:784}}
Jul 05 01:22:37.358786 np0000004547 devstack@neutron-api.service[87314]: DEBUG neutron.plugins.ml2.drivers.ovn.mech_driver.ovsdb.maintenance [-] Touching Hash Ring node "fbdd4d14ca625a529826556106492234" from periodic health check thread {{(pid=87314) touch_hash_ring_node /opt/stack/neutron/neutron/plugins/ml2/drivers/ovn/mech_driver/ovsdb/maintenance.py:1419}}
Jul 05 01:22:37.520927 np0000004547 devstack@neutron-api.service[87315]: DEBUG futurist.periodics [-] Submitting periodic callback 'neutron.plugins.ml2.drivers.ovn.mech_driver.ovsdb.maintenance.HashRingHealthCheckPeriodics.touch_hash_ring_node' {{(pid=87315) _process_scheduled /opt/stack/data/venv/lib/python3.12/site-packages/futurist/periodics.py:784}}
Jul 05 01:22:37.521339 np0000004547 devstack@neutron-api.service[87315]: DEBUG neutron.plugins.ml2.drivers.ovn.mech_driver.ovsdb.maintenance [-] Touching Hash Ring node "8a40e56e818e541684008f44d2fc6780" from periodic health check thread {{(pid=87315) touch_hash_ring_node /opt/stack/neutron/neutron/plugins/ml2/drivers/ovn/mech_driver/ovsdb/maintenance.py:1419}}
Jul 05 01:22:46.420748 np0000004547 devstack@neutron-api.service[87313]: DEBUG dbcounter [-] [87313] Writing DB stats neutron:UPDATE=1,neutron:SELECT=1 {{(pid=87313) stat_writer /opt/stack/data/venv/lib/python3.12/site-packages/dbcounter.py:115}}
Jul 05 01:22:47.365322 np0000004547 devstack@neutron-api.service[87314]: DEBUG dbcounter [-] [87314] Writing DB stats neutron:UPDATE=1,neutron:SELECT=1 {{(pid=87314) stat_writer /opt/stack/data/venv/lib/python3.12/site-packages/dbcounter.py:115}}
Jul 05 01:22:47.527373 np0000004547 devstack@neutron-api.service[87315]: DEBUG dbcounter [-] [87315] Writing DB stats neutron:UPDATE=1,neutron:SELECT=1 {{(pid=87315) stat_writer /opt/stack/data/venv/lib/python3.12/site-packages/dbcounter.py:115}}
Jul 05 01:22:51.413917 np0000004547 devstack@neutron-api.service[87313]: DEBUG futurist.periodics [-] Submitting periodic callback 'neutron.plugins.ml2.drivers.ovn.mech_driver.ovsdb.maintenance.HashRingHealthCheckPeriodics.touch_hash_ring_node' {{(pid=87313) _process_scheduled /opt/stack/data/venv/lib/python3.12/site-packages/futurist/periodics.py:784}}
Jul 05 01:22:51.414388 np0000004547 devstack@neutron-api.service[87313]: DEBUG neutron.plugins.ml2.drivers.ovn.mech_driver.ovsdb.maintenance [-] Touching Hash Ring node "98620925ea575985bef9f74ccb78fb00" from periodic health check thread {{(pid=87313) touch_hash_ring_node /opt/stack/neutron/neutron/plugins/ml2/drivers/ovn/mech_driver/ovsdb/maintenance.py:1419}}
Jul 05 01:22:52.358309 np0000004547 devstack@neutron-api.service[87314]: DEBUG futurist.periodics [-] Submitting periodic callback 'neutron.plugins.ml2.drivers.ovn.mech_driver.ovsdb.maintenance.HashRingHealthCheckPeriodics.touch_hash_ring_node' {{(pid=87314) _process_scheduled /opt/stack/data/venv/lib/python3.12/site-packages/futurist/periodics.py:784}}
Jul 05 01:22:52.359129 np0000004547 devstack@neutron-api.service[87314]: DEBUG neutron.plugins.ml2.drivers.ovn.mech_driver.ovsdb.maintenance [-] Touching Hash Ring node "fbdd4d14ca625a529826556106492234" from periodic health check thread {{(pid=87314) touch_hash_ring_node /opt/stack/neutron/neutron/plugins/ml2/drivers/ovn/mech_driver/ovsdb/maintenance.py:1419}}
Jul 05 01:22:52.521427 np0000004547 devstack@neutron-api.service[87315]: DEBUG futurist.periodics [-] Submitting periodic callback 'neutron.plugins.ml2.drivers.ovn.mech_driver.ovsdb.maintenance.HashRingHealthCheckPeriodics.touch_hash_ring_node' {{(pid=87315) _process_scheduled /opt/stack/data/venv/lib/python3.12/site-packages/futurist/periodics.py:784}}
Jul 05 01:22:52.521910 np0000004547 devstack@neutron-api.service[87315]: DEBUG neutron.plugins.ml2.drivers.ovn.mech_driver.ovsdb.maintenance [-] Touching Hash Ring node "8a40e56e818e541684008f44d2fc6780" from periodic health check thread {{(pid=87315) touch_hash_ring_node /opt/stack/neutron/neutron/plugins/ml2/drivers/ovn/mech_driver/ovsdb/maintenance.py:1419}}
Jul 05 01:22:56.379296 np0000004547 devstack@neutron-api.service[87315]: DEBUG neutron.api.wsgi [None req-408d51dc-e6c3-4d1d-a0cd-96cefb62ad78 admin admin] Missing Content-Type {{(pid=87315) get_content_type /opt/stack/neutron/neutron/api/wsgi.py:80}}
Jul 05 01:22:56.379859 np0000004547 devstack@neutron-api.service[87315]: DEBUG neutron.api.wsgi [None req-408d51dc-e6c3-4d1d-a0cd-96cefb62ad78 admin admin] https://10.4.3.210/networking/v2.0/extensions returned with HTTP 200 {{(pid=87315) __call__ /opt/stack/neutron/neutron/api/wsgi.py:540}}
Jul 05 01:22:56.379980 np0000004547 devstack@neutron-api.service[87315]: [pid: 87315|app: 0|req: 11/34] 10.4.3.210 () {64 vars in 1292 bytes} [Sun Jul 5 01:22:56 2026] GET /networking/v2.0/extensions => generated 16171 bytes in 3 msecs (HTTP/1.1 200) 4 headers in 159 bytes (1 switches on core 0)
Jul 05 01:22:56.644052 np0000004547 devstack@neutron-api.service[87313]: INFO neutron.pecan_wsgi.hooks.translation [None req-453b740d-015c-4d9c-8ac9-f1a50069cda7 admin admin] GET failed (client error): The resource could not be found.
Jul 05 01:22:56.644794 np0000004547 devstack@neutron-api.service[87313]: [pid: 87313|app: 0|req: 13/35] 10.4.3.210 () {64 vars in 1294 bytes} [Sun Jul 5 01:22:56 2026] GET /networking/v2.0/networks/public => generated 108 bytes in 8 msecs (HTTP/1.1 404) 4 headers in 164 bytes (1 switches on core 0)
Jul 05 01:22:56.687250 np0000004547 devstack@neutron-api.service[87314]: DEBUG neutron.pecan_wsgi.hooks.policy_enforcement [None req-8719355b-6545-4614-9e13-be49be59f603 admin admin] Attributes excluded by policy engine: ['standard_attr_id'] {{(pid=87314) _exclude_attributes_by_policy /opt/stack/neutron/neutron/pecan_wsgi/hooks/policy_enforcement.py:259}}
Jul 05 01:22:56.688415 np0000004547 devstack@neutron-api.service[87314]: [pid: 87314|app: 0|req: 12/36] 10.4.3.210 () {64 vars in 1309 bytes} [Sun Jul 5 01:22:56 2026] GET /networking/v2.0/networks?name=public => generated 759 bytes in 38 msecs (HTTP/1.1 200) 4 headers in 157 bytes (1 switches on core 0)
Jul 05 01:22:56.869636 np0000004547 devstack@neutron-api.service[87315]: DEBUG neutron.api.v2.base [None req-2baf7be1-b3df-4a61-82c3-47dc1042243b admin admin] Request body: {'network': {'shared': True, 'admin_state_up': True, 'name': 'shared'}} {{(pid=87315) prepare_request_body /opt/stack/neutron/neutron/api/v2/base.py:727}}
Jul 05 01:22:56.881916 np0000004547 devstack@neutron-api.service[87315]: DEBUG neutron.pecan_wsgi.hooks.quota_enforcement [None req-2baf7be1-b3df-4a61-82c3-47dc1042243b admin admin] Made reservation on behalf of 41476df3ded540f6836852bb9799b446 for: {'network': 1} {{(pid=87315) before /opt/stack/neutron/neutron/pecan_wsgi/hooks/quota_enforcement.py:66}}
Jul 05 01:22:56.884372 np0000004547 devstack@neutron-api.service[87315]: DEBUG neutron_lib.callbacks.manager [None req-2baf7be1-b3df-4a61-82c3-47dc1042243b admin admin] Publish callbacks ['neutron.plugins.ml2.plugin.SecurityGroupDbMixin._ensure_default_security_group_handler-7432459'] for network (None), before_create {{(pid=87315) _notify_loop /opt/stack/data/venv/lib/python3.12/site-packages/neutron_lib/callbacks/manager.py:184}}
Jul 05 01:22:56.912467 np0000004547 devstack@neutron-api.service[87315]: WARNING neutron.services.revisions.revision_plugin [None req-2baf7be1-b3df-4a61-82c3-47dc1042243b admin admin] Could not find related network for resource to bump revision.
Jul 05 01:22:56.942893 np0000004547 devstack@neutron-api.service[87315]: DEBUG neutron.plugins.ml2.drivers.helpers [None req-2baf7be1-b3df-4a61-82c3-47dc1042243b admin admin] geneve segment allocate from pool success with {'geneve_vni': 37778} {{(pid=87315) allocate_partially_specified_segment /opt/stack/neutron/neutron/plugins/ml2/drivers/helpers.py:142}}
Jul 05 01:22:56.950851 np0000004547 devstack@neutron-api.service[87315]: DEBUG neutron_lib.callbacks.manager [None req-2baf7be1-b3df-4a61-82c3-47dc1042243b admin admin] Publish callbacks ['neutron.plugins.ml2.plugin.Ml2Plugin._handle_segment_change-7681509'] for segment (3bc17fc3-1415-4472-9c3d-9f99d9321b83), precommit_create {{(pid=87315) _notify_loop /opt/stack/data/venv/lib/python3.12/site-packages/neutron_lib/callbacks/manager.py:184}}
Jul 05 01:22:56.951050 np0000004547 devstack@neutron-api.service[87315]: INFO neutron.db.segments_db [None req-2baf7be1-b3df-4a61-82c3-47dc1042243b admin admin] Added segment 3bc17fc3-1415-4472-9c3d-9f99d9321b83 of type geneve for network 5f8b93ad-fc5d-4848-9e45-989ee10e43ba
Jul 05 01:22:56.965168 np0000004547 devstack@neutron-api.service[87315]: DEBUG neutron_lib.callbacks.manager [None req-2baf7be1-b3df-4a61-82c3-47dc1042243b admin admin] Publish callbacks ['neutron.services.auto_allocate.db._ensure_external_network_default_value_callback-7946655038798'] for network (5f8b93ad-fc5d-4848-9e45-989ee10e43ba), precommit_create {{(pid=87315) _notify_loop /opt/stack/data/venv/lib/python3.12/site-packages/neutron_lib/callbacks/manager.py:184}}
Jul 05 01:22:56.975984 np0000004547 devstack@neutron-api.service[87315]: DEBUG neutron.plugins.ml2.drivers.ovn.mech_driver.mech_driver [None req-2baf7be1-b3df-4a61-82c3-47dc1042243b admin admin] Validating network segment with type geneve, segmentation ID 37778, physical network None {{(pid=87315) _validate_network_segments /opt/stack/neutron/neutron/plugins/ml2/drivers/ovn/mech_driver/mech_driver.py:646}}
Jul 05 01:22:56.976129 np0000004547 devstack@neutron-api.service[87315]: DEBUG neutron.db.ovn_revision_numbers_db [None req-2baf7be1-b3df-4a61-82c3-47dc1042243b admin admin] create_initial_revision uuid=5f8b93ad-fc5d-4848-9e45-989ee10e43ba, type=networks, rev=-1 {{(pid=87315) create_initial_revision /opt/stack/neutron/neutron/db/ovn_revision_numbers_db.py:98}}
Jul 05 01:22:56.983139 np0000004547 devstack@neutron-api.service[87315]: DEBUG neutron_lib.callbacks.manager [None req-2baf7be1-b3df-4a61-82c3-47dc1042243b admin admin] Publish callbacks ['neutron.plugins.ml2.ovo_rpc._ObjectChangeHandler.handle_event-3135878'] for network (5f8b93ad-fc5d-4848-9e45-989ee10e43ba), after_create {{(pid=87315) _notify_loop /opt/stack/data/venv/lib/python3.12/site-packages/neutron_lib/callbacks/manager.py:184}}
Jul 05 01:22:56.995214 np0000004547 devstack@neutron-api.service[87315]: DEBUG neutron.api.rpc.handlers.resources_rpc [None req-2baf7be1-b3df-4a61-82c3-47dc1042243b admin admin] Pushing event updated for resources: {'Network': ['ID=5f8b93ad-fc5d-4848-9e45-989ee10e43ba,revision_number=1']} {{(pid=87315) push /opt/stack/neutron/neutron/api/rpc/handlers/resources_rpc.py:237}}
Jul 05 01:22:56.998689 np0000004547 devstack@neutron-api.service[87315]: DEBUG ovsdbapp.backend.ovs_idl.transaction [None req-89b0d2a5-688a-41e8-9719-a6da24c2097e None None] Running txn n=1 command(idx=0): CheckLivenessCommand(_result=None) {{(pid=87315) do_commit /opt/stack/data/venv/lib/python3.12/site-packages/ovsdbapp/backend/ovs_idl/transaction.py:89}}
Jul 05 01:22:57.004924 np0000004547 devstack@neutron-api.service[87313]: DEBUG neutron.plugins.ml2.drivers.ovn.mech_driver.ovsdb.ovsdb_monitor [None req-17478192-7234-4009-8125-82beeac6de32 None None] ChassisAgentWriteEvent : Matched Chassis_Private, update, None None {{(pid=87313) matches /opt/stack/neutron/neutron/plugins/ml2/drivers/ovn/mech_driver/ovsdb/ovsdb_monitor.py:64}}
Jul 05 01:22:57.005081 np0000004547 devstack@neutron-api.service[87315]: DEBUG neutron.plugins.ml2.drivers.ovn.mech_driver.ovsdb.ovsdb_monitor [None req-c59016fe-bc6c-455f-88f8-629305066089 None None] ChassisAgentWriteEvent : Matched Chassis_Private, update, None None {{(pid=87315) matches /opt/stack/neutron/neutron/plugins/ml2/drivers/ovn/mech_driver/ovsdb/ovsdb_monitor.py:64}}
Jul 05 01:22:57.007791 np0000004547 devstack@neutron-api.service[87314]: DEBUG neutron.plugins.ml2.drivers.ovn.mech_driver.ovsdb.ovsdb_monitor [None req-d491b904-458e-4888-8b73-bc7f500bbe1a None None] ChassisAgentWriteEvent : Matched Chassis_Private, update, None None {{(pid=87314) matches /opt/stack/neutron/neutron/plugins/ml2/drivers/ovn/mech_driver/ovsdb/ovsdb_monitor.py:64}}
Jul 05 01:22:57.015428 np0000004547 devstack@neutron-api.service[87313]: DEBUG neutron.common.ovn.hash_ring_manager [None req-6d0c0640-f2cf-4e37-bc3b-b010a0372a1a None None] Hash Ring loaded. 3 active nodes. 0 offline nodes {{(pid=87313) _load_hash_ring /opt/stack/neutron/neutron/common/ovn/hash_ring_manager.py:110}}
Jul 05 01:22:57.015428 np0000004547 devstack@neutron-api.service[87313]: DEBUG neutron.plugins.ml2.drivers.ovn.mech_driver.ovsdb.ovsdb_monitor [None req-6d0c0640-f2cf-4e37-bc3b-b010a0372a1a None None] Hash Ring: Node 98620925ea575985bef9f74ccb78fb00 (host: np0000004547) handling event "update" for row 905da986-ba5f-4c0c-8b47-db733c3737b1 (table: NB_Global) {{(pid=87313) notify /opt/stack/neutron/neutron/plugins/ml2/drivers/ovn/mech_driver/ovsdb/ovsdb_monitor.py:1015}}
Jul 05 01:22:57.016514 np0000004547 devstack@neutron-api.service[87313]: DEBUG neutron.common.ovn.hash_ring_manager [None req-17478192-7234-4009-8125-82beeac6de32 None None] Hash Ring loaded. 3 active nodes. 0 offline nodes {{(pid=87313) _load_hash_ring /opt/stack/neutron/neutron/common/ovn/hash_ring_manager.py:110}}
Jul 05 01:22:57.016651 np0000004547 devstack@neutron-api.service[87314]: DEBUG neutron.common.ovn.hash_ring_manager [None req-d491b904-458e-4888-8b73-bc7f500bbe1a None None] Hash Ring loaded. 3 active nodes. 0 offline nodes {{(pid=87314) _load_hash_ring /opt/stack/neutron/neutron/common/ovn/hash_ring_manager.py:110}}
Jul 05 01:22:57.016815 np0000004547 devstack@neutron-api.service[87315]: DEBUG neutron.common.ovn.hash_ring_manager [None req-c59016fe-bc6c-455f-88f8-629305066089 None None] Hash Ring loaded. 3 active nodes. 0 offline nodes {{(pid=87315) _load_hash_ring /opt/stack/neutron/neutron/common/ovn/hash_ring_manager.py:110}}
Jul 05 01:22:57.016974 np0000004547 devstack@neutron-api.service[87313]: DEBUG neutron.plugins.ml2.drivers.ovn.mech_driver.ovsdb.ovsdb_monitor [None req-6d0c0640-f2cf-4e37-bc3b-b010a0372a1a None None] Hash Ring: Node 98620925ea575985bef9f74ccb78fb00 (host: np0000004547) handling event "update" for row 905da986-ba5f-4c0c-8b47-db733c3737b1 (table: NB_Global) {{(pid=87313) notify /opt/stack/neutron/neutron/plugins/ml2/drivers/ovn/mech_driver/ovsdb/ovsdb_monitor.py:1015}}
Jul 05 01:22:57.017507 np0000004547 devstack@neutron-api.service[87315]: DEBUG neutron.plugins.ml2.drivers.ovn.mech_driver.ovsdb.ovsdb_monitor [None req-c59016fe-bc6c-455f-88f8-629305066089 None None] Hash Ring: Node 8a40e56e818e541684008f44d2fc6780 (host: np0000004547) handling event "update" for row 3f74b203-772e-439f-adc6-8178115e0bd2 (table: Chassis_Private) {{(pid=87315) notify /opt/stack/neutron/neutron/plugins/ml2/drivers/ovn/mech_driver/ovsdb/ovsdb_monitor.py:1015}}
Jul 05 01:22:57.017507 np0000004547 devstack@neutron-api.service[87315]: DEBUG neutron.common.ovn.hash_ring_manager [None req-89b0d2a5-688a-41e8-9719-a6da24c2097e None None] Hash Ring loaded. 3 active nodes. 0 offline nodes {{(pid=87315) _load_hash_ring /opt/stack/neutron/neutron/common/ovn/hash_ring_manager.py:110}}
Jul 05 01:22:57.017748 np0000004547 devstack@neutron-api.service[87313]: DEBUG neutron.plugins.ml2.drivers.ovn.mech_driver.ovsdb.ovsdb_monitor [None req-6d0c0640-f2cf-4e37-bc3b-b010a0372a1a None None] Hash Ring: Node 98620925ea575985bef9f74ccb78fb00 (host: np0000004547) handling event "update" for row 905da986-ba5f-4c0c-8b47-db733c3737b1 (table: NB_Global) {{(pid=87313) notify /opt/stack/neutron/neutron/plugins/ml2/drivers/ovn/mech_driver/ovsdb/ovsdb_monitor.py:1015}}
Jul 05 01:22:57.017895 np0000004547 devstack@neutron-api.service[87314]: DEBUG neutron.common.ovn.hash_ring_manager [None req-442eb35b-0e2f-4537-9722-904bf21a3ed8 None None] Hash Ring loaded. 3 active nodes. 0 offline nodes {{(pid=87314) _load_hash_ring /opt/stack/neutron/neutron/common/ovn/hash_ring_manager.py:110}}
Jul 05 01:22:57.018101 np0000004547 devstack@neutron-api.service[87313]: DEBUG neutron.plugins.ml2.drivers.ovn.mech_driver.ovsdb.ovsdb_monitor [None req-6d0c0640-f2cf-4e37-bc3b-b010a0372a1a None None] Hash Ring: Node 98620925ea575985bef9f74ccb78fb00 (host: np0000004547) handling event "update" for row 905da986-ba5f-4c0c-8b47-db733c3737b1 (table: NB_Global) {{(pid=87313) notify /opt/stack/neutron/neutron/plugins/ml2/drivers/ovn/mech_driver/ovsdb/ovsdb_monitor.py:1015}}
Jul 05 01:22:57.020639 np0000004547 devstack@neutron-api.service[87315]: DEBUG neutron.api.rpc.callbacks.version_manager [None req-2baf7be1-b3df-4a61-82c3-47dc1042243b admin admin] Tracked resource versions report:
Jul 05 01:22:57.020639 np0000004547 devstack@neutron-api.service[87315]: pushed versions:
Jul 05 01:22:57.020639 np0000004547 devstack@neutron-api.service[87315]: { 'AddressGroup': {'1.2'},
Jul 05 01:22:57.020639 np0000004547 devstack@neutron-api.service[87315]: 'Agent': {'1.1'},
Jul 05 01:22:57.020639 np0000004547 devstack@neutron-api.service[87315]: 'ConntrackHelper': {'1.0'},
Jul 05 01:22:57.020639 np0000004547 devstack@neutron-api.service[87315]: 'LocalIPAssociation': {'1.0'},
Jul 05 01:22:57.020639 np0000004547 devstack@neutron-api.service[87315]: 'Log': {'1.0'},
Jul 05 01:22:57.020639 np0000004547 devstack@neutron-api.service[87315]: 'NDPProxy': {'1.0'},
Jul 05 01:22:57.020639 np0000004547 devstack@neutron-api.service[87315]: 'Network': {'1.3'},
Jul 05 01:22:57.020639 np0000004547 devstack@neutron-api.service[87315]: 'Port': {'1.11'},
Jul 05 01:22:57.020639 np0000004547 devstack@neutron-api.service[87315]: 'PortForwarding': {'1.3'},
Jul 05 01:22:57.020639 np0000004547 devstack@neutron-api.service[87315]: 'QosPolicy': {'1.10'},
Jul 05 01:22:57.020639 np0000004547 devstack@neutron-api.service[87315]: 'SecurityGroup': {'1.6'},
Jul 05 01:22:57.020639 np0000004547 devstack@neutron-api.service[87315]: 'SecurityGroupRule': {'1.3'},
Jul 05 01:22:57.020639 np0000004547 devstack@neutron-api.service[87315]: 'SubPort': {'1.0'},
Jul 05 01:22:57.020639 np0000004547 devstack@neutron-api.service[87315]: 'Subnet': {'1.2'},
Jul 05 01:22:57.020639 np0000004547 devstack@neutron-api.service[87315]: 'Trunk': {'1.1'}}
Jul 05 01:22:57.020639 np0000004547 devstack@neutron-api.service[87315]: consumer versions:
Jul 05 01:22:57.020639 np0000004547 devstack@neutron-api.service[87315]: { OVN Controller Gateway agent@np0000004547: {},
Jul 05 01:22:57.020639 np0000004547 devstack@neutron-api.service[87315]: OVN Neutron agent@np0000004547: {}}
Jul 05 01:22:57.020639 np0000004547 devstack@neutron-api.service[87315]: {{(pid=87315) report /opt/stack/neutron/neutron/api/rpc/callbacks/version_manager.py:183}}
Jul 05 01:22:57.027310 np0000004547 devstack@neutron-api.service[87315]: DEBUG ovsdbapp.backend.ovs_idl.transaction [None req-89b0d2a5-688a-41e8-9719-a6da24c2097e None None] Running txn n=1 command(idx=0): AddNetworkCommand(_result=None, network_uuid=5f8b93ad-fc5d-4848-9e45-989ee10e43ba, may_exist=True, columns={'external_ids': {'neutron:network_name': 'shared', 'neutron:mtu': '1372', 'neutron:revision_number': '1', 'neutron:availability_zone_hints': '', 'neutron:provnet-network-type': 'geneve'}, 'other_config': {'mcast_snoop': 'false', 'mcast_flood_unregistered': 'false', 'vlan-passthru': 'false'}}) {{(pid=87315) do_commit /opt/stack/data/venv/lib/python3.12/site-packages/ovsdbapp/backend/ovs_idl/transaction.py:89}}
Jul 05 01:22:57.031132 np0000004547 devstack@neutron-api.service[87313]: DEBUG neutron.plugins.ml2.drivers.ovn.mech_driver.ovsdb.ovsdb_monitor [None req-6d0c0640-f2cf-4e37-bc3b-b010a0372a1a None None] Hash Ring: Node 98620925ea575985bef9f74ccb78fb00 (host: np0000004547) handling event "create" for row 5f8b93ad-fc5d-4848-9e45-989ee10e43ba (table: Logical_Switch) {{(pid=87313) notify /opt/stack/neutron/neutron/plugins/ml2/drivers/ovn/mech_driver/ovsdb/ovsdb_monitor.py:1015}}
Jul 05 01:22:57.033177 np0000004547 devstack@neutron-api.service[87315]: DEBUG neutron.plugins.ml2.drivers.ovn.mech_driver.ovsdb.ovsdb_monitor [None req-c59016fe-bc6c-455f-88f8-629305066089 None None] Hash Ring: Node 8a40e56e818e541684008f44d2fc6780 (host: np0000004547) handling event "create" for row 41eb1e27-a785-42df-9ed4-5697ad4c2265 (table: Datapath_Binding) {{(pid=87315) notify /opt/stack/neutron/neutron/plugins/ml2/drivers/ovn/mech_driver/ovsdb/ovsdb_monitor.py:1015}}
Jul 05 01:22:57.050489 np0000004547 devstack@neutron-api.service[87315]: INFO neutron.db.ovn_revision_numbers_db [None req-2baf7be1-b3df-4a61-82c3-47dc1042243b admin admin] Successfully bumped revision number for resource 5f8b93ad-fc5d-4848-9e45-989ee10e43ba (type: networks) to 1
Jul 05 01:22:57.060017 np0000004547 devstack@neutron-api.service[87315]: DEBUG neutron_lib.callbacks.manager [None req-2baf7be1-b3df-4a61-82c3-47dc1042243b admin admin] Publish callbacks ['neutron.plugins.ml2.plugin.SecurityGroupDbMixin._ensure_default_security_group_handler-7432459'] for port (None), before_create {{(pid=87315) _notify_loop /opt/stack/data/venv/lib/python3.12/site-packages/neutron_lib/callbacks/manager.py:184}}
Jul 05 01:22:57.116372 np0000004547 devstack@neutron-api.service[87315]: DEBUG neutron_lib.callbacks.manager [None req-2baf7be1-b3df-4a61-82c3-47dc1042243b admin admin] Publish callbacks ['neutron.plugins.ml2.drivers.ovn.mech_driver.mech_driver.OVNMechanismDriver._validate_allowed_address_pairs-2078581'] for allowed_address_pair (c8e154ad-2584-497b-a918-94f13d5654c4), before_create {{(pid=87315) _notify_loop /opt/stack/data/venv/lib/python3.12/site-packages/neutron_lib/callbacks/manager.py:184}}
Jul 05 01:22:57.116857 np0000004547 devstack@neutron-api.service[87315]: DEBUG neutron_lib.callbacks.manager [None req-2baf7be1-b3df-4a61-82c3-47dc1042243b admin admin] Publish callbacks [] for port (c8e154ad-2584-497b-a918-94f13d5654c4), precommit_create {{(pid=87315) _notify_loop /opt/stack/data/venv/lib/python3.12/site-packages/neutron_lib/callbacks/manager.py:184}}
Jul 05 01:22:57.117015 np0000004547 devstack@neutron-api.service[87315]: DEBUG neutron.plugins.ml2.drivers.ovn.mech_driver.mech_driver [None req-2baf7be1-b3df-4a61-82c3-47dc1042243b admin admin] No provisioning block for port c8e154ad-2584-497b-a918-94f13d5654c4 since it does not have a host {{(pid=87315) _is_port_provisioning_required /opt/stack/neutron/neutron/plugins/ml2/drivers/ovn/mech_driver/mech_driver.py:899}}
Jul 05 01:22:57.117107 np0000004547 devstack@neutron-api.service[87315]: DEBUG neutron.db.ovn_revision_numbers_db [None req-2baf7be1-b3df-4a61-82c3-47dc1042243b admin admin] create_initial_revision uuid=c8e154ad-2584-497b-a918-94f13d5654c4, type=ports, rev=-1 {{(pid=87315) create_initial_revision /opt/stack/neutron/neutron/db/ovn_revision_numbers_db.py:98}}
Jul 05 01:22:57.142724 np0000004547 devstack@neutron-api.service[87315]: DEBUG neutron_lib.callbacks.manager [None req-2baf7be1-b3df-4a61-82c3-47dc1042243b admin admin] Publish callbacks ['neutron.plugins.ml2.ovo_rpc._ObjectChangeHandler.handle_event-3135921'] for port (c8e154ad-2584-497b-a918-94f13d5654c4), after_create {{(pid=87315) _notify_loop /opt/stack/data/venv/lib/python3.12/site-packages/neutron_lib/callbacks/manager.py:184}}
