Jun 09 00:42:01.127603 np0000002378 devstack@g-api.service[102061]: DEBUG glance_store.location [-] Registering scheme swift+config with {'store': , 'location_class': , 'store_entry': 'swift'} {{(pid=102061) register_scheme_map /opt/stack/data/venv/lib/python3.12/site-packages/glance_store/location.py:146}}
Jun 09 00:42:01.127708 np0000002378 devstack@g-api.service[102060]: WARNING oslo_config.cfg [-] Deprecated: Option "default_store" from group "glance_store" is deprecated for removal (
Jun 09 00:42:01.127708 np0000002378 devstack@g-api.service[102060]: This option is deprecated against new config option
Jun 09 00:42:01.127708 np0000002378 devstack@g-api.service[102060]: ``default_backend`` which acts similar to ``default_store`` config
Jun 09 00:42:01.127708 np0000002378 devstack@g-api.service[102060]: option.
Jun 09 00:42:01.127708 np0000002378 devstack@g-api.service[102060]: This option is scheduled for removal in the U development
Jun 09 00:42:01.127708 np0000002378 devstack@g-api.service[102060]: cycle.
Jun 09 00:42:01.127708 np0000002378 devstack@g-api.service[102060]: ). Its value may be silently ignored in the future.
Jun 09 00:42:01.127848 np0000002378 devstack@g-api.service[102061]: DEBUG glance.sqlite_migration [-] SQLite caching database not located, skipping migration {{(pid=102061) get_db_path /opt/stack/glance/glance/sqlite_migration.py:68}}
Jun 09 00:42:01.127960 np0000002378 devstack@g-api.service[102061]: WARNING glance.common.wsgi_app [-] Import methods are enabled but staging directory /tmp/staging/ does not exist; Imports will fail!
Jun 09 00:42:01.129465 np0000002378 devstack@g-api.service[102060]: DEBUG glance_store.capabilities [-] Store glance_store._drivers.swift.store.SingleTenantStore doesn't support updating dynamic storage capabilities. Please overwrite 'update_capabilities' method of the store to implement updating logics if needed. {{(pid=102060) update_capabilities /opt/stack/data/venv/lib/python3.12/site-packages/glance_store/capabilities.py:91}}
Jun 09 00:42:01.129547 np0000002378 devstack@g-api.service[102060]: DEBUG glance_store.backend [-] Registering store swift with schemes ('swift+https', 'swift', 'swift+http', 'swift+config') {{(pid=102060) create_stores /opt/stack/data/venv/lib/python3.12/site-packages/glance_store/backend.py:261}}
Jun 09 00:42:01.129652 np0000002378 devstack@g-api.service[102060]: DEBUG glance_store.driver [-] Late loading location class glance_store._drivers.swift.store.StoreLocation {{(pid=102060) get_store_location_class /opt/stack/data/venv/lib/python3.12/site-packages/glance_store/driver.py:134}}
Jun 09 00:42:01.129760 np0000002378 devstack@g-api.service[102060]: DEBUG glance_store.location [-] Registering scheme swift+https with {'store': , 'location_class': , 'store_entry': 'swift'} {{(pid=102060) register_scheme_map /opt/stack/data/venv/lib/python3.12/site-packages/glance_store/location.py:146}}
Jun 09 00:42:01.129851 np0000002378 devstack@g-api.service[102060]: DEBUG glance_store.location [-] Registering scheme swift with {'store': , 'location_class': , 'store_entry': 'swift'} {{(pid=102060) register_scheme_map /opt/stack/data/venv/lib/python3.12/site-packages/glance_store/location.py:146}}
Jun 09 00:42:01.129939 np0000002378 devstack@g-api.service[102060]: DEBUG glance_store.location [-] Registering scheme swift+http with {'store': , 'location_class': , 'store_entry': 'swift'} {{(pid=102060) register_scheme_map /opt/stack/data/venv/lib/python3.12/site-packages/glance_store/location.py:146}}
Jun 09 00:42:01.130033 np0000002378 devstack@g-api.service[102060]: DEBUG glance_store.location [-] Registering scheme swift+config with {'store': , 'location_class': , 'store_entry': 'swift'} {{(pid=102060) register_scheme_map /opt/stack/data/venv/lib/python3.12/site-packages/glance_store/location.py:146}}
Jun 09 00:42:01.130210 np0000002378 devstack@g-api.service[102060]: DEBUG glance_store.backend [-] Attempting to import store swift {{(pid=102060) _load_store /opt/stack/data/venv/lib/python3.12/site-packages/glance_store/backend.py:215}}
Jun 09 00:42:01.131904 np0000002378 devstack@g-api.service[102060]: DEBUG glance_store.capabilities [-] Store glance_store._drivers.swift.store.SingleTenantStore doesn't support updating dynamic storage capabilities. Please overwrite 'update_capabilities' method of the store to implement updating logics if needed. {{(pid=102060) update_capabilities /opt/stack/data/venv/lib/python3.12/site-packages/glance_store/capabilities.py:91}}
Jun 09 00:42:01.131998 np0000002378 devstack@g-api.service[102060]: DEBUG glance_store.driver [-] Late loading location class glance_store._drivers.swift.store.StoreLocation {{(pid=102060) get_store_location_class /opt/stack/data/venv/lib/python3.12/site-packages/glance_store/driver.py:134}}
Jun 09 00:42:01.132096 np0000002378 devstack@g-api.service[102060]: DEBUG glance_store.location [-] Registering scheme swift+https with {'store': , 'location_class': , 'store_entry': 'swift'} {{(pid=102060) register_scheme_map /opt/stack/data/venv/lib/python3.12/site-packages/glance_store/location.py:146}}
Jun 09 00:42:01.132211 np0000002378 devstack@g-api.service[102060]: DEBUG glance_store.location [-] Registering scheme swift+https with {'store': , 'location_class': , 'store_entry': 'swift'} {{(pid=102060) register_scheme_map /opt/stack/data/venv/lib/python3.12/site-packages/glance_store/location.py:146}}
Jun 09 00:42:01.132310 np0000002378 devstack@g-api.service[102060]: DEBUG glance_store.location [-] Registering scheme swift with {'store': , 'location_class': , 'store_entry': 'swift'} {{(pid=102060) register_scheme_map /opt/stack/data/venv/lib/python3.12/site-packages/glance_store/location.py:146}}
Jun 09 00:42:01.132408 np0000002378 devstack@g-api.service[102060]: DEBUG glance_store.location [-] Registering scheme swift+https with {'store': , 'location_class': , 'store_entry': 'swift'} {{(pid=102060) register_scheme_map /opt/stack/data/venv/lib/python3.12/site-packages/glance_store/location.py:146}}
Jun 09 00:42:01.132499 np0000002378 devstack@g-api.service[102060]: DEBUG glance_store.location [-] Registering scheme swift with {'store': , 'location_class': , 'store_entry': 'swift'} {{(pid=102060) register_scheme_map /opt/stack/data/venv/lib/python3.12/site-packages/glance_store/location.py:146}}
Jun 09 00:42:01.132592 np0000002378 devstack@g-api.service[102060]: DEBUG glance_store.location [-] Registering scheme swift+http with {'store': , 'location_class': , 'store_entry': 'swift'} {{(pid=102060) register_scheme_map /opt/stack/data/venv/lib/python3.12/site-packages/glance_store/location.py:146}}
Jun 09 00:42:01.132682 np0000002378 devstack@g-api.service[102060]: DEBUG glance_store.location [-] Registering scheme swift+https with {'store': , 'location_class': , 'store_entry': 'swift'} {{(pid=102060) register_scheme_map /opt/stack/data/venv/lib/python3.12/site-packages/glance_store/location.py:146}}
Jun 09 00:42:01.132769 np0000002378 devstack@g-api.service[102060]: DEBUG glance_store.location [-] Registering scheme swift with {'store': , 'location_class': , 'store_entry': 'swift'} {{(pid=102060) register_scheme_map /opt/stack/data/venv/lib/python3.12/site-packages/glance_store/location.py:146}}
Jun 09 00:42:01.132859 np0000002378 devstack@g-api.service[102060]: DEBUG glance_store.location [-] Registering scheme swift+http with {'store': , 'location_class': , 'store_entry': 'swift'} {{(pid=102060) register_scheme_map /opt/stack/data/venv/lib/python3.12/site-packages/glance_store/location.py:146}}
Jun 09 00:42:01.132940 np0000002378 devstack@g-api.service[102060]: DEBUG glance_store.location [-] Registering scheme swift+config with {'store': , 'location_class': , 'store_entry': 'swift'} {{(pid=102060) register_scheme_map /opt/stack/data/venv/lib/python3.12/site-packages/glance_store/location.py:146}}
Jun 09 00:42:01.133333 np0000002378 devstack@g-api.service[102060]: DEBUG glance.sqlite_migration [-] SQLite caching database not located, skipping migration {{(pid=102060) get_db_path /opt/stack/glance/glance/sqlite_migration.py:68}}
Jun 09 00:42:01.133622 np0000002378 devstack@g-api.service[102060]: WARNING glance.common.wsgi_app [-] Import methods are enabled but staging directory /tmp/staging/ does not exist; Imports will fail!
Jun 09 00:42:01.313175 np0000002378 devstack@g-api.service[102059]: DEBUG glance.common.config [None req-64ca36b5-f13f-46d4-b6b7-07d220da9579 None None] Loading glance-api-keystone+cachemanagement from /etc/glance/glance-api-paste.ini {{(pid=102059) load_paste_app /opt/stack/glance/glance/common/config.py:758}}
Jun 09 00:42:01.397873 np0000002378 devstack@g-api.service[102061]: DEBUG glance.common.config [None req-8bfc296a-abdb-439d-8477-d9623a500efe None None] Loading glance-api-keystone+cachemanagement from /etc/glance/glance-api-paste.ini {{(pid=102061) load_paste_app /opt/stack/glance/glance/common/config.py:758}}
Jun 09 00:42:01.403000 np0000002378 devstack@g-api.service[102060]: DEBUG glance.common.config [None req-980257d1-246b-467e-a649-4552805039a5 None None] Loading glance-api-keystone+cachemanagement from /etc/glance/glance-api-paste.ini {{(pid=102060) load_paste_app /opt/stack/glance/glance/common/config.py:758}}
Jun 09 00:42:01.909796 np0000002378 devstack@g-api.service[102061]: INFO glance.image_cache [None req-8bfc296a-abdb-439d-8477-d9623a500efe None None] Image cache loaded driver 'centralized_db'.
Jun 09 00:42:01.913503 np0000002378 devstack@g-api.service[102060]: INFO glance.image_cache [None req-980257d1-246b-467e-a649-4552805039a5 None None] Image cache loaded driver 'centralized_db'.
Jun 09 00:42:01.922806 np0000002378 devstack@g-api.service[102059]: INFO glance.image_cache [None req-64ca36b5-f13f-46d4-b6b7-07d220da9579 None None] Image cache loaded driver 'centralized_db'.
Jun 09 00:42:01.952289 np0000002378 devstack@g-api.service[102061]: INFO dbcounter [None req-8bfc296a-abdb-439d-8477-d9623a500efe None None] Registered counter for database glance
Jun 09 00:42:01.957010 np0000002378 devstack@g-api.service[102060]: INFO dbcounter [None req-980257d1-246b-467e-a649-4552805039a5 None None] Registered counter for database glance
Jun 09 00:42:01.966386 np0000002378 devstack@g-api.service[102059]: INFO dbcounter [None req-64ca36b5-f13f-46d4-b6b7-07d220da9579 None None] Registered counter for database glance
Jun 09 00:42:01.995386 np0000002378 devstack@g-api.service[102061]: DEBUG oslo_db.sqlalchemy.engines [None req-8bfc296a-abdb-439d-8477-d9623a500efe None None] MySQL server mode set to STRICT_TRANS_TABLES,STRICT_ALL_TABLES,NO_ZERO_IN_DATE,NO_ZERO_DATE,ERROR_FOR_DIVISION_BY_ZERO,TRADITIONAL,NO_ENGINE_SUBSTITUTION {{(pid=102061) _check_effective_sql_mode /opt/stack/data/venv/lib/python3.12/site-packages/oslo_db/sqlalchemy/engines.py:325}}
Jun 09 00:42:02.002372 np0000002378 devstack@g-api.service[102060]: DEBUG oslo_db.sqlalchemy.engines [None req-980257d1-246b-467e-a649-4552805039a5 None None] MySQL server mode set to STRICT_TRANS_TABLES,STRICT_ALL_TABLES,NO_ZERO_IN_DATE,NO_ZERO_DATE,ERROR_FOR_DIVISION_BY_ZERO,TRADITIONAL,NO_ENGINE_SUBSTITUTION {{(pid=102060) _check_effective_sql_mode /opt/stack/data/venv/lib/python3.12/site-packages/oslo_db/sqlalchemy/engines.py:325}}
Jun 09 00:42:02.014044 np0000002378 devstack@g-api.service[102059]: DEBUG oslo_db.sqlalchemy.engines [None req-64ca36b5-f13f-46d4-b6b7-07d220da9579 None None] MySQL server mode set to STRICT_TRANS_TABLES,STRICT_ALL_TABLES,NO_ZERO_IN_DATE,NO_ZERO_DATE,ERROR_FOR_DIVISION_BY_ZERO,TRADITIONAL,NO_ENGINE_SUBSTITUTION {{(pid=102059) _check_effective_sql_mode /opt/stack/data/venv/lib/python3.12/site-packages/oslo_db/sqlalchemy/engines.py:325}}
Jun 09 00:42:02.016147 np0000002378 devstack@g-api.service[102061]: DEBUG dbcounter [-] [102061] Writer thread running {{(pid=102061) stat_writer /opt/stack/data/venv/lib/python3.12/site-packages/dbcounter.py:102}}
Jun 09 00:42:02.025518 np0000002378 devstack@g-api.service[102060]: DEBUG dbcounter [-] [102060] Writer thread running {{(pid=102060) stat_writer /opt/stack/data/venv/lib/python3.12/site-packages/dbcounter.py:102}}
Jun 09 00:42:02.025915 np0000002378 devstack@g-api.service[102061]: INFO glance.image_cache [None req-8bfc296a-abdb-439d-8477-d9623a500efe None None] Image cache loaded driver 'centralized_db'.
Jun 09 00:42:02.028438 np0000002378 devstack@g-api.service[102060]: DEBUG glance.image_cache.drivers.centralized_db [None req-980257d1-246b-467e-a649-4552805039a5 None None] Node reference is already recorded, ignoring it {{(pid=102060) configure /opt/stack/glance/glance/image_cache/drivers/centralized_db.py:71}}
Jun 09 00:42:02.032629 np0000002378 devstack@g-api.service[102061]: DEBUG glance.image_cache.drivers.centralized_db [None req-8bfc296a-abdb-439d-8477-d9623a500efe None None] Node reference is already recorded, ignoring it {{(pid=102061) configure /opt/stack/glance/glance/image_cache/drivers/centralized_db.py:71}}
Jun 09 00:42:02.034593 np0000002378 devstack@g-api.service[102060]: INFO glance.image_cache [None req-980257d1-246b-467e-a649-4552805039a5 None None] Image cache loaded driver 'centralized_db'.
Jun 09 00:42:02.037162 np0000002378 devstack@g-api.service[102061]: DEBUG glance.api.v2.cached_images [None req-8bfc296a-abdb-439d-8477-d9623a500efe None None] Started cache worker thread {{(pid=102061) __init__ /opt/stack/glance/glance/api/v2/cached_images.py:69}}
Jun 09 00:42:02.037520 np0000002378 devstack@g-api.service[102059]: DEBUG dbcounter [-] [102059] Writer thread running {{(pid=102059) stat_writer /opt/stack/data/venv/lib/python3.12/site-packages/dbcounter.py:102}}
Jun 09 00:42:02.037848 np0000002378 devstack@g-api.service[102061]: INFO glance.image_cache [None req-8bfc296a-abdb-439d-8477-d9623a500efe None None] Image cache loaded driver 'centralized_db'.
Jun 09 00:42:02.040738 np0000002378 devstack@g-api.service[102059]: DEBUG glance.image_cache.drivers.centralized_db [None req-64ca36b5-f13f-46d4-b6b7-07d220da9579 None None] Node reference is already recorded, ignoring it {{(pid=102059) configure /opt/stack/glance/glance/image_cache/drivers/centralized_db.py:71}}
Jun 09 00:42:02.041847 np0000002378 devstack@g-api.service[102060]: DEBUG glance.image_cache.drivers.centralized_db [None req-980257d1-246b-467e-a649-4552805039a5 None None] Node reference is already recorded, ignoring it {{(pid=102060) configure /opt/stack/glance/glance/image_cache/drivers/centralized_db.py:71}}
Jun 09 00:42:02.044557 np0000002378 devstack@g-api.service[102061]: DEBUG glance.image_cache.drivers.centralized_db [None req-8bfc296a-abdb-439d-8477-d9623a500efe None None] Node reference is already recorded, ignoring it {{(pid=102061) configure /opt/stack/glance/glance/image_cache/drivers/centralized_db.py:71}}
Jun 09 00:42:02.045994 np0000002378 devstack@g-api.service[102059]: INFO glance.image_cache [None req-64ca36b5-f13f-46d4-b6b7-07d220da9579 None None] Image cache loaded driver 'centralized_db'.
Jun 09 00:42:02.046596 np0000002378 devstack@g-api.service[102060]: DEBUG glance.api.v2.cached_images [None req-980257d1-246b-467e-a649-4552805039a5 None None] Started cache worker thread {{(pid=102060) __init__ /opt/stack/glance/glance/api/v2/cached_images.py:69}}
Jun 09 00:42:02.047236 np0000002378 devstack@g-api.service[102060]: INFO glance.image_cache [None req-980257d1-246b-467e-a649-4552805039a5 None None] Image cache loaded driver 'centralized_db'.
Jun 09 00:42:02.048862 np0000002378 devstack@g-api.service[102061]: INFO glance.api.middleware.cache_manage [None req-8bfc296a-abdb-439d-8477-d9623a500efe None None] Initialized image cache management middleware
Jun 09 00:42:02.048986 np0000002378 devstack@g-api.service[102061]: INFO glance.image_cache [None req-8bfc296a-abdb-439d-8477-d9623a500efe None None] Image cache loaded driver 'centralized_db'.
Jun 09 00:42:02.055512 np0000002378 devstack@g-api.service[102059]: DEBUG glance.image_cache.drivers.centralized_db [None req-64ca36b5-f13f-46d4-b6b7-07d220da9579 None None] Node reference is already recorded, ignoring it {{(pid=102059) configure /opt/stack/glance/glance/image_cache/drivers/centralized_db.py:71}}
Jun 09 00:42:02.056599 np0000002378 devstack@g-api.service[102060]: DEBUG glance.image_cache.drivers.centralized_db [None req-980257d1-246b-467e-a649-4552805039a5 None None] Node reference is already recorded, ignoring it {{(pid=102060) configure /opt/stack/glance/glance/image_cache/drivers/centralized_db.py:71}}
Jun 09 00:42:02.058320 np0000002378 devstack@g-api.service[102061]: DEBUG glance.image_cache.drivers.centralized_db [None req-8bfc296a-abdb-439d-8477-d9623a500efe None None] Node reference is already recorded, ignoring it {{(pid=102061) configure /opt/stack/glance/glance/image_cache/drivers/centralized_db.py:71}}
Jun 09 00:42:02.060013 np0000002378 devstack@g-api.service[102059]: DEBUG glance.api.v2.cached_images [None req-64ca36b5-f13f-46d4-b6b7-07d220da9579 None None] Started cache worker thread {{(pid=102059) __init__ /opt/stack/glance/glance/api/v2/cached_images.py:69}}
Jun 09 00:42:02.060724 np0000002378 devstack@g-api.service[102059]: INFO glance.image_cache [None req-64ca36b5-f13f-46d4-b6b7-07d220da9579 None None] Image cache loaded driver 'centralized_db'.
Jun 09 00:42:02.061812 np0000002378 devstack@g-api.service[102060]: INFO glance.api.middleware.cache_manage [None req-980257d1-246b-467e-a649-4552805039a5 None None] Initialized image cache management middleware
Jun 09 00:42:02.061952 np0000002378 devstack@g-api.service[102060]: INFO glance.image_cache [None req-980257d1-246b-467e-a649-4552805039a5 None None] Image cache loaded driver 'centralized_db'.
Jun 09 00:42:02.067911 np0000002378 devstack@g-api.service[102059]: DEBUG glance.image_cache.drivers.centralized_db [None req-64ca36b5-f13f-46d4-b6b7-07d220da9579 None None] Node reference is already recorded, ignoring it {{(pid=102059) configure /opt/stack/glance/glance/image_cache/drivers/centralized_db.py:71}}
Jun 09 00:42:02.072448 np0000002378 devstack@g-api.service[102059]: INFO glance.api.middleware.cache_manage [None req-64ca36b5-f13f-46d4-b6b7-07d220da9579 None None] Initialized image cache management middleware
Jun 09 00:42:02.072636 np0000002378 devstack@g-api.service[102059]: INFO glance.image_cache [None req-64ca36b5-f13f-46d4-b6b7-07d220da9579 None None] Image cache loaded driver 'centralized_db'.
Jun 09 00:42:02.074300 np0000002378 devstack@g-api.service[102060]: DEBUG glance.image_cache.drivers.centralized_db [None req-980257d1-246b-467e-a649-4552805039a5 None None] Node reference is already recorded, ignoring it {{(pid=102060) configure /opt/stack/glance/glance/image_cache/drivers/centralized_db.py:71}}
Jun 09 00:42:02.080453 np0000002378 devstack@g-api.service[102059]: DEBUG glance.image_cache.drivers.centralized_db [None req-64ca36b5-f13f-46d4-b6b7-07d220da9579 None None] Node reference is already recorded, ignoring it {{(pid=102059) configure /opt/stack/glance/glance/image_cache/drivers/centralized_db.py:71}}
Jun 09 00:42:02.084087 np0000002378 devstack@g-api.service[102059]: INFO glance.api.middleware.cache [None req-64ca36b5-f13f-46d4-b6b7-07d220da9579 None None] Initialized image cache middleware
Jun 09 00:42:02.148785 np0000002378 devstack@g-api.service[102061]: INFO glance.api.middleware.cache [None req-8bfc296a-abdb-439d-8477-d9623a500efe None None] Initialized image cache middleware
Jun 09 00:42:02.159222 np0000002378 devstack@g-api.service[102061]: DEBUG glance.common.config [None req-8bfc296a-abdb-439d-8477-d9623a500efe None None] ******************************************************************************** {{(pid=102061) log_opt_values /opt/stack/data/venv/lib/python3.12/site-packages/oslo_config/cfg.py:3229}}
Jun 09 00:42:02.159328 np0000002378 devstack@g-api.service[102061]: DEBUG glance.common.config [None req-8bfc296a-abdb-439d-8477-d9623a500efe None None] Configuration options gathered from: {{(pid=102061) log_opt_values /opt/stack/data/venv/lib/python3.12/site-packages/oslo_config/cfg.py:3230}}
Jun 09 00:42:02.159578 np0000002378 devstack@g-api.service[102061]: DEBUG glance.common.config [None req-8bfc296a-abdb-439d-8477-d9623a500efe None None] command line args: [] {{(pid=102061) log_opt_values /opt/stack/data/venv/lib/python3.12/site-packages/oslo_config/cfg.py:3231}}
Jun 09 00:42:02.159694 np0000002378 devstack@g-api.service[102061]: DEBUG glance.common.config [None req-8bfc296a-abdb-439d-8477-d9623a500efe None None] config files: ['/etc/glance/glance-image-import.conf', '/etc/glance/glance-api.conf'] {{(pid=102061) log_opt_values /opt/stack/data/venv/lib/python3.12/site-packages/oslo_config/cfg.py:3232}}
Jun 09 00:42:02.159793 np0000002378 devstack@g-api.service[102061]: DEBUG glance.common.config [None req-8bfc296a-abdb-439d-8477-d9623a500efe None None] ================================================================================ {{(pid=102061) log_opt_values /opt/stack/data/venv/lib/python3.12/site-packages/oslo_config/cfg.py:3237}}
Jun 09 00:42:02.159961 np0000002378 devstack@g-api.service[102061]: DEBUG glance.common.config [None req-8bfc296a-abdb-439d-8477-d9623a500efe None None] allow_anonymous_access = False {{(pid=102061) log_opt_values /opt/stack/data/venv/lib/python3.12/site-packages/oslo_config/cfg.py:3245}}
Jun 09 00:42:02.160019 np0000002378 devstack@g-api.service[102061]: DEBUG glance.common.config [None req-8bfc296a-abdb-439d-8477-d9623a500efe None None] api_limit_max = 1000 {{(pid=102061) log_opt_values /opt/stack/data/venv/lib/python3.12/site-packages/oslo_config/cfg.py:3245}}
Jun 09 00:42:02.160156 np0000002378 devstack@g-api.service[102061]: DEBUG glance.common.config [None req-8bfc296a-abdb-439d-8477-d9623a500efe None None] backlog = 4096 {{(pid=102061) log_opt_values /opt/stack/data/venv/lib/python3.12/site-packages/oslo_config/cfg.py:3245}}
Jun 09 00:42:02.160298 np0000002378 devstack@g-api.service[102061]: DEBUG glance.common.config [None req-8bfc296a-abdb-439d-8477-d9623a500efe None None] bind_host = 0.0.0.0 {{(pid=102061) log_opt_values /opt/stack/data/venv/lib/python3.12/site-packages/oslo_config/cfg.py:3245}}
Jun 09 00:42:02.160399 np0000002378 devstack@g-api.service[102061]: DEBUG glance.common.config [None req-8bfc296a-abdb-439d-8477-d9623a500efe None None] bind_port = 19292 {{(pid=102061) log_opt_values /opt/stack/data/venv/lib/python3.12/site-packages/oslo_config/cfg.py:3245}}
Jun 09 00:42:02.160506 np0000002378 devstack@g-api.service[102061]: DEBUG glance.common.config [None req-8bfc296a-abdb-439d-8477-d9623a500efe None None] client_socket_timeout = 900 {{(pid=102061) log_opt_values /opt/stack/data/venv/lib/python3.12/site-packages/oslo_config/cfg.py:3245}}
Jun 09 00:42:02.160600 np0000002378 devstack@g-api.service[102061]: DEBUG glance.common.config [None req-8bfc296a-abdb-439d-8477-d9623a500efe None None] config_dir = [] {{(pid=102061) log_opt_values /opt/stack/data/venv/lib/python3.12/site-packages/oslo_config/cfg.py:3245}}
Jun 09 00:42:02.160671 np0000002378 devstack@g-api.service[102061]: DEBUG glance.common.config [None req-8bfc296a-abdb-439d-8477-d9623a500efe None None] config_file = ['/etc/glance/glance-image-import.conf', '/etc/glance/glance-api.conf'] {{(pid=102061) log_opt_values /opt/stack/data/venv/lib/python3.12/site-packages/oslo_config/cfg.py:3245}}
Jun 09 00:42:02.160790 np0000002378 devstack@g-api.service[102061]: DEBUG glance.common.config [None req-8bfc296a-abdb-439d-8477-d9623a500efe None None] config_source = [] {{(pid=102061) log_opt_values /opt/stack/data/venv/lib/python3.12/site-packages/oslo_config/cfg.py:3245}}
Jun 09 00:42:02.160891 np0000002378 devstack@g-api.service[102061]: DEBUG glance.common.config [None req-8bfc296a-abdb-439d-8477-d9623a500efe None None] control_exchange = glance {{(pid=102061) log_opt_values /opt/stack/data/venv/lib/python3.12/site-packages/oslo_config/cfg.py:3245}}
Jun 09 00:42:02.160959 np0000002378 devstack@g-api.service[102061]: DEBUG glance.common.config [None req-8bfc296a-abdb-439d-8477-d9623a500efe None None] debug = True {{(pid=102061) log_opt_values /opt/stack/data/venv/lib/python3.12/site-packages/oslo_config/cfg.py:3245}}
Jun 09 00:42:02.161136 np0000002378 devstack@g-api.service[102061]: DEBUG glance.common.config [None req-8bfc296a-abdb-439d-8477-d9623a500efe None None] default_log_levels = ['amqp=WARN', 'boto=WARN', 'sqlalchemy=WARN', 'suds=INFO', 'oslo.messaging=INFO', 'oslo_messaging=INFO', 'iso8601=WARN', 'requests.packages.urllib3.connectionpool=WARN', 'urllib3.connectionpool=WARN', 'websocket=WARN', 'requests.packages.urllib3.util.retry=WARN', 'urllib3.util.retry=WARN', 'keystonemiddleware=WARN', 'routes.middleware=WARN', 'stevedore=WARN', 'taskflow=WARN', 'keystoneauth=WARN', 'oslo.cache=INFO', 'oslo_policy=INFO', 'dogpile.core.dogpile=INFO'] {{(pid=102061) log_opt_values /opt/stack/data/venv/lib/python3.12/site-packages/oslo_config/cfg.py:3245}}
Jun 09 00:42:02.161238 np0000002378 devstack@g-api.service[102061]: DEBUG glance.common.config [None req-8bfc296a-abdb-439d-8477-d9623a500efe None None] default_publisher_id = image.localhost {{(pid=102061) log_opt_values /opt/stack/data/venv/lib/python3.12/site-packages/oslo_config/cfg.py:3245}}
Jun 09 00:42:02.161325 np0000002378 devstack@g-api.service[102061]: DEBUG glance.common.config [None req-8bfc296a-abdb-439d-8477-d9623a500efe None None] delayed_delete = False {{(pid=102061) log_opt_values /opt/stack/data/venv/lib/python3.12/site-packages/oslo_config/cfg.py:3245}}
Jun 09 00:42:02.161427 np0000002378 devstack@g-api.service[102061]: DEBUG glance.common.config [None req-8bfc296a-abdb-439d-8477-d9623a500efe None None] digest_algorithm = sha256 {{(pid=102061) log_opt_values /opt/stack/data/venv/lib/python3.12/site-packages/oslo_config/cfg.py:3245}}
Jun 09 00:42:02.161524 np0000002378 devstack@g-api.service[102061]: DEBUG glance.common.config [None req-8bfc296a-abdb-439d-8477-d9623a500efe None None] disabled_notifications = [] {{(pid=102061) log_opt_values /opt/stack/data/venv/lib/python3.12/site-packages/oslo_config/cfg.py:3245}}
Jun 09 00:42:02.161790 np0000002378 devstack@g-api.service[102061]: DEBUG glance.common.config [None req-8bfc296a-abdb-439d-8477-d9623a500efe None None] do_secure_hash = True {{(pid=102061) log_opt_values /opt/stack/data/venv/lib/python3.12/site-packages/oslo_config/cfg.py:3245}}
Jun 09 00:42:02.161891 np0000002378 devstack@g-api.service[102061]: DEBUG glance.common.config [None req-8bfc296a-abdb-439d-8477-d9623a500efe None None] enabled_backends = None {{(pid=102061) log_opt_values /opt/stack/data/venv/lib/python3.12/site-packages/oslo_config/cfg.py:3245}}
Jun 09 00:42:02.162012 np0000002378 devstack@g-api.service[102061]: DEBUG glance.common.config [None req-8bfc296a-abdb-439d-8477-d9623a500efe None None] enabled_import_methods = ['glance-direct', 'web-download', 'copy-image'] {{(pid=102061) log_opt_values /opt/stack/data/venv/lib/python3.12/site-packages/oslo_config/cfg.py:3245}}
Jun 09 00:42:02.162115 np0000002378 devstack@g-api.service[102061]: DEBUG glance.common.config [None req-8bfc296a-abdb-439d-8477-d9623a500efe None None] fatal_deprecations = False {{(pid=102061) log_opt_values /opt/stack/data/venv/lib/python3.12/site-packages/oslo_config/cfg.py:3245}}
Jun 09 00:42:02.162222 np0000002378 devstack@g-api.service[102061]: DEBUG glance.common.config [None req-8bfc296a-abdb-439d-8477-d9623a500efe None None] hashing_algorithm = sha512 {{(pid=102061) log_opt_values /opt/stack/data/venv/lib/python3.12/site-packages/oslo_config/cfg.py:3245}}
Jun 09 00:42:02.162308 np0000002378 devstack@g-api.service[102061]: DEBUG glance.common.config [None req-8bfc296a-abdb-439d-8477-d9623a500efe None None] http_keepalive = True {{(pid=102061) log_opt_values /opt/stack/data/venv/lib/python3.12/site-packages/oslo_config/cfg.py:3245}}
Jun 09 00:42:02.162395 np0000002378 devstack@g-api.service[102061]: DEBUG glance.common.config [None req-8bfc296a-abdb-439d-8477-d9623a500efe None None] http_retries = 3 {{(pid=102061) log_opt_values /opt/stack/data/venv/lib/python3.12/site-packages/oslo_config/cfg.py:3245}}
Jun 09 00:42:02.162507 np0000002378 devstack@g-api.service[102061]: DEBUG glance.common.config [None req-8bfc296a-abdb-439d-8477-d9623a500efe None None] image_cache_dir = /opt/stack/data/glance/cache/ {{(pid=102061) log_opt_values /opt/stack/data/venv/lib/python3.12/site-packages/oslo_config/cfg.py:3245}}
Jun 09 00:42:02.162631 np0000002378 devstack@g-api.service[102061]: DEBUG glance.common.config [None req-8bfc296a-abdb-439d-8477-d9623a500efe None None] image_cache_driver = centralized_db {{(pid=102061) log_opt_values /opt/stack/data/venv/lib/python3.12/site-packages/oslo_config/cfg.py:3245}}
Jun 09 00:42:02.162731 np0000002378 devstack@g-api.service[102061]: DEBUG glance.common.config [None req-8bfc296a-abdb-439d-8477-d9623a500efe None None] image_cache_max_size = 10737418240 {{(pid=102061) log_opt_values /opt/stack/data/venv/lib/python3.12/site-packages/oslo_config/cfg.py:3245}}
Jun 09 00:42:02.162844 np0000002378 devstack@g-api.service[102061]: DEBUG glance.common.config [None req-8bfc296a-abdb-439d-8477-d9623a500efe None None] image_cache_sqlite_db = cache.db {{(pid=102061) log_opt_values /opt/stack/data/venv/lib/python3.12/site-packages/oslo_config/cfg.py:3245}}
Jun 09 00:42:02.162937 np0000002378 devstack@g-api.service[102061]: DEBUG glance.common.config [None req-8bfc296a-abdb-439d-8477-d9623a500efe None None] image_cache_stall_time = 86400 {{(pid=102061) log_opt_values /opt/stack/data/venv/lib/python3.12/site-packages/oslo_config/cfg.py:3245}}
Jun 09 00:42:02.163022 np0000002378 devstack@g-api.service[102061]: DEBUG glance.common.config [None req-8bfc296a-abdb-439d-8477-d9623a500efe None None] image_location_quota = 10 {{(pid=102061) log_opt_values /opt/stack/data/venv/lib/python3.12/site-packages/oslo_config/cfg.py:3245}}
Jun 09 00:42:02.163139 np0000002378 devstack@g-api.service[102061]: DEBUG glance.common.config [None req-8bfc296a-abdb-439d-8477-d9623a500efe None None] image_member_quota = 128 {{(pid=102061) log_opt_values /opt/stack/data/venv/lib/python3.12/site-packages/oslo_config/cfg.py:3245}}
Jun 09 00:42:02.163234 np0000002378 devstack@g-api.service[102061]: DEBUG glance.common.config [None req-8bfc296a-abdb-439d-8477-d9623a500efe None None] image_property_quota = 128 {{(pid=102061) log_opt_values /opt/stack/data/venv/lib/python3.12/site-packages/oslo_config/cfg.py:3245}}
Jun 09 00:42:02.163320 np0000002378 devstack@g-api.service[102061]: DEBUG glance.common.config [None req-8bfc296a-abdb-439d-8477-d9623a500efe None None] image_size_cap = 1099511627776 {{(pid=102061) log_opt_values /opt/stack/data/venv/lib/python3.12/site-packages/oslo_config/cfg.py:3245}}
Jun 09 00:42:02.163403 np0000002378 devstack@g-api.service[102061]: DEBUG glance.common.config [None req-8bfc296a-abdb-439d-8477-d9623a500efe None None] image_tag_quota = 128 {{(pid=102061) log_opt_values /opt/stack/data/venv/lib/python3.12/site-packages/oslo_config/cfg.py:3245}}
Jun 09 00:42:02.163509 np0000002378 devstack@g-api.service[102061]: DEBUG glance.common.config [None req-8bfc296a-abdb-439d-8477-d9623a500efe None None] instance_format = [instance: %(uuid)s] {{(pid=102061) log_opt_values /opt/stack/data/venv/lib/python3.12/site-packages/oslo_config/cfg.py:3245}}
Jun 09 00:42:02.163595 np0000002378 devstack@g-api.service[102061]: DEBUG glance.common.config [None req-8bfc296a-abdb-439d-8477-d9623a500efe None None] instance_uuid_format = [instance: %(uuid)s] {{(pid=102061) log_opt_values /opt/stack/data/venv/lib/python3.12/site-packages/oslo_config/cfg.py:3245}}
Jun 09 00:42:02.163679 np0000002378 devstack@g-api.service[102061]: DEBUG glance.common.config [None req-8bfc296a-abdb-439d-8477-d9623a500efe None None] limit_param_default = 25 {{(pid=102061) log_opt_values /opt/stack/data/venv/lib/python3.12/site-packages/oslo_config/cfg.py:3245}}
Jun 09 00:42:02.163798 np0000002378 devstack@g-api.service[102061]: DEBUG glance.common.config [None req-8bfc296a-abdb-439d-8477-d9623a500efe None None] log_color = False {{(pid=102061) log_opt_values /opt/stack/data/venv/lib/python3.12/site-packages/oslo_config/cfg.py:3245}}
Jun 09 00:42:02.163892 np0000002378 devstack@g-api.service[102061]: DEBUG glance.common.config [None req-8bfc296a-abdb-439d-8477-d9623a500efe None None] log_config_append = None {{(pid=102061) log_opt_values /opt/stack/data/venv/lib/python3.12/site-packages/oslo_config/cfg.py:3245}}
Jun 09 00:42:02.163983 np0000002378 devstack@g-api.service[102061]: DEBUG glance.common.config [None req-8bfc296a-abdb-439d-8477-d9623a500efe None None] log_date_format = %Y-%m-%d %H:%M:%S {{(pid=102061) log_opt_values /opt/stack/data/venv/lib/python3.12/site-packages/oslo_config/cfg.py:3245}}
Jun 09 00:42:02.164077 np0000002378 devstack@g-api.service[102061]: DEBUG glance.common.config [None req-8bfc296a-abdb-439d-8477-d9623a500efe None None] log_dir = None {{(pid=102061) log_opt_values /opt/stack/data/venv/lib/python3.12/site-packages/oslo_config/cfg.py:3245}}
Jun 09 00:42:02.164191 np0000002378 devstack@g-api.service[102061]: DEBUG glance.common.config [None req-8bfc296a-abdb-439d-8477-d9623a500efe None None] log_file = None {{(pid=102061) log_opt_values /opt/stack/data/venv/lib/python3.12/site-packages/oslo_config/cfg.py:3245}}
Jun 09 00:42:02.164285 np0000002378 devstack@g-api.service[102061]: DEBUG glance.common.config [None req-8bfc296a-abdb-439d-8477-d9623a500efe None None] log_rotate_interval = 1 {{(pid=102061) log_opt_values /opt/stack/data/venv/lib/python3.12/site-packages/oslo_config/cfg.py:3245}}
Jun 09 00:42:02.164380 np0000002378 devstack@g-api.service[102061]: DEBUG glance.common.config [None req-8bfc296a-abdb-439d-8477-d9623a500efe None None] log_rotate_interval_type = days {{(pid=102061) log_opt_values /opt/stack/data/venv/lib/python3.12/site-packages/oslo_config/cfg.py:3245}}
Jun 09 00:42:02.164485 np0000002378 devstack@g-api.service[102061]: DEBUG glance.common.config [None req-8bfc296a-abdb-439d-8477-d9623a500efe None None] log_rotation_type = none {{(pid=102061) log_opt_values /opt/stack/data/venv/lib/python3.12/site-packages/oslo_config/cfg.py:3245}}
Jun 09 00:42:02.164549 np0000002378 devstack@g-api.service[102061]: DEBUG glance.common.config [None req-8bfc296a-abdb-439d-8477-d9623a500efe None None] logging_context_format_string = %(color)s%(levelname)s %(name)s [%(global_request_id)s %(request_id)s %(project_name)s %(user_name)s%(color)s] %(instance)s%(color)s%(message)s {{(pid=102061) log_opt_values /opt/stack/data/venv/lib/python3.12/site-packages/oslo_config/cfg.py:3245}}
Jun 09 00:42:02.164612 np0000002378 devstack@g-api.service[102061]: DEBUG glance.common.config [None req-8bfc296a-abdb-439d-8477-d9623a500efe None None] logging_debug_format_suffix = {{(pid=%(process)d) %(funcName)s %(pathname)s:%(lineno)d}} {{(pid=102061) log_opt_values /opt/stack/data/venv/lib/python3.12/site-packages/oslo_config/cfg.py:3245}}
Jun 09 00:42:02.164703 np0000002378 devstack@g-api.service[102061]: DEBUG glance.common.config [None req-8bfc296a-abdb-439d-8477-d9623a500efe None None] logging_default_format_string = %(color)s%(levelname)s %(name)s [-%(color)s] %(instance)s%(color)s%(message)s {{(pid=102061) log_opt_values /opt/stack/data/venv/lib/python3.12/site-packages/oslo_config/cfg.py:3245}}
Jun 09 00:42:02.164819 np0000002378 devstack@g-api.service[102061]: DEBUG glance.common.config [None req-8bfc296a-abdb-439d-8477-d9623a500efe None None] logging_exception_prefix = ERROR %(name)s %(instance)s {{(pid=102061) log_opt_values /opt/stack/data/venv/lib/python3.12/site-packages/oslo_config/cfg.py:3245}}
Jun 09 00:42:02.164916 np0000002378 devstack@g-api.service[102061]: DEBUG glance.common.config [None req-8bfc296a-abdb-439d-8477-d9623a500efe None None] logging_user_identity_format = %(user)s %(project)s %(domain)s %(system_scope)s %(user_domain)s %(project_domain)s {{(pid=102061) log_opt_values /opt/stack/data/venv/lib/python3.12/site-packages/oslo_config/cfg.py:3245}}
Jun 09 00:42:02.165010 np0000002378 devstack@g-api.service[102061]: DEBUG glance.common.config [None req-8bfc296a-abdb-439d-8477-d9623a500efe None None] max_header_line = 16384 {{(pid=102061) log_opt_values /opt/stack/data/venv/lib/python3.12/site-packages/oslo_config/cfg.py:3245}}
Jun 09 00:42:02.165095 np0000002378 devstack@g-api.service[102061]: DEBUG glance.common.config [None req-8bfc296a-abdb-439d-8477-d9623a500efe None None] max_logfile_count = 30 {{(pid=102061) log_opt_values /opt/stack/data/venv/lib/python3.12/site-packages/oslo_config/cfg.py:3245}}
Jun 09 00:42:02.165210 np0000002378 devstack@g-api.service[102061]: DEBUG glance.common.config [None req-8bfc296a-abdb-439d-8477-d9623a500efe None None] max_logfile_size_mb = 200 {{(pid=102061) log_opt_values /opt/stack/data/venv/lib/python3.12/site-packages/oslo_config/cfg.py:3245}}
Jun 09 00:42:02.165296 np0000002378 devstack@g-api.service[102061]: DEBUG glance.common.config [None req-8bfc296a-abdb-439d-8477-d9623a500efe None None] max_request_id_length = 64 {{(pid=102061) log_opt_values /opt/stack/data/venv/lib/python3.12/site-packages/oslo_config/cfg.py:3245}}
Jun 09 00:42:02.165378 np0000002378 devstack@g-api.service[102061]: DEBUG glance.common.config [None req-8bfc296a-abdb-439d-8477-d9623a500efe None None] metadata_encryption_key = **** {{(pid=102061) log_opt_values /opt/stack/data/venv/lib/python3.12/site-packages/oslo_config/cfg.py:3245}}
Jun 09 00:42:02.165480 np0000002378 devstack@g-api.service[102061]: DEBUG glance.common.config [None req-8bfc296a-abdb-439d-8477-d9623a500efe None None] node_staging_uri = file:///tmp/staging/ {{(pid=102061) log_opt_values /opt/stack/data/venv/lib/python3.12/site-packages/oslo_config/cfg.py:3245}}
Jun 09 00:42:02.165561 np0000002378 devstack@g-api.service[102061]: DEBUG glance.common.config [None req-8bfc296a-abdb-439d-8477-d9623a500efe None None] property_protection_file = None {{(pid=102061) log_opt_values /opt/stack/data/venv/lib/python3.12/site-packages/oslo_config/cfg.py:3245}}
Jun 09 00:42:02.165649 np0000002378 devstack@g-api.service[102061]: DEBUG glance.common.config [None req-8bfc296a-abdb-439d-8477-d9623a500efe None None] property_protection_rule_format = roles {{(pid=102061) log_opt_values /opt/stack/data/venv/lib/python3.12/site-packages/oslo_config/cfg.py:3245}}
Jun 09 00:42:02.165752 np0000002378 devstack@g-api.service[102061]: DEBUG glance.common.config [None req-8bfc296a-abdb-439d-8477-d9623a500efe None None] public_endpoint = https://10.4.3.216/image {{(pid=102061) log_opt_values /opt/stack/data/venv/lib/python3.12/site-packages/oslo_config/cfg.py:3245}}
Jun 09 00:42:02.165851 np0000002378 devstack@g-api.service[102061]: DEBUG glance.common.config [None req-8bfc296a-abdb-439d-8477-d9623a500efe None None] publish_errors = False {{(pid=102061) log_opt_values /opt/stack/data/venv/lib/python3.12/site-packages/oslo_config/cfg.py:3245}}
Jun 09 00:42:02.165937 np0000002378 devstack@g-api.service[102061]: DEBUG glance.common.config [None req-8bfc296a-abdb-439d-8477-d9623a500efe None None] pydev_worker_debug_host = None {{(pid=102061) log_opt_values /opt/stack/data/venv/lib/python3.12/site-packages/oslo_config/cfg.py:3245}}
Jun 09 00:42:02.166023 np0000002378 devstack@g-api.service[102061]: DEBUG glance.common.config [None req-8bfc296a-abdb-439d-8477-d9623a500efe None None] pydev_worker_debug_port = 5678 {{(pid=102061) log_opt_values /opt/stack/data/venv/lib/python3.12/site-packages/oslo_config/cfg.py:3245}}
Jun 09 00:42:02.166120 np0000002378 devstack@g-api.service[102061]: DEBUG glance.common.config [None req-8bfc296a-abdb-439d-8477-d9623a500efe None None] rate_limit_burst = 0 {{(pid=102061) log_opt_values /opt/stack/data/venv/lib/python3.12/site-packages/oslo_config/cfg.py:3245}}
Jun 09 00:42:02.166236 np0000002378 devstack@g-api.service[102061]: DEBUG glance.common.config [None req-8bfc296a-abdb-439d-8477-d9623a500efe None None] rate_limit_except_level = CRITICAL {{(pid=102061) log_opt_values /opt/stack/data/venv/lib/python3.12/site-packages/oslo_config/cfg.py:3245}}
Jun 09 00:42:02.166321 np0000002378 devstack@g-api.service[102061]: DEBUG glance.common.config [None req-8bfc296a-abdb-439d-8477-d9623a500efe None None] rate_limit_interval = 0 {{(pid=102061) log_opt_values /opt/stack/data/venv/lib/python3.12/site-packages/oslo_config/cfg.py:3245}}
Jun 09 00:42:02.166405 np0000002378 devstack@g-api.service[102061]: DEBUG glance.common.config [None req-8bfc296a-abdb-439d-8477-d9623a500efe None None] scrub_pool_size = 1 {{(pid=102061) log_opt_values /opt/stack/data/venv/lib/python3.12/site-packages/oslo_config/cfg.py:3245}}
Jun 09 00:42:02.166508 np0000002378 devstack@g-api.service[102061]: DEBUG glance.common.config [None req-8bfc296a-abdb-439d-8477-d9623a500efe None None] scrub_time = 0 {{(pid=102061) log_opt_values /opt/stack/data/venv/lib/python3.12/site-packages/oslo_config/cfg.py:3245}}
Jun 09 00:42:02.166585 np0000002378 devstack@g-api.service[102061]: DEBUG glance.common.config [None req-8bfc296a-abdb-439d-8477-d9623a500efe None None] shell_completion = None {{(pid=102061) log_opt_values /opt/stack/data/venv/lib/python3.12/site-packages/oslo_config/cfg.py:3245}}
Jun 09 00:42:02.166676 np0000002378 devstack@g-api.service[102061]: DEBUG glance.common.config [None req-8bfc296a-abdb-439d-8477-d9623a500efe None None] show_image_direct_url = False {{(pid=102061) log_opt_values /opt/stack/data/venv/lib/python3.12/site-packages/oslo_config/cfg.py:3245}}
Jun 09 00:42:02.167010 np0000002378 devstack@g-api.service[102061]: WARNING oslo_config.cfg [None req-8bfc296a-abdb-439d-8477-d9623a500efe None None] Deprecated: Option "show_multiple_locations" from group "DEFAULT" is deprecated for removal (Use of this option, deprecated since Newton, is a security risk and will be removed once we figure out a way to satisfy those use cases that currently require it. An earlier announcement that the same functionality can be achieved with greater granularity by using policies is incorrect. You cannot work around this option via policy configuration at the present time, though that is the direction we believe the fix will take. Please keep an eye on the Glance release notes to stay up to date on progress in addressing this issue.). Its value may be silently ignored in the future.
Jun 09 00:42:02.167169 np0000002378 devstack@g-api.service[102061]: DEBUG glance.common.config [None req-8bfc296a-abdb-439d-8477-d9623a500efe None None] show_multiple_locations = False {{(pid=102061) log_opt_values /opt/stack/data/venv/lib/python3.12/site-packages/oslo_config/cfg.py:3245}}
Jun 09 00:42:02.167277 np0000002378 devstack@g-api.service[102061]: DEBUG glance.common.config [None req-8bfc296a-abdb-439d-8477-d9623a500efe None None] syslog_log_facility = LOG_USER {{(pid=102061) log_opt_values /opt/stack/data/venv/lib/python3.12/site-packages/oslo_config/cfg.py:3245}}
Jun 09 00:42:02.167367 np0000002378 devstack@g-api.service[102061]: DEBUG glance.common.config [None req-8bfc296a-abdb-439d-8477-d9623a500efe None None] tcp_keepidle = 600 {{(pid=102061) log_opt_values /opt/stack/data/venv/lib/python3.12/site-packages/oslo_config/cfg.py:3245}}
Jun 09 00:42:02.167474 np0000002378 devstack@g-api.service[102061]: DEBUG glance.common.config [None req-8bfc296a-abdb-439d-8477-d9623a500efe None None] transport_url = **** {{(pid=102061) log_opt_values /opt/stack/data/venv/lib/python3.12/site-packages/oslo_config/cfg.py:3245}}
Jun 09 00:42:02.167552 np0000002378 devstack@g-api.service[102061]: DEBUG glance.common.config [None req-8bfc296a-abdb-439d-8477-d9623a500efe None None] use_journal = False {{(pid=102061) log_opt_values /opt/stack/data/venv/lib/python3.12/site-packages/oslo_config/cfg.py:3245}}
Jun 09 00:42:02.167636 np0000002378 devstack@g-api.service[102061]: DEBUG glance.common.config [None req-8bfc296a-abdb-439d-8477-d9623a500efe None None] use_json = False {{(pid=102061) log_opt_values /opt/stack/data/venv/lib/python3.12/site-packages/oslo_config/cfg.py:3245}}
Jun 09 00:42:02.167728 np0000002378 devstack@g-api.service[102061]: DEBUG glance.common.config [None req-8bfc296a-abdb-439d-8477-d9623a500efe None None] use_keystone_limits = True {{(pid=102061) log_opt_values /opt/stack/data/venv/lib/python3.12/site-packages/oslo_config/cfg.py:3245}}
Jun 09 00:42:02.167933 np0000002378 devstack@g-api.service[102061]: DEBUG glance.common.config [None req-8bfc296a-abdb-439d-8477-d9623a500efe None None] use_stderr = False {{(pid=102061) log_opt_values /opt/stack/data/venv/lib/python3.12/site-packages/oslo_config/cfg.py:3245}}
Jun 09 00:42:02.168021 np0000002378 devstack@g-api.service[102061]: DEBUG glance.common.config [None req-8bfc296a-abdb-439d-8477-d9623a500efe None None] use_syslog = False {{(pid=102061) log_opt_values /opt/stack/data/venv/lib/python3.12/site-packages/oslo_config/cfg.py:3245}}
Jun 09 00:42:02.168116 np0000002378 devstack@g-api.service[102061]: DEBUG glance.common.config [None req-8bfc296a-abdb-439d-8477-d9623a500efe None None] user_storage_quota = 0 {{(pid=102061) log_opt_values /opt/stack/data/venv/lib/python3.12/site-packages/oslo_config/cfg.py:3245}}
Jun 09 00:42:02.168233 np0000002378 devstack@g-api.service[102061]: DEBUG glance.common.config [None req-8bfc296a-abdb-439d-8477-d9623a500efe None None] worker_self_reference_url = http://127.0.0.1:60999 {{(pid=102061) log_opt_values /opt/stack/data/venv/lib/python3.12/site-packages/oslo_config/cfg.py:3245}}
Jun 09 00:42:02.168327 np0000002378 devstack@g-api.service[102061]: DEBUG glance.common.config [None req-8bfc296a-abdb-439d-8477-d9623a500efe None None] workers = None {{(pid=102061) log_opt_values /opt/stack/data/venv/lib/python3.12/site-packages/oslo_config/cfg.py:3245}}
Jun 09 00:42:02.168458 np0000002378 devstack@g-api.service[102061]: DEBUG glance.common.config [None req-8bfc296a-abdb-439d-8477-d9623a500efe None None] oslo_concurrency.disable_process_locking = False {{(pid=102061) log_opt_values /opt/stack/data/venv/lib/python3.12/site-packages/oslo_config/cfg.py:3256}}
Jun 09 00:42:02.168526 np0000002378 devstack@g-api.service[102061]: DEBUG glance.common.config [None req-8bfc296a-abdb-439d-8477-d9623a500efe None None] oslo_concurrency.lock_path = /opt/stack/data/glance/locks {{(pid=102061) log_opt_values /opt/stack/data/venv/lib/python3.12/site-packages/oslo_config/cfg.py:3256}}
Jun 09 00:42:02.168622 np0000002378 devstack@g-api.service[102061]: DEBUG glance.common.config [None req-8bfc296a-abdb-439d-8477-d9623a500efe None None] oslo_middleware.enable_proxy_headers_parsing = False {{(pid=102061) log_opt_values /opt/stack/data/venv/lib/python3.12/site-packages/oslo_config/cfg.py:3256}}
Jun 09 00:42:02.168713 np0000002378 devstack@g-api.service[102061]: DEBUG glance.common.config [None req-8bfc296a-abdb-439d-8477-d9623a500efe None None] oslo_middleware.http_basic_auth_user_file = /etc/htpasswd {{(pid=102061) log_opt_values /opt/stack/data/venv/lib/python3.12/site-packages/oslo_config/cfg.py:3256}}
Jun 09 00:42:02.168828 np0000002378 devstack@g-api.service[102061]: DEBUG glance.common.config [None req-8bfc296a-abdb-439d-8477-d9623a500efe None None] paste_deploy.config_file = None {{(pid=102061) log_opt_values /opt/stack/data/venv/lib/python3.12/site-packages/oslo_config/cfg.py:3256}}
Jun 09 00:42:02.168926 np0000002378 devstack@g-api.service[102061]: DEBUG glance.common.config [None req-8bfc296a-abdb-439d-8477-d9623a500efe None None] paste_deploy.flavor = keystone+cachemanagement {{(pid=102061) log_opt_values /opt/stack/data/venv/lib/python3.12/site-packages/oslo_config/cfg.py:3256}}
Jun 09 00:42:02.169053 np0000002378 devstack@g-api.service[102061]: DEBUG glance.common.config [None req-8bfc296a-abdb-439d-8477-d9623a500efe None None] image_format.container_formats = ['ami', 'ari', 'aki', 'bare', 'ovf', 'ova', 'docker', 'compressed'] {{(pid=102061) log_opt_values /opt/stack/data/venv/lib/python3.12/site-packages/oslo_config/cfg.py:3256}}
Jun 09 00:42:02.169208 np0000002378 devstack@g-api.service[102061]: DEBUG glance.common.config [None req-8bfc296a-abdb-439d-8477-d9623a500efe None None] image_format.disk_formats = ['ami', 'ari', 'aki', 'vhd', 'vhdx', 'vmdk', 'raw', 'qcow2', 'vdi', 'iso', 'ploop'] {{(pid=102061) log_opt_values /opt/stack/data/venv/lib/python3.12/site-packages/oslo_config/cfg.py:3256}}
Jun 09 00:42:02.169307 np0000002378 devstack@g-api.service[102061]: DEBUG glance.common.config [None req-8bfc296a-abdb-439d-8477-d9623a500efe None None] image_format.gpt_safety_checks_nonfatal = [] {{(pid=102061) log_opt_values /opt/stack/data/venv/lib/python3.12/site-packages/oslo_config/cfg.py:3256}}
Jun 09 00:42:02.169402 np0000002378 devstack@g-api.service[102061]: DEBUG glance.common.config [None req-8bfc296a-abdb-439d-8477-d9623a500efe None None] image_format.require_image_format_match = True {{(pid=102061) log_opt_values /opt/stack/data/venv/lib/python3.12/site-packages/oslo_config/cfg.py:3256}}
Jun 09 00:42:02.169513 np0000002378 devstack@g-api.service[102061]: DEBUG glance.common.config [None req-8bfc296a-abdb-439d-8477-d9623a500efe None None] image_format.vmdk_allowed_types = ['streamOptimized', 'monolithicSparse'] {{(pid=102061) log_opt_values /opt/stack/data/venv/lib/python3.12/site-packages/oslo_config/cfg.py:3256}}
Jun 09 00:42:02.169626 np0000002378 devstack@g-api.service[102061]: DEBUG glance.common.config [None req-8bfc296a-abdb-439d-8477-d9623a500efe None None] task.task_executor = taskflow {{(pid=102061) log_opt_values /opt/stack/data/venv/lib/python3.12/site-packages/oslo_config/cfg.py:3256}}
Jun 09 00:42:02.169750 np0000002378 devstack@g-api.service[102061]: DEBUG glance.common.config [None req-8bfc296a-abdb-439d-8477-d9623a500efe None None] task.task_time_to_live = 48 {{(pid=102061) log_opt_values /opt/stack/data/venv/lib/python3.12/site-packages/oslo_config/cfg.py:3256}}
Jun 09 00:42:02.169850 np0000002378 devstack@g-api.service[102061]: DEBUG glance.common.config [None req-8bfc296a-abdb-439d-8477-d9623a500efe None None] task.work_dir = None {{(pid=102061) log_opt_values /opt/stack/data/venv/lib/python3.12/site-packages/oslo_config/cfg.py:3256}}
