Jun 09 00:41:39.914001 np0000002378 nova-scheduler[95809]: DEBUG cotyledon.oslo_config_glue [-] oslo_limit.collect_timing = False {{(pid=95809) log_opt_values /opt/stack/data/venv/lib/python3.12/site-packages/oslo_config/cfg.py:3256}}
Jun 09 00:41:39.914039 np0000002378 nova-scheduler[95809]: DEBUG cotyledon.oslo_config_glue [-] oslo_limit.connect_retries = None {{(pid=95809) log_opt_values /opt/stack/data/venv/lib/python3.12/site-packages/oslo_config/cfg.py:3256}}
Jun 09 00:41:39.914065 np0000002378 nova-scheduler[95809]: DEBUG cotyledon.oslo_config_glue [-] oslo_limit.connect_retry_delay = None {{(pid=95809) log_opt_values /opt/stack/data/venv/lib/python3.12/site-packages/oslo_config/cfg.py:3256}}
Jun 09 00:41:39.914115 np0000002378 nova-scheduler[95809]: DEBUG cotyledon.oslo_config_glue [-] oslo_limit.endpoint_id = None {{(pid=95809) log_opt_values /opt/stack/data/venv/lib/python3.12/site-packages/oslo_config/cfg.py:3256}}
Jun 09 00:41:39.914165 np0000002378 nova-scheduler[95809]: DEBUG cotyledon.oslo_config_glue [-] oslo_limit.endpoint_interface = public {{(pid=95809) log_opt_values /opt/stack/data/venv/lib/python3.12/site-packages/oslo_config/cfg.py:3256}}
Jun 09 00:41:39.914193 np0000002378 nova-scheduler[95809]: DEBUG cotyledon.oslo_config_glue [-] oslo_limit.endpoint_override = None {{(pid=95809) log_opt_values /opt/stack/data/venv/lib/python3.12/site-packages/oslo_config/cfg.py:3256}}
Jun 09 00:41:39.914250 np0000002378 nova-scheduler[95809]: DEBUG cotyledon.oslo_config_glue [-] oslo_limit.endpoint_region_name = None {{(pid=95809) log_opt_values /opt/stack/data/venv/lib/python3.12/site-packages/oslo_config/cfg.py:3256}}
Jun 09 00:41:39.914294 np0000002378 nova-scheduler[95809]: DEBUG cotyledon.oslo_config_glue [-] oslo_limit.endpoint_service_name = None {{(pid=95809) log_opt_values /opt/stack/data/venv/lib/python3.12/site-packages/oslo_config/cfg.py:3256}}
Jun 09 00:41:39.914373 np0000002378 nova-scheduler[95809]: DEBUG cotyledon.oslo_config_glue [-] oslo_limit.endpoint_service_type = None {{(pid=95809) log_opt_values /opt/stack/data/venv/lib/python3.12/site-packages/oslo_config/cfg.py:3256}}
Jun 09 00:41:39.914429 np0000002378 nova-scheduler[95809]: DEBUG cotyledon.oslo_config_glue [-] oslo_limit.insecure = False {{(pid=95809) log_opt_values /opt/stack/data/venv/lib/python3.12/site-packages/oslo_config/cfg.py:3256}}
Jun 09 00:41:39.914461 np0000002378 nova-scheduler[95809]: DEBUG cotyledon.oslo_config_glue [-] oslo_limit.keyfile = None {{(pid=95809) log_opt_values /opt/stack/data/venv/lib/python3.12/site-packages/oslo_config/cfg.py:3256}}
Jun 09 00:41:39.914503 np0000002378 nova-scheduler[95809]: DEBUG cotyledon.oslo_config_glue [-] oslo_limit.max_version = None {{(pid=95809) log_opt_values /opt/stack/data/venv/lib/python3.12/site-packages/oslo_config/cfg.py:3256}}
Jun 09 00:41:39.914535 np0000002378 nova-scheduler[95809]: DEBUG cotyledon.oslo_config_glue [-] oslo_limit.min_version = None {{(pid=95809) log_opt_values /opt/stack/data/venv/lib/python3.12/site-packages/oslo_config/cfg.py:3256}}
Jun 09 00:41:39.914578 np0000002378 nova-scheduler[95809]: DEBUG cotyledon.oslo_config_glue [-] oslo_limit.region_name = None {{(pid=95809) log_opt_values /opt/stack/data/venv/lib/python3.12/site-packages/oslo_config/cfg.py:3256}}
Jun 09 00:41:39.914611 np0000002378 nova-scheduler[95809]: DEBUG cotyledon.oslo_config_glue [-] oslo_limit.retriable_status_codes = None {{(pid=95809) log_opt_values /opt/stack/data/venv/lib/python3.12/site-packages/oslo_config/cfg.py:3256}}
Jun 09 00:41:39.914651 np0000002378 nova-scheduler[95809]: DEBUG cotyledon.oslo_config_glue [-] oslo_limit.service_name = None {{(pid=95809) log_opt_values /opt/stack/data/venv/lib/python3.12/site-packages/oslo_config/cfg.py:3256}}
Jun 09 00:41:39.914678 np0000002378 nova-scheduler[95809]: DEBUG cotyledon.oslo_config_glue [-] oslo_limit.service_type = None {{(pid=95809) log_opt_values /opt/stack/data/venv/lib/python3.12/site-packages/oslo_config/cfg.py:3256}}
Jun 09 00:41:39.914718 np0000002378 nova-scheduler[95809]: DEBUG cotyledon.oslo_config_glue [-] oslo_limit.split_loggers = False {{(pid=95809) log_opt_values /opt/stack/data/venv/lib/python3.12/site-packages/oslo_config/cfg.py:3256}}
Jun 09 00:41:39.914744 np0000002378 nova-scheduler[95809]: DEBUG cotyledon.oslo_config_glue [-] oslo_limit.status_code_retries = None {{(pid=95809) log_opt_values /opt/stack/data/venv/lib/python3.12/site-packages/oslo_config/cfg.py:3256}}
Jun 09 00:41:39.914785 np0000002378 nova-scheduler[95809]: DEBUG cotyledon.oslo_config_glue [-] oslo_limit.status_code_retry_delay = None {{(pid=95809) log_opt_values /opt/stack/data/venv/lib/python3.12/site-packages/oslo_config/cfg.py:3256}}
Jun 09 00:41:39.914812 np0000002378 nova-scheduler[95809]: DEBUG cotyledon.oslo_config_glue [-] oslo_limit.timeout = None {{(pid=95809) log_opt_values /opt/stack/data/venv/lib/python3.12/site-packages/oslo_config/cfg.py:3256}}
Jun 09 00:41:39.914861 np0000002378 nova-scheduler[95809]: DEBUG cotyledon.oslo_config_glue [-] oslo_limit.valid_interfaces = None {{(pid=95809) log_opt_values /opt/stack/data/venv/lib/python3.12/site-packages/oslo_config/cfg.py:3256}}
Jun 09 00:41:39.914887 np0000002378 nova-scheduler[95809]: DEBUG cotyledon.oslo_config_glue [-] oslo_limit.version = None {{(pid=95809) log_opt_values /opt/stack/data/venv/lib/python3.12/site-packages/oslo_config/cfg.py:3256}}
Jun 09 00:41:39.914950 np0000002378 nova-scheduler[95809]: DEBUG cotyledon.oslo_config_glue [-] oslo_reports.file_event_handler = None {{(pid=95809) log_opt_values /opt/stack/data/venv/lib/python3.12/site-packages/oslo_config/cfg.py:3256}}
Jun 09 00:41:39.915004 np0000002378 nova-scheduler[95809]: DEBUG cotyledon.oslo_config_glue [-] oslo_reports.file_event_handler_interval = 1 {{(pid=95809) log_opt_values /opt/stack/data/venv/lib/python3.12/site-packages/oslo_config/cfg.py:3256}}
Jun 09 00:41:39.915063 np0000002378 nova-scheduler[95809]: DEBUG cotyledon.oslo_config_glue [-] oslo_reports.log_dir = None {{(pid=95809) log_opt_values /opt/stack/data/venv/lib/python3.12/site-packages/oslo_config/cfg.py:3256}}
Jun 09 00:41:39.915118 np0000002378 nova-scheduler[95809]: DEBUG cotyledon.oslo_config_glue [-] ******************************************************************************** {{(pid=95809) log_opt_values /opt/stack/data/venv/lib/python3.12/site-packages/oslo_config/cfg.py:3263}}
Jun 09 00:41:39.915250 np0000002378 nova-scheduler[95809]: DEBUG cotyledon._service_worker [-] Run service ServiceWrapper(2) [95809] {{(pid=95809) wait_forever /opt/stack/data/venv/lib/python3.12/site-packages/cotyledon/_service_worker.py:218}}
Jun 09 00:41:39.916495 np0000002378 nova-scheduler[95809]: INFO nova.service [-] Starting scheduler node (version 33.1.0)
Jun 09 00:41:39.917006 np0000002378 nova-scheduler[95765]: DEBUG dbcounter [-] [95765] Writer thread running {{(pid=95765) stat_writer /opt/stack/data/venv/lib/python3.12/site-packages/dbcounter.py:102}}
Jun 09 00:41:39.920553 np0000002378 nova-scheduler[95809]: INFO dbcounter [None req-f315be27-f22b-4cc5-a2aa-4cbc766fb839 None None] Registered counter for database nova_cell0
Jun 09 00:41:39.932476 np0000002378 nova-scheduler[95778]: DEBUG oslo_db.sqlalchemy.engines [None req-035e62a7-c6ba-48b6-b218-af962531f19a None None] MySQL server mode set to STRICT_TRANS_TABLES,STRICT_ALL_TABLES,NO_ZERO_IN_DATE,NO_ZERO_DATE,ERROR_FOR_DIVISION_BY_ZERO,TRADITIONAL,NO_ENGINE_SUBSTITUTION {{(pid=95778) _check_effective_sql_mode /opt/stack/data/venv/lib/python3.12/site-packages/oslo_db/sqlalchemy/engines.py:325}}
Jun 09 00:41:39.934643 np0000002378 nova-scheduler[95765]: DEBUG nova.service [None req-caca90f3-4e77-4397-b705-54931438f7a8 None None] Creating RPC server for service: nova-scheduler on topic: scheduler {{(pid=95765) start /opt/stack/nova/nova/service.py:195}}
Jun 09 00:41:39.941323 np0000002378 nova-scheduler[95778]: DEBUG dbcounter [-] [95778] Writer thread running {{(pid=95778) stat_writer /opt/stack/data/venv/lib/python3.12/site-packages/dbcounter.py:102}}
Jun 09 00:41:39.943862 np0000002378 nova-scheduler[95778]: DEBUG nova.service [None req-035e62a7-c6ba-48b6-b218-af962531f19a None None] Creating RPC server for service: nova-scheduler on topic: scheduler {{(pid=95778) start /opt/stack/nova/nova/service.py:195}}
Jun 09 00:41:39.956627 np0000002378 nova-scheduler[95809]: DEBUG oslo_db.sqlalchemy.engines [None req-f315be27-f22b-4cc5-a2aa-4cbc766fb839 None None] MySQL server mode set to STRICT_TRANS_TABLES,STRICT_ALL_TABLES,NO_ZERO_IN_DATE,NO_ZERO_DATE,ERROR_FOR_DIVISION_BY_ZERO,TRADITIONAL,NO_ENGINE_SUBSTITUTION {{(pid=95809) _check_effective_sql_mode /opt/stack/data/venv/lib/python3.12/site-packages/oslo_db/sqlalchemy/engines.py:325}}
Jun 09 00:41:39.965493 np0000002378 nova-scheduler[95809]: DEBUG dbcounter [-] [95809] Writer thread running {{(pid=95809) stat_writer /opt/stack/data/venv/lib/python3.12/site-packages/dbcounter.py:102}}
Jun 09 00:41:39.968088 np0000002378 nova-scheduler[95809]: DEBUG nova.service [None req-f315be27-f22b-4cc5-a2aa-4cbc766fb839 None None] Creating RPC server for service: nova-scheduler on topic: scheduler {{(pid=95809) start /opt/stack/nova/nova/service.py:195}}
Jun 09 00:41:39.976834 np0000002378 nova-scheduler[95778]: DEBUG nova.service [None req-035e62a7-c6ba-48b6-b218-af962531f19a None None] Join ServiceGroup membership for this service scheduler {{(pid=95778) start /opt/stack/nova/nova/service.py:221}}
Jun 09 00:41:39.977009 np0000002378 nova-scheduler[95778]: DEBUG nova.servicegroup.drivers.db [None req-035e62a7-c6ba-48b6-b218-af962531f19a None None] DB_Driver: join new ServiceGroup member np0000002378 to the scheduler group, service = {{(pid=95778) join /opt/stack/nova/nova/servicegroup/drivers/db.py:44}}
Jun 09 00:41:39.984262 np0000002378 nova-scheduler[95765]: DEBUG nova.service [None req-caca90f3-4e77-4397-b705-54931438f7a8 None None] Join ServiceGroup membership for this service scheduler {{(pid=95765) start /opt/stack/nova/nova/service.py:221}}
Jun 09 00:41:39.984480 np0000002378 nova-scheduler[95765]: DEBUG nova.servicegroup.drivers.db [None req-caca90f3-4e77-4397-b705-54931438f7a8 None None] DB_Driver: join new ServiceGroup member np0000002378 to the scheduler group, service = {{(pid=95765) join /opt/stack/nova/nova/servicegroup/drivers/db.py:44}}
Jun 09 00:41:39.988767 np0000002378 nova-scheduler[95809]: DEBUG nova.service [None req-f315be27-f22b-4cc5-a2aa-4cbc766fb839 None None] Join ServiceGroup membership for this service scheduler {{(pid=95809) start /opt/stack/nova/nova/service.py:221}}
Jun 09 00:41:39.988929 np0000002378 nova-scheduler[95809]: DEBUG nova.servicegroup.drivers.db [None req-f315be27-f22b-4cc5-a2aa-4cbc766fb839 None None] DB_Driver: join new ServiceGroup member np0000002378 to the scheduler group, service = {{(pid=95809) join /opt/stack/nova/nova/servicegroup/drivers/db.py:44}}
Jun 09 00:41:45.000079 np0000002378 nova-scheduler[95778]: DEBUG oslo.service.backend._threading.loopingcall [-] Fixed interval looping call 'nova.servicegroup.drivers.db.DbDriver._report_state' sleeping for 119.98 seconds {{(pid=95778) _run_loop /opt/stack/data/venv/lib/python3.12/site-packages/oslo_service/backend/_threading/loopingcall.py:125}}
Jun 09 00:41:45.000893 np0000002378 nova-scheduler[95765]: DEBUG oslo.service.backend._threading.loopingcall [-] Fixed interval looping call 'nova.servicegroup.drivers.db.DbDriver._report_state' sleeping for 119.99 seconds {{(pid=95765) _run_loop /opt/stack/data/venv/lib/python3.12/site-packages/oslo_service/backend/_threading/loopingcall.py:125}}
Jun 09 00:41:45.001537 np0000002378 nova-scheduler[95809]: DEBUG oslo.service.backend._threading.loopingcall [-] Fixed interval looping call 'nova.servicegroup.drivers.db.DbDriver._report_state' sleeping for 119.99 seconds {{(pid=95809) _run_loop /opt/stack/data/venv/lib/python3.12/site-packages/oslo_service/backend/_threading/loopingcall.py:125}}
Jun 09 00:41:48.490734 np0000002378 nova-scheduler[94560]: DEBUG dbcounter [-] [94560] Writing DB stats nova_api:SELECT=3 {{(pid=94560) stat_writer /opt/stack/data/venv/lib/python3.12/site-packages/dbcounter.py:115}}
Jun 09 00:41:48.638937 np0000002378 nova-scheduler[94560]: DEBUG dbcounter [-] [94560] Writing DB stats nova_cell0:SELECT=1 {{(pid=94560) stat_writer /opt/stack/data/venv/lib/python3.12/site-packages/dbcounter.py:115}}
Jun 09 00:41:48.643665 np0000002378 nova-scheduler[94560]: DEBUG dbcounter [-] [94560] Writing DB stats nova_cell1:SELECT=1 {{(pid=94560) stat_writer /opt/stack/data/venv/lib/python3.12/site-packages/dbcounter.py:115}}
Jun 09 00:41:48.991074 np0000002378 nova-scheduler[95809]: DEBUG oslo.service.backend._threading.loopingcall [None req-b7b80fd9-6d76-4fa6-9466-57727b49be06 None None] Dynamic interval looping call 'nova.service.Service.periodic_tasks' sleeping for 60.00 seconds {{(pid=95809) _run_loop /opt/stack/data/venv/lib/python3.12/site-packages/oslo_service/backend/_threading/loopingcall.py:125}}
Jun 09 00:41:54.993580 np0000002378 nova-scheduler[95778]: DEBUG dbcounter [-] [95778] Writing DB stats nova_cell0:SELECT=3,nova_cell0:UPDATE=1 {{(pid=95778) stat_writer /opt/stack/data/venv/lib/python3.12/site-packages/dbcounter.py:115}}
Jun 09 00:41:54.995216 np0000002378 nova-scheduler[95765]: DEBUG dbcounter [-] [95765] Writing DB stats nova_cell0:SELECT=4,nova_cell0:INSERT=1,nova_cell0:UPDATE=1 {{(pid=95765) stat_writer /opt/stack/data/venv/lib/python3.12/site-packages/dbcounter.py:115}}
Jun 09 00:41:54.998869 np0000002378 nova-scheduler[95809]: DEBUG dbcounter [-] [95809] Writing DB stats nova_cell0:SELECT=3,nova_cell0:UPDATE=1 {{(pid=95809) stat_writer /opt/stack/data/venv/lib/python3.12/site-packages/dbcounter.py:115}}
Jun 09 00:41:58.986855 np0000002378 nova-scheduler[95765]: DEBUG oslo.service.backend._threading.loopingcall [None req-63a5d52b-6b23-4b17-ad9f-2f79526b2f65 None None] Dynamic interval looping call 'nova.service.Service.periodic_tasks' sleeping for 60.00 seconds {{(pid=95765) _run_loop /opt/stack/data/venv/lib/python3.12/site-packages/oslo_service/backend/_threading/loopingcall.py:125}}
Jun 09 00:42:06.981720 np0000002378 nova-scheduler[95778]: DEBUG oslo.service.backend._threading.loopingcall [None req-ce1c09a8-0a8d-4017-9eef-dd3b504a10b7 None None] Dynamic interval looping call 'nova.service.Service.periodic_tasks' sleeping for 60.00 seconds {{(pid=95778) _run_loop /opt/stack/data/venv/lib/python3.12/site-packages/oslo_service/backend/_threading/loopingcall.py:125}}
Jun 09 00:42:48.991563 np0000002378 nova-scheduler[95809]: DEBUG oslo.service.backend._threading.loopingcall [None req-b7b80fd9-6d76-4fa6-9466-57727b49be06 None None] Dynamic interval looping call 'nova.service.Service.periodic_tasks' sleeping for 60.00 seconds {{(pid=95809) _run_loop /opt/stack/data/venv/lib/python3.12/site-packages/oslo_service/backend/_threading/loopingcall.py:125}}
Jun 09 00:42:58.987368 np0000002378 nova-scheduler[95765]: DEBUG oslo.service.backend._threading.loopingcall [None req-63a5d52b-6b23-4b17-ad9f-2f79526b2f65 None None] Dynamic interval looping call 'nova.service.Service.periodic_tasks' sleeping for 60.00 seconds {{(pid=95765) _run_loop /opt/stack/data/venv/lib/python3.12/site-packages/oslo_service/backend/_threading/loopingcall.py:125}}
Jun 09 00:43:06.982288 np0000002378 nova-scheduler[95778]: DEBUG oslo.service.backend._threading.loopingcall [None req-ce1c09a8-0a8d-4017-9eef-dd3b504a10b7 None None] Dynamic interval looping call 'nova.service.Service.periodic_tasks' sleeping for 60.00 seconds {{(pid=95778) _run_loop /opt/stack/data/venv/lib/python3.12/site-packages/oslo_service/backend/_threading/loopingcall.py:125}}
Jun 09 00:43:44.990152 np0000002378 nova-scheduler[95778]: DEBUG oslo.service.backend._threading.loopingcall [-] Fixed interval looping call 'nova.servicegroup.drivers.db.DbDriver._report_state' sleeping for 119.99 seconds {{(pid=95778) _run_loop /opt/stack/data/venv/lib/python3.12/site-packages/oslo_service/backend/_threading/loopingcall.py:125}}
Jun 09 00:43:44.995862 np0000002378 nova-scheduler[95809]: DEBUG oslo.service.backend._threading.loopingcall [-] Fixed interval looping call 'nova.servicegroup.drivers.db.DbDriver._report_state' sleeping for 120.00 seconds {{(pid=95809) _run_loop /opt/stack/data/venv/lib/python3.12/site-packages/oslo_service/backend/_threading/loopingcall.py:125}}
Jun 09 00:43:44.996337 np0000002378 nova-scheduler[95765]: DEBUG oslo.service.backend._threading.loopingcall [-] Fixed interval looping call 'nova.servicegroup.drivers.db.DbDriver._report_state' sleeping for 119.99 seconds {{(pid=95765) _run_loop /opt/stack/data/venv/lib/python3.12/site-packages/oslo_service/backend/_threading/loopingcall.py:125}}
Jun 09 00:43:48.992002 np0000002378 nova-scheduler[95809]: DEBUG oslo.service.backend._threading.loopingcall [None req-b7b80fd9-6d76-4fa6-9466-57727b49be06 None None] Dynamic interval looping call 'nova.service.Service.periodic_tasks' sleeping for 60.00 seconds {{(pid=95809) _run_loop /opt/stack/data/venv/lib/python3.12/site-packages/oslo_service/backend/_threading/loopingcall.py:125}}
Jun 09 00:43:54.984002 np0000002378 nova-scheduler[95778]: DEBUG dbcounter [-] [95778] Writing DB stats nova_cell0:SELECT=1,nova_cell0:UPDATE=1 {{(pid=95778) stat_writer /opt/stack/data/venv/lib/python3.12/site-packages/dbcounter.py:115}}
Jun 09 00:43:54.993455 np0000002378 nova-scheduler[95809]: DEBUG dbcounter [-] [95809] Writing DB stats nova_cell0:SELECT=1 {{(pid=95809) stat_writer /opt/stack/data/venv/lib/python3.12/site-packages/dbcounter.py:115}}
Jun 09 00:43:54.994322 np0000002378 nova-scheduler[95765]: DEBUG dbcounter [-] [95765] Writing DB stats nova_cell0:SELECT=1 {{(pid=95765) stat_writer /opt/stack/data/venv/lib/python3.12/site-packages/dbcounter.py:115}}
Jun 09 00:43:58.988154 np0000002378 nova-scheduler[95765]: DEBUG oslo.service.backend._threading.loopingcall [None req-63a5d52b-6b23-4b17-ad9f-2f79526b2f65 None None] Dynamic interval looping call 'nova.service.Service.periodic_tasks' sleeping for 60.00 seconds {{(pid=95765) _run_loop /opt/stack/data/venv/lib/python3.12/site-packages/oslo_service/backend/_threading/loopingcall.py:125}}
Jun 09 00:44:06.984180 np0000002378 nova-scheduler[95778]: DEBUG oslo.service.backend._threading.loopingcall [None req-ce1c09a8-0a8d-4017-9eef-dd3b504a10b7 None None] Dynamic interval looping call 'nova.service.Service.periodic_tasks' sleeping for 60.00 seconds {{(pid=95778) _run_loop /opt/stack/data/venv/lib/python3.12/site-packages/oslo_service/backend/_threading/loopingcall.py:125}}
Jun 09 00:44:12.557197 np0000002378 nova-scheduler[95778]: DEBUG nova.scheduler.manager [None req-a0b01809-6d79-44b2-bd2f-7a254af84169 tempest-AttachVolumeTestJSON-323255138 tempest-AttachVolumeTestJSON-323255138-project-member] Starting to schedule for instances: ['03701df1-89ba-477d-8d56-9eb7cbd7c40d'] {{(pid=95778) select_destinations /opt/stack/nova/nova/scheduler/manager.py:210}}
Jun 09 00:44:12.557763 np0000002378 nova-scheduler[95778]: DEBUG nova.scheduler.request_filter [None req-a0b01809-6d79-44b2-bd2f-7a254af84169 tempest-AttachVolumeTestJSON-323255138 tempest-AttachVolumeTestJSON-323255138-project-member] compute_status_filter request filter added forbidden trait COMPUTE_STATUS_DISABLED {{(pid=95778) compute_status_filter /opt/stack/nova/nova/scheduler/request_filter.py:253}}
Jun 09 00:44:12.557874 np0000002378 nova-scheduler[95778]: DEBUG nova.scheduler.request_filter [None req-a0b01809-6d79-44b2-bd2f-7a254af84169 tempest-AttachVolumeTestJSON-323255138 tempest-AttachVolumeTestJSON-323255138-project-member] Request filter 'compute_status_filter' took 0.0 seconds {{(pid=95778) wrapper /opt/stack/nova/nova/scheduler/request_filter.py:46}}
Jun 09 00:44:12.558096 np0000002378 nova-scheduler[95778]: DEBUG nova.scheduler.request_filter [None req-a0b01809-6d79-44b2-bd2f-7a254af84169 tempest-AttachVolumeTestJSON-323255138 tempest-AttachVolumeTestJSON-323255138-project-member] Request filter 'accelerators_filter' took 0.0 seconds {{(pid=95778) wrapper /opt/stack/nova/nova/scheduler/request_filter.py:46}}
Jun 09 00:44:12.558515 np0000002378 nova-scheduler[95778]: DEBUG nova.scheduler.request_filter [None req-a0b01809-6d79-44b2-bd2f-7a254af84169 tempest-AttachVolumeTestJSON-323255138 tempest-AttachVolumeTestJSON-323255138-project-member] Request filter 'packed_virtqueue_filter' took 0.0 seconds {{(pid=95778) wrapper /opt/stack/nova/nova/scheduler/request_filter.py:46}}
Jun 09 00:44:12.558843 np0000002378 nova-scheduler[95778]: DEBUG nova.scheduler.request_filter [None req-a0b01809-6d79-44b2-bd2f-7a254af84169 tempest-AttachVolumeTestJSON-323255138 tempest-AttachVolumeTestJSON-323255138-project-member] Request filter 'remote_managed_ports_filter' took 0.0 seconds {{(pid=95778) wrapper /opt/stack/nova/nova/scheduler/request_filter.py:46}}
Jun 09 00:44:12.559038 np0000002378 nova-scheduler[95778]: DEBUG nova.scheduler.request_filter [None req-a0b01809-6d79-44b2-bd2f-7a254af84169 tempest-AttachVolumeTestJSON-323255138 tempest-AttachVolumeTestJSON-323255138-project-member] ephemeral_encryption_filter skipped {{(pid=95778) ephemeral_encryption_filter /opt/stack/nova/nova/scheduler/request_filter.py:426}}
Jun 09 00:44:12.559379 np0000002378 nova-scheduler[95778]: DEBUG nova.scheduler.request_filter [None req-a0b01809-6d79-44b2-bd2f-7a254af84169 tempest-AttachVolumeTestJSON-323255138 tempest-AttachVolumeTestJSON-323255138-project-member] virtio_sound_filter skipped {{(pid=95778) virtio_sound_filter /opt/stack/nova/nova/scheduler/request_filter.py:460}}
Jun 09 00:44:12.559666 np0000002378 nova-scheduler[95778]: DEBUG nova.scheduler.request_filter [None req-a0b01809-6d79-44b2-bd2f-7a254af84169 tempest-AttachVolumeTestJSON-323255138 tempest-AttachVolumeTestJSON-323255138-project-member] tpm_secret_security_filter skipped {{(pid=95778) tpm_secret_security_filter /opt/stack/nova/nova/scheduler/request_filter.py:477}}
Jun 09 00:44:13.095226 np0000002378 nova-scheduler[95778]: INFO nova.utils [None req-a0b01809-6d79-44b2-bd2f-7a254af84169 tempest-AttachVolumeTestJSON-323255138 tempest-AttachVolumeTestJSON-323255138-project-member] The cell worker thread pool ForkProcess-2.cell_worker is initialized
Jun 09 00:44:13.095654 np0000002378 nova-scheduler[95778]: DEBUG oslo_concurrency.lockutils [None req-a0b01809-6d79-44b2-bd2f-7a254af84169 tempest-AttachVolumeTestJSON-323255138 tempest-AttachVolumeTestJSON-323255138-project-member] Acquiring lock "889c3747-3ddb-4935-9836-db6bdcfec38a" by "nova.context.set_target_cell..get_or_set_cached_cell_and_set_connections" {{(pid=95778) inner /opt/stack/data/venv/lib/python3.12/site-packages/oslo_concurrency/lockutils.py:511}}
Jun 09 00:44:13.096384 np0000002378 nova-scheduler[95778]: DEBUG oslo_concurrency.lockutils [None req-a0b01809-6d79-44b2-bd2f-7a254af84169 tempest-AttachVolumeTestJSON-323255138 tempest-AttachVolumeTestJSON-323255138-project-member] Lock "889c3747-3ddb-4935-9836-db6bdcfec38a" acquired by "nova.context.set_target_cell..get_or_set_cached_cell_and_set_connections" :: waited 0.000s {{(pid=95778) inner /opt/stack/data/venv/lib/python3.12/site-packages/oslo_concurrency/lockutils.py:524}}
Jun 09 00:44:13.097899 np0000002378 nova-scheduler[95778]: DEBUG oslo_concurrency.lockutils [None req-a0b01809-6d79-44b2-bd2f-7a254af84169 tempest-AttachVolumeTestJSON-323255138 tempest-AttachVolumeTestJSON-323255138-project-member] Lock "889c3747-3ddb-4935-9836-db6bdcfec38a" "released" by "nova.context.set_target_cell..get_or_set_cached_cell_and_set_connections" :: held 0.002s {{(pid=95778) inner /opt/stack/data/venv/lib/python3.12/site-packages/oslo_concurrency/lockutils.py:543}}
Jun 09 00:44:13.100246 np0000002378 nova-scheduler[95778]: INFO dbcounter [None req-a0b01809-6d79-44b2-bd2f-7a254af84169 tempest-AttachVolumeTestJSON-323255138 tempest-AttachVolumeTestJSON-323255138-project-member] Registered counter for database nova_cell1
Jun 09 00:44:13.157924 np0000002378 nova-scheduler[95778]: DEBUG oslo_db.sqlalchemy.engines [None req-a0b01809-6d79-44b2-bd2f-7a254af84169 tempest-AttachVolumeTestJSON-323255138 tempest-AttachVolumeTestJSON-323255138-project-member] MySQL server mode set to STRICT_TRANS_TABLES,STRICT_ALL_TABLES,NO_ZERO_IN_DATE,NO_ZERO_DATE,ERROR_FOR_DIVISION_BY_ZERO,TRADITIONAL,NO_ENGINE_SUBSTITUTION {{(pid=95778) _check_effective_sql_mode /opt/stack/data/venv/lib/python3.12/site-packages/oslo_db/sqlalchemy/engines.py:325}}
Jun 09 00:44:13.166056 np0000002378 nova-scheduler[95778]: DEBUG dbcounter [-] [95778] Writer thread running {{(pid=95778) stat_writer /opt/stack/data/venv/lib/python3.12/site-packages/dbcounter.py:102}}
Jun 09 00:44:13.179053 np0000002378 nova-scheduler[95778]: DEBUG oslo_db.sqlalchemy.engines [None req-a0b01809-6d79-44b2-bd2f-7a254af84169 tempest-AttachVolumeTestJSON-323255138 tempest-AttachVolumeTestJSON-323255138-project-member] Parent process 94560 forked (95778) with an open database connection, which is being discarded and recreated. {{(pid=95778) checkout /opt/stack/data/venv/lib/python3.12/site-packages/oslo_db/sqlalchemy/engines.py:402}}
Jun 09 00:44:13.239699 np0000002378 nova-scheduler[95778]: DEBUG dbcounter [-] [95778] Writer thread running {{(pid=95778) stat_writer /opt/stack/data/venv/lib/python3.12/site-packages/dbcounter.py:102}}
Jun 09 00:44:13.242976 np0000002378 nova-scheduler[95778]: DEBUG oslo_concurrency.lockutils [None req-a0b01809-6d79-44b2-bd2f-7a254af84169 tempest-AttachVolumeTestJSON-323255138 tempest-AttachVolumeTestJSON-323255138-project-member] Acquiring lock "889c3747-3ddb-4935-9836-db6bdcfec38a" by "nova.context.set_target_cell..get_or_set_cached_cell_and_set_connections" {{(pid=95778) inner /opt/stack/data/venv/lib/python3.12/site-packages/oslo_concurrency/lockutils.py:511}}
Jun 09 00:44:13.243194 np0000002378 nova-scheduler[95778]: DEBUG oslo_concurrency.lockutils [None req-a0b01809-6d79-44b2-bd2f-7a254af84169 tempest-AttachVolumeTestJSON-323255138 tempest-AttachVolumeTestJSON-323255138-project-member] Lock "889c3747-3ddb-4935-9836-db6bdcfec38a" acquired by "nova.context.set_target_cell..get_or_set_cached_cell_and_set_connections" :: waited 0.000s {{(pid=95778) inner /opt/stack/data/venv/lib/python3.12/site-packages/oslo_concurrency/lockutils.py:524}}
Jun 09 00:44:13.243360 np0000002378 nova-scheduler[95778]: DEBUG oslo_concurrency.lockutils [None req-a0b01809-6d79-44b2-bd2f-7a254af84169 tempest-AttachVolumeTestJSON-323255138 tempest-AttachVolumeTestJSON-323255138-project-member] Lock "889c3747-3ddb-4935-9836-db6bdcfec38a" "released" by "nova.context.set_target_cell..get_or_set_cached_cell_and_set_connections" :: held 0.000s {{(pid=95778) inner /opt/stack/data/venv/lib/python3.12/site-packages/oslo_concurrency/lockutils.py:543}}
Jun 09 00:44:13.246447 np0000002378 nova-scheduler[95778]: DEBUG oslo_concurrency.lockutils [None req-a0b01809-6d79-44b2-bd2f-7a254af84169 tempest-AttachVolumeTestJSON-323255138 tempest-AttachVolumeTestJSON-323255138-project-member] Acquiring lock "('np0000002378', 'np0000002378')" by "nova.scheduler.host_manager.HostState.update.._locked_update" {{(pid=95778) inner /opt/stack/data/venv/lib/python3.12/site-packages/oslo_concurrency/lockutils.py:511}}
Jun 09 00:44:13.246635 np0000002378 nova-scheduler[95778]: DEBUG oslo_concurrency.lockutils [None req-a0b01809-6d79-44b2-bd2f-7a254af84169 tempest-AttachVolumeTestJSON-323255138 tempest-AttachVolumeTestJSON-323255138-project-member] Lock "('np0000002378', 'np0000002378')" acquired by "nova.scheduler.host_manager.HostState.update.._locked_update" :: waited 0.000s {{(pid=95778) inner /opt/stack/data/venv/lib/python3.12/site-packages/oslo_concurrency/lockutils.py:524}}
Jun 09 00:44:13.247782 np0000002378 nova-scheduler[95778]: DEBUG nova.scheduler.host_manager [None req-a0b01809-6d79-44b2-bd2f-7a254af84169 tempest-AttachVolumeTestJSON-323255138 tempest-AttachVolumeTestJSON-323255138-project-member] Update host state from compute node: ComputeNode(cpu_allocation_ratio=4.0,cpu_info='{"arch": "x86_64", "model": "EPYC-Milan", "vendor": "AMD", "topology": {"cells": 1, "sockets": 12, "cores": 1, "threads": 1}, "maxphysaddr": {"mode": "emulate", "bits": 40}, "features": ["xgetbv1", "apic", "ibpb", "rdrand", "sse4a", "rdctl-no", "aes", "svm", "bmi2", "smep", "de", "vaes", "nrip-save", "rdpid", "xsaves", "fxsr_opt", "mce", "rdtscp", "ssse3", "hypervisor", "pse", "x2apic", "sse4.2", "cx8", "v-vmsave-vmload", "f16c", "adx", "null-sel-clr-base", "pku", "fma", "msr", "clzero", "mmxext", "amd-psfd", "topoext", "xsavec", "lahf_lm", "3dnowprefetch", "pschange-mc-no", "cmov", "stibp-always-on", "mtrr", "pse36", "fpu", "sse", "popcnt", "vme", "vmcb-clean", "lbrv", "mmx", "bmi1", "no-nested-data-bp", "spec-ctrl", "pni", "pclmuldq", "wbnoinvd", "svme-addr-chk", "invpcid", "clflush", "pge", "sha-ni", "misalignsse", "perfctr_core", "pae", "pdpe1gb", "avx", "flushbyasid", "erms", "xsaveopt", "arat", "cx16", "ssbd", "osvw", "tsc_adjust", "amd-ssbd", "amd-stibp", "fsgsbase", "tsc-deadline", "vgif", "gds-no", "abm", "lfence-always-serializing", "cmp_legacy", "clwb", "nx", "pause-filter", "sse2", "mca", "rdseed", "syscall", "clflushopt", "cr8legacy", "vpclmulqdq", "movbe", "sse4.1", "virt-ssbd", "ibrs", "fsrm", "avx2", "mds-no", "stibp", "tsc", "umip", "sep", "lm", "pat", "xsave", "tsc-scale", "xsaveerptr", "pfthreshold", "fxsr", "arch-capabilities", "skip-l1dfl-vmentry", "smap", "npt", "pcid"]}',created_at=2026-06-09T00:42:04Z,current_workload=0,deleted=False,deleted_at=None,disk_allocation_ratio=1.0,disk_available_least=74,free_disk_gb=95,free_ram_mb=23518,host='np0000002378',host_ip=10.4.3.216,hypervisor_hostname='np0000002378',hypervisor_type='QEMU',hypervisor_version=8002002,id=1,local_gb=95,local_gb_used=0,mapped=1,memory_mb=24030,memory_mb_used=512,metrics='[]',numa_topology='{"nova_object.name": "NUMATopology", "nova_object.namespace": "nova", "nova_object.version": "1.2", "nova_object.data": {"cells": [{"nova_object.name": "NUMACell", "nova_object.namespace": "nova", "nova_object.version": "1.5", "nova_object.data": {"id": 0, "cpuset": [0, 1, 2, 3, 4, 5, 6, 7, 8, 9, 10, 11], "pcpuset": [0, 1, 2, 3, 4, 5, 6, 7, 8, 9, 10, 11], "memory": 24030, "cpu_usage": 0, "memory_usage": 0, "pinned_cpus": [], "siblings": [[6], [2], [5], [11], [8], [4], [1], [7], [10], [0], [3], [9]], "mempages": [{"nova_object.name": "NUMAPagesTopology", "nova_object.namespace": "nova", "nova_object.version": "1.1", "nova_object.data": {"size_kb": 4, "total": 6151799, "used": 0, "reserved": 0}, "nova_object.changes": ["reserved", "size_kb", "total", "used"]}, {"nova_object.name": "NUMAPagesTopology", "nova_object.namespace": "nova", "nova_object.version": "1.1", "nova_object.data": {"size_kb": 2048, "total": 0, "used": 0, "reserved": 0}, "nova_object.changes": ["reserved", "size_kb", "total", "used"]}, {"nova_object.name": "NUMAPagesTopology", "nova_object.namespace": "nova", "nova_object.version": "1.1", "nova_object.data": {"size_kb": 1048576, "total": 0, "used": 0, "reserved": 0}, "nova_object.changes": ["reserved", "size_kb", "total", "used"]}], "network_metadata": {"nova_object.name": "NetworkMetadata", "nova_object.namespace": "nova", "nova_object.version": "1.0", "nova_object.data": {"physnets": [], "tunneled": false}, "nova_object.changes": ["physnets", "tunneled"]}, "socket": null}, "nova_object.changes": ["memory", "socket", "mempages", "id", "network_metadata", "cpu_usage", "siblings", "pinned_cpus", "cpuset", "memory_usage", "pcpuset"]}]}, "nova_object.changes": ["cells"]}',pci_device_pools=PciDevicePoolList,ram_allocation_ratio=1.0,running_vms=0,service_id=2,stats={failed_builds='0',uptime=' 00:43:50 up 29 min, 2 users, load average: 1.37, 1.29, 0.75
Jun 09 00:44:13.247782 np0000002378 nova-scheduler[95778]: '},supported_hv_specs=[HVSpec,HVSpec,HVSpec,HVSpec,HVSpec,HVSpec,HVSpec,HVSpec,HVSpec,HVSpec,HVSpec,HVSpec,HVSpec,HVSpec,HVSpec,HVSpec,HVSpec,HVSpec,HVSpec,HVSpec,HVSpec,HVSpec,HVSpec,HVSpec,HVSpec],updated_at=2026-06-09T00:43:53Z,uuid=bc80f755-ec99-442c-bc68-3e4c3ef59c51,vcpus=12,vcpus_used=0) {{(pid=95778) _locked_update /opt/stack/nova/nova/scheduler/host_manager.py:168}}
Jun 09 00:44:13.248786 np0000002378 nova-scheduler[95778]: DEBUG nova.scheduler.host_manager [None req-a0b01809-6d79-44b2-bd2f-7a254af84169 tempest-AttachVolumeTestJSON-323255138 tempest-AttachVolumeTestJSON-323255138-project-member] Update host state with aggregates: [] {{(pid=95778) _locked_update /opt/stack/nova/nova/scheduler/host_manager.py:171}}
Jun 09 00:44:13.248958 np0000002378 nova-scheduler[95778]: DEBUG nova.scheduler.host_manager [None req-a0b01809-6d79-44b2-bd2f-7a254af84169 tempest-AttachVolumeTestJSON-323255138 tempest-AttachVolumeTestJSON-323255138-project-member] Update host state with service dict: {'id': 2, 'uuid': 'f1e2a395-8fed-450d-9639-b5ecd9be0e95', 'host': 'np0000002378', 'binary': 'nova-compute', 'topic': 'compute', 'report_count': 2, 'disabled': False, 'disabled_reason': None, 'last_seen_up': datetime.datetime(2026, 6, 9, 0, 44, 13, tzinfo=datetime.timezone.utc), 'forced_down': False, 'version': 72, 'created_at': datetime.datetime(2026, 6, 9, 0, 42, 3, tzinfo=datetime.timezone.utc), 'updated_at': datetime.datetime(2026, 6, 9, 0, 44, 13, tzinfo=datetime.timezone.utc), 'deleted_at': None, 'deleted': False} {{(pid=95778) _locked_update /opt/stack/nova/nova/scheduler/host_manager.py:174}}
Jun 09 00:44:13.249158 np0000002378 nova-scheduler[95778]: DEBUG nova.scheduler.host_manager [None req-a0b01809-6d79-44b2-bd2f-7a254af84169 tempest-AttachVolumeTestJSON-323255138 tempest-AttachVolumeTestJSON-323255138-project-member] Update host state with instances: [] {{(pid=95778) _locked_update /opt/stack/nova/nova/scheduler/host_manager.py:177}}
Jun 09 00:44:13.249327 np0000002378 nova-scheduler[95778]: DEBUG oslo_concurrency.lockutils [None req-a0b01809-6d79-44b2-bd2f-7a254af84169 tempest-AttachVolumeTestJSON-323255138 tempest-AttachVolumeTestJSON-323255138-project-member] Lock "('np0000002378', 'np0000002378')" "released" by "nova.scheduler.host_manager.HostState.update.._locked_update" :: held 0.003s {{(pid=95778) inner /opt/stack/data/venv/lib/python3.12/site-packages/oslo_concurrency/lockutils.py:543}}
Jun 09 00:44:13.250086 np0000002378 nova-scheduler[95778]: DEBUG nova.filters [None req-a0b01809-6d79-44b2-bd2f-7a254af84169 tempest-AttachVolumeTestJSON-323255138 tempest-AttachVolumeTestJSON-323255138-project-member] Starting with 1 host(s) {{(pid=95778) get_filtered_objects /opt/stack/nova/nova/filters.py:70}}
Jun 09 00:44:13.250385 np0000002378 nova-scheduler[95778]: DEBUG nova.filters [None req-a0b01809-6d79-44b2-bd2f-7a254af84169 tempest-AttachVolumeTestJSON-323255138 tempest-AttachVolumeTestJSON-323255138-project-member] Filter ComputeFilter returned 1 host(s) {{(pid=95778) get_filtered_objects /opt/stack/nova/nova/filters.py:102}}
Jun 09 00:44:13.250578 np0000002378 nova-scheduler[95778]: DEBUG nova.filters [None req-a0b01809-6d79-44b2-bd2f-7a254af84169 tempest-AttachVolumeTestJSON-323255138 tempest-AttachVolumeTestJSON-323255138-project-member] Filter ComputeCapabilitiesFilter returned 1 host(s) {{(pid=95778) get_filtered_objects /opt/stack/nova/nova/filters.py:102}}
Jun 09 00:44:13.250830 np0000002378 nova-scheduler[95778]: DEBUG nova.filters [None req-a0b01809-6d79-44b2-bd2f-7a254af84169 tempest-AttachVolumeTestJSON-323255138 tempest-AttachVolumeTestJSON-323255138-project-member] Filter ImagePropertiesFilter returned 1 host(s) {{(pid=95778) get_filtered_objects /opt/stack/nova/nova/filters.py:102}}
Jun 09 00:44:13.251019 np0000002378 nova-scheduler[95778]: DEBUG nova.filters [None req-a0b01809-6d79-44b2-bd2f-7a254af84169 tempest-AttachVolumeTestJSON-323255138 tempest-AttachVolumeTestJSON-323255138-project-member] Filter ServerGroupAntiAffinityFilter returned 1 host(s) {{(pid=95778) get_filtered_objects /opt/stack/nova/nova/filters.py:102}}
Jun 09 00:44:13.251218 np0000002378 nova-scheduler[95778]: DEBUG nova.filters [None req-a0b01809-6d79-44b2-bd2f-7a254af84169 tempest-AttachVolumeTestJSON-323255138 tempest-AttachVolumeTestJSON-323255138-project-member] Filter ServerGroupAffinityFilter returned 1 host(s) {{(pid=95778) get_filtered_objects /opt/stack/nova/nova/filters.py:102}}
Jun 09 00:44:13.251414 np0000002378 nova-scheduler[95778]: DEBUG nova.filters [None req-a0b01809-6d79-44b2-bd2f-7a254af84169 tempest-AttachVolumeTestJSON-323255138 tempest-AttachVolumeTestJSON-323255138-project-member] Filter SameHostFilter returned 1 host(s) {{(pid=95778) get_filtered_objects /opt/stack/nova/nova/filters.py:102}}
Jun 09 00:44:13.251562 np0000002378 nova-scheduler[95778]: DEBUG nova.filters [None req-a0b01809-6d79-44b2-bd2f-7a254af84169 tempest-AttachVolumeTestJSON-323255138 tempest-AttachVolumeTestJSON-323255138-project-member] Filter DifferentHostFilter returned 1 host(s) {{(pid=95778) get_filtered_objects /opt/stack/nova/nova/filters.py:102}}
Jun 09 00:44:13.251748 np0000002378 nova-scheduler[95778]: DEBUG nova.scheduler.manager [None req-a0b01809-6d79-44b2-bd2f-7a254af84169 tempest-AttachVolumeTestJSON-323255138 tempest-AttachVolumeTestJSON-323255138-project-member] Filtered [(np0000002378, np0000002378) ram: 23518MB disk: 75776MB io_ops: 0 instances: 0, allocation_candidates: 1] {{(pid=95778) _get_sorted_hosts /opt/stack/nova/nova/scheduler/manager.py:743}}
Jun 09 00:44:13.251942 np0000002378 nova-scheduler[95778]: DEBUG nova.scheduler.manager [None req-a0b01809-6d79-44b2-bd2f-7a254af84169 tempest-AttachVolumeTestJSON-323255138 tempest-AttachVolumeTestJSON-323255138-project-member] Weighed [WeighedHost [host: (np0000002378, np0000002378) ram: 23518MB disk: 75776MB io_ops: 0 instances: 0, allocation_candidates: 1, weight: 0.0]] {{(pid=95778) _get_sorted_hosts /opt/stack/nova/nova/scheduler/manager.py:765}}
Jun 09 00:44:13.252114 np0000002378 nova-scheduler[95778]: DEBUG nova.scheduler.utils [None req-a0b01809-6d79-44b2-bd2f-7a254af84169 tempest-AttachVolumeTestJSON-323255138 tempest-AttachVolumeTestJSON-323255138-project-member] Attempting to claim resources in the placement API for instance 03701df1-89ba-477d-8d56-9eb7cbd7c40d {{(pid=95778) claim_resources /opt/stack/nova/nova/scheduler/utils.py:1345}}
Jun 09 00:44:13.400618 np0000002378 nova-scheduler[95778]: DEBUG nova.scheduler.manager [None req-a0b01809-6d79-44b2-bd2f-7a254af84169 tempest-AttachVolumeTestJSON-323255138 tempest-AttachVolumeTestJSON-323255138-project-member] [instance: 03701df1-89ba-477d-8d56-9eb7cbd7c40d] Selected host: (np0000002378, np0000002378) ram: 23518MB disk: 75776MB io_ops: 0 instances: 0, allocation_candidates: 1 {{(pid=95778) _consume_selected_host /opt/stack/nova/nova/scheduler/manager.py:625}}
Jun 09 00:44:13.400941 np0000002378 nova-scheduler[95778]: DEBUG oslo_concurrency.lockutils [None req-a0b01809-6d79-44b2-bd2f-7a254af84169 tempest-AttachVolumeTestJSON-323255138 tempest-AttachVolumeTestJSON-323255138-project-member] Acquiring lock "('np0000002378', 'np0000002378')" by "nova.scheduler.host_manager.HostState.consume_from_request.._locked" {{(pid=95778) inner /opt/stack/data/venv/lib/python3.12/site-packages/oslo_concurrency/lockutils.py:511}}
Jun 09 00:44:13.401118 np0000002378 nova-scheduler[95778]: DEBUG oslo_concurrency.lockutils [None req-a0b01809-6d79-44b2-bd2f-7a254af84169 tempest-AttachVolumeTestJSON-323255138 tempest-AttachVolumeTestJSON-323255138-project-member] Lock "('np0000002378', 'np0000002378')" acquired by "nova.scheduler.host_manager.HostState.consume_from_request.._locked" :: waited 0.000s {{(pid=95778) inner /opt/stack/data/venv/lib/python3.12/site-packages/oslo_concurrency/lockutils.py:524}}
Jun 09 00:44:13.401298 np0000002378 nova-scheduler[95778]: DEBUG oslo_concurrency.lockutils [None req-a0b01809-6d79-44b2-bd2f-7a254af84169 tempest-AttachVolumeTestJSON-323255138 tempest-AttachVolumeTestJSON-323255138-project-member] Lock "('np0000002378', 'np0000002378')" "released" by "nova.scheduler.host_manager.HostState.consume_from_request.._locked" :: held 0.000s {{(pid=95778) inner /opt/stack/data/venv/lib/python3.12/site-packages/oslo_concurrency/lockutils.py:543}}
Jun 09 00:44:18.962003 np0000002378 nova-scheduler[95765]: DEBUG nova.scheduler.manager [None req-3315709f-7947-4cae-a3c0-5d1cdf66dc4e tempest-TaggedAttachmentsTest-1794011489 tempest-TaggedAttachmentsTest-1794011489-project-member] Starting to schedule for instances: ['991ff24f-624c-4f24-bf1a-c78681a0fddf'] {{(pid=95765) select_destinations /opt/stack/nova/nova/scheduler/manager.py:210}}
Jun 09 00:44:18.963469 np0000002378 nova-scheduler[95765]: DEBUG nova.scheduler.request_filter [None req-3315709f-7947-4cae-a3c0-5d1cdf66dc4e tempest-TaggedAttachmentsTest-1794011489 tempest-TaggedAttachmentsTest-1794011489-project-member] compute_status_filter request filter added forbidden trait COMPUTE_STATUS_DISABLED {{(pid=95765) compute_status_filter /opt/stack/nova/nova/scheduler/request_filter.py:253}}
Jun 09 00:44:18.963469 np0000002378 nova-scheduler[95765]: DEBUG nova.scheduler.request_filter [None req-3315709f-7947-4cae-a3c0-5d1cdf66dc4e tempest-TaggedAttachmentsTest-1794011489 tempest-TaggedAttachmentsTest-1794011489-project-member] Request filter 'compute_status_filter' took 0.0 seconds {{(pid=95765) wrapper /opt/stack/nova/nova/scheduler/request_filter.py:46}}
Jun 09 00:44:18.963469 np0000002378 nova-scheduler[95765]: DEBUG nova.scheduler.request_filter [None req-3315709f-7947-4cae-a3c0-5d1cdf66dc4e tempest-TaggedAttachmentsTest-1794011489 tempest-TaggedAttachmentsTest-1794011489-project-member] Request filter 'accelerators_filter' took 0.0 seconds {{(pid=95765) wrapper /opt/stack/nova/nova/scheduler/request_filter.py:46}}
Jun 09 00:44:18.963619 np0000002378 nova-scheduler[95765]: DEBUG nova.scheduler.request_filter [None req-3315709f-7947-4cae-a3c0-5d1cdf66dc4e tempest-TaggedAttachmentsTest-1794011489 tempest-TaggedAttachmentsTest-1794011489-project-member] Request filter 'packed_virtqueue_filter' took 0.0 seconds {{(pid=95765) wrapper /opt/stack/nova/nova/scheduler/request_filter.py:46}}
Jun 09 00:44:18.965766 np0000002378 nova-scheduler[95765]: DEBUG nova.scheduler.request_filter [None req-3315709f-7947-4cae-a3c0-5d1cdf66dc4e tempest-TaggedAttachmentsTest-1794011489 tempest-TaggedAttachmentsTest-1794011489-project-member] Request filter 'remote_managed_ports_filter' took 0.0 seconds {{(pid=95765) wrapper /opt/stack/nova/nova/scheduler/request_filter.py:46}}
Jun 09 00:44:18.965766 np0000002378 nova-scheduler[95765]: DEBUG nova.scheduler.request_filter [None req-3315709f-7947-4cae-a3c0-5d1cdf66dc4e tempest-TaggedAttachmentsTest-1794011489 tempest-TaggedAttachmentsTest-1794011489-project-member] ephemeral_encryption_filter skipped {{(pid=95765) ephemeral_encryption_filter /opt/stack/nova/nova/scheduler/request_filter.py:426}}
Jun 09 00:44:18.966057 np0000002378 nova-scheduler[95765]: DEBUG nova.scheduler.request_filter [None req-3315709f-7947-4cae-a3c0-5d1cdf66dc4e tempest-TaggedAttachmentsTest-1794011489 tempest-TaggedAttachmentsTest-1794011489-project-member] virtio_sound_filter skipped {{(pid=95765) virtio_sound_filter /opt/stack/nova/nova/scheduler/request_filter.py:460}}
Jun 09 00:44:18.966057 np0000002378 nova-scheduler[95765]: DEBUG nova.scheduler.request_filter [None req-3315709f-7947-4cae-a3c0-5d1cdf66dc4e tempest-TaggedAttachmentsTest-1794011489 tempest-TaggedAttachmentsTest-1794011489-project-member] tpm_secret_security_filter skipped {{(pid=95765) tpm_secret_security_filter /opt/stack/nova/nova/scheduler/request_filter.py:477}}
Jun 09 00:44:19.089773 np0000002378 nova-scheduler[95765]: INFO nova.utils [None req-3315709f-7947-4cae-a3c0-5d1cdf66dc4e tempest-TaggedAttachmentsTest-1794011489 tempest-TaggedAttachmentsTest-1794011489-project-member] The cell worker thread pool ForkProcess-1.cell_worker is initialized
Jun 09 00:44:19.090213 np0000002378 nova-scheduler[95765]: DEBUG oslo_concurrency.lockutils [None req-3315709f-7947-4cae-a3c0-5d1cdf66dc4e tempest-TaggedAttachmentsTest-1794011489 tempest-TaggedAttachmentsTest-1794011489-project-member] Acquiring lock "889c3747-3ddb-4935-9836-db6bdcfec38a" by "nova.context.set_target_cell..get_or_set_cached_cell_and_set_connections" {{(pid=95765) inner /opt/stack/data/venv/lib/python3.12/site-packages/oslo_concurrency/lockutils.py:511}}
Jun 09 00:44:19.090453 np0000002378 nova-scheduler[95765]: DEBUG oslo_concurrency.lockutils [None req-3315709f-7947-4cae-a3c0-5d1cdf66dc4e tempest-TaggedAttachmentsTest-1794011489 tempest-TaggedAttachmentsTest-1794011489-project-member] Lock "889c3747-3ddb-4935-9836-db6bdcfec38a" acquired by "nova.context.set_target_cell..get_or_set_cached_cell_and_set_connections" :: waited 0.000s {{(pid=95765) inner /opt/stack/data/venv/lib/python3.12/site-packages/oslo_concurrency/lockutils.py:524}}
Jun 09 00:44:19.092687 np0000002378 nova-scheduler[95765]: DEBUG oslo_concurrency.lockutils [None req-3315709f-7947-4cae-a3c0-5d1cdf66dc4e tempest-TaggedAttachmentsTest-1794011489 tempest-TaggedAttachmentsTest-1794011489-project-member] Lock "889c3747-3ddb-4935-9836-db6bdcfec38a" "released" by "nova.context.set_target_cell..get_or_set_cached_cell_and_set_connections" :: held 0.002s {{(pid=95765) inner /opt/stack/data/venv/lib/python3.12/site-packages/oslo_concurrency/lockutils.py:543}}
Jun 09 00:44:19.096244 np0000002378 nova-scheduler[95765]: INFO dbcounter [None req-3315709f-7947-4cae-a3c0-5d1cdf66dc4e tempest-TaggedAttachmentsTest-1794011489 tempest-TaggedAttachmentsTest-1794011489-project-member] Registered counter for database nova_cell1
Jun 09 00:44:19.151561 np0000002378 nova-scheduler[95765]: DEBUG oslo_db.sqlalchemy.engines [None req-3315709f-7947-4cae-a3c0-5d1cdf66dc4e tempest-TaggedAttachmentsTest-1794011489 tempest-TaggedAttachmentsTest-1794011489-project-member] MySQL server mode set to STRICT_TRANS_TABLES,STRICT_ALL_TABLES,NO_ZERO_IN_DATE,NO_ZERO_DATE,ERROR_FOR_DIVISION_BY_ZERO,TRADITIONAL,NO_ENGINE_SUBSTITUTION {{(pid=95765) _check_effective_sql_mode /opt/stack/data/venv/lib/python3.12/site-packages/oslo_db/sqlalchemy/engines.py:325}}
Jun 09 00:44:19.157310 np0000002378 nova-scheduler[95765]: DEBUG dbcounter [-] [95765] Writer thread running {{(pid=95765) stat_writer /opt/stack/data/venv/lib/python3.12/site-packages/dbcounter.py:102}}
Jun 09 00:44:19.213949 np0000002378 nova-scheduler[95765]: DEBUG dbcounter [-] [95765] Writer thread running {{(pid=95765) stat_writer /opt/stack/data/venv/lib/python3.12/site-packages/dbcounter.py:102}}
Jun 09 00:44:19.216726 np0000002378 nova-scheduler[95765]: DEBUG oslo_concurrency.lockutils [None req-3315709f-7947-4cae-a3c0-5d1cdf66dc4e tempest-TaggedAttachmentsTest-1794011489 tempest-TaggedAttachmentsTest-1794011489-project-member] Acquiring lock "889c3747-3ddb-4935-9836-db6bdcfec38a" by "nova.context.set_target_cell..get_or_set_cached_cell_and_set_connections" {{(pid=95765) inner /opt/stack/data/venv/lib/python3.12/site-packages/oslo_concurrency/lockutils.py:511}}
Jun 09 00:44:19.216926 np0000002378 nova-scheduler[95765]: DEBUG oslo_concurrency.lockutils [None req-3315709f-7947-4cae-a3c0-5d1cdf66dc4e tempest-TaggedAttachmentsTest-1794011489 tempest-TaggedAttachmentsTest-1794011489-project-member] Lock "889c3747-3ddb-4935-9836-db6bdcfec38a" acquired by "nova.context.set_target_cell..get_or_set_cached_cell_and_set_connections" :: waited 0.000s {{(pid=95765) inner /opt/stack/data/venv/lib/python3.12/site-packages/oslo_concurrency/lockutils.py:524}}
Jun 09 00:44:19.217113 np0000002378 nova-scheduler[95765]: DEBUG oslo_concurrency.lockutils [None req-3315709f-7947-4cae-a3c0-5d1cdf66dc4e tempest-TaggedAttachmentsTest-1794011489 tempest-TaggedAttachmentsTest-1794011489-project-member] Lock "889c3747-3ddb-4935-9836-db6bdcfec38a" "released" by "nova.context.set_target_cell..get_or_set_cached_cell_and_set_connections" :: held 0.000s {{(pid=95765) inner /opt/stack/data/venv/lib/python3.12/site-packages/oslo_concurrency/lockutils.py:543}}
Jun 09 00:44:19.225942 np0000002378 nova-scheduler[95765]: DEBUG oslo_concurrency.lockutils [None req-3315709f-7947-4cae-a3c0-5d1cdf66dc4e tempest-TaggedAttachmentsTest-1794011489 tempest-TaggedAttachmentsTest-1794011489-project-member] Acquiring lock "('np0000002378', 'np0000002378')" by "nova.scheduler.host_manager.HostState.update.._locked_update" {{(pid=95765) inner /opt/stack/data/venv/lib/python3.12/site-packages/oslo_concurrency/lockutils.py:511}}
Jun 09 00:44:19.226081 np0000002378 nova-scheduler[95765]: DEBUG oslo_concurrency.lockutils [None req-3315709f-7947-4cae-a3c0-5d1cdf66dc4e tempest-TaggedAttachmentsTest-1794011489 tempest-TaggedAttachmentsTest-1794011489-project-member] Lock "('np0000002378', 'np0000002378')" acquired by "nova.scheduler.host_manager.HostState.update.._locked_update" :: waited 0.000s {{(pid=95765) inner /opt/stack/data/venv/lib/python3.12/site-packages/oslo_concurrency/lockutils.py:524}}
