May 21 01:07:57.224567 np0000001118 devstack@g-api.service[98886]: DEBUG glance.api.middleware.version_negotiation [None req-53bbf434-efb6-4bfb-80e9-052fa2b5fc7d tempest-ServerBootFromVolumeStableRescueTest-831101528 tempest-ServerBootFromVolumeStableRescueTest-831101528-project-member] Matched version: v2 {{(pid=98886) process_request /opt/stack/glance/glance/api/middleware/version_negotiation.py:69}}
May 21 01:07:57.224567 np0000001118 devstack@g-api.service[98886]: DEBUG glance.api.middleware.version_negotiation [None req-53bbf434-efb6-4bfb-80e9-052fa2b5fc7d tempest-ServerBootFromVolumeStableRescueTest-831101528 tempest-ServerBootFromVolumeStableRescueTest-831101528-project-member] new path /v2/schemas/image {{(pid=98886) process_request /opt/stack/glance/glance/api/middleware/version_negotiation.py:70}}
May 21 01:07:57.229633 np0000001118 devstack@g-api.service[98886]: [pid: 98886|app: 0|req: 229/461] 127.0.0.1 () {44 vars in 1055 bytes} [Thu May 21 01:07:57 2026] GET /v2/schemas/image => generated 6083 bytes in 6 msecs (HTTP/1.1 200) 4 headers in 158 bytes (1 switches on core 0)
May 21 01:07:57.239485 np0000001118 devstack@g-api.service[98885]: DEBUG keystoneclient.auth.identity.v3.base [None req-ff9765da-9e6b-43e7-8a59-8f4637e47cd8 tempest-TestVolumeBootPatternV346-1256862753 tempest-TestVolumeBootPatternV346-1256862753-project-member] {"token": {"methods": ["password"], "user": {"domain": {"id": "default", "name": "Default"}, "id": "9750c3b46de54bf99b73e5c6dd1d96fd", "name": "glance-swift", "password_expires_at": null}, "audit_ids": ["_kKClk6wRwu3Kkh-WJKwyA"], "expires_at": "2026-05-21T02:07:57.000000Z", "issued_at": "2026-05-21T01:07:57.000000Z", "project": {"domain": {"id": "default", "name": "Default"}, "id": "f7aa49c62b694e99a13d2186060ad5e9", "name": "service"}, "is_domain": false, "roles": [{"id": "3300029e02224f36913b1d1f0b053658", "name": "service"}, {"id": "128953223efb49ca8f58f80adec62fdf", "name": "ResellerAdmin"}], "catalog": [{"endpoints": [{"id": "ab6e7f9501f544878594fc9d10d6b5d9", "interface": "public", "region_id": "RegionOne", "url": "https://10.4.3.123/placement", "region": "RegionOne"}], "id": "74e299e3069c4f56adee0a3b9d88cdde", "type": "placement", "name": "placement"}, {"endpoints": [{"id": "a4409060cf6c4aa0b15788ffe74c99cc", "interface": "public", "region_id": "RegionOne", "url": "https://10.4.3.123/image", "region": "RegionOne"}], "id": "80a9fe053c2941eb9bffb50e935fc11c", "type": "image", "name": "glance"}, {"endpoints": [{"id": "be96297595ed4b51b5c2b458f09c4dfd", "interface": "admin", "region_id": "RegionOne", "url": "https://10.4.3.123:8080", "region": "RegionOne"}, {"id": "fd6585c260fe4ecf9b630b882e6b864f", "interface": "public", "region_id": "RegionOne", "url": "https://10.4.3.123:8080/v1/AUTH_f7aa49c62b694e99a13d2186060ad5e9", "region": "RegionOne"}], "id": "8ca6c6e2553e43ae999908624112ff79", "type": "object-store", "name": "swift"}, {"endpoints": [{"id": "89fa7b05a8eb4730bc921b63be30f3dc", "interface": "public", "region_id": "RegionOne", "url": "https://10.4.3.123/volume/v3", "region": "RegionOne"}], "id": "c96b83ba8ce64d8da6fa8974bf2c3fe8", "type": "block-storage", "name": "cinder"}, {"endpoints": [{"id": "7f274cfa8e8f47e39c269629269f81d7", "interface": "public", "region_id": "RegionOne", "url": "https://10.4.3.123/compute/v2/f7aa49c62b694e99a13d2186060ad5e9", "region": "RegionOne"}], "id": "e3a2adaff15d434f8e4d1432eb536204", "type": "compute_legacy", "name": "nova_legacy"}, {"endpoints": [{"id": "c5dce3a8fe25440aa2cbee224773f3c4", "interface": "public", "region_id": "RegionOne", "url": "https://10.4.3.123/compute/v2.1", "region": "RegionOne"}], "id": "e5e3d42b074c441f8de723110e02eb4f", "type": "compute", "name": "nova"}, {"endpoints": [{"id": "b9c8c5b2fc264fe3afe3b1b0568bf8f7", "interface": "public", "region_id": "RegionOne", "url": "https://10.4.3.123/identity", "region": "RegionOne"}], "id": "ee7fec71375c4f83b7029a3c055ca95f", "type": "identity", "name": "keystone"}, {"endpoints": [{"id": "2bf0a062c89d42e186ae0fbb97b527be", "interface": "public", "region_id": "RegionOne", "url": "https://10.4.3.123/networking", "region": "RegionOne"}], "id": "ff916fd7bec44161911fd82712fc5bbe", "type": "network", "name": "neutron"}]}} {{(pid=98885) get_auth_ref /opt/stack/data/venv/lib/python3.12/site-packages/keystoneclient/auth/identity/v3/base.py:190}}
May 21 01:07:57.239938 np0000001118 devstack@g-api.service[98885]: DEBUG keystoneclient.httpclient [None req-ff9765da-9e6b-43e7-8a59-8f4637e47cd8 tempest-TestVolumeBootPatternV346-1256862753 tempest-TestVolumeBootPatternV346-1256862753-project-member] Failed to find endpoint for management url admin endpoint for identity service not found {{(pid=98885) _process_management_url /opt/stack/data/venv/lib/python3.12/site-packages/keystoneclient/httpclient.py:670}}
May 21 01:07:57.390712 np0000001118 devstack@g-api.service[98885]: DEBUG swiftclient [None req-ff9765da-9e6b-43e7-8a59-8f4637e47cd8 tempest-TestVolumeBootPatternV346-1256862753 tempest-TestVolumeBootPatternV346-1256862753-project-member] REQ: curl -i https://10.4.3.123:8080/v1/AUTH_f7aa49c62b694e99a13d2186060ad5e9/glance/6430dd2b-77bd-4c24-843a-22af40d5aa4e -I -H "X-Auth-Token: gAAAAABqDlrtQIB0..." {{(pid=98885) http_log /opt/stack/data/venv/lib/python3.12/site-packages/swiftclient/client.py:160}}
May 21 01:07:57.390814 np0000001118 devstack@g-api.service[98885]: DEBUG swiftclient [None req-ff9765da-9e6b-43e7-8a59-8f4637e47cd8 tempest-TestVolumeBootPatternV346-1256862753 tempest-TestVolumeBootPatternV346-1256862753-project-member] RESP STATUS: 200 OK {{(pid=98885) http_log /opt/stack/data/venv/lib/python3.12/site-packages/swiftclient/client.py:161}}
May 21 01:07:57.391010 np0000001118 devstack@g-api.service[98885]: DEBUG swiftclient [None req-ff9765da-9e6b-43e7-8a59-8f4637e47cd8 tempest-TestVolumeBootPatternV346-1256862753 tempest-TestVolumeBootPatternV346-1256862753-project-member] RESP HEADERS: {'Date': 'Thu, 21 May 2026 01:07:57 GMT', 'Server': 'Apache/2.4.58 (Ubuntu)', 'Content-Type': 'application/octet-stream', 'X-Object-Manifest': 'glance/6430dd2b-77bd-4c24-843a-22af40d5aa4e-', 'Last-Modified': 'Thu, 21 May 2026 01:06:46 GMT', 'X-Timestamp': '1779325605.76704', 'Accept-Ranges': 'bytes', 'Etag': '"d41d8cd98f00b204e9800998ecf8427e"', 'X-Trans-Id': 'txb9b250463ad24ba08caef-006a0e5aed', 'X-Openstack-Request-Id': 'txb9b250463ad24ba08caef-006a0e5aed', 'Connection': 'close'} {{(pid=98885) http_log /opt/stack/data/venv/lib/python3.12/site-packages/swiftclient/client.py:162}}
May 21 01:07:57.411559 np0000001118 devstack@g-api.service[98885]: DEBUG swiftclient [None req-ff9765da-9e6b-43e7-8a59-8f4637e47cd8 tempest-TestVolumeBootPatternV346-1256862753 tempest-TestVolumeBootPatternV346-1256862753-project-member] REQ: curl -i https://10.4.3.123:8080/v1/AUTH_f7aa49c62b694e99a13d2186060ad5e9/glance?format=json&prefix=6430dd2b-77bd-4c24-843a-22af40d5aa4e- -X GET -H "X-Auth-Token: gAAAAABqDlrtQIB0..." -H "Accept-Encoding: gzip" {{(pid=98885) http_log /opt/stack/data/venv/lib/python3.12/site-packages/swiftclient/client.py:160}}
May 21 01:07:57.411788 np0000001118 devstack@g-api.service[98885]: DEBUG swiftclient [None req-ff9765da-9e6b-43e7-8a59-8f4637e47cd8 tempest-TestVolumeBootPatternV346-1256862753 tempest-TestVolumeBootPatternV346-1256862753-project-member] RESP STATUS: 200 OK {{(pid=98885) http_log /opt/stack/data/venv/lib/python3.12/site-packages/swiftclient/client.py:161}}
May 21 01:07:57.411858 np0000001118 devstack@g-api.service[98885]: DEBUG swiftclient [None req-ff9765da-9e6b-43e7-8a59-8f4637e47cd8 tempest-TestVolumeBootPatternV346-1256862753 tempest-TestVolumeBootPatternV346-1256862753-project-member] RESP HEADERS: {'Date': 'Thu, 21 May 2026 01:07:57 GMT', 'Server': 'Apache/2.4.58 (Ubuntu)', 'Content-Type': 'application/json; charset=utf-8', 'Content-Length': '2', 'X-Container-Object-Count': '8', 'X-Container-Bytes-Used': '109576192', 'X-Timestamp': '1779325040.61445', 'Last-Modified': 'Thu, 21 May 2026 00:57:21 GMT', 'Accept-Ranges': 'bytes', 'X-Storage-Policy': 'Policy-0', 'X-Container-Sharding': 'False', 'X-Trans-Id': 'tx9e9ca7941ab4418f9abf1-006a0e5aed', 'X-Openstack-Request-Id': 'tx9e9ca7941ab4418f9abf1-006a0e5aed', 'Connection': 'close'} {{(pid=98885) http_log /opt/stack/data/venv/lib/python3.12/site-packages/swiftclient/client.py:162}}
May 21 01:07:57.412087 np0000001118 devstack@g-api.service[98885]: DEBUG swiftclient [None req-ff9765da-9e6b-43e7-8a59-8f4637e47cd8 tempest-TestVolumeBootPatternV346-1256862753 tempest-TestVolumeBootPatternV346-1256862753-project-member] RESP BODY: b'[]' {{(pid=98885) http_log /opt/stack/data/venv/lib/python3.12/site-packages/swiftclient/client.py:166}}
May 21 01:07:57.439894 np0000001118 devstack@g-api.service[98885]: DEBUG swiftclient [None req-ff9765da-9e6b-43e7-8a59-8f4637e47cd8 tempest-TestVolumeBootPatternV346-1256862753 tempest-TestVolumeBootPatternV346-1256862753-project-member] REQ: curl -i https://10.4.3.123:8080/v1/AUTH_f7aa49c62b694e99a13d2186060ad5e9/glance/6430dd2b-77bd-4c24-843a-22af40d5aa4e DELETE -H "X-Auth-Token: gAAAAABqDlrtQIB0..." {{(pid=98885) http_log /opt/stack/data/venv/lib/python3.12/site-packages/swiftclient/client.py:160}}
May 21 01:07:57.440042 np0000001118 devstack@g-api.service[98885]: DEBUG swiftclient [None req-ff9765da-9e6b-43e7-8a59-8f4637e47cd8 tempest-TestVolumeBootPatternV346-1256862753 tempest-TestVolumeBootPatternV346-1256862753-project-member] RESP STATUS: 204 No Content {{(pid=98885) http_log /opt/stack/data/venv/lib/python3.12/site-packages/swiftclient/client.py:161}}
May 21 01:07:57.440210 np0000001118 devstack@g-api.service[98885]: DEBUG swiftclient [None req-ff9765da-9e6b-43e7-8a59-8f4637e47cd8 tempest-TestVolumeBootPatternV346-1256862753 tempest-TestVolumeBootPatternV346-1256862753-project-member] RESP HEADERS: {'Date': 'Thu, 21 May 2026 01:07:57 GMT', 'Server': 'Apache/2.4.58 (Ubuntu)', 'Content-Type': 'text/html; charset=UTF-8', 'X-Trans-Id': 'tx9ed2901ad8c34d4e8d7a3-006a0e5aed', 'X-Openstack-Request-Id': 'tx9ed2901ad8c34d4e8d7a3-006a0e5aed', 'Connection': 'close'} {{(pid=98885) http_log /opt/stack/data/venv/lib/python3.12/site-packages/swiftclient/client.py:162}}
May 21 01:07:57.567846 np0000001118 devstack@g-api.service[98885]: [pid: 98885|app: 0|req: 233/462] 127.0.0.1 () {40 vars in 841 bytes} [Thu May 21 01:07:57 2026] DELETE /v2/images/6430dd2b-77bd-4c24-843a-22af40d5aa4e => generated 0 bytes in 464 msecs (HTTP/1.1 204) 4 headers in 171 bytes (1 switches on core 0)
May 21 01:07:57.578988 np0000001118 devstack@g-api.service[98886]: DEBUG glance.api.middleware.version_negotiation [None req-53bbf434-efb6-4bfb-80e9-052fa2b5fc7d tempest-ServerBootFromVolumeStableRescueTest-831101528 tempest-ServerBootFromVolumeStableRescueTest-831101528-project-member] Determining version of request: GET /v2/images/6430dd2b-77bd-4c24-843a-22af40d5aa4e Accept: application/json {{(pid=98886) process_request /opt/stack/glance/glance/api/middleware/version_negotiation.py:44}}
May 21 01:07:57.578988 np0000001118 devstack@g-api.service[98886]: DEBUG glance.api.middleware.version_negotiation [None req-53bbf434-efb6-4bfb-80e9-052fa2b5fc7d tempest-ServerBootFromVolumeStableRescueTest-831101528 tempest-ServerBootFromVolumeStableRescueTest-831101528-project-member] Using url versioning {{(pid=98886) process_request /opt/stack/glance/glance/api/middleware/version_negotiation.py:57}}
May 21 01:07:57.578988 np0000001118 devstack@g-api.service[98886]: DEBUG glance.api.middleware.version_negotiation [None req-53bbf434-efb6-4bfb-80e9-052fa2b5fc7d tempest-ServerBootFromVolumeStableRescueTest-831101528 tempest-ServerBootFromVolumeStableRescueTest-831101528-project-member] Matched version: v2 {{(pid=98886) process_request /opt/stack/glance/glance/api/middleware/version_negotiation.py:69}}
May 21 01:07:57.578988 np0000001118 devstack@g-api.service[98886]: DEBUG glance.api.middleware.version_negotiation [None req-53bbf434-efb6-4bfb-80e9-052fa2b5fc7d tempest-ServerBootFromVolumeStableRescueTest-831101528 tempest-ServerBootFromVolumeStableRescueTest-831101528-project-member] new path /v2/images/6430dd2b-77bd-4c24-843a-22af40d5aa4e {{(pid=98886) process_request /opt/stack/glance/glance/api/middleware/version_negotiation.py:70}}
May 21 01:07:57.589156 np0000001118 devstack@g-api.service[98886]: DEBUG glance.db.sqlalchemy.api [None req-85992913-147e-4b3a-9543-692ae5508fb0 tempest-TestVolumeBootPatternV346-1256862753 tempest-TestVolumeBootPatternV346-1256862753-project-member] No image found with ID 6430dd2b-77bd-4c24-843a-22af40d5aa4e {{(pid=98886) _image_get /opt/stack/glance/glance/db/sqlalchemy/api.py:303}}
May 21 01:07:57.592152 np0000001118 devstack@g-api.service[98886]: [pid: 98886|app: 0|req: 230/463] 127.0.0.1 () {40 vars in 838 bytes} [Thu May 21 01:07:57 2026] GET /v2/images/6430dd2b-77bd-4c24-843a-22af40d5aa4e => generated 139 bytes in 14 msecs (HTTP/1.1 404) 4 headers in 164 bytes (1 switches on core 0)
May 21 01:07:57.644194 np0000001118 devstack@g-api.service[98885]: DEBUG glance.api.middleware.version_negotiation [None req-ff9765da-9e6b-43e7-8a59-8f4637e47cd8 tempest-TestVolumeBootPatternV346-1256862753 tempest-TestVolumeBootPatternV346-1256862753-project-member] Determining version of request: GET /v2/images/2a199b04-d9cb-4d13-8fd6-018388b4cbf8 Accept: application/json {{(pid=98885) process_request /opt/stack/glance/glance/api/middleware/version_negotiation.py:44}}
May 21 01:07:57.644530 np0000001118 devstack@g-api.service[98885]: DEBUG glance.api.middleware.version_negotiation [None req-ff9765da-9e6b-43e7-8a59-8f4637e47cd8 tempest-TestVolumeBootPatternV346-1256862753 tempest-TestVolumeBootPatternV346-1256862753-project-member] Using url versioning {{(pid=98885) process_request /opt/stack/glance/glance/api/middleware/version_negotiation.py:57}}
May 21 01:07:57.645126 np0000001118 devstack@g-api.service[98885]: DEBUG glance.api.middleware.version_negotiation [None req-ff9765da-9e6b-43e7-8a59-8f4637e47cd8 tempest-TestVolumeBootPatternV346-1256862753 tempest-TestVolumeBootPatternV346-1256862753-project-member] Matched version: v2 {{(pid=98885) process_request /opt/stack/glance/glance/api/middleware/version_negotiation.py:69}}
May 21 01:07:57.645126 np0000001118 devstack@g-api.service[98885]: DEBUG glance.api.middleware.version_negotiation [None req-ff9765da-9e6b-43e7-8a59-8f4637e47cd8 tempest-TestVolumeBootPatternV346-1256862753 tempest-TestVolumeBootPatternV346-1256862753-project-member] new path /v2/images/2a199b04-d9cb-4d13-8fd6-018388b4cbf8 {{(pid=98885) process_request /opt/stack/glance/glance/api/middleware/version_negotiation.py:70}}
May 21 01:07:57.659544 np0000001118 devstack@g-api.service[98885]: [pid: 98885|app: 0|req: 234/464] 127.0.0.1 () {40 vars in 838 bytes} [Thu May 21 01:07:57 2026] GET /v2/images/2a199b04-d9cb-4d13-8fd6-018388b4cbf8 => generated 1357 bytes in 15 msecs (HTTP/1.1 200) 4 headers in 158 bytes (1 switches on core 0)
May 21 01:07:58.449664 np0000001118 devstack@g-api.service[98886]: DEBUG glance.api.middleware.version_negotiation [None req-85992913-147e-4b3a-9543-692ae5508fb0 tempest-TestVolumeBootPatternV346-1256862753 tempest-TestVolumeBootPatternV346-1256862753-project-member] Determining version of request: GET /v2/schemas/image Accept: */* {{(pid=98886) process_request /opt/stack/glance/glance/api/middleware/version_negotiation.py:44}}
May 21 01:07:58.450687 np0000001118 devstack@g-api.service[98886]: DEBUG glance.api.middleware.version_negotiation [None req-85992913-147e-4b3a-9543-692ae5508fb0 tempest-TestVolumeBootPatternV346-1256862753 tempest-TestVolumeBootPatternV346-1256862753-project-member] Using url versioning {{(pid=98886) process_request /opt/stack/glance/glance/api/middleware/version_negotiation.py:57}}
May 21 01:07:58.450687 np0000001118 devstack@g-api.service[98886]: DEBUG glance.api.middleware.version_negotiation [None req-85992913-147e-4b3a-9543-692ae5508fb0 tempest-TestVolumeBootPatternV346-1256862753 tempest-TestVolumeBootPatternV346-1256862753-project-member] Matched version: v2 {{(pid=98886) process_request /opt/stack/glance/glance/api/middleware/version_negotiation.py:69}}
May 21 01:07:58.450687 np0000001118 devstack@g-api.service[98886]: DEBUG glance.api.middleware.version_negotiation [None req-85992913-147e-4b3a-9543-692ae5508fb0 tempest-TestVolumeBootPatternV346-1256862753 tempest-TestVolumeBootPatternV346-1256862753-project-member] new path /v2/schemas/image {{(pid=98886) process_request /opt/stack/glance/glance/api/middleware/version_negotiation.py:70}}
May 21 01:07:58.453244 np0000001118 devstack@g-api.service[98886]: [pid: 98886|app: 0|req: 231/465] 127.0.0.1 () {44 vars in 1055 bytes} [Thu May 21 01:07:58 2026] GET /v2/schemas/image => generated 6083 bytes in 4 msecs (HTTP/1.1 200) 4 headers in 158 bytes (1 switches on core 0)
May 21 01:07:58.495441 np0000001118 devstack@g-api.service[98885]: DEBUG glance.api.middleware.version_negotiation [None req-233134d5-ec95-4e6e-a0a0-bbb8c58263cf tempest-ServerBootFromVolumeStableRescueTest-831101528 tempest-ServerBootFromVolumeStableRescueTest-831101528-project-member] Determining version of request: POST /v2/images Accept: */* {{(pid=98885) process_request /opt/stack/glance/glance/api/middleware/version_negotiation.py:44}}
May 21 01:07:58.495884 np0000001118 devstack@g-api.service[98885]: DEBUG glance.api.middleware.version_negotiation [None req-233134d5-ec95-4e6e-a0a0-bbb8c58263cf tempest-ServerBootFromVolumeStableRescueTest-831101528 tempest-ServerBootFromVolumeStableRescueTest-831101528-project-member] Using url versioning {{(pid=98885) process_request /opt/stack/glance/glance/api/middleware/version_negotiation.py:57}}
May 21 01:07:58.495884 np0000001118 devstack@g-api.service[98885]: DEBUG glance.api.middleware.version_negotiation [None req-233134d5-ec95-4e6e-a0a0-bbb8c58263cf tempest-ServerBootFromVolumeStableRescueTest-831101528 tempest-ServerBootFromVolumeStableRescueTest-831101528-project-member] Matched version: v2 {{(pid=98885) process_request /opt/stack/glance/glance/api/middleware/version_negotiation.py:69}}
May 21 01:07:58.495884 np0000001118 devstack@g-api.service[98885]: DEBUG glance.api.middleware.version_negotiation [None req-233134d5-ec95-4e6e-a0a0-bbb8c58263cf tempest-ServerBootFromVolumeStableRescueTest-831101528 tempest-ServerBootFromVolumeStableRescueTest-831101528-project-member] new path /v2/images {{(pid=98885) process_request /opt/stack/glance/glance/api/middleware/version_negotiation.py:70}}
May 21 01:07:58.668704 np0000001118 devstack@g-api.service[98886]: DEBUG glance.api.middleware.version_negotiation [None req-09e29747-73b8-4213-90ae-85dee678566a tempest-TestVolumeBootPatternV346-1256862753 tempest-TestVolumeBootPatternV346-1256862753-project-member] Determining version of request: GET /v2/images/2a199b04-d9cb-4d13-8fd6-018388b4cbf8 Accept: application/json {{(pid=98886) process_request /opt/stack/glance/glance/api/middleware/version_negotiation.py:44}}
May 21 01:07:58.668704 np0000001118 devstack@g-api.service[98886]: DEBUG glance.api.middleware.version_negotiation [None req-09e29747-73b8-4213-90ae-85dee678566a tempest-TestVolumeBootPatternV346-1256862753 tempest-TestVolumeBootPatternV346-1256862753-project-member] Using url versioning {{(pid=98886) process_request /opt/stack/glance/glance/api/middleware/version_negotiation.py:57}}
May 21 01:07:58.668704 np0000001118 devstack@g-api.service[98886]: DEBUG glance.api.middleware.version_negotiation [None req-09e29747-73b8-4213-90ae-85dee678566a tempest-TestVolumeBootPatternV346-1256862753 tempest-TestVolumeBootPatternV346-1256862753-project-member] Matched version: v2 {{(pid=98886) process_request /opt/stack/glance/glance/api/middleware/version_negotiation.py:69}}
May 21 01:07:58.668704 np0000001118 devstack@g-api.service[98886]: DEBUG glance.api.middleware.version_negotiation [None req-09e29747-73b8-4213-90ae-85dee678566a tempest-TestVolumeBootPatternV346-1256862753 tempest-TestVolumeBootPatternV346-1256862753-project-member] new path /v2/images/2a199b04-d9cb-4d13-8fd6-018388b4cbf8 {{(pid=98886) process_request /opt/stack/glance/glance/api/middleware/version_negotiation.py:70}}
May 21 01:07:58.678682 np0000001118 devstack@g-api.service[98886]: [pid: 98886|app: 0|req: 232/466] 127.0.0.1 () {40 vars in 838 bytes} [Thu May 21 01:07:58 2026] GET /v2/images/2a199b04-d9cb-4d13-8fd6-018388b4cbf8 => generated 1357 bytes in 11 msecs (HTTP/1.1 200) 4 headers in 158 bytes (1 switches on core 0)
May 21 01:07:59.052018 np0000001118 devstack@g-api.service[98885]: [pid: 98885|app: 0|req: 235/467] 127.0.0.1 () {46 vars in 1056 bytes} [Thu May 21 01:07:58 2026] POST /v2/images => generated 1765 bytes in 556 msecs (HTTP/1.1 201) 6 headers in 316 bytes (1 switches on core 0)
May 21 01:07:59.108634 np0000001118 devstack@g-api.service[98886]: DEBUG glance.api.middleware.version_negotiation [None req-1c90e9e7-0cd0-4ff8-8403-25cd442c2c3f tempest-ServerBootFromVolumeStableRescueTest-831101528 tempest-ServerBootFromVolumeStableRescueTest-831101528-project-member] Determining version of request: PUT /v2/images/f489333f-1499-406e-a50a-895d1a133ca7/file Accept: */* {{(pid=98886) process_request /opt/stack/glance/glance/api/middleware/version_negotiation.py:44}}
May 21 01:07:59.109015 np0000001118 devstack@g-api.service[98886]: DEBUG glance.api.middleware.version_negotiation [None req-1c90e9e7-0cd0-4ff8-8403-25cd442c2c3f tempest-ServerBootFromVolumeStableRescueTest-831101528 tempest-ServerBootFromVolumeStableRescueTest-831101528-project-member] Using url versioning {{(pid=98886) process_request /opt/stack/glance/glance/api/middleware/version_negotiation.py:57}}
May 21 01:07:59.109237 np0000001118 devstack@g-api.service[98886]: DEBUG glance.api.middleware.version_negotiation [None req-1c90e9e7-0cd0-4ff8-8403-25cd442c2c3f tempest-ServerBootFromVolumeStableRescueTest-831101528 tempest-ServerBootFromVolumeStableRescueTest-831101528-project-member] Matched version: v2 {{(pid=98886) process_request /opt/stack/glance/glance/api/middleware/version_negotiation.py:69}}
May 21 01:07:59.109492 np0000001118 devstack@g-api.service[98886]: DEBUG glance.api.middleware.version_negotiation [None req-1c90e9e7-0cd0-4ff8-8403-25cd442c2c3f tempest-ServerBootFromVolumeStableRescueTest-831101528 tempest-ServerBootFromVolumeStableRescueTest-831101528-project-member] new path /v2/images/f489333f-1499-406e-a50a-895d1a133ca7/file {{(pid=98886) process_request /opt/stack/glance/glance/api/middleware/version_negotiation.py:70}}
May 21 01:07:59.572825 np0000001118 devstack@g-api.service[98886]: INFO glance.api.v2.image_data [None req-09e29747-73b8-4213-90ae-85dee678566a tempest-TestVolumeBootPatternV346-1256862753 tempest-TestVolumeBootPatternV346-1256862753-project-member] Unable to create trust: no such option collect_timing in group [keystone_authtoken] Use the existing user token.
May 21 01:07:59.692922 np0000001118 devstack@g-api.service[98885]: DEBUG glance.api.middleware.version_negotiation [None req-09e29747-73b8-4213-90ae-85dee678566a tempest-TestVolumeBootPatternV346-1256862753 tempest-TestVolumeBootPatternV346-1256862753-project-member] Determining version of request: GET /v2/images/2a199b04-d9cb-4d13-8fd6-018388b4cbf8 Accept: application/json {{(pid=98885) process_request /opt/stack/glance/glance/api/middleware/version_negotiation.py:44}}
May 21 01:07:59.693309 np0000001118 devstack@g-api.service[98885]: DEBUG glance.api.middleware.version_negotiation [None req-09e29747-73b8-4213-90ae-85dee678566a tempest-TestVolumeBootPatternV346-1256862753 tempest-TestVolumeBootPatternV346-1256862753-project-member] Using url versioning {{(pid=98885) process_request /opt/stack/glance/glance/api/middleware/version_negotiation.py:57}}
May 21 01:07:59.693309 np0000001118 devstack@g-api.service[98885]: DEBUG glance.api.middleware.version_negotiation [None req-09e29747-73b8-4213-90ae-85dee678566a tempest-TestVolumeBootPatternV346-1256862753 tempest-TestVolumeBootPatternV346-1256862753-project-member] Matched version: v2 {{(pid=98885) process_request /opt/stack/glance/glance/api/middleware/version_negotiation.py:69}}
May 21 01:07:59.693409 np0000001118 devstack@g-api.service[98885]: DEBUG glance.api.middleware.version_negotiation [None req-09e29747-73b8-4213-90ae-85dee678566a tempest-TestVolumeBootPatternV346-1256862753 tempest-TestVolumeBootPatternV346-1256862753-project-member] new path /v2/images/2a199b04-d9cb-4d13-8fd6-018388b4cbf8 {{(pid=98885) process_request /opt/stack/glance/glance/api/middleware/version_negotiation.py:70}}
May 21 01:07:59.717548 np0000001118 devstack@g-api.service[98885]: [pid: 98885|app: 0|req: 236/468] 127.0.0.1 () {40 vars in 838 bytes} [Thu May 21 01:07:59 2026] GET /v2/images/2a199b04-d9cb-4d13-8fd6-018388b4cbf8 => generated 1357 bytes in 25 msecs (HTTP/1.1 200) 4 headers in 158 bytes (1 switches on core 0)
May 21 01:08:00.145719 np0000001118 devstack@g-api.service[98886]: DEBUG glance.location [None req-09e29747-73b8-4213-90ae-85dee678566a tempest-TestVolumeBootPatternV346-1256862753 tempest-TestVolumeBootPatternV346-1256862753-project-member] Enabling in-flight format inspection for raw {{(pid=98886) set_data /opt/stack/glance/glance/location.py:616}}
May 21 01:08:00.146013 np0000001118 devstack@g-api.service[98886]: DEBUG glance_store.backend [None req-09e29747-73b8-4213-90ae-85dee678566a tempest-TestVolumeBootPatternV346-1256862753 tempest-TestVolumeBootPatternV346-1256862753-project-member] Attempting to import store swift {{(pid=98886) _load_store /opt/stack/data/venv/lib/python3.12/site-packages/glance_store/backend.py:215}}
May 21 01:08:00.147192 np0000001118 devstack@g-api.service[98886]: DEBUG glance_store.capabilities [None req-09e29747-73b8-4213-90ae-85dee678566a tempest-TestVolumeBootPatternV346-1256862753 tempest-TestVolumeBootPatternV346-1256862753-project-member] Store glance_store._drivers.swift.store.SingleTenantStore doesn't support updating dynamic storage capabilities. Please overwrite 'update_capabilities' method of the store to implement updating logics if needed. {{(pid=98886) update_capabilities /opt/stack/data/venv/lib/python3.12/site-packages/glance_store/capabilities.py:91}}
May 21 01:08:00.147304 np0000001118 devstack@g-api.service[98886]: DEBUG glance_store.driver [None req-09e29747-73b8-4213-90ae-85dee678566a tempest-TestVolumeBootPatternV346-1256862753 tempest-TestVolumeBootPatternV346-1256862753-project-member] Late loading location class glance_store._drivers.swift.store.StoreLocation {{(pid=98886) get_store_location_class /opt/stack/data/venv/lib/python3.12/site-packages/glance_store/driver.py:134}}
May 21 01:08:00.147387 np0000001118 devstack@g-api.service[98886]: DEBUG glance_store.location [None req-09e29747-73b8-4213-90ae-85dee678566a tempest-TestVolumeBootPatternV346-1256862753 tempest-TestVolumeBootPatternV346-1256862753-project-member] Registering scheme swift+https with {'store': , 'location_class': , 'store_entry': 'swift'} {{(pid=98886) register_scheme_map /opt/stack/data/venv/lib/python3.12/site-packages/glance_store/location.py:146}}
May 21 01:08:00.147470 np0000001118 devstack@g-api.service[98886]: DEBUG glance_store.location [None req-09e29747-73b8-4213-90ae-85dee678566a tempest-TestVolumeBootPatternV346-1256862753 tempest-TestVolumeBootPatternV346-1256862753-project-member] Registering scheme swift+https with {'store': , 'location_class': , 'store_entry': 'swift'} {{(pid=98886) register_scheme_map /opt/stack/data/venv/lib/python3.12/site-packages/glance_store/location.py:146}}
May 21 01:08:00.147537 np0000001118 devstack@g-api.service[98886]: DEBUG glance_store.location [None req-09e29747-73b8-4213-90ae-85dee678566a tempest-TestVolumeBootPatternV346-1256862753 tempest-TestVolumeBootPatternV346-1256862753-project-member] Registering scheme swift with {'store': , 'location_class': , 'store_entry': 'swift'} {{(pid=98886) register_scheme_map /opt/stack/data/venv/lib/python3.12/site-packages/glance_store/location.py:146}}
May 21 01:08:00.147605 np0000001118 devstack@g-api.service[98886]: DEBUG glance_store.location [None req-09e29747-73b8-4213-90ae-85dee678566a tempest-TestVolumeBootPatternV346-1256862753 tempest-TestVolumeBootPatternV346-1256862753-project-member] Registering scheme swift+https with {'store': , 'location_class': , 'store_entry': 'swift'} {{(pid=98886) register_scheme_map /opt/stack/data/venv/lib/python3.12/site-packages/glance_store/location.py:146}}
May 21 01:08:00.147659 np0000001118 devstack@g-api.service[98886]: DEBUG glance_store.location [None req-09e29747-73b8-4213-90ae-85dee678566a tempest-TestVolumeBootPatternV346-1256862753 tempest-TestVolumeBootPatternV346-1256862753-project-member] Registering scheme swift with {'store': , 'location_class': , 'store_entry': 'swift'} {{(pid=98886) register_scheme_map /opt/stack/data/venv/lib/python3.12/site-packages/glance_store/location.py:146}}
May 21 01:08:00.147778 np0000001118 devstack@g-api.service[98886]: DEBUG glance_store.location [None req-09e29747-73b8-4213-90ae-85dee678566a tempest-TestVolumeBootPatternV346-1256862753 tempest-TestVolumeBootPatternV346-1256862753-project-member] Registering scheme swift+http with {'store': , 'location_class': , 'store_entry': 'swift'} {{(pid=98886) register_scheme_map /opt/stack/data/venv/lib/python3.12/site-packages/glance_store/location.py:146}}
May 21 01:08:00.147879 np0000001118 devstack@g-api.service[98886]: DEBUG glance_store.location [None req-09e29747-73b8-4213-90ae-85dee678566a tempest-TestVolumeBootPatternV346-1256862753 tempest-TestVolumeBootPatternV346-1256862753-project-member] Registering scheme swift+https with {'store': , 'location_class': , 'store_entry': 'swift'} {{(pid=98886) register_scheme_map /opt/stack/data/venv/lib/python3.12/site-packages/glance_store/location.py:146}}
May 21 01:08:00.147991 np0000001118 devstack@g-api.service[98886]: DEBUG glance_store.location [None req-09e29747-73b8-4213-90ae-85dee678566a tempest-TestVolumeBootPatternV346-1256862753 tempest-TestVolumeBootPatternV346-1256862753-project-member] Registering scheme swift with {'store': , 'location_class': , 'store_entry': 'swift'} {{(pid=98886) register_scheme_map /opt/stack/data/venv/lib/python3.12/site-packages/glance_store/location.py:146}}
May 21 01:08:00.148071 np0000001118 devstack@g-api.service[98886]: DEBUG glance_store.location [None req-09e29747-73b8-4213-90ae-85dee678566a tempest-TestVolumeBootPatternV346-1256862753 tempest-TestVolumeBootPatternV346-1256862753-project-member] Registering scheme swift+http with {'store': , 'location_class': , 'store_entry': 'swift'} {{(pid=98886) register_scheme_map /opt/stack/data/venv/lib/python3.12/site-packages/glance_store/location.py:146}}
May 21 01:08:00.148163 np0000001118 devstack@g-api.service[98886]: DEBUG glance_store.location [None req-09e29747-73b8-4213-90ae-85dee678566a tempest-TestVolumeBootPatternV346-1256862753 tempest-TestVolumeBootPatternV346-1256862753-project-member] Registering scheme swift+config with {'store': , 'location_class': , 'store_entry': 'swift'} {{(pid=98886) register_scheme_map /opt/stack/data/venv/lib/python3.12/site-packages/glance_store/location.py:146}}
May 21 01:08:00.284332 np0000001118 devstack@g-api.service[98885]: DEBUG glance.api.middleware.version_negotiation [None req-ba34a5ee-bb2a-47a3-bb97-6da82b6c4cc7 tempest-ServerBootFromVolumeStableRescueTest-831101528 tempest-ServerBootFromVolumeStableRescueTest-831101528-project-member] Determining version of request: GET /v2/images/2a199b04-d9cb-4d13-8fd6-018388b4cbf8 Accept: */* {{(pid=98885) process_request /opt/stack/glance/glance/api/middleware/version_negotiation.py:44}}
May 21 01:08:00.284526 np0000001118 devstack@g-api.service[98885]: DEBUG glance.api.middleware.version_negotiation [None req-ba34a5ee-bb2a-47a3-bb97-6da82b6c4cc7 tempest-ServerBootFromVolumeStableRescueTest-831101528 tempest-ServerBootFromVolumeStableRescueTest-831101528-project-member] Using url versioning {{(pid=98885) process_request /opt/stack/glance/glance/api/middleware/version_negotiation.py:57}}
May 21 01:08:00.284579 np0000001118 devstack@g-api.service[98885]: DEBUG glance.api.middleware.version_negotiation [None req-ba34a5ee-bb2a-47a3-bb97-6da82b6c4cc7 tempest-ServerBootFromVolumeStableRescueTest-831101528 tempest-ServerBootFromVolumeStableRescueTest-831101528-project-member] Matched version: v2 {{(pid=98885) process_request /opt/stack/glance/glance/api/middleware/version_negotiation.py:69}}
May 21 01:08:00.284680 np0000001118 devstack@g-api.service[98885]: DEBUG glance.api.middleware.version_negotiation [None req-ba34a5ee-bb2a-47a3-bb97-6da82b6c4cc7 tempest-ServerBootFromVolumeStableRescueTest-831101528 tempest-ServerBootFromVolumeStableRescueTest-831101528-project-member] new path /v2/images/2a199b04-d9cb-4d13-8fd6-018388b4cbf8 {{(pid=98885) process_request /opt/stack/glance/glance/api/middleware/version_negotiation.py:70}}
May 21 01:08:00.305656 np0000001118 devstack@g-api.service[98885]: [pid: 98885|app: 0|req: 237/469] 127.0.0.1 () {44 vars in 1115 bytes} [Thu May 21 01:08:00 2026] GET /v2/images/2a199b04-d9cb-4d13-8fd6-018388b4cbf8 => generated 1357 bytes in 21 msecs (HTTP/1.1 200) 4 headers in 158 bytes (1 switches on core 0)
May 21 01:08:00.346055 np0000001118 devstack@g-api.service[98885]: DEBUG glance.api.middleware.version_negotiation [None req-53bbf434-efb6-4bfb-80e9-052fa2b5fc7d tempest-ServerBootFromVolumeStableRescueTest-831101528 tempest-ServerBootFromVolumeStableRescueTest-831101528-project-member] Determining version of request: GET /v2/schemas/image Accept: */* {{(pid=98885) process_request /opt/stack/glance/glance/api/middleware/version_negotiation.py:44}}
May 21 01:08:00.346231 np0000001118 devstack@g-api.service[98885]: DEBUG glance.api.middleware.version_negotiation [None req-53bbf434-efb6-4bfb-80e9-052fa2b5fc7d tempest-ServerBootFromVolumeStableRescueTest-831101528 tempest-ServerBootFromVolumeStableRescueTest-831101528-project-member] Using url versioning {{(pid=98885) process_request /opt/stack/glance/glance/api/middleware/version_negotiation.py:57}}
May 21 01:08:00.346408 np0000001118 devstack@g-api.service[98885]: DEBUG glance.api.middleware.version_negotiation [None req-53bbf434-efb6-4bfb-80e9-052fa2b5fc7d tempest-ServerBootFromVolumeStableRescueTest-831101528 tempest-ServerBootFromVolumeStableRescueTest-831101528-project-member] Matched version: v2 {{(pid=98885) process_request /opt/stack/glance/glance/api/middleware/version_negotiation.py:69}}
May 21 01:08:00.346513 np0000001118 devstack@g-api.service[98885]: DEBUG glance.api.middleware.version_negotiation [None req-53bbf434-efb6-4bfb-80e9-052fa2b5fc7d tempest-ServerBootFromVolumeStableRescueTest-831101528 tempest-ServerBootFromVolumeStableRescueTest-831101528-project-member] new path /v2/schemas/image {{(pid=98885) process_request /opt/stack/glance/glance/api/middleware/version_negotiation.py:70}}
May 21 01:08:00.355076 np0000001118 devstack@g-api.service[98885]: [pid: 98885|app: 0|req: 238/470] 127.0.0.1 () {44 vars in 1055 bytes} [Thu May 21 01:08:00 2026] GET /v2/schemas/image => generated 6083 bytes in 9 msecs (HTTP/1.1 200) 4 headers in 158 bytes (1 switches on core 0)
May 21 01:08:00.388735 np0000001118 devstack@g-api.service[98886]: DEBUG swiftclient [None req-09e29747-73b8-4213-90ae-85dee678566a tempest-TestVolumeBootPatternV346-1256862753 tempest-TestVolumeBootPatternV346-1256862753-project-member] REQ: curl -i https://10.4.3.123:8080/v1/AUTH_f7aa49c62b694e99a13d2186060ad5e9/glance -I -H "X-Auth-Token: gAAAAABqDlrwhGSS..." {{(pid=98886) http_log /opt/stack/data/venv/lib/python3.12/site-packages/swiftclient/client.py:160}}
May 21 01:08:00.388816 np0000001118 devstack@g-api.service[98886]: DEBUG swiftclient [None req-09e29747-73b8-4213-90ae-85dee678566a tempest-TestVolumeBootPatternV346-1256862753 tempest-TestVolumeBootPatternV346-1256862753-project-member] RESP STATUS: 204 No Content {{(pid=98886) http_log /opt/stack/data/venv/lib/python3.12/site-packages/swiftclient/client.py:161}}
May 21 01:08:00.388960 np0000001118 devstack@g-api.service[98886]: DEBUG swiftclient [None req-09e29747-73b8-4213-90ae-85dee678566a tempest-TestVolumeBootPatternV346-1256862753 tempest-TestVolumeBootPatternV346-1256862753-project-member] RESP HEADERS: {'Date': 'Thu, 21 May 2026 01:08:00 GMT', 'Server': 'Apache/2.4.58 (Ubuntu)', 'Content-Type': 'text/plain; charset=utf-8', 'X-Container-Object-Count': '7', 'X-Container-Bytes-Used': '109576192', 'X-Timestamp': '1779325040.61445', 'Last-Modified': 'Thu, 21 May 2026 00:57:21 GMT', 'Accept-Ranges': 'bytes', 'X-Storage-Policy': 'Policy-0', 'X-Container-Sharding': 'False', 'Vary': 'Accept', 'X-Trans-Id': 'tx0d2ba9c756404c5fad307-006a0e5af0', 'X-Openstack-Request-Id': 'tx0d2ba9c756404c5fad307-006a0e5af0', 'Connection': 'close'} {{(pid=98886) http_log /opt/stack/data/venv/lib/python3.12/site-packages/swiftclient/client.py:162}}
May 21 01:08:00.389075 np0000001118 devstack@g-api.service[98886]: DEBUG glance_store._drivers.swift.store [None req-09e29747-73b8-4213-90ae-85dee678566a tempest-TestVolumeBootPatternV346-1256862753 tempest-TestVolumeBootPatternV346-1256862753-project-member] Adding image object 'f489333f-1499-406e-a50a-895d1a133ca7' to Swift {{(pid=98886) add /opt/stack/data/venv/lib/python3.12/site-packages/glance_store/_drivers/swift/store.py:978}}
May 21 01:08:00.389142 np0000001118 devstack@g-api.service[98886]: DEBUG glance_store._drivers.swift.store [None req-09e29747-73b8-4213-90ae-85dee678566a tempest-TestVolumeBootPatternV346-1256862753 tempest-TestVolumeBootPatternV346-1256862753-project-member] Cannot determine image size because it is either not provided in the request or chunked-transfer encoding is used. Adding image as a segmented object to Swift. {{(pid=98886) add /opt/stack/data/venv/lib/python3.12/site-packages/glance_store/_drivers/swift/store.py:1002}}
May 21 01:08:00.391061 np0000001118 devstack@g-api.service[98885]: DEBUG glance.api.middleware.version_negotiation [None req-53bbf434-efb6-4bfb-80e9-052fa2b5fc7d tempest-ServerBootFromVolumeStableRescueTest-831101528 tempest-ServerBootFromVolumeStableRescueTest-831101528-project-member] Determining version of request: GET /v2/schemas/image Accept: */* {{(pid=98885) process_request /opt/stack/glance/glance/api/middleware/version_negotiation.py:44}}
May 21 01:08:00.391317 np0000001118 devstack@g-api.service[98885]: DEBUG glance.api.middleware.version_negotiation [None req-53bbf434-efb6-4bfb-80e9-052fa2b5fc7d tempest-ServerBootFromVolumeStableRescueTest-831101528 tempest-ServerBootFromVolumeStableRescueTest-831101528-project-member] Using url versioning {{(pid=98885) process_request /opt/stack/glance/glance/api/middleware/version_negotiation.py:57}}
May 21 01:08:00.391502 np0000001118 devstack@g-api.service[98885]: DEBUG glance.api.middleware.version_negotiation [None req-53bbf434-efb6-4bfb-80e9-052fa2b5fc7d tempest-ServerBootFromVolumeStableRescueTest-831101528 tempest-ServerBootFromVolumeStableRescueTest-831101528-project-member] Matched version: v2 {{(pid=98885) process_request /opt/stack/glance/glance/api/middleware/version_negotiation.py:69}}
May 21 01:08:00.391651 np0000001118 devstack@g-api.service[98885]: DEBUG glance.api.middleware.version_negotiation [None req-53bbf434-efb6-4bfb-80e9-052fa2b5fc7d tempest-ServerBootFromVolumeStableRescueTest-831101528 tempest-ServerBootFromVolumeStableRescueTest-831101528-project-member] new path /v2/schemas/image {{(pid=98885) process_request /opt/stack/glance/glance/api/middleware/version_negotiation.py:70}}
May 21 01:08:00.393472 np0000001118 devstack@g-api.service[98886]: DEBUG glance_store._drivers.swift.store [None req-09e29747-73b8-4213-90ae-85dee678566a tempest-TestVolumeBootPatternV346-1256862753 tempest-TestVolumeBootPatternV346-1256862753-project-member] Not writing zero-length chunk. {{(pid=98886) add /opt/stack/data/venv/lib/python3.12/site-packages/glance_store/_drivers/swift/store.py:1036}}
May 21 01:08:00.396826 np0000001118 devstack@g-api.service[98885]: [pid: 98885|app: 0|req: 239/471] 127.0.0.1 () {44 vars in 1055 bytes} [Thu May 21 01:08:00 2026] GET /v2/schemas/image => generated 6083 bytes in 6 msecs (HTTP/1.1 200) 4 headers in 158 bytes (1 switches on core 0)
May 21 01:08:00.435308 np0000001118 devstack@g-api.service[98886]: DEBUG swiftclient [None req-09e29747-73b8-4213-90ae-85dee678566a tempest-TestVolumeBootPatternV346-1256862753 tempest-TestVolumeBootPatternV346-1256862753-project-member] REQ: curl -i https://10.4.3.123:8080/v1/AUTH_f7aa49c62b694e99a13d2186060ad5e9/glance/f489333f-1499-406e-a50a-895d1a133ca7 -X PUT -H "X-Object-Manifest: glance/f489333f-1499-406e-a50a-895d1a133ca7-" -H "X-Auth-Token: gAAAAABqDlrwhGSS..." -H "Content-Length: 0" {{(pid=98886) http_log /opt/stack/data/venv/lib/python3.12/site-packages/swiftclient/client.py:160}}
May 21 01:08:00.435483 np0000001118 devstack@g-api.service[98886]: DEBUG swiftclient [None req-09e29747-73b8-4213-90ae-85dee678566a tempest-TestVolumeBootPatternV346-1256862753 tempest-TestVolumeBootPatternV346-1256862753-project-member] RESP STATUS: 201 Created {{(pid=98886) http_log /opt/stack/data/venv/lib/python3.12/site-packages/swiftclient/client.py:161}}
May 21 01:08:00.435652 np0000001118 devstack@g-api.service[98886]: DEBUG swiftclient [None req-09e29747-73b8-4213-90ae-85dee678566a tempest-TestVolumeBootPatternV346-1256862753 tempest-TestVolumeBootPatternV346-1256862753-project-member] RESP HEADERS: {'Date': 'Thu, 21 May 2026 01:08:00 GMT', 'Server': 'Apache/2.4.58 (Ubuntu)', 'Content-Type': 'text/html; charset=UTF-8', 'Content-Length': '0', 'Etag': 'd41d8cd98f00b204e9800998ecf8427e', 'Last-Modified': 'Thu, 21 May 2026 01:08:01 GMT', 'X-Trans-Id': 'tx951ef92727354b2893958-006a0e5af0', 'X-Openstack-Request-Id': 'tx951ef92727354b2893958-006a0e5af0', 'Connection': 'close'} {{(pid=98886) http_log /opt/stack/data/venv/lib/python3.12/site-packages/swiftclient/client.py:162}}
May 21 01:08:00.436138 np0000001118 devstack@g-api.service[98886]: INFO glance.location [None req-09e29747-73b8-4213-90ae-85dee678566a tempest-TestVolumeBootPatternV346-1256862753 tempest-TestVolumeBootPatternV346-1256862753-project-member] Image format matched and virtual size computed: 0
May 21 01:08:00.442194 np0000001118 devstack@g-api.service[98885]: DEBUG glance.api.middleware.version_negotiation [None req-53bbf434-efb6-4bfb-80e9-052fa2b5fc7d tempest-ServerBootFromVolumeStableRescueTest-831101528 tempest-ServerBootFromVolumeStableRescueTest-831101528-project-member] Determining version of request: PATCH /v2/images/2a199b04-d9cb-4d13-8fd6-018388b4cbf8 Accept: */* {{(pid=98885) process_request /opt/stack/glance/glance/api/middleware/version_negotiation.py:44}}
May 21 01:08:00.442194 np0000001118 devstack@g-api.service[98885]: DEBUG glance.api.middleware.version_negotiation [None req-53bbf434-efb6-4bfb-80e9-052fa2b5fc7d tempest-ServerBootFromVolumeStableRescueTest-831101528 tempest-ServerBootFromVolumeStableRescueTest-831101528-project-member] Using url versioning {{(pid=98885) process_request /opt/stack/glance/glance/api/middleware/version_negotiation.py:57}}
May 21 01:08:00.442194 np0000001118 devstack@g-api.service[98885]: DEBUG glance.api.middleware.version_negotiation [None req-53bbf434-efb6-4bfb-80e9-052fa2b5fc7d tempest-ServerBootFromVolumeStableRescueTest-831101528 tempest-ServerBootFromVolumeStableRescueTest-831101528-project-member] Matched version: v2 {{(pid=98885) process_request /opt/stack/glance/glance/api/middleware/version_negotiation.py:69}}
May 21 01:08:00.442194 np0000001118 devstack@g-api.service[98885]: DEBUG glance.api.middleware.version_negotiation [None req-53bbf434-efb6-4bfb-80e9-052fa2b5fc7d tempest-ServerBootFromVolumeStableRescueTest-831101528 tempest-ServerBootFromVolumeStableRescueTest-831101528-project-member] new path /v2/images/2a199b04-d9cb-4d13-8fd6-018388b4cbf8 {{(pid=98885) process_request /opt/stack/glance/glance/api/middleware/version_negotiation.py:70}}
May 21 01:08:00.482098 np0000001118 devstack@g-api.service[98886]: DEBUG glance_store.backend [None req-09e29747-73b8-4213-90ae-85dee678566a tempest-TestVolumeBootPatternV346-1256862753 tempest-TestVolumeBootPatternV346-1256862753-project-member] Attempting to import store swift {{(pid=98886) _load_store /opt/stack/data/venv/lib/python3.12/site-packages/glance_store/backend.py:215}}
May 21 01:08:00.484056 np0000001118 devstack@g-api.service[98886]: DEBUG glance_store.capabilities [None req-09e29747-73b8-4213-90ae-85dee678566a tempest-TestVolumeBootPatternV346-1256862753 tempest-TestVolumeBootPatternV346-1256862753-project-member] Store glance_store._drivers.swift.store.SingleTenantStore doesn't support updating dynamic storage capabilities. Please overwrite 'update_capabilities' method of the store to implement updating logics if needed. {{(pid=98886) update_capabilities /opt/stack/data/venv/lib/python3.12/site-packages/glance_store/capabilities.py:91}}
May 21 01:08:00.485310 np0000001118 devstack@g-api.service[98886]: DEBUG glance_store.driver [None req-09e29747-73b8-4213-90ae-85dee678566a tempest-TestVolumeBootPatternV346-1256862753 tempest-TestVolumeBootPatternV346-1256862753-project-member] Late loading location class glance_store._drivers.swift.store.StoreLocation {{(pid=98886) get_store_location_class /opt/stack/data/venv/lib/python3.12/site-packages/glance_store/driver.py:134}}
May 21 01:08:00.485310 np0000001118 devstack@g-api.service[98886]: DEBUG glance_store.location [None req-09e29747-73b8-4213-90ae-85dee678566a tempest-TestVolumeBootPatternV346-1256862753 tempest-TestVolumeBootPatternV346-1256862753-project-member] Registering scheme swift+https with {'store': , 'location_class': , 'store_entry': 'swift'} {{(pid=98886) register_scheme_map /opt/stack/data/venv/lib/python3.12/site-packages/glance_store/location.py:146}}
May 21 01:08:00.485310 np0000001118 devstack@g-api.service[98886]: DEBUG glance_store.location [None req-09e29747-73b8-4213-90ae-85dee678566a tempest-TestVolumeBootPatternV346-1256862753 tempest-TestVolumeBootPatternV346-1256862753-project-member] Registering scheme swift+https with {'store': , 'location_class': , 'store_entry': 'swift'} {{(pid=98886) register_scheme_map /opt/stack/data/venv/lib/python3.12/site-packages/glance_store/location.py:146}}
May 21 01:08:00.485310 np0000001118 devstack@g-api.service[98886]: DEBUG glance_store.location [None req-09e29747-73b8-4213-90ae-85dee678566a tempest-TestVolumeBootPatternV346-1256862753 tempest-TestVolumeBootPatternV346-1256862753-project-member] Registering scheme swift with {'store': , 'location_class': , 'store_entry': 'swift'} {{(pid=98886) register_scheme_map /opt/stack/data/venv/lib/python3.12/site-packages/glance_store/location.py:146}}
May 21 01:08:00.485310 np0000001118 devstack@g-api.service[98886]: DEBUG glance_store.location [None req-09e29747-73b8-4213-90ae-85dee678566a tempest-TestVolumeBootPatternV346-1256862753 tempest-TestVolumeBootPatternV346-1256862753-project-member] Registering scheme swift+https with {'store': , 'location_class': , 'store_entry': 'swift'} {{(pid=98886) register_scheme_map /opt/stack/data/venv/lib/python3.12/site-packages/glance_store/location.py:146}}
May 21 01:08:00.485310 np0000001118 devstack@g-api.service[98886]: DEBUG glance_store.location [None req-09e29747-73b8-4213-90ae-85dee678566a tempest-TestVolumeBootPatternV346-1256862753 tempest-TestVolumeBootPatternV346-1256862753-project-member] Registering scheme swift with {'store': , 'location_class': , 'store_entry': 'swift'} {{(pid=98886) register_scheme_map /opt/stack/data/venv/lib/python3.12/site-packages/glance_store/location.py:146}}
May 21 01:08:00.485310 np0000001118 devstack@g-api.service[98886]: DEBUG glance_store.location [None req-09e29747-73b8-4213-90ae-85dee678566a tempest-TestVolumeBootPatternV346-1256862753 tempest-TestVolumeBootPatternV346-1256862753-project-member] Registering scheme swift+http with {'store': , 'location_class': , 'store_entry': 'swift'} {{(pid=98886) register_scheme_map /opt/stack/data/venv/lib/python3.12/site-packages/glance_store/location.py:146}}
May 21 01:08:00.485310 np0000001118 devstack@g-api.service[98886]: DEBUG glance_store.location [None req-09e29747-73b8-4213-90ae-85dee678566a tempest-TestVolumeBootPatternV346-1256862753 tempest-TestVolumeBootPatternV346-1256862753-project-member] Registering scheme swift+https with {'store': , 'location_class': , 'store_entry': 'swift'} {{(pid=98886) register_scheme_map /opt/stack/data/venv/lib/python3.12/site-packages/glance_store/location.py:146}}
May 21 01:08:00.485310 np0000001118 devstack@g-api.service[98886]: DEBUG glance_store.location [None req-09e29747-73b8-4213-90ae-85dee678566a tempest-TestVolumeBootPatternV346-1256862753 tempest-TestVolumeBootPatternV346-1256862753-project-member] Registering scheme swift with {'store': , 'location_class': , 'store_entry': 'swift'} {{(pid=98886) register_scheme_map /opt/stack/data/venv/lib/python3.12/site-packages/glance_store/location.py:146}}
May 21 01:08:00.485310 np0000001118 devstack@g-api.service[98886]: DEBUG glance_store.location [None req-09e29747-73b8-4213-90ae-85dee678566a tempest-TestVolumeBootPatternV346-1256862753 tempest-TestVolumeBootPatternV346-1256862753-project-member] Registering scheme swift+http with {'store': , 'location_class': , 'store_entry': 'swift'} {{(pid=98886) register_scheme_map /opt/stack/data/venv/lib/python3.12/site-packages/glance_store/location.py:146}}
May 21 01:08:00.485310 np0000001118 devstack@g-api.service[98886]: DEBUG glance_store.location [None req-09e29747-73b8-4213-90ae-85dee678566a tempest-TestVolumeBootPatternV346-1256862753 tempest-TestVolumeBootPatternV346-1256862753-project-member] Registering scheme swift+config with {'store': , 'location_class': , 'store_entry': 'swift'} {{(pid=98886) register_scheme_map /opt/stack/data/venv/lib/python3.12/site-packages/glance_store/location.py:146}}
