Jun 03 11:09:31.377000 np0000002045 devstack@g-api.service[98922]: DEBUG glance.api.middleware.version_negotiation [None req-06cea6be-15a9-4d41-8ff8-4eaa59e1168c tempest-VolumesImageMetadata-174695583 tempest-VolumesImageMetadata-174695583-project-member] Matched version: v2 {{(pid=98922) process_request /opt/stack/glance/glance/api/middleware/version_negotiation.py:69}}
Jun 03 11:09:31.377155 np0000002045 devstack@g-api.service[98922]: DEBUG glance.api.middleware.version_negotiation [None req-06cea6be-15a9-4d41-8ff8-4eaa59e1168c tempest-VolumesImageMetadata-174695583 tempest-VolumesImageMetadata-174695583-project-member] new path /v2/schemas/image {{(pid=98922) process_request /opt/stack/glance/glance/api/middleware/version_negotiation.py:70}}
Jun 03 11:09:31.380603 np0000002045 devstack@g-api.service[98922]: [pid: 98922|app: 0|req: 163/315] 127.0.0.1 () {44 vars in 1055 bytes} [Wed Jun 3 11:09:31 2026] GET /v2/schemas/image => generated 6083 bytes in 4 msecs (HTTP/1.1 200) 4 headers in 158 bytes (1 switches on core 0)
Jun 03 11:09:31.908000 np0000002045 devstack@g-api.service[98921]: DEBUG glance.api.middleware.version_negotiation [None req-06cea6be-15a9-4d41-8ff8-4eaa59e1168c tempest-VolumesImageMetadata-174695583 tempest-VolumesImageMetadata-174695583-project-member] Determining version of request: GET /versions Accept: */* {{(pid=98921) process_request /opt/stack/glance/glance/api/middleware/version_negotiation.py:44}}
Jun 03 11:09:31.908679 np0000002045 devstack@g-api.service[98921]: [pid: 98921|app: 0|req: 153/316] 127.0.0.1 () {44 vars in 1039 bytes} [Wed Jun 3 11:09:31 2026] GET /versions => generated 1407 bytes in 1 msecs (HTTP/1.1 200) 3 headers in 92 bytes (1 switches on core 0)
Jun 03 11:09:31.919499 np0000002045 devstack@g-api.service[98922]: DEBUG glance.api.middleware.version_negotiation [None req-06cea6be-15a9-4d41-8ff8-4eaa59e1168c tempest-VolumesImageMetadata-174695583 tempest-VolumesImageMetadata-174695583-project-member] Determining version of request: GET /v2/images/dba7936d-b481-4202-8cf1-aef51c75a2ba/locations Accept: */* {{(pid=98922) process_request /opt/stack/glance/glance/api/middleware/version_negotiation.py:44}}
Jun 03 11:09:31.919635 np0000002045 devstack@g-api.service[98922]: DEBUG glance.api.middleware.version_negotiation [None req-06cea6be-15a9-4d41-8ff8-4eaa59e1168c tempest-VolumesImageMetadata-174695583 tempest-VolumesImageMetadata-174695583-project-member] Using url versioning {{(pid=98922) process_request /opt/stack/glance/glance/api/middleware/version_negotiation.py:57}}
Jun 03 11:09:31.919757 np0000002045 devstack@g-api.service[98922]: DEBUG glance.api.middleware.version_negotiation [None req-06cea6be-15a9-4d41-8ff8-4eaa59e1168c tempest-VolumesImageMetadata-174695583 tempest-VolumesImageMetadata-174695583-project-member] Matched version: v2 {{(pid=98922) process_request /opt/stack/glance/glance/api/middleware/version_negotiation.py:69}}
Jun 03 11:09:31.919929 np0000002045 devstack@g-api.service[98922]: DEBUG glance.api.middleware.version_negotiation [None req-06cea6be-15a9-4d41-8ff8-4eaa59e1168c tempest-VolumesImageMetadata-174695583 tempest-VolumesImageMetadata-174695583-project-member] new path /v2/images/dba7936d-b481-4202-8cf1-aef51c75a2ba/locations {{(pid=98922) process_request /opt/stack/glance/glance/api/middleware/version_negotiation.py:70}}
Jun 03 11:09:32.000164 np0000002045 devstack@g-api.service[98922]: [pid: 98922|app: 0|req: 164/317] 127.0.0.1 () {44 vars in 1135 bytes} [Wed Jun 3 11:09:31 2026] GET /v2/images/dba7936d-b481-4202-8cf1-aef51c75a2ba/locations => generated 92 bytes in 81 msecs (HTTP/1.1 200) 4 headers in 156 bytes (1 switches on core 0)
Jun 03 11:09:32.012267 np0000002045 devstack@g-api.service[98921]: DEBUG glance.api.middleware.version_negotiation [None req-06cea6be-15a9-4d41-8ff8-4eaa59e1168c tempest-VolumesImageMetadata-174695583 tempest-VolumesImageMetadata-174695583-project-member] Determining version of request: GET /v2/images/dba7936d-b481-4202-8cf1-aef51c75a2ba Accept: */* {{(pid=98921) process_request /opt/stack/glance/glance/api/middleware/version_negotiation.py:44}}
Jun 03 11:09:32.013409 np0000002045 devstack@g-api.service[98921]: DEBUG glance.api.middleware.version_negotiation [None req-06cea6be-15a9-4d41-8ff8-4eaa59e1168c tempest-VolumesImageMetadata-174695583 tempest-VolumesImageMetadata-174695583-project-member] Using url versioning {{(pid=98921) process_request /opt/stack/glance/glance/api/middleware/version_negotiation.py:57}}
Jun 03 11:09:32.013592 np0000002045 devstack@g-api.service[98921]: DEBUG glance.api.middleware.version_negotiation [None req-06cea6be-15a9-4d41-8ff8-4eaa59e1168c tempest-VolumesImageMetadata-174695583 tempest-VolumesImageMetadata-174695583-project-member] Matched version: v2 {{(pid=98921) process_request /opt/stack/glance/glance/api/middleware/version_negotiation.py:69}}
Jun 03 11:09:32.013781 np0000002045 devstack@g-api.service[98921]: DEBUG glance.api.middleware.version_negotiation [None req-06cea6be-15a9-4d41-8ff8-4eaa59e1168c tempest-VolumesImageMetadata-174695583 tempest-VolumesImageMetadata-174695583-project-member] new path /v2/images/dba7936d-b481-4202-8cf1-aef51c75a2ba {{(pid=98921) process_request /opt/stack/glance/glance/api/middleware/version_negotiation.py:70}}
Jun 03 11:09:32.025530 np0000002045 devstack@g-api.service[98921]: [pid: 98921|app: 0|req: 154/318] 127.0.0.1 () {44 vars in 1115 bytes} [Wed Jun 3 11:09:32 2026] GET /v2/images/dba7936d-b481-4202-8cf1-aef51c75a2ba => generated 1044 bytes in 14 msecs (HTTP/1.1 200) 4 headers in 158 bytes (1 switches on core 0)
Jun 03 11:09:32.035804 np0000002045 devstack@g-api.service[98922]: DEBUG glance.api.middleware.version_negotiation [None req-06cea6be-15a9-4d41-8ff8-4eaa59e1168c service glance] Determining version of request: GET /v2/schemas/image Accept: */* {{(pid=98922) process_request /opt/stack/glance/glance/api/middleware/version_negotiation.py:44}}
Jun 03 11:09:32.035952 np0000002045 devstack@g-api.service[98922]: DEBUG glance.api.middleware.version_negotiation [None req-06cea6be-15a9-4d41-8ff8-4eaa59e1168c service glance] Using url versioning {{(pid=98922) process_request /opt/stack/glance/glance/api/middleware/version_negotiation.py:57}}
Jun 03 11:09:32.036127 np0000002045 devstack@g-api.service[98922]: DEBUG glance.api.middleware.version_negotiation [None req-06cea6be-15a9-4d41-8ff8-4eaa59e1168c service glance] Matched version: v2 {{(pid=98922) process_request /opt/stack/glance/glance/api/middleware/version_negotiation.py:69}}
Jun 03 11:09:32.036275 np0000002045 devstack@g-api.service[98922]: DEBUG glance.api.middleware.version_negotiation [None req-06cea6be-15a9-4d41-8ff8-4eaa59e1168c service glance] new path /v2/schemas/image {{(pid=98922) process_request /opt/stack/glance/glance/api/middleware/version_negotiation.py:70}}
Jun 03 11:09:32.039221 np0000002045 devstack@g-api.service[98922]: [pid: 98922|app: 0|req: 165/319] 127.0.0.1 () {44 vars in 1055 bytes} [Wed Jun 3 11:09:32 2026] GET /v2/schemas/image => generated 6083 bytes in 3 msecs (HTTP/1.1 200) 4 headers in 158 bytes (1 switches on core 0)
Jun 03 11:09:32.053639 np0000002045 devstack@g-api.service[98921]: DEBUG glance.api.middleware.version_negotiation [None req-06cea6be-15a9-4d41-8ff8-4eaa59e1168c tempest-VolumesImageMetadata-174695583 tempest-VolumesImageMetadata-174695583-project-member] Determining version of request: GET /v2/schemas/image Accept: */* {{(pid=98921) process_request /opt/stack/glance/glance/api/middleware/version_negotiation.py:44}}
Jun 03 11:09:32.053639 np0000002045 devstack@g-api.service[98921]: DEBUG glance.api.middleware.version_negotiation [None req-06cea6be-15a9-4d41-8ff8-4eaa59e1168c tempest-VolumesImageMetadata-174695583 tempest-VolumesImageMetadata-174695583-project-member] Using url versioning {{(pid=98921) process_request /opt/stack/glance/glance/api/middleware/version_negotiation.py:57}}
Jun 03 11:09:32.053840 np0000002045 devstack@g-api.service[98921]: DEBUG glance.api.middleware.version_negotiation [None req-06cea6be-15a9-4d41-8ff8-4eaa59e1168c tempest-VolumesImageMetadata-174695583 tempest-VolumesImageMetadata-174695583-project-member] Matched version: v2 {{(pid=98921) process_request /opt/stack/glance/glance/api/middleware/version_negotiation.py:69}}
Jun 03 11:09:32.053906 np0000002045 devstack@g-api.service[98921]: DEBUG glance.api.middleware.version_negotiation [None req-06cea6be-15a9-4d41-8ff8-4eaa59e1168c tempest-VolumesImageMetadata-174695583 tempest-VolumesImageMetadata-174695583-project-member] new path /v2/schemas/image {{(pid=98921) process_request /opt/stack/glance/glance/api/middleware/version_negotiation.py:70}}
Jun 03 11:09:32.056833 np0000002045 devstack@g-api.service[98921]: [pid: 98921|app: 0|req: 155/320] 127.0.0.1 () {44 vars in 1055 bytes} [Wed Jun 3 11:09:32 2026] GET /v2/schemas/image => generated 6083 bytes in 4 msecs (HTTP/1.1 200) 4 headers in 158 bytes (1 switches on core 0)
Jun 03 11:09:40.492393 np0000002045 devstack@g-api.service[98922]: DEBUG glance.api.middleware.version_negotiation [None req-06cea6be-15a9-4d41-8ff8-4eaa59e1168c tempest-VolumesImageMetadata-174695583 tempest-VolumesImageMetadata-174695583-project-member] Determining version of request: DELETE /v2/images/f95d7af1-8a97-47e9-9e40-2d6e20bd7144 Accept: application/json {{(pid=98922) process_request /opt/stack/glance/glance/api/middleware/version_negotiation.py:44}}
Jun 03 11:09:40.492774 np0000002045 devstack@g-api.service[98922]: DEBUG glance.api.middleware.version_negotiation [None req-06cea6be-15a9-4d41-8ff8-4eaa59e1168c tempest-VolumesImageMetadata-174695583 tempest-VolumesImageMetadata-174695583-project-member] Using url versioning {{(pid=98922) process_request /opt/stack/glance/glance/api/middleware/version_negotiation.py:57}}
Jun 03 11:09:40.492774 np0000002045 devstack@g-api.service[98922]: DEBUG glance.api.middleware.version_negotiation [None req-06cea6be-15a9-4d41-8ff8-4eaa59e1168c tempest-VolumesImageMetadata-174695583 tempest-VolumesImageMetadata-174695583-project-member] Matched version: v2 {{(pid=98922) process_request /opt/stack/glance/glance/api/middleware/version_negotiation.py:69}}
Jun 03 11:09:40.492774 np0000002045 devstack@g-api.service[98922]: DEBUG glance.api.middleware.version_negotiation [None req-06cea6be-15a9-4d41-8ff8-4eaa59e1168c tempest-VolumesImageMetadata-174695583 tempest-VolumesImageMetadata-174695583-project-member] new path /v2/images/f95d7af1-8a97-47e9-9e40-2d6e20bd7144 {{(pid=98922) process_request /opt/stack/glance/glance/api/middleware/version_negotiation.py:70}}
Jun 03 11:09:40.507512 np0000002045 devstack@g-api.service[98922]: WARNING glance.api.v2.images [None req-d64827a8-9949-46f7-8872-c39c566f11c9 tempest-ServerBootFromVolumeStableRescueTest-1877952829 tempest-ServerBootFromVolumeStableRescueTest-1877952829-project-member] After upload to backend, deletion of staged image data has failed because it cannot be found at /tmp/staging//f95d7af1-8a97-47e9-9e40-2d6e20bd7144
Jun 03 11:09:40.508018 np0000002045 devstack@g-api.service[98922]: DEBUG glance_store.backend [None req-d64827a8-9949-46f7-8872-c39c566f11c9 tempest-ServerBootFromVolumeStableRescueTest-1877952829 tempest-ServerBootFromVolumeStableRescueTest-1877952829-project-member] Attempting to import store swift {{(pid=98922) _load_store /opt/stack/data/venv/lib/python3.12/site-packages/glance_store/backend.py:215}}
Jun 03 11:09:40.509325 np0000002045 devstack@g-api.service[98922]: DEBUG glance_store.capabilities [None req-d64827a8-9949-46f7-8872-c39c566f11c9 tempest-ServerBootFromVolumeStableRescueTest-1877952829 tempest-ServerBootFromVolumeStableRescueTest-1877952829-project-member] Store glance_store._drivers.swift.store.SingleTenantStore doesn't support updating dynamic storage capabilities. Please overwrite 'update_capabilities' method of the store to implement updating logics if needed. {{(pid=98922) update_capabilities /opt/stack/data/venv/lib/python3.12/site-packages/glance_store/capabilities.py:91}}
Jun 03 11:09:40.509437 np0000002045 devstack@g-api.service[98922]: DEBUG glance_store.driver [None req-d64827a8-9949-46f7-8872-c39c566f11c9 tempest-ServerBootFromVolumeStableRescueTest-1877952829 tempest-ServerBootFromVolumeStableRescueTest-1877952829-project-member] Late loading location class glance_store._drivers.swift.store.StoreLocation {{(pid=98922) get_store_location_class /opt/stack/data/venv/lib/python3.12/site-packages/glance_store/driver.py:134}}
Jun 03 11:09:40.509562 np0000002045 devstack@g-api.service[98922]: DEBUG glance_store.location [None req-d64827a8-9949-46f7-8872-c39c566f11c9 tempest-ServerBootFromVolumeStableRescueTest-1877952829 tempest-ServerBootFromVolumeStableRescueTest-1877952829-project-member] Registering scheme swift+https with {'store': , 'location_class': , 'store_entry': 'swift'} {{(pid=98922) register_scheme_map /opt/stack/data/venv/lib/python3.12/site-packages/glance_store/location.py:146}}
Jun 03 11:09:40.509665 np0000002045 devstack@g-api.service[98922]: DEBUG glance_store.location [None req-d64827a8-9949-46f7-8872-c39c566f11c9 tempest-ServerBootFromVolumeStableRescueTest-1877952829 tempest-ServerBootFromVolumeStableRescueTest-1877952829-project-member] Registering scheme swift+https with {'store': , 'location_class': , 'store_entry': 'swift'} {{(pid=98922) register_scheme_map /opt/stack/data/venv/lib/python3.12/site-packages/glance_store/location.py:146}}
Jun 03 11:09:40.509755 np0000002045 devstack@g-api.service[98922]: DEBUG glance_store.location [None req-d64827a8-9949-46f7-8872-c39c566f11c9 tempest-ServerBootFromVolumeStableRescueTest-1877952829 tempest-ServerBootFromVolumeStableRescueTest-1877952829-project-member] Registering scheme swift with {'store': , 'location_class': , 'store_entry': 'swift'} {{(pid=98922) register_scheme_map /opt/stack/data/venv/lib/python3.12/site-packages/glance_store/location.py:146}}
Jun 03 11:09:40.509860 np0000002045 devstack@g-api.service[98922]: DEBUG glance_store.location [None req-d64827a8-9949-46f7-8872-c39c566f11c9 tempest-ServerBootFromVolumeStableRescueTest-1877952829 tempest-ServerBootFromVolumeStableRescueTest-1877952829-project-member] Registering scheme swift+https with {'store': , 'location_class': , 'store_entry': 'swift'} {{(pid=98922) register_scheme_map /opt/stack/data/venv/lib/python3.12/site-packages/glance_store/location.py:146}}
Jun 03 11:09:40.513081 np0000002045 devstack@g-api.service[98922]: DEBUG glance_store.location [None req-d64827a8-9949-46f7-8872-c39c566f11c9 tempest-ServerBootFromVolumeStableRescueTest-1877952829 tempest-ServerBootFromVolumeStableRescueTest-1877952829-project-member] Registering scheme swift with {'store': , 'location_class': , 'store_entry': 'swift'} {{(pid=98922) register_scheme_map /opt/stack/data/venv/lib/python3.12/site-packages/glance_store/location.py:146}}
Jun 03 11:09:40.513213 np0000002045 devstack@g-api.service[98922]: DEBUG glance_store.location [None req-d64827a8-9949-46f7-8872-c39c566f11c9 tempest-ServerBootFromVolumeStableRescueTest-1877952829 tempest-ServerBootFromVolumeStableRescueTest-1877952829-project-member] Registering scheme swift+http with {'store': , 'location_class': , 'store_entry': 'swift'} {{(pid=98922) register_scheme_map /opt/stack/data/venv/lib/python3.12/site-packages/glance_store/location.py:146}}
Jun 03 11:09:40.513357 np0000002045 devstack@g-api.service[98922]: DEBUG glance_store.location [None req-d64827a8-9949-46f7-8872-c39c566f11c9 tempest-ServerBootFromVolumeStableRescueTest-1877952829 tempest-ServerBootFromVolumeStableRescueTest-1877952829-project-member] Registering scheme swift+https with {'store': , 'location_class': , 'store_entry': 'swift'} {{(pid=98922) register_scheme_map /opt/stack/data/venv/lib/python3.12/site-packages/glance_store/location.py:146}}
Jun 03 11:09:40.513450 np0000002045 devstack@g-api.service[98922]: DEBUG glance_store.location [None req-d64827a8-9949-46f7-8872-c39c566f11c9 tempest-ServerBootFromVolumeStableRescueTest-1877952829 tempest-ServerBootFromVolumeStableRescueTest-1877952829-project-member] Registering scheme swift with {'store': , 'location_class': , 'store_entry': 'swift'} {{(pid=98922) register_scheme_map /opt/stack/data/venv/lib/python3.12/site-packages/glance_store/location.py:146}}
Jun 03 11:09:40.513561 np0000002045 devstack@g-api.service[98922]: DEBUG glance_store.location [None req-d64827a8-9949-46f7-8872-c39c566f11c9 tempest-ServerBootFromVolumeStableRescueTest-1877952829 tempest-ServerBootFromVolumeStableRescueTest-1877952829-project-member] Registering scheme swift+http with {'store': , 'location_class': , 'store_entry': 'swift'} {{(pid=98922) register_scheme_map /opt/stack/data/venv/lib/python3.12/site-packages/glance_store/location.py:146}}
Jun 03 11:09:40.513655 np0000002045 devstack@g-api.service[98922]: DEBUG glance_store.location [None req-d64827a8-9949-46f7-8872-c39c566f11c9 tempest-ServerBootFromVolumeStableRescueTest-1877952829 tempest-ServerBootFromVolumeStableRescueTest-1877952829-project-member] Registering scheme swift+config with {'store': , 'location_class': , 'store_entry': 'swift'} {{(pid=98922) register_scheme_map /opt/stack/data/venv/lib/python3.12/site-packages/glance_store/location.py:146}}
Jun 03 11:09:40.514672 np0000002045 devstack@g-api.service[98922]: DEBUG keystoneclient.auth.identity.v3.base [None req-d64827a8-9949-46f7-8872-c39c566f11c9 tempest-ServerBootFromVolumeStableRescueTest-1877952829 tempest-ServerBootFromVolumeStableRescueTest-1877952829-project-member] Making authentication request to https://10.4.3.208/identity/v3/auth/tokens {{(pid=98922) get_auth_ref /opt/stack/data/venv/lib/python3.12/site-packages/keystoneclient/auth/identity/v3/base.py:185}}
Jun 03 11:09:40.597641 np0000002045 devstack@g-api.service[98922]: DEBUG keystoneclient.auth.identity.v3.base [None req-d64827a8-9949-46f7-8872-c39c566f11c9 tempest-ServerBootFromVolumeStableRescueTest-1877952829 tempest-ServerBootFromVolumeStableRescueTest-1877952829-project-member] {"token": {"methods": ["password"], "user": {"domain": {"id": "default", "name": "Default"}, "id": "66441426a7fb46a295f0d620acedc9ab", "name": "glance-swift", "password_expires_at": null}, "audit_ids": ["Xsyzu_XcQve51AdNNaI1kg"], "expires_at": "2026-06-03T12:09:40.000000Z", "issued_at": "2026-06-03T11:09:40.000000Z", "project": {"domain": {"id": "default", "name": "Default"}, "id": "8d1636aa723149f58130a99d74cea33e", "name": "service"}, "is_domain": false, "roles": [{"id": "163cf83b0dc94911822c904cf51e4a31", "name": "service"}, {"id": "9e4b1782e2e34a1f86e3a6cb3f855682", "name": "ResellerAdmin"}], "catalog": [{"endpoints": [{"id": "9fe424a6540f41f09bce9392b4cc3da8", "interface": "public", "region_id": "RegionOne", "url": "https://10.4.3.208/compute/v2.1", "region": "RegionOne"}], "id": "044ad14905a34dcb8380c50f8cdb9c43", "type": "compute", "name": "nova"}, {"endpoints": [{"id": "df84a7fe5b3747078e96414c77af5b46", "interface": "public", "region_id": "RegionOne", "url": "https://10.4.3.208/networking", "region": "RegionOne"}], "id": "0819880405ee43ff8f8ee1d55d690088", "type": "network", "name": "neutron"}, {"endpoints": [{"id": "e2940bd4ea8840bc8bda01c3ab5e6851", "interface": "public", "region_id": "RegionOne", "url": "https://10.4.3.208/volume/v3", "region": "RegionOne"}], "id": "169fb1bb9a464dc49f31379acf7ba945", "type": "block-storage", "name": "cinder"}, {"endpoints": [{"id": "9d7af9eaaf064e869d4186cae0b97bb4", "interface": "public", "region_id": "RegionOne", "url": "https://10.4.3.208/image", "region": "RegionOne"}], "id": "327120d5a8b3436db9834cf45314e01a", "type": "image", "name": "glance"}, {"endpoints": [{"id": "61ea3eef568a417fb8df79ba12038065", "interface": "public", "region_id": "RegionOne", "url": "https://10.4.3.208/identity", "region": "RegionOne"}], "id": "3a49033d98ed4b249462fa1be8bf6cda", "type": "identity", "name": "keystone"}, {"endpoints": [{"id": "8067efe6372b4adba6db07992a8147f8", "interface": "public", "region_id": "RegionOne", "url": "https://10.4.3.208/compute/v2/8d1636aa723149f58130a99d74cea33e", "region": "RegionOne"}], "id": "ba1d953aad0c4be58e582f0942740549", "type": "compute_legacy", "name": "nova_legacy"}, {"endpoints": [{"id": "e28be3b9c5a94bc683363955285cc814", "interface": "public", "region_id": "RegionOne", "url": "https://10.4.3.208/placement", "region": "RegionOne"}], "id": "ddab5c4dc13b43d0991c1439162297a7", "type": "placement", "name": "placement"}, {"endpoints": [{"id": "2a47c786438b48fca3024d055b2af919", "interface": "public", "region_id": "RegionOne", "url": "https://10.4.3.208:8080/v1/AUTH_8d1636aa723149f58130a99d74cea33e", "region": "RegionOne"}, {"id": "97787caf9ddf45c98b95ac670f1cf414", "interface": "admin", "region_id": "RegionOne", "url": "https://10.4.3.208:8080", "region": "RegionOne"}], "id": "f3525b586af3491a8d8a28951b88f9c7", "type": "object-store", "name": "swift"}]}} {{(pid=98922) get_auth_ref /opt/stack/data/venv/lib/python3.12/site-packages/keystoneclient/auth/identity/v3/base.py:190}}
Jun 03 11:09:40.598037 np0000002045 devstack@g-api.service[98922]: DEBUG keystoneclient.httpclient [None req-d64827a8-9949-46f7-8872-c39c566f11c9 tempest-ServerBootFromVolumeStableRescueTest-1877952829 tempest-ServerBootFromVolumeStableRescueTest-1877952829-project-member] Failed to find endpoint for management url admin endpoint for identity service not found {{(pid=98922) _process_management_url /opt/stack/data/venv/lib/python3.12/site-packages/keystoneclient/httpclient.py:670}}
Jun 03 11:09:40.640843 np0000002045 devstack@g-api.service[98921]: DEBUG glance.api.middleware.version_negotiation [None req-06cea6be-15a9-4d41-8ff8-4eaa59e1168c tempest-VolumesImageMetadata-174695583 tempest-VolumesImageMetadata-174695583-project-member] Determining version of request: GET /v2/images/dba7936d-b481-4202-8cf1-aef51c75a2ba Accept: application/json {{(pid=98921) process_request /opt/stack/glance/glance/api/middleware/version_negotiation.py:44}}
Jun 03 11:09:40.641370 np0000002045 devstack@g-api.service[98921]: DEBUG glance.api.middleware.version_negotiation [None req-06cea6be-15a9-4d41-8ff8-4eaa59e1168c tempest-VolumesImageMetadata-174695583 tempest-VolumesImageMetadata-174695583-project-member] Using url versioning {{(pid=98921) process_request /opt/stack/glance/glance/api/middleware/version_negotiation.py:57}}
Jun 03 11:09:40.641370 np0000002045 devstack@g-api.service[98921]: DEBUG glance.api.middleware.version_negotiation [None req-06cea6be-15a9-4d41-8ff8-4eaa59e1168c tempest-VolumesImageMetadata-174695583 tempest-VolumesImageMetadata-174695583-project-member] Matched version: v2 {{(pid=98921) process_request /opt/stack/glance/glance/api/middleware/version_negotiation.py:69}}
Jun 03 11:09:40.641370 np0000002045 devstack@g-api.service[98921]: DEBUG glance.api.middleware.version_negotiation [None req-06cea6be-15a9-4d41-8ff8-4eaa59e1168c tempest-VolumesImageMetadata-174695583 tempest-VolumesImageMetadata-174695583-project-member] new path /v2/images/dba7936d-b481-4202-8cf1-aef51c75a2ba {{(pid=98921) process_request /opt/stack/glance/glance/api/middleware/version_negotiation.py:70}}
Jun 03 11:09:40.697343 np0000002045 devstack@g-api.service[98922]: DEBUG swiftclient [None req-d64827a8-9949-46f7-8872-c39c566f11c9 tempest-ServerBootFromVolumeStableRescueTest-1877952829 tempest-ServerBootFromVolumeStableRescueTest-1877952829-project-member] REQ: curl -i https://10.4.3.208:8080/v1/AUTH_8d1636aa723149f58130a99d74cea33e/glance/f95d7af1-8a97-47e9-9e40-2d6e20bd7144 -I -H "X-Auth-Token: gAAAAABqIAt0G3K2..." {{(pid=98922) http_log /opt/stack/data/venv/lib/python3.12/site-packages/swiftclient/client.py:160}}
Jun 03 11:09:40.697442 np0000002045 devstack@g-api.service[98922]: DEBUG swiftclient [None req-d64827a8-9949-46f7-8872-c39c566f11c9 tempest-ServerBootFromVolumeStableRescueTest-1877952829 tempest-ServerBootFromVolumeStableRescueTest-1877952829-project-member] RESP STATUS: 200 OK {{(pid=98922) http_log /opt/stack/data/venv/lib/python3.12/site-packages/swiftclient/client.py:161}}
Jun 03 11:09:40.697596 np0000002045 devstack@g-api.service[98922]: DEBUG swiftclient [None req-d64827a8-9949-46f7-8872-c39c566f11c9 tempest-ServerBootFromVolumeStableRescueTest-1877952829 tempest-ServerBootFromVolumeStableRescueTest-1877952829-project-member] RESP HEADERS: {'Date': 'Wed, 03 Jun 2026 11:09:40 GMT', 'Server': 'Apache/2.4.58 (Ubuntu)', 'Content-Type': 'application/octet-stream', 'Content-Length': '23527424', 'X-Object-Manifest': 'glance/f95d7af1-8a97-47e9-9e40-2d6e20bd7144-', 'Last-Modified': 'Wed, 03 Jun 2026 11:08:37 GMT', 'X-Timestamp': '1780484916.38752', 'Accept-Ranges': 'bytes', 'Etag': '"9c424351ecc3b84373f916fa8ecd34a2"', 'X-Trans-Id': 'tx9f032c0d19574b3fb7a7f-006a200b74', 'X-Openstack-Request-Id': 'tx9f032c0d19574b3fb7a7f-006a200b74', 'Connection': 'close'} {{(pid=98922) http_log /opt/stack/data/venv/lib/python3.12/site-packages/swiftclient/client.py:162}}
Jun 03 11:09:40.713028 np0000002045 devstack@g-api.service[98922]: DEBUG swiftclient [None req-d64827a8-9949-46f7-8872-c39c566f11c9 tempest-ServerBootFromVolumeStableRescueTest-1877952829 tempest-ServerBootFromVolumeStableRescueTest-1877952829-project-member] REQ: curl -i https://10.4.3.208:8080/v1/AUTH_8d1636aa723149f58130a99d74cea33e/glance?format=json&prefix=f95d7af1-8a97-47e9-9e40-2d6e20bd7144- -X GET -H "X-Auth-Token: gAAAAABqIAt0G3K2..." -H "Accept-Encoding: gzip" {{(pid=98922) http_log /opt/stack/data/venv/lib/python3.12/site-packages/swiftclient/client.py:160}}
Jun 03 11:09:40.713124 np0000002045 devstack@g-api.service[98922]: DEBUG swiftclient [None req-d64827a8-9949-46f7-8872-c39c566f11c9 tempest-ServerBootFromVolumeStableRescueTest-1877952829 tempest-ServerBootFromVolumeStableRescueTest-1877952829-project-member] RESP STATUS: 200 OK {{(pid=98922) http_log /opt/stack/data/venv/lib/python3.12/site-packages/swiftclient/client.py:161}}
Jun 03 11:09:40.713291 np0000002045 devstack@g-api.service[98922]: DEBUG swiftclient [None req-d64827a8-9949-46f7-8872-c39c566f11c9 tempest-ServerBootFromVolumeStableRescueTest-1877952829 tempest-ServerBootFromVolumeStableRescueTest-1877952829-project-member] RESP HEADERS: {'Date': 'Wed, 03 Jun 2026 11:09:40 GMT', 'Server': 'Apache/2.4.58 (Ubuntu)', 'Content-Type': 'application/json; charset=utf-8', 'Content-Length': '210', 'X-Container-Object-Count': '7', 'X-Container-Bytes-Used': '111411200', 'X-Timestamp': '1780484539.67812', 'Last-Modified': 'Wed, 03 Jun 2026 11:02:20 GMT', 'Accept-Ranges': 'bytes', 'X-Storage-Policy': 'Policy-0', 'X-Container-Sharding': 'False', 'X-Trans-Id': 'txd566e58b65b1456fa8da0-006a200b74', 'X-Openstack-Request-Id': 'txd566e58b65b1456fa8da0-006a200b74', 'Connection': 'close'} {{(pid=98922) http_log /opt/stack/data/venv/lib/python3.12/site-packages/swiftclient/client.py:162}}
Jun 03 11:09:40.713447 np0000002045 devstack@g-api.service[98922]: DEBUG swiftclient [None req-d64827a8-9949-46f7-8872-c39c566f11c9 tempest-ServerBootFromVolumeStableRescueTest-1877952829 tempest-ServerBootFromVolumeStableRescueTest-1877952829-project-member] RESP BODY: b'[{"bytes": 23527424, "hash": "4fa343ee581d8d2e78533191fd1ac3e1", "name": "f95d7af1-8a97-47e9-9e40-2d6e20bd7144-00001", "content_type": "application/octet-stream", "last_modified": "2026-06-03T11:08:35.668620"}]' {{(pid=98922) http_log /opt/stack/data/venv/lib/python3.12/site-packages/swiftclient/client.py:166}}
Jun 03 11:09:40.728913 np0000002045 devstack@g-api.service[98921]: [pid: 98921|app: 0|req: 156/321] 127.0.0.1 () {40 vars in 838 bytes} [Wed Jun 3 11:09:40 2026] GET /v2/images/dba7936d-b481-4202-8cf1-aef51c75a2ba => generated 1044 bytes in 88 msecs (HTTP/1.1 200) 4 headers in 158 bytes (1 switches on core 0)
Jun 03 11:09:40.739476 np0000002045 devstack@g-api.service[98922]: DEBUG swiftclient [None req-d64827a8-9949-46f7-8872-c39c566f11c9 tempest-ServerBootFromVolumeStableRescueTest-1877952829 tempest-ServerBootFromVolumeStableRescueTest-1877952829-project-member] REQ: curl -i https://10.4.3.208:8080/v1/AUTH_8d1636aa723149f58130a99d74cea33e/glance/f95d7af1-8a97-47e9-9e40-2d6e20bd7144-00001 DELETE -H "X-Auth-Token: gAAAAABqIAt0G3K2..." {{(pid=98922) http_log /opt/stack/data/venv/lib/python3.12/site-packages/swiftclient/client.py:160}}
Jun 03 11:09:40.739602 np0000002045 devstack@g-api.service[98922]: DEBUG swiftclient [None req-d64827a8-9949-46f7-8872-c39c566f11c9 tempest-ServerBootFromVolumeStableRescueTest-1877952829 tempest-ServerBootFromVolumeStableRescueTest-1877952829-project-member] RESP STATUS: 204 No Content {{(pid=98922) http_log /opt/stack/data/venv/lib/python3.12/site-packages/swiftclient/client.py:161}}
Jun 03 11:09:40.739761 np0000002045 devstack@g-api.service[98922]: DEBUG swiftclient [None req-d64827a8-9949-46f7-8872-c39c566f11c9 tempest-ServerBootFromVolumeStableRescueTest-1877952829 tempest-ServerBootFromVolumeStableRescueTest-1877952829-project-member] RESP HEADERS: {'Date': 'Wed, 03 Jun 2026 11:09:40 GMT', 'Server': 'Apache/2.4.58 (Ubuntu)', 'Content-Type': 'text/html; charset=UTF-8', 'X-Trans-Id': 'tx68ad6bfbdd3042dea361f-006a200b74', 'X-Openstack-Request-Id': 'tx68ad6bfbdd3042dea361f-006a200b74', 'Connection': 'close'} {{(pid=98922) http_log /opt/stack/data/venv/lib/python3.12/site-packages/swiftclient/client.py:162}}
Jun 03 11:09:40.755200 np0000002045 devstack@g-api.service[98921]: DEBUG glance.api.middleware.version_negotiation [None req-b4c39035-0f1d-42b7-918b-a959d5689877 tempest-VolumesExtendTest-2002559385 tempest-VolumesExtendTest-2002559385-project-member] Determining version of request: GET /v2/images/dba7936d-b481-4202-8cf1-aef51c75a2ba Accept: */* {{(pid=98921) process_request /opt/stack/glance/glance/api/middleware/version_negotiation.py:44}}
Jun 03 11:09:40.755345 np0000002045 devstack@g-api.service[98921]: DEBUG glance.api.middleware.version_negotiation [None req-b4c39035-0f1d-42b7-918b-a959d5689877 tempest-VolumesExtendTest-2002559385 tempest-VolumesExtendTest-2002559385-project-member] Using url versioning {{(pid=98921) process_request /opt/stack/glance/glance/api/middleware/version_negotiation.py:57}}
Jun 03 11:09:40.755474 np0000002045 devstack@g-api.service[98921]: DEBUG glance.api.middleware.version_negotiation [None req-b4c39035-0f1d-42b7-918b-a959d5689877 tempest-VolumesExtendTest-2002559385 tempest-VolumesExtendTest-2002559385-project-member] Matched version: v2 {{(pid=98921) process_request /opt/stack/glance/glance/api/middleware/version_negotiation.py:69}}
Jun 03 11:09:40.755611 np0000002045 devstack@g-api.service[98921]: DEBUG glance.api.middleware.version_negotiation [None req-b4c39035-0f1d-42b7-918b-a959d5689877 tempest-VolumesExtendTest-2002559385 tempest-VolumesExtendTest-2002559385-project-member] new path /v2/images/dba7936d-b481-4202-8cf1-aef51c75a2ba {{(pid=98921) process_request /opt/stack/glance/glance/api/middleware/version_negotiation.py:70}}
Jun 03 11:09:40.763877 np0000002045 devstack@g-api.service[98922]: DEBUG swiftclient [None req-d64827a8-9949-46f7-8872-c39c566f11c9 tempest-ServerBootFromVolumeStableRescueTest-1877952829 tempest-ServerBootFromVolumeStableRescueTest-1877952829-project-member] REQ: curl -i https://10.4.3.208:8080/v1/AUTH_8d1636aa723149f58130a99d74cea33e/glance/f95d7af1-8a97-47e9-9e40-2d6e20bd7144 DELETE -H "X-Auth-Token: gAAAAABqIAt0G3K2..." {{(pid=98922) http_log /opt/stack/data/venv/lib/python3.12/site-packages/swiftclient/client.py:160}}
Jun 03 11:09:40.764055 np0000002045 devstack@g-api.service[98922]: DEBUG swiftclient [None req-d64827a8-9949-46f7-8872-c39c566f11c9 tempest-ServerBootFromVolumeStableRescueTest-1877952829 tempest-ServerBootFromVolumeStableRescueTest-1877952829-project-member] RESP STATUS: 204 No Content {{(pid=98922) http_log /opt/stack/data/venv/lib/python3.12/site-packages/swiftclient/client.py:161}}
Jun 03 11:09:40.764209 np0000002045 devstack@g-api.service[98922]: DEBUG swiftclient [None req-d64827a8-9949-46f7-8872-c39c566f11c9 tempest-ServerBootFromVolumeStableRescueTest-1877952829 tempest-ServerBootFromVolumeStableRescueTest-1877952829-project-member] RESP HEADERS: {'Date': 'Wed, 03 Jun 2026 11:09:40 GMT', 'Server': 'Apache/2.4.58 (Ubuntu)', 'Content-Type': 'text/html; charset=UTF-8', 'X-Trans-Id': 'txbfb7353d161b471f8abee-006a200b74', 'X-Openstack-Request-Id': 'txbfb7353d161b471f8abee-006a200b74', 'Connection': 'close'} {{(pid=98922) http_log /opt/stack/data/venv/lib/python3.12/site-packages/swiftclient/client.py:162}}
Jun 03 11:09:40.765083 np0000002045 devstack@g-api.service[98921]: [pid: 98921|app: 0|req: 157/322] 127.0.0.1 () {44 vars in 1115 bytes} [Wed Jun 3 11:09:40 2026] GET /v2/images/dba7936d-b481-4202-8cf1-aef51c75a2ba => generated 1044 bytes in 10 msecs (HTTP/1.1 200) 4 headers in 158 bytes (1 switches on core 0)
Jun 03 11:09:40.772956 np0000002045 devstack@g-api.service[98921]: DEBUG glance.api.middleware.version_negotiation [None req-89f38211-1ef5-46e4-b32e-1fdadc7b808d tempest-VolumesExtendTest-2002559385 tempest-VolumesExtendTest-2002559385-project-member] Determining version of request: GET /v2/schemas/image Accept: */* {{(pid=98921) process_request /opt/stack/glance/glance/api/middleware/version_negotiation.py:44}}
Jun 03 11:09:40.773129 np0000002045 devstack@g-api.service[98921]: DEBUG glance.api.middleware.version_negotiation [None req-89f38211-1ef5-46e4-b32e-1fdadc7b808d tempest-VolumesExtendTest-2002559385 tempest-VolumesExtendTest-2002559385-project-member] Using url versioning {{(pid=98921) process_request /opt/stack/glance/glance/api/middleware/version_negotiation.py:57}}
Jun 03 11:09:40.773266 np0000002045 devstack@g-api.service[98921]: DEBUG glance.api.middleware.version_negotiation [None req-89f38211-1ef5-46e4-b32e-1fdadc7b808d tempest-VolumesExtendTest-2002559385 tempest-VolumesExtendTest-2002559385-project-member] Matched version: v2 {{(pid=98921) process_request /opt/stack/glance/glance/api/middleware/version_negotiation.py:69}}
Jun 03 11:09:40.773378 np0000002045 devstack@g-api.service[98921]: DEBUG glance.api.middleware.version_negotiation [None req-89f38211-1ef5-46e4-b32e-1fdadc7b808d tempest-VolumesExtendTest-2002559385 tempest-VolumesExtendTest-2002559385-project-member] new path /v2/schemas/image {{(pid=98921) process_request /opt/stack/glance/glance/api/middleware/version_negotiation.py:70}}
Jun 03 11:09:40.776462 np0000002045 devstack@g-api.service[98921]: [pid: 98921|app: 0|req: 158/323] 127.0.0.1 () {44 vars in 1055 bytes} [Wed Jun 3 11:09:40 2026] GET /v2/schemas/image => generated 6083 bytes in 4 msecs (HTTP/1.1 200) 4 headers in 158 bytes (1 switches on core 0)
Jun 03 11:09:40.786403 np0000002045 devstack@g-api.service[98921]: DEBUG glance.api.middleware.version_negotiation [None req-89f38211-1ef5-46e4-b32e-1fdadc7b808d tempest-VolumesExtendTest-2002559385 tempest-VolumesExtendTest-2002559385-project-member] Determining version of request: GET /v2/schemas/image Accept: */* {{(pid=98921) process_request /opt/stack/glance/glance/api/middleware/version_negotiation.py:44}}
Jun 03 11:09:40.786547 np0000002045 devstack@g-api.service[98921]: DEBUG glance.api.middleware.version_negotiation [None req-89f38211-1ef5-46e4-b32e-1fdadc7b808d tempest-VolumesExtendTest-2002559385 tempest-VolumesExtendTest-2002559385-project-member] Using url versioning {{(pid=98921) process_request /opt/stack/glance/glance/api/middleware/version_negotiation.py:57}}
Jun 03 11:09:40.786682 np0000002045 devstack@g-api.service[98921]: DEBUG glance.api.middleware.version_negotiation [None req-89f38211-1ef5-46e4-b32e-1fdadc7b808d tempest-VolumesExtendTest-2002559385 tempest-VolumesExtendTest-2002559385-project-member] Matched version: v2 {{(pid=98921) process_request /opt/stack/glance/glance/api/middleware/version_negotiation.py:69}}
Jun 03 11:09:40.786802 np0000002045 devstack@g-api.service[98921]: DEBUG glance.api.middleware.version_negotiation [None req-89f38211-1ef5-46e4-b32e-1fdadc7b808d tempest-VolumesExtendTest-2002559385 tempest-VolumesExtendTest-2002559385-project-member] new path /v2/schemas/image {{(pid=98921) process_request /opt/stack/glance/glance/api/middleware/version_negotiation.py:70}}
Jun 03 11:09:40.792169 np0000002045 devstack@g-api.service[98921]: [pid: 98921|app: 0|req: 159/324] 127.0.0.1 () {44 vars in 1055 bytes} [Wed Jun 3 11:09:40 2026] GET /v2/schemas/image => generated 6083 bytes in 6 msecs (HTTP/1.1 200) 4 headers in 158 bytes (1 switches on core 0)
Jun 03 11:09:40.802231 np0000002045 devstack@g-api.service[98921]: DEBUG glance.api.middleware.version_negotiation [None req-89f38211-1ef5-46e4-b32e-1fdadc7b808d tempest-VolumesExtendTest-2002559385 tempest-VolumesExtendTest-2002559385-project-member] Determining version of request: GET /v2/images/dba7936d-b481-4202-8cf1-aef51c75a2ba Accept: */* {{(pid=98921) process_request /opt/stack/glance/glance/api/middleware/version_negotiation.py:44}}
Jun 03 11:09:40.802391 np0000002045 devstack@g-api.service[98921]: DEBUG glance.api.middleware.version_negotiation [None req-89f38211-1ef5-46e4-b32e-1fdadc7b808d tempest-VolumesExtendTest-2002559385 tempest-VolumesExtendTest-2002559385-project-member] Using url versioning {{(pid=98921) process_request /opt/stack/glance/glance/api/middleware/version_negotiation.py:57}}
Jun 03 11:09:40.802920 np0000002045 devstack@g-api.service[98921]: DEBUG glance.api.middleware.version_negotiation [None req-89f38211-1ef5-46e4-b32e-1fdadc7b808d tempest-VolumesExtendTest-2002559385 tempest-VolumesExtendTest-2002559385-project-member] Matched version: v2 {{(pid=98921) process_request /opt/stack/glance/glance/api/middleware/version_negotiation.py:69}}
Jun 03 11:09:40.803164 np0000002045 devstack@g-api.service[98921]: DEBUG glance.api.middleware.version_negotiation [None req-89f38211-1ef5-46e4-b32e-1fdadc7b808d tempest-VolumesExtendTest-2002559385 tempest-VolumesExtendTest-2002559385-project-member] new path /v2/images/dba7936d-b481-4202-8cf1-aef51c75a2ba {{(pid=98921) process_request /opt/stack/glance/glance/api/middleware/version_negotiation.py:70}}
Jun 03 11:09:40.812946 np0000002045 devstack@g-api.service[98921]: [pid: 98921|app: 0|req: 160/325] 127.0.0.1 () {44 vars in 1115 bytes} [Wed Jun 3 11:09:40 2026] GET /v2/images/dba7936d-b481-4202-8cf1-aef51c75a2ba => generated 1044 bytes in 11 msecs (HTTP/1.1 200) 4 headers in 158 bytes (1 switches on core 0)
Jun 03 11:09:40.823150 np0000002045 devstack@g-api.service[98921]: DEBUG glance.api.middleware.version_negotiation [None req-89f38211-1ef5-46e4-b32e-1fdadc7b808d tempest-VolumesExtendTest-2002559385 tempest-VolumesExtendTest-2002559385-project-member] Determining version of request: GET /v2/schemas/image Accept: */* {{(pid=98921) process_request /opt/stack/glance/glance/api/middleware/version_negotiation.py:44}}
Jun 03 11:09:40.823297 np0000002045 devstack@g-api.service[98921]: DEBUG glance.api.middleware.version_negotiation [None req-89f38211-1ef5-46e4-b32e-1fdadc7b808d tempest-VolumesExtendTest-2002559385 tempest-VolumesExtendTest-2002559385-project-member] Using url versioning {{(pid=98921) process_request /opt/stack/glance/glance/api/middleware/version_negotiation.py:57}}
Jun 03 11:09:40.823438 np0000002045 devstack@g-api.service[98921]: DEBUG glance.api.middleware.version_negotiation [None req-89f38211-1ef5-46e4-b32e-1fdadc7b808d tempest-VolumesExtendTest-2002559385 tempest-VolumesExtendTest-2002559385-project-member] Matched version: v2 {{(pid=98921) process_request /opt/stack/glance/glance/api/middleware/version_negotiation.py:69}}
Jun 03 11:09:40.823546 np0000002045 devstack@g-api.service[98921]: DEBUG glance.api.middleware.version_negotiation [None req-89f38211-1ef5-46e4-b32e-1fdadc7b808d tempest-VolumesExtendTest-2002559385 tempest-VolumesExtendTest-2002559385-project-member] new path /v2/schemas/image {{(pid=98921) process_request /opt/stack/glance/glance/api/middleware/version_negotiation.py:70}}
Jun 03 11:09:40.826369 np0000002045 devstack@g-api.service[98921]: [pid: 98921|app: 0|req: 161/326] 127.0.0.1 () {44 vars in 1055 bytes} [Wed Jun 3 11:09:40 2026] GET /v2/schemas/image => generated 6083 bytes in 3 msecs (HTTP/1.1 200) 4 headers in 158 bytes (1 switches on core 0)
Jun 03 11:09:40.835972 np0000002045 devstack@g-api.service[98921]: DEBUG glance.api.middleware.version_negotiation [None req-89f38211-1ef5-46e4-b32e-1fdadc7b808d tempest-VolumesExtendTest-2002559385 tempest-VolumesExtendTest-2002559385-project-member] Determining version of request: GET /v2/schemas/image Accept: */* {{(pid=98921) process_request /opt/stack/glance/glance/api/middleware/version_negotiation.py:44}}
Jun 03 11:09:40.836130 np0000002045 devstack@g-api.service[98921]: DEBUG glance.api.middleware.version_negotiation [None req-89f38211-1ef5-46e4-b32e-1fdadc7b808d tempest-VolumesExtendTest-2002559385 tempest-VolumesExtendTest-2002559385-project-member] Using url versioning {{(pid=98921) process_request /opt/stack/glance/glance/api/middleware/version_negotiation.py:57}}
Jun 03 11:09:40.836285 np0000002045 devstack@g-api.service[98921]: DEBUG glance.api.middleware.version_negotiation [None req-89f38211-1ef5-46e4-b32e-1fdadc7b808d tempest-VolumesExtendTest-2002559385 tempest-VolumesExtendTest-2002559385-project-member] Matched version: v2 {{(pid=98921) process_request /opt/stack/glance/glance/api/middleware/version_negotiation.py:69}}
Jun 03 11:09:40.836421 np0000002045 devstack@g-api.service[98921]: DEBUG glance.api.middleware.version_negotiation [None req-89f38211-1ef5-46e4-b32e-1fdadc7b808d tempest-VolumesExtendTest-2002559385 tempest-VolumesExtendTest-2002559385-project-member] new path /v2/schemas/image {{(pid=98921) process_request /opt/stack/glance/glance/api/middleware/version_negotiation.py:70}}
Jun 03 11:09:40.838472 np0000002045 devstack@g-api.service[98921]: [pid: 98921|app: 0|req: 162/327] 127.0.0.1 () {44 vars in 1055 bytes} [Wed Jun 3 11:09:40 2026] GET /v2/schemas/image => generated 6083 bytes in 2 msecs (HTTP/1.1 200) 4 headers in 158 bytes (1 switches on core 0)
Jun 03 11:09:40.865908 np0000002045 devstack@g-api.service[98921]: DEBUG glance.api.middleware.version_negotiation [None req-89f38211-1ef5-46e4-b32e-1fdadc7b808d tempest-VolumesExtendTest-2002559385 tempest-VolumesExtendTest-2002559385-project-member] Determining version of request: GET /v2/images/dba7936d-b481-4202-8cf1-aef51c75a2ba Accept: */* {{(pid=98921) process_request /opt/stack/glance/glance/api/middleware/version_negotiation.py:44}}
Jun 03 11:09:40.866154 np0000002045 devstack@g-api.service[98921]: DEBUG glance.api.middleware.version_negotiation [None req-89f38211-1ef5-46e4-b32e-1fdadc7b808d tempest-VolumesExtendTest-2002559385 tempest-VolumesExtendTest-2002559385-project-member] Using url versioning {{(pid=98921) process_request /opt/stack/glance/glance/api/middleware/version_negotiation.py:57}}
Jun 03 11:09:40.866328 np0000002045 devstack@g-api.service[98921]: DEBUG glance.api.middleware.version_negotiation [None req-89f38211-1ef5-46e4-b32e-1fdadc7b808d tempest-VolumesExtendTest-2002559385 tempest-VolumesExtendTest-2002559385-project-member] Matched version: v2 {{(pid=98921) process_request /opt/stack/glance/glance/api/middleware/version_negotiation.py:69}}
Jun 03 11:09:40.866461 np0000002045 devstack@g-api.service[98921]: DEBUG glance.api.middleware.version_negotiation [None req-89f38211-1ef5-46e4-b32e-1fdadc7b808d tempest-VolumesExtendTest-2002559385 tempest-VolumesExtendTest-2002559385-project-member] new path /v2/images/dba7936d-b481-4202-8cf1-aef51c75a2ba {{(pid=98921) process_request /opt/stack/glance/glance/api/middleware/version_negotiation.py:70}}
Jun 03 11:09:40.868199 np0000002045 devstack@g-api.service[98922]: DEBUG glance.api.middleware.cache [None req-d64827a8-9949-46f7-8872-c39c566f11c9 tempest-ServerBootFromVolumeStableRescueTest-1877952829 tempest-ServerBootFromVolumeStableRescueTest-1877952829-project-member] Removing image f95d7af1-8a97-47e9-9e40-2d6e20bd7144 from cache {{(pid=98922) _process_DELETE_response /opt/stack/glance/glance/api/middleware/cache.py:264}}
Jun 03 11:09:40.868511 np0000002045 devstack@g-api.service[98922]: DEBUG glance.image_cache.drivers.centralized_db [None req-d64827a8-9949-46f7-8872-c39c566f11c9 tempest-ServerBootFromVolumeStableRescueTest-1877952829 tempest-ServerBootFromVolumeStableRescueTest-1877952829-project-member] Deleting image cache file '/opt/stack/data/glance/cache/f95d7af1-8a97-47e9-9e40-2d6e20bd7144' {{(pid=98922) delete_cached_file /opt/stack/glance/glance/image_cache/drivers/centralized_db.py:395}}
Jun 03 11:09:40.880667 np0000002045 devstack@g-api.service[98921]: [pid: 98921|app: 0|req: 163/328] 127.0.0.1 () {44 vars in 1115 bytes} [Wed Jun 3 11:09:40 2026] GET /v2/images/dba7936d-b481-4202-8cf1-aef51c75a2ba => generated 1044 bytes in 15 msecs (HTTP/1.1 200) 4 headers in 158 bytes (1 switches on core 0)
Jun 03 11:09:40.890650 np0000002045 devstack@g-api.service[98922]: [pid: 98922|app: 0|req: 166/329] 127.0.0.1 () {40 vars in 841 bytes} [Wed Jun 3 11:09:40 2026] DELETE /v2/images/f95d7af1-8a97-47e9-9e40-2d6e20bd7144 => generated 0 bytes in 398 msecs (HTTP/1.1 204) 4 headers in 171 bytes (1 switches on core 0)
Jun 03 11:09:40.892474 np0000002045 devstack@g-api.service[98921]: DEBUG glance.api.middleware.version_negotiation [None req-89f38211-1ef5-46e4-b32e-1fdadc7b808d tempest-VolumesExtendTest-2002559385 tempest-VolumesExtendTest-2002559385-project-member] Determining version of request: GET /v2/schemas/image Accept: */* {{(pid=98921) process_request /opt/stack/glance/glance/api/middleware/version_negotiation.py:44}}
Jun 03 11:09:40.892643 np0000002045 devstack@g-api.service[98921]: DEBUG glance.api.middleware.version_negotiation [None req-89f38211-1ef5-46e4-b32e-1fdadc7b808d tempest-VolumesExtendTest-2002559385 tempest-VolumesExtendTest-2002559385-project-member] Using url versioning {{(pid=98921) process_request /opt/stack/glance/glance/api/middleware/version_negotiation.py:57}}
Jun 03 11:09:40.892768 np0000002045 devstack@g-api.service[98921]: DEBUG glance.api.middleware.version_negotiation [None req-89f38211-1ef5-46e4-b32e-1fdadc7b808d tempest-VolumesExtendTest-2002559385 tempest-VolumesExtendTest-2002559385-project-member] Matched version: v2 {{(pid=98921) process_request /opt/stack/glance/glance/api/middleware/version_negotiation.py:69}}
Jun 03 11:09:40.892861 np0000002045 devstack@g-api.service[98921]: DEBUG glance.api.middleware.version_negotiation [None req-89f38211-1ef5-46e4-b32e-1fdadc7b808d tempest-VolumesExtendTest-2002559385 tempest-VolumesExtendTest-2002559385-project-member] new path /v2/schemas/image {{(pid=98921) process_request /opt/stack/glance/glance/api/middleware/version_negotiation.py:70}}
Jun 03 11:09:40.895023 np0000002045 devstack@g-api.service[98921]: [pid: 98921|app: 0|req: 164/330] 127.0.0.1 () {44 vars in 1055 bytes} [Wed Jun 3 11:09:40 2026] GET /v2/schemas/image => generated 6083 bytes in 3 msecs (HTTP/1.1 200) 4 headers in 158 bytes (1 switches on core 0)
Jun 03 11:09:41.298615 np0000002045 devstack@g-api.service[98922]: DEBUG glance.api.middleware.version_negotiation [None req-d64827a8-9949-46f7-8872-c39c566f11c9 tempest-ServerBootFromVolumeStableRescueTest-1877952829 tempest-ServerBootFromVolumeStableRescueTest-1877952829-project-member] Determining version of request: GET /versions Accept: */* {{(pid=98922) process_request /opt/stack/glance/glance/api/middleware/version_negotiation.py:44}}
Jun 03 11:09:41.299282 np0000002045 devstack@g-api.service[98922]: [pid: 98922|app: 0|req: 167/331] 127.0.0.1 () {44 vars in 1039 bytes} [Wed Jun 3 11:09:41 2026] GET /versions => generated 1407 bytes in 1 msecs (HTTP/1.1 200) 3 headers in 92 bytes (1 switches on core 0)
Jun 03 11:09:41.307209 np0000002045 devstack@g-api.service[98921]: DEBUG glance.api.middleware.version_negotiation [None req-89f38211-1ef5-46e4-b32e-1fdadc7b808d tempest-VolumesExtendTest-2002559385 tempest-VolumesExtendTest-2002559385-project-member] Determining version of request: GET /v2/images/dba7936d-b481-4202-8cf1-aef51c75a2ba/locations Accept: */* {{(pid=98921) process_request /opt/stack/glance/glance/api/middleware/version_negotiation.py:44}}
Jun 03 11:09:41.307340 np0000002045 devstack@g-api.service[98921]: DEBUG glance.api.middleware.version_negotiation [None req-89f38211-1ef5-46e4-b32e-1fdadc7b808d tempest-VolumesExtendTest-2002559385 tempest-VolumesExtendTest-2002559385-project-member] Using url versioning {{(pid=98921) process_request /opt/stack/glance/glance/api/middleware/version_negotiation.py:57}}
Jun 03 11:09:41.307456 np0000002045 devstack@g-api.service[98921]: DEBUG glance.api.middleware.version_negotiation [None req-89f38211-1ef5-46e4-b32e-1fdadc7b808d tempest-VolumesExtendTest-2002559385 tempest-VolumesExtendTest-2002559385-project-member] Matched version: v2 {{(pid=98921) process_request /opt/stack/glance/glance/api/middleware/version_negotiation.py:69}}
Jun 03 11:09:41.307546 np0000002045 devstack@g-api.service[98921]: DEBUG glance.api.middleware.version_negotiation [None req-89f38211-1ef5-46e4-b32e-1fdadc7b808d tempest-VolumesExtendTest-2002559385 tempest-VolumesExtendTest-2002559385-project-member] new path /v2/images/dba7936d-b481-4202-8cf1-aef51c75a2ba/locations {{(pid=98921) process_request /opt/stack/glance/glance/api/middleware/version_negotiation.py:70}}
Jun 03 11:09:41.365379 np0000002045 devstack@g-api.service[98921]: [pid: 98921|app: 0|req: 165/332] 127.0.0.1 () {44 vars in 1135 bytes} [Wed Jun 3 11:09:41 2026] GET /v2/images/dba7936d-b481-4202-8cf1-aef51c75a2ba/locations => generated 92 bytes in 58 msecs (HTTP/1.1 200) 4 headers in 156 bytes (1 switches on core 0)
Jun 03 11:09:41.377620 np0000002045 devstack@g-api.service[98922]: DEBUG glance.api.middleware.version_negotiation [None req-d64827a8-9949-46f7-8872-c39c566f11c9 tempest-ServerBootFromVolumeStableRescueTest-1877952829 tempest-ServerBootFromVolumeStableRescueTest-1877952829-project-member] Determining version of request: GET /v2/images/dba7936d-b481-4202-8cf1-aef51c75a2ba Accept: */* {{(pid=98922) process_request /opt/stack/glance/glance/api/middleware/version_negotiation.py:44}}
