Jul 29 14:58:43.667702 np0000006089 devstack@g-api.service[103009]: DEBUG glance.api.middleware.version_negotiation [None req-c22adf92-47a2-4039-a953-1d8603494a7d tempest-TestImageHashVerification-2080228071 tempest-TestImageHashVerification-2080228071-project-member] Matched version: v2 {{(pid=103009) process_request /opt/stack/glance/glance/api/middleware/version_negotiation.py:69}}
Jul 29 14:58:43.667702 np0000006089 devstack@g-api.service[103009]: DEBUG glance.api.middleware.version_negotiation [None req-c22adf92-47a2-4039-a953-1d8603494a7d tempest-TestImageHashVerification-2080228071 tempest-TestImageHashVerification-2080228071-project-member] new path /v2/schemas/image {{(pid=103009) process_request /opt/stack/glance/glance/api/middleware/version_negotiation.py:70}}
Jul 29 14:58:43.670180 np0000006089 devstack@g-api.service[103009]: [pid: 103009|app: 0|req: 80/334] 127.0.0.1 () {44 vars in 1055 bytes} [Wed Jul 29 14:58:43 2026] GET /v2/schemas/image => generated 6083 bytes in 3 msecs (HTTP/1.1 200) 4 headers in 158 bytes (1 switches on core 0)
Jul 29 14:58:43.725143 np0000006089 devstack@g-api.service[103011]: DEBUG swiftclient [None req-98ff01ca-2e80-4df4-afc0-6a23a8ac176c tempest-TestImageHashVerification-2080228071 tempest-TestImageHashVerification-2080228071-project-member] REQ: curl -i https://10.4.3.183:8080/v1/AUTH_e32efa8e05ab440c990beae0e0b86156/glance/d711203e-6bbe-4ee8-b50a-70360eb8196f-00001 -X PUT -H "X-Auth-Token: gAAAAABqahUhLoYe..." {{(pid=103011) http_log /opt/stack/data/venv/lib/python3.12/site-packages/swiftclient/client.py:160}}
Jul 29 14:58:43.725426 np0000006089 devstack@g-api.service[103011]: DEBUG swiftclient [None req-98ff01ca-2e80-4df4-afc0-6a23a8ac176c tempest-TestImageHashVerification-2080228071 tempest-TestImageHashVerification-2080228071-project-member] RESP STATUS: 201 Created {{(pid=103011) http_log /opt/stack/data/venv/lib/python3.12/site-packages/swiftclient/client.py:161}}
Jul 29 14:58:43.725426 np0000006089 devstack@g-api.service[103011]: DEBUG swiftclient [None req-98ff01ca-2e80-4df4-afc0-6a23a8ac176c tempest-TestImageHashVerification-2080228071 tempest-TestImageHashVerification-2080228071-project-member] RESP HEADERS: {'Date': 'Wed, 29 Jul 2026 14:58:43 GMT', 'Server': 'Apache/2.4.58 (Ubuntu)', 'Content-Type': 'text/html; charset=UTF-8', 'Content-Length': '0', 'Etag': 'eda9a9889837ac4bc81d6387d92c1bec', 'Last-Modified': 'Wed, 29 Jul 2026 14:58:42 GMT', 'X-Trans-Id': 'tx4f6c13f8e18b4fad9b319-006a6a1521', 'X-Openstack-Request-Id': 'tx4f6c13f8e18b4fad9b319-006a6a1521', 'Connection': 'close'} {{(pid=103011) http_log /opt/stack/data/venv/lib/python3.12/site-packages/swiftclient/client.py:162}}
Jul 29 14:58:43.725526 np0000006089 devstack@g-api.service[103011]: DEBUG glance_store._drivers.swift.store [None req-98ff01ca-2e80-4df4-afc0-6a23a8ac176c tempest-TestImageHashVerification-2080228071 tempest-TestImageHashVerification-2080228071-project-member] Wrote chunk d711203e-6bbe-4ee8-b50a-70360eb8196f-00001 (1/?) of length 204800000 to Swift returning MD5 of content: eda9a9889837ac4bc81d6387d92c1bec {{(pid=103011) add /opt/stack/data/venv/lib/python3.12/site-packages/glance_store/_drivers/swift/store.py:1059}}
Jul 29 14:58:44.641202 np0000006089 devstack@g-api.service[103010]: DEBUG glance.api.middleware.version_negotiation [None req-cea8c784-f579-43ce-997d-26bcf63fe86b tempest-TestImageHashVerification-2080228071 tempest-TestImageHashVerification-2080228071-project-member] Determining version of request: GET /v2/images/d711203e-6bbe-4ee8-b50a-70360eb8196f Accept: application/json {{(pid=103010) process_request /opt/stack/glance/glance/api/middleware/version_negotiation.py:44}}
Jul 29 14:58:44.641836 np0000006089 devstack@g-api.service[103010]: DEBUG glance.api.middleware.version_negotiation [None req-cea8c784-f579-43ce-997d-26bcf63fe86b tempest-TestImageHashVerification-2080228071 tempest-TestImageHashVerification-2080228071-project-member] Using url versioning {{(pid=103010) process_request /opt/stack/glance/glance/api/middleware/version_negotiation.py:57}}
Jul 29 14:58:44.641836 np0000006089 devstack@g-api.service[103010]: DEBUG glance.api.middleware.version_negotiation [None req-cea8c784-f579-43ce-997d-26bcf63fe86b tempest-TestImageHashVerification-2080228071 tempest-TestImageHashVerification-2080228071-project-member] Matched version: v2 {{(pid=103010) process_request /opt/stack/glance/glance/api/middleware/version_negotiation.py:69}}
Jul 29 14:58:44.641836 np0000006089 devstack@g-api.service[103010]: DEBUG glance.api.middleware.version_negotiation [None req-cea8c784-f579-43ce-997d-26bcf63fe86b tempest-TestImageHashVerification-2080228071 tempest-TestImageHashVerification-2080228071-project-member] new path /v2/images/d711203e-6bbe-4ee8-b50a-70360eb8196f {{(pid=103010) process_request /opt/stack/glance/glance/api/middleware/version_negotiation.py:70}}
Jul 29 14:58:44.658770 np0000006089 devstack@g-api.service[103010]: [pid: 103010|app: 0|req: 89/335] 127.0.0.1 () {40 vars in 838 bytes} [Wed Jul 29 14:58:44 2026] GET /v2/images/d711203e-6bbe-4ee8-b50a-70360eb8196f => generated 648 bytes in 17 msecs (HTTP/1.1 200) 4 headers in 157 bytes (1 switches on core 0)
Jul 29 14:58:45.666304 np0000006089 devstack@g-api.service[103012]: DEBUG glance.api.middleware.version_negotiation [None req-17bf5962-6c9f-476e-8554-2f8851bc7dbc tempest-ImageDependencyTests-2026405180 tempest-ImageDependencyTests-2026405180-project-member] Determining version of request: GET /v2/images/d711203e-6bbe-4ee8-b50a-70360eb8196f Accept: application/json {{(pid=103012) process_request /opt/stack/glance/glance/api/middleware/version_negotiation.py:44}}
Jul 29 14:58:45.666304 np0000006089 devstack@g-api.service[103012]: DEBUG glance.api.middleware.version_negotiation [None req-17bf5962-6c9f-476e-8554-2f8851bc7dbc tempest-ImageDependencyTests-2026405180 tempest-ImageDependencyTests-2026405180-project-member] Using url versioning {{(pid=103012) process_request /opt/stack/glance/glance/api/middleware/version_negotiation.py:57}}
Jul 29 14:58:45.666304 np0000006089 devstack@g-api.service[103012]: DEBUG glance.api.middleware.version_negotiation [None req-17bf5962-6c9f-476e-8554-2f8851bc7dbc tempest-ImageDependencyTests-2026405180 tempest-ImageDependencyTests-2026405180-project-member] Matched version: v2 {{(pid=103012) process_request /opt/stack/glance/glance/api/middleware/version_negotiation.py:69}}
Jul 29 14:58:45.666801 np0000006089 devstack@g-api.service[103012]: DEBUG glance.api.middleware.version_negotiation [None req-17bf5962-6c9f-476e-8554-2f8851bc7dbc tempest-ImageDependencyTests-2026405180 tempest-ImageDependencyTests-2026405180-project-member] new path /v2/images/d711203e-6bbe-4ee8-b50a-70360eb8196f {{(pid=103012) process_request /opt/stack/glance/glance/api/middleware/version_negotiation.py:70}}
Jul 29 14:58:45.674651 np0000006089 devstack@g-api.service[103011]: DEBUG swiftclient [None req-98ff01ca-2e80-4df4-afc0-6a23a8ac176c tempest-TestImageHashVerification-2080228071 tempest-TestImageHashVerification-2080228071-project-member] REQ: curl -i https://10.4.3.183:8080/v1/AUTH_e32efa8e05ab440c990beae0e0b86156/glance/d711203e-6bbe-4ee8-b50a-70360eb8196f-00002 -X PUT -H "X-Auth-Token: gAAAAABqahUhLoYe..." {{(pid=103011) http_log /opt/stack/data/venv/lib/python3.12/site-packages/swiftclient/client.py:160}}
Jul 29 14:58:45.674920 np0000006089 devstack@g-api.service[103011]: DEBUG swiftclient [None req-98ff01ca-2e80-4df4-afc0-6a23a8ac176c tempest-TestImageHashVerification-2080228071 tempest-TestImageHashVerification-2080228071-project-member] RESP STATUS: 201 Created {{(pid=103011) http_log /opt/stack/data/venv/lib/python3.12/site-packages/swiftclient/client.py:161}}
Jul 29 14:58:45.674920 np0000006089 devstack@g-api.service[103011]: DEBUG swiftclient [None req-98ff01ca-2e80-4df4-afc0-6a23a8ac176c tempest-TestImageHashVerification-2080228071 tempest-TestImageHashVerification-2080228071-project-member] RESP HEADERS: {'Date': 'Wed, 29 Jul 2026 14:58:45 GMT', 'Server': 'Apache/2.4.58 (Ubuntu)', 'Content-Type': 'text/html; charset=UTF-8', 'Content-Length': '0', 'Etag': 'eda9a9889837ac4bc81d6387d92c1bec', 'Last-Modified': 'Wed, 29 Jul 2026 14:58:44 GMT', 'X-Trans-Id': 'tx3618b1dcb52e4eab86ef9-006a6a1523', 'X-Openstack-Request-Id': 'tx3618b1dcb52e4eab86ef9-006a6a1523', 'Connection': 'close'} {{(pid=103011) http_log /opt/stack/data/venv/lib/python3.12/site-packages/swiftclient/client.py:162}}
Jul 29 14:58:45.675068 np0000006089 devstack@g-api.service[103011]: DEBUG glance_store._drivers.swift.store [None req-98ff01ca-2e80-4df4-afc0-6a23a8ac176c tempest-TestImageHashVerification-2080228071 tempest-TestImageHashVerification-2080228071-project-member] Wrote chunk d711203e-6bbe-4ee8-b50a-70360eb8196f-00002 (2/?) of length 204800000 to Swift returning MD5 of content: eda9a9889837ac4bc81d6387d92c1bec {{(pid=103011) add /opt/stack/data/venv/lib/python3.12/site-packages/glance_store/_drivers/swift/store.py:1059}}
Jul 29 14:58:45.679173 np0000006089 devstack@g-api.service[103012]: [pid: 103012|app: 0|req: 86/336] 127.0.0.1 () {40 vars in 838 bytes} [Wed Jul 29 14:58:45 2026] GET /v2/images/d711203e-6bbe-4ee8-b50a-70360eb8196f => generated 648 bytes in 13 msecs (HTTP/1.1 200) 4 headers in 157 bytes (1 switches on core 0)
Jul 29 14:58:46.688332 np0000006089 devstack@g-api.service[103009]: DEBUG glance.api.middleware.version_negotiation [None req-17bf5962-6c9f-476e-8554-2f8851bc7dbc tempest-ImageDependencyTests-2026405180 tempest-ImageDependencyTests-2026405180-project-member] Determining version of request: GET /v2/images/d711203e-6bbe-4ee8-b50a-70360eb8196f Accept: application/json {{(pid=103009) process_request /opt/stack/glance/glance/api/middleware/version_negotiation.py:44}}
Jul 29 14:58:46.689909 np0000006089 devstack@g-api.service[103009]: DEBUG glance.api.middleware.version_negotiation [None req-17bf5962-6c9f-476e-8554-2f8851bc7dbc tempest-ImageDependencyTests-2026405180 tempest-ImageDependencyTests-2026405180-project-member] Using url versioning {{(pid=103009) process_request /opt/stack/glance/glance/api/middleware/version_negotiation.py:57}}
Jul 29 14:58:46.689909 np0000006089 devstack@g-api.service[103009]: DEBUG glance.api.middleware.version_negotiation [None req-17bf5962-6c9f-476e-8554-2f8851bc7dbc tempest-ImageDependencyTests-2026405180 tempest-ImageDependencyTests-2026405180-project-member] Matched version: v2 {{(pid=103009) process_request /opt/stack/glance/glance/api/middleware/version_negotiation.py:69}}
Jul 29 14:58:46.689909 np0000006089 devstack@g-api.service[103009]: DEBUG glance.api.middleware.version_negotiation [None req-17bf5962-6c9f-476e-8554-2f8851bc7dbc tempest-ImageDependencyTests-2026405180 tempest-ImageDependencyTests-2026405180-project-member] new path /v2/images/d711203e-6bbe-4ee8-b50a-70360eb8196f {{(pid=103009) process_request /opt/stack/glance/glance/api/middleware/version_negotiation.py:70}}
Jul 29 14:58:46.703752 np0000006089 devstack@g-api.service[103009]: [pid: 103009|app: 0|req: 81/337] 127.0.0.1 () {40 vars in 838 bytes} [Wed Jul 29 14:58:46 2026] GET /v2/images/d711203e-6bbe-4ee8-b50a-70360eb8196f => generated 648 bytes in 15 msecs (HTTP/1.1 200) 4 headers in 157 bytes (1 switches on core 0)
Jul 29 14:58:47.616315 np0000006089 devstack@g-api.service[103011]: DEBUG swiftclient [None req-98ff01ca-2e80-4df4-afc0-6a23a8ac176c tempest-TestImageHashVerification-2080228071 tempest-TestImageHashVerification-2080228071-project-member] REQ: curl -i https://10.4.3.183:8080/v1/AUTH_e32efa8e05ab440c990beae0e0b86156/glance/d711203e-6bbe-4ee8-b50a-70360eb8196f-00003 -X PUT -H "X-Auth-Token: gAAAAABqahUhLoYe..." {{(pid=103011) http_log /opt/stack/data/venv/lib/python3.12/site-packages/swiftclient/client.py:160}}
Jul 29 14:58:47.616698 np0000006089 devstack@g-api.service[103011]: DEBUG swiftclient [None req-98ff01ca-2e80-4df4-afc0-6a23a8ac176c tempest-TestImageHashVerification-2080228071 tempest-TestImageHashVerification-2080228071-project-member] RESP STATUS: 201 Created {{(pid=103011) http_log /opt/stack/data/venv/lib/python3.12/site-packages/swiftclient/client.py:161}}
Jul 29 14:58:47.616698 np0000006089 devstack@g-api.service[103011]: DEBUG swiftclient [None req-98ff01ca-2e80-4df4-afc0-6a23a8ac176c tempest-TestImageHashVerification-2080228071 tempest-TestImageHashVerification-2080228071-project-member] RESP HEADERS: {'Date': 'Wed, 29 Jul 2026 14:58:47 GMT', 'Server': 'Apache/2.4.58 (Ubuntu)', 'Content-Type': 'text/html; charset=UTF-8', 'Content-Length': '0', 'Etag': 'eda9a9889837ac4bc81d6387d92c1bec', 'Last-Modified': 'Wed, 29 Jul 2026 14:58:46 GMT', 'X-Trans-Id': 'tx186403e8901e44d3ba770-006a6a1525', 'X-Openstack-Request-Id': 'tx186403e8901e44d3ba770-006a6a1525', 'Connection': 'close'} {{(pid=103011) http_log /opt/stack/data/venv/lib/python3.12/site-packages/swiftclient/client.py:162}}
Jul 29 14:58:47.616971 np0000006089 devstack@g-api.service[103011]: DEBUG glance_store._drivers.swift.store [None req-98ff01ca-2e80-4df4-afc0-6a23a8ac176c tempest-TestImageHashVerification-2080228071 tempest-TestImageHashVerification-2080228071-project-member] Wrote chunk d711203e-6bbe-4ee8-b50a-70360eb8196f-00003 (3/?) of length 204800000 to Swift returning MD5 of content: eda9a9889837ac4bc81d6387d92c1bec {{(pid=103011) add /opt/stack/data/venv/lib/python3.12/site-packages/glance_store/_drivers/swift/store.py:1059}}
Jul 29 14:58:47.717402 np0000006089 devstack@g-api.service[103010]: DEBUG glance.api.middleware.version_negotiation [None req-deac2ff5-f669-483c-9e3b-f9997eb8bd09 tempest-TestImageHashVerification-2080228071 tempest-TestImageHashVerification-2080228071-project-member] Determining version of request: GET /v2/images/d711203e-6bbe-4ee8-b50a-70360eb8196f Accept: application/json {{(pid=103010) process_request /opt/stack/glance/glance/api/middleware/version_negotiation.py:44}}
Jul 29 14:58:47.717729 np0000006089 devstack@g-api.service[103010]: DEBUG glance.api.middleware.version_negotiation [None req-deac2ff5-f669-483c-9e3b-f9997eb8bd09 tempest-TestImageHashVerification-2080228071 tempest-TestImageHashVerification-2080228071-project-member] Using url versioning {{(pid=103010) process_request /opt/stack/glance/glance/api/middleware/version_negotiation.py:57}}
Jul 29 14:58:47.717729 np0000006089 devstack@g-api.service[103010]: DEBUG glance.api.middleware.version_negotiation [None req-deac2ff5-f669-483c-9e3b-f9997eb8bd09 tempest-TestImageHashVerification-2080228071 tempest-TestImageHashVerification-2080228071-project-member] Matched version: v2 {{(pid=103010) process_request /opt/stack/glance/glance/api/middleware/version_negotiation.py:69}}
Jul 29 14:58:47.717778 np0000006089 devstack@g-api.service[103010]: DEBUG glance.api.middleware.version_negotiation [None req-deac2ff5-f669-483c-9e3b-f9997eb8bd09 tempest-TestImageHashVerification-2080228071 tempest-TestImageHashVerification-2080228071-project-member] new path /v2/images/d711203e-6bbe-4ee8-b50a-70360eb8196f {{(pid=103010) process_request /opt/stack/glance/glance/api/middleware/version_negotiation.py:70}}
Jul 29 14:58:47.727447 np0000006089 devstack@g-api.service[103010]: [pid: 103010|app: 0|req: 90/338] 127.0.0.1 () {40 vars in 838 bytes} [Wed Jul 29 14:58:47 2026] GET /v2/images/d711203e-6bbe-4ee8-b50a-70360eb8196f => generated 648 bytes in 10 msecs (HTTP/1.1 200) 4 headers in 157 bytes (1 switches on core 0)
Jul 29 14:58:48.735271 np0000006089 devstack@g-api.service[103012]: DEBUG glance.api.middleware.version_negotiation [None req-41579e0a-87ef-448e-94d3-67a33f89e109 tempest-TestImageHashVerification-2080228071 tempest-TestImageHashVerification-2080228071-project-member] Determining version of request: GET /v2/images/d711203e-6bbe-4ee8-b50a-70360eb8196f Accept: application/json {{(pid=103012) process_request /opt/stack/glance/glance/api/middleware/version_negotiation.py:44}}
Jul 29 14:58:48.735725 np0000006089 devstack@g-api.service[103012]: DEBUG glance.api.middleware.version_negotiation [None req-41579e0a-87ef-448e-94d3-67a33f89e109 tempest-TestImageHashVerification-2080228071 tempest-TestImageHashVerification-2080228071-project-member] Using url versioning {{(pid=103012) process_request /opt/stack/glance/glance/api/middleware/version_negotiation.py:57}}
Jul 29 14:58:48.735725 np0000006089 devstack@g-api.service[103012]: DEBUG glance.api.middleware.version_negotiation [None req-41579e0a-87ef-448e-94d3-67a33f89e109 tempest-TestImageHashVerification-2080228071 tempest-TestImageHashVerification-2080228071-project-member] Matched version: v2 {{(pid=103012) process_request /opt/stack/glance/glance/api/middleware/version_negotiation.py:69}}
Jul 29 14:58:48.735725 np0000006089 devstack@g-api.service[103012]: DEBUG glance.api.middleware.version_negotiation [None req-41579e0a-87ef-448e-94d3-67a33f89e109 tempest-TestImageHashVerification-2080228071 tempest-TestImageHashVerification-2080228071-project-member] new path /v2/images/d711203e-6bbe-4ee8-b50a-70360eb8196f {{(pid=103012) process_request /opt/stack/glance/glance/api/middleware/version_negotiation.py:70}}
Jul 29 14:58:48.746974 np0000006089 devstack@g-api.service[103012]: [pid: 103012|app: 0|req: 87/339] 127.0.0.1 () {40 vars in 838 bytes} [Wed Jul 29 14:58:48 2026] GET /v2/images/d711203e-6bbe-4ee8-b50a-70360eb8196f => generated 648 bytes in 11 msecs (HTTP/1.1 200) 4 headers in 157 bytes (1 switches on core 0)
Jul 29 14:58:49.631300 np0000006089 devstack@g-api.service[103011]: DEBUG swiftclient [None req-98ff01ca-2e80-4df4-afc0-6a23a8ac176c tempest-TestImageHashVerification-2080228071 tempest-TestImageHashVerification-2080228071-project-member] REQ: curl -i https://10.4.3.183:8080/v1/AUTH_e32efa8e05ab440c990beae0e0b86156/glance/d711203e-6bbe-4ee8-b50a-70360eb8196f-00004 -X PUT -H "X-Auth-Token: gAAAAABqahUhLoYe..." {{(pid=103011) http_log /opt/stack/data/venv/lib/python3.12/site-packages/swiftclient/client.py:160}}
Jul 29 14:58:49.631672 np0000006089 devstack@g-api.service[103011]: DEBUG swiftclient [None req-98ff01ca-2e80-4df4-afc0-6a23a8ac176c tempest-TestImageHashVerification-2080228071 tempest-TestImageHashVerification-2080228071-project-member] RESP STATUS: 201 Created {{(pid=103011) http_log /opt/stack/data/venv/lib/python3.12/site-packages/swiftclient/client.py:161}}
Jul 29 14:58:49.631672 np0000006089 devstack@g-api.service[103011]: DEBUG swiftclient [None req-98ff01ca-2e80-4df4-afc0-6a23a8ac176c tempest-TestImageHashVerification-2080228071 tempest-TestImageHashVerification-2080228071-project-member] RESP HEADERS: {'Date': 'Wed, 29 Jul 2026 14:58:49 GMT', 'Server': 'Apache/2.4.58 (Ubuntu)', 'Content-Type': 'text/html; charset=UTF-8', 'Content-Length': '0', 'Etag': 'eda9a9889837ac4bc81d6387d92c1bec', 'Last-Modified': 'Wed, 29 Jul 2026 14:58:48 GMT', 'X-Trans-Id': 'tx514d9ee27fd344caa7a7f-006a6a1527', 'X-Openstack-Request-Id': 'tx514d9ee27fd344caa7a7f-006a6a1527', 'Connection': 'close'} {{(pid=103011) http_log /opt/stack/data/venv/lib/python3.12/site-packages/swiftclient/client.py:162}}
Jul 29 14:58:49.631672 np0000006089 devstack@g-api.service[103011]: DEBUG glance_store._drivers.swift.store [None req-98ff01ca-2e80-4df4-afc0-6a23a8ac176c tempest-TestImageHashVerification-2080228071 tempest-TestImageHashVerification-2080228071-project-member] Wrote chunk d711203e-6bbe-4ee8-b50a-70360eb8196f-00004 (4/?) of length 204800000 to Swift returning MD5 of content: eda9a9889837ac4bc81d6387d92c1bec {{(pid=103011) add /opt/stack/data/venv/lib/python3.12/site-packages/glance_store/_drivers/swift/store.py:1059}}
Jul 29 14:58:49.755428 np0000006089 devstack@g-api.service[103009]: DEBUG glance.api.middleware.version_negotiation [None req-467eb612-2f31-4537-8673-b5d249edacb6 tempest-TestImageHashVerification-2080228071 tempest-TestImageHashVerification-2080228071-project-member] Determining version of request: GET /v2/images/d711203e-6bbe-4ee8-b50a-70360eb8196f Accept: application/json {{(pid=103009) process_request /opt/stack/glance/glance/api/middleware/version_negotiation.py:44}}
Jul 29 14:58:49.755755 np0000006089 devstack@g-api.service[103009]: DEBUG glance.api.middleware.version_negotiation [None req-467eb612-2f31-4537-8673-b5d249edacb6 tempest-TestImageHashVerification-2080228071 tempest-TestImageHashVerification-2080228071-project-member] Using url versioning {{(pid=103009) process_request /opt/stack/glance/glance/api/middleware/version_negotiation.py:57}}
Jul 29 14:58:49.756982 np0000006089 devstack@g-api.service[103009]: DEBUG glance.api.middleware.version_negotiation [None req-467eb612-2f31-4537-8673-b5d249edacb6 tempest-TestImageHashVerification-2080228071 tempest-TestImageHashVerification-2080228071-project-member] Matched version: v2 {{(pid=103009) process_request /opt/stack/glance/glance/api/middleware/version_negotiation.py:69}}
Jul 29 14:58:49.756982 np0000006089 devstack@g-api.service[103009]: DEBUG glance.api.middleware.version_negotiation [None req-467eb612-2f31-4537-8673-b5d249edacb6 tempest-TestImageHashVerification-2080228071 tempest-TestImageHashVerification-2080228071-project-member] new path /v2/images/d711203e-6bbe-4ee8-b50a-70360eb8196f {{(pid=103009) process_request /opt/stack/glance/glance/api/middleware/version_negotiation.py:70}}
Jul 29 14:58:49.773434 np0000006089 devstack@g-api.service[103009]: [pid: 103009|app: 0|req: 82/340] 127.0.0.1 () {40 vars in 838 bytes} [Wed Jul 29 14:58:49 2026] GET /v2/images/d711203e-6bbe-4ee8-b50a-70360eb8196f => generated 648 bytes in 18 msecs (HTTP/1.1 200) 4 headers in 157 bytes (1 switches on core 0)
Jul 29 14:58:50.783258 np0000006089 devstack@g-api.service[103010]: DEBUG glance.api.middleware.version_negotiation [None req-e44f9428-6b48-47e3-b498-3718b3bd2361 tempest-TestImageHashVerification-2080228071 tempest-TestImageHashVerification-2080228071-project-member] Determining version of request: GET /v2/images/d711203e-6bbe-4ee8-b50a-70360eb8196f Accept: application/json {{(pid=103010) process_request /opt/stack/glance/glance/api/middleware/version_negotiation.py:44}}
Jul 29 14:58:50.783665 np0000006089 devstack@g-api.service[103010]: DEBUG glance.api.middleware.version_negotiation [None req-e44f9428-6b48-47e3-b498-3718b3bd2361 tempest-TestImageHashVerification-2080228071 tempest-TestImageHashVerification-2080228071-project-member] Using url versioning {{(pid=103010) process_request /opt/stack/glance/glance/api/middleware/version_negotiation.py:57}}
Jul 29 14:58:50.783665 np0000006089 devstack@g-api.service[103010]: DEBUG glance.api.middleware.version_negotiation [None req-e44f9428-6b48-47e3-b498-3718b3bd2361 tempest-TestImageHashVerification-2080228071 tempest-TestImageHashVerification-2080228071-project-member] Matched version: v2 {{(pid=103010) process_request /opt/stack/glance/glance/api/middleware/version_negotiation.py:69}}
Jul 29 14:58:50.783665 np0000006089 devstack@g-api.service[103010]: DEBUG glance.api.middleware.version_negotiation [None req-e44f9428-6b48-47e3-b498-3718b3bd2361 tempest-TestImageHashVerification-2080228071 tempest-TestImageHashVerification-2080228071-project-member] new path /v2/images/d711203e-6bbe-4ee8-b50a-70360eb8196f {{(pid=103010) process_request /opt/stack/glance/glance/api/middleware/version_negotiation.py:70}}
Jul 29 14:58:50.797955 np0000006089 devstack@g-api.service[103010]: [pid: 103010|app: 0|req: 91/341] 127.0.0.1 () {40 vars in 838 bytes} [Wed Jul 29 14:58:50 2026] GET /v2/images/d711203e-6bbe-4ee8-b50a-70360eb8196f => generated 648 bytes in 15 msecs (HTTP/1.1 200) 4 headers in 157 bytes (1 switches on core 0)
Jul 29 14:58:51.560660 np0000006089 devstack@g-api.service[103011]: DEBUG swiftclient [None req-98ff01ca-2e80-4df4-afc0-6a23a8ac176c tempest-TestImageHashVerification-2080228071 tempest-TestImageHashVerification-2080228071-project-member] REQ: curl -i https://10.4.3.183:8080/v1/AUTH_e32efa8e05ab440c990beae0e0b86156/glance/d711203e-6bbe-4ee8-b50a-70360eb8196f-00005 -X PUT -H "X-Auth-Token: gAAAAABqahUhLoYe..." {{(pid=103011) http_log /opt/stack/data/venv/lib/python3.12/site-packages/swiftclient/client.py:160}}
Jul 29 14:58:51.560895 np0000006089 devstack@g-api.service[103011]: DEBUG swiftclient [None req-98ff01ca-2e80-4df4-afc0-6a23a8ac176c tempest-TestImageHashVerification-2080228071 tempest-TestImageHashVerification-2080228071-project-member] RESP STATUS: 201 Created {{(pid=103011) http_log /opt/stack/data/venv/lib/python3.12/site-packages/swiftclient/client.py:161}}
Jul 29 14:58:51.560895 np0000006089 devstack@g-api.service[103011]: DEBUG swiftclient [None req-98ff01ca-2e80-4df4-afc0-6a23a8ac176c tempest-TestImageHashVerification-2080228071 tempest-TestImageHashVerification-2080228071-project-member] RESP HEADERS: {'Date': 'Wed, 29 Jul 2026 14:58:51 GMT', 'Server': 'Apache/2.4.58 (Ubuntu)', 'Content-Type': 'text/html; charset=UTF-8', 'Content-Length': '0', 'Etag': 'eda9a9889837ac4bc81d6387d92c1bec', 'Last-Modified': 'Wed, 29 Jul 2026 14:58:50 GMT', 'X-Trans-Id': 'tx8768f7dc8f8f48cd93836-006a6a1529', 'X-Openstack-Request-Id': 'tx8768f7dc8f8f48cd93836-006a6a1529', 'Connection': 'close'} {{(pid=103011) http_log /opt/stack/data/venv/lib/python3.12/site-packages/swiftclient/client.py:162}}
Jul 29 14:58:51.561077 np0000006089 devstack@g-api.service[103011]: DEBUG glance_store._drivers.swift.store [None req-98ff01ca-2e80-4df4-afc0-6a23a8ac176c tempest-TestImageHashVerification-2080228071 tempest-TestImageHashVerification-2080228071-project-member] Wrote chunk d711203e-6bbe-4ee8-b50a-70360eb8196f-00005 (5/?) of length 204800000 to Swift returning MD5 of content: eda9a9889837ac4bc81d6387d92c1bec {{(pid=103011) add /opt/stack/data/venv/lib/python3.12/site-packages/glance_store/_drivers/swift/store.py:1059}}
Jul 29 14:58:51.572920 np0000006089 devstack@g-api.service[103011]: DEBUG dbcounter [-] [103011] Writing DB stats glance:SELECT=42,glance:UPDATE=3,glance:INSERT=3 {{(pid=103011) stat_writer /opt/stack/data/venv/lib/python3.12/site-packages/dbcounter.py:115}}
Jul 29 14:58:51.809362 np0000006089 devstack@g-api.service[103012]: DEBUG glance.api.middleware.version_negotiation [None req-826c1dac-a425-4b12-a353-aee2fd422d1f tempest-TestImageHashVerification-2080228071 tempest-TestImageHashVerification-2080228071-project-member] Determining version of request: GET /v2/images/d711203e-6bbe-4ee8-b50a-70360eb8196f Accept: application/json {{(pid=103012) process_request /opt/stack/glance/glance/api/middleware/version_negotiation.py:44}}
Jul 29 14:58:51.809747 np0000006089 devstack@g-api.service[103012]: DEBUG glance.api.middleware.version_negotiation [None req-826c1dac-a425-4b12-a353-aee2fd422d1f tempest-TestImageHashVerification-2080228071 tempest-TestImageHashVerification-2080228071-project-member] Using url versioning {{(pid=103012) process_request /opt/stack/glance/glance/api/middleware/version_negotiation.py:57}}
Jul 29 14:58:51.809798 np0000006089 devstack@g-api.service[103012]: DEBUG glance.api.middleware.version_negotiation [None req-826c1dac-a425-4b12-a353-aee2fd422d1f tempest-TestImageHashVerification-2080228071 tempest-TestImageHashVerification-2080228071-project-member] Matched version: v2 {{(pid=103012) process_request /opt/stack/glance/glance/api/middleware/version_negotiation.py:69}}
Jul 29 14:58:51.809889 np0000006089 devstack@g-api.service[103012]: DEBUG glance.api.middleware.version_negotiation [None req-826c1dac-a425-4b12-a353-aee2fd422d1f tempest-TestImageHashVerification-2080228071 tempest-TestImageHashVerification-2080228071-project-member] new path /v2/images/d711203e-6bbe-4ee8-b50a-70360eb8196f {{(pid=103012) process_request /opt/stack/glance/glance/api/middleware/version_negotiation.py:70}}
Jul 29 14:58:51.822539 np0000006089 devstack@g-api.service[103012]: [pid: 103012|app: 0|req: 88/342] 127.0.0.1 () {40 vars in 838 bytes} [Wed Jul 29 14:58:51 2026] GET /v2/images/d711203e-6bbe-4ee8-b50a-70360eb8196f => generated 648 bytes in 13 msecs (HTTP/1.1 200) 4 headers in 157 bytes (1 switches on core 0)
Jul 29 14:58:52.025400 np0000006089 devstack@g-api.service[103011]: DEBUG swiftclient [None req-98ff01ca-2e80-4df4-afc0-6a23a8ac176c tempest-TestImageHashVerification-2080228071 tempest-TestImageHashVerification-2080228071-project-member] REQ: curl -i https://10.4.3.183:8080/v1/AUTH_e32efa8e05ab440c990beae0e0b86156/glance/d711203e-6bbe-4ee8-b50a-70360eb8196f-00006 -X PUT -H "X-Auth-Token: gAAAAABqahUhLoYe..." {{(pid=103011) http_log /opt/stack/data/venv/lib/python3.12/site-packages/swiftclient/client.py:160}}
Jul 29 14:58:52.025480 np0000006089 devstack@g-api.service[103011]: DEBUG swiftclient [None req-98ff01ca-2e80-4df4-afc0-6a23a8ac176c tempest-TestImageHashVerification-2080228071 tempest-TestImageHashVerification-2080228071-project-member] RESP STATUS: 201 Created {{(pid=103011) http_log /opt/stack/data/venv/lib/python3.12/site-packages/swiftclient/client.py:161}}
Jul 29 14:58:52.025621 np0000006089 devstack@g-api.service[103011]: DEBUG swiftclient [None req-98ff01ca-2e80-4df4-afc0-6a23a8ac176c tempest-TestImageHashVerification-2080228071 tempest-TestImageHashVerification-2080228071-project-member] RESP HEADERS: {'Date': 'Wed, 29 Jul 2026 14:58:52 GMT', 'Server': 'Apache/2.4.58 (Ubuntu)', 'Content-Type': 'text/html; charset=UTF-8', 'Content-Length': '0', 'Etag': '708761f3b8777ec77058e63da08eeeb6', 'Last-Modified': 'Wed, 29 Jul 2026 14:58:52 GMT', 'X-Trans-Id': 'tx6c4d00f9eef4471ca91de-006a6a152b', 'X-Openstack-Request-Id': 'tx6c4d00f9eef4471ca91de-006a6a152b', 'Connection': 'close'} {{(pid=103011) http_log /opt/stack/data/venv/lib/python3.12/site-packages/swiftclient/client.py:162}}
Jul 29 14:58:52.025970 np0000006089 devstack@g-api.service[103011]: DEBUG glance_store._drivers.swift.store [None req-98ff01ca-2e80-4df4-afc0-6a23a8ac176c tempest-TestImageHashVerification-2080228071 tempest-TestImageHashVerification-2080228071-project-member] Wrote chunk d711203e-6bbe-4ee8-b50a-70360eb8196f-00006 (6/?) of length 49741824 to Swift returning MD5 of content: 708761f3b8777ec77058e63da08eeeb6 {{(pid=103011) add /opt/stack/data/venv/lib/python3.12/site-packages/glance_store/_drivers/swift/store.py:1059}}
Jul 29 14:58:52.026217 np0000006089 devstack@g-api.service[103011]: DEBUG glance_store._drivers.swift.store [None req-98ff01ca-2e80-4df4-afc0-6a23a8ac176c tempest-TestImageHashVerification-2080228071 tempest-TestImageHashVerification-2080228071-project-member] Not writing zero-length chunk. {{(pid=103011) add /opt/stack/data/venv/lib/python3.12/site-packages/glance_store/_drivers/swift/store.py:1028}}
Jul 29 14:58:52.049739 np0000006089 devstack@g-api.service[103011]: DEBUG swiftclient [None req-98ff01ca-2e80-4df4-afc0-6a23a8ac176c tempest-TestImageHashVerification-2080228071 tempest-TestImageHashVerification-2080228071-project-member] REQ: curl -i https://10.4.3.183:8080/v1/AUTH_e32efa8e05ab440c990beae0e0b86156/glance/d711203e-6bbe-4ee8-b50a-70360eb8196f -X PUT -H "X-Object-Manifest: glance/d711203e-6bbe-4ee8-b50a-70360eb8196f-" -H "X-Auth-Token: gAAAAABqahUhLoYe..." -H "Content-Length: 0" {{(pid=103011) http_log /opt/stack/data/venv/lib/python3.12/site-packages/swiftclient/client.py:160}}
Jul 29 14:58:52.049882 np0000006089 devstack@g-api.service[103011]: DEBUG swiftclient [None req-98ff01ca-2e80-4df4-afc0-6a23a8ac176c tempest-TestImageHashVerification-2080228071 tempest-TestImageHashVerification-2080228071-project-member] RESP STATUS: 201 Created {{(pid=103011) http_log /opt/stack/data/venv/lib/python3.12/site-packages/swiftclient/client.py:161}}
Jul 29 14:58:52.050149 np0000006089 devstack@g-api.service[103011]: DEBUG swiftclient [None req-98ff01ca-2e80-4df4-afc0-6a23a8ac176c tempest-TestImageHashVerification-2080228071 tempest-TestImageHashVerification-2080228071-project-member] RESP HEADERS: {'Date': 'Wed, 29 Jul 2026 14:58:52 GMT', 'Server': 'Apache/2.4.58 (Ubuntu)', 'Content-Type': 'text/html; charset=UTF-8', 'Content-Length': '0', 'Etag': 'd41d8cd98f00b204e9800998ecf8427e', 'Last-Modified': 'Wed, 29 Jul 2026 14:58:53 GMT', 'X-Trans-Id': 'tx2e9f778f434d48809a432-006a6a152c', 'X-Openstack-Request-Id': 'tx2e9f778f434d48809a432-006a6a152c', 'Connection': 'close'} {{(pid=103011) http_log /opt/stack/data/venv/lib/python3.12/site-packages/swiftclient/client.py:162}}
Jul 29 14:58:52.050714 np0000006089 devstack@g-api.service[103011]: INFO glance.location [None req-98ff01ca-2e80-4df4-afc0-6a23a8ac176c tempest-TestImageHashVerification-2080228071 tempest-TestImageHashVerification-2080228071-project-member] Image format matched and virtual size computed: 1073741824
Jul 29 14:58:52.103718 np0000006089 devstack@g-api.service[103011]: DEBUG glance_store.backend [None req-98ff01ca-2e80-4df4-afc0-6a23a8ac176c tempest-TestImageHashVerification-2080228071 tempest-TestImageHashVerification-2080228071-project-member] Attempting to import store swift {{(pid=103011) _load_store /opt/stack/data/venv/lib/python3.12/site-packages/glance_store/backend.py:215}}
Jul 29 14:58:52.105523 np0000006089 devstack@g-api.service[103011]: DEBUG glance_store.capabilities [None req-98ff01ca-2e80-4df4-afc0-6a23a8ac176c tempest-TestImageHashVerification-2080228071 tempest-TestImageHashVerification-2080228071-project-member] Store glance_store._drivers.swift.store.SingleTenantStore doesn't support updating dynamic storage capabilities. Please overwrite 'update_capabilities' method of the store to implement updating logics if needed. {{(pid=103011) update_capabilities /opt/stack/data/venv/lib/python3.12/site-packages/glance_store/capabilities.py:91}}
Jul 29 14:58:52.105666 np0000006089 devstack@g-api.service[103011]: DEBUG glance_store.driver [None req-98ff01ca-2e80-4df4-afc0-6a23a8ac176c tempest-TestImageHashVerification-2080228071 tempest-TestImageHashVerification-2080228071-project-member] Late loading location class glance_store._drivers.swift.store.StoreLocation {{(pid=103011) get_store_location_class /opt/stack/data/venv/lib/python3.12/site-packages/glance_store/driver.py:134}}
Jul 29 14:58:52.105805 np0000006089 devstack@g-api.service[103011]: DEBUG glance_store.location [None req-98ff01ca-2e80-4df4-afc0-6a23a8ac176c tempest-TestImageHashVerification-2080228071 tempest-TestImageHashVerification-2080228071-project-member] Registering scheme swift+https with {'store': , 'location_class': , 'store_entry': 'swift'} {{(pid=103011) register_scheme_map /opt/stack/data/venv/lib/python3.12/site-packages/glance_store/location.py:146}}
Jul 29 14:58:52.105905 np0000006089 devstack@g-api.service[103011]: DEBUG glance_store.location [None req-98ff01ca-2e80-4df4-afc0-6a23a8ac176c tempest-TestImageHashVerification-2080228071 tempest-TestImageHashVerification-2080228071-project-member] Registering scheme swift+https with {'store': , 'location_class': , 'store_entry': 'swift'} {{(pid=103011) register_scheme_map /opt/stack/data/venv/lib/python3.12/site-packages/glance_store/location.py:146}}
Jul 29 14:58:52.106021 np0000006089 devstack@g-api.service[103011]: DEBUG glance_store.location [None req-98ff01ca-2e80-4df4-afc0-6a23a8ac176c tempest-TestImageHashVerification-2080228071 tempest-TestImageHashVerification-2080228071-project-member] Registering scheme swift with {'store': , 'location_class': , 'store_entry': 'swift'} {{(pid=103011) register_scheme_map /opt/stack/data/venv/lib/python3.12/site-packages/glance_store/location.py:146}}
Jul 29 14:58:52.106124 np0000006089 devstack@g-api.service[103011]: DEBUG glance_store.location [None req-98ff01ca-2e80-4df4-afc0-6a23a8ac176c tempest-TestImageHashVerification-2080228071 tempest-TestImageHashVerification-2080228071-project-member] Registering scheme swift+https with {'store': , 'location_class': , 'store_entry': 'swift'} {{(pid=103011) register_scheme_map /opt/stack/data/venv/lib/python3.12/site-packages/glance_store/location.py:146}}
Jul 29 14:58:52.106257 np0000006089 devstack@g-api.service[103011]: DEBUG glance_store.location [None req-98ff01ca-2e80-4df4-afc0-6a23a8ac176c tempest-TestImageHashVerification-2080228071 tempest-TestImageHashVerification-2080228071-project-member] Registering scheme swift with {'store': , 'location_class': , 'store_entry': 'swift'} {{(pid=103011) register_scheme_map /opt/stack/data/venv/lib/python3.12/site-packages/glance_store/location.py:146}}
Jul 29 14:58:52.106445 np0000006089 devstack@g-api.service[103011]: DEBUG glance_store.location [None req-98ff01ca-2e80-4df4-afc0-6a23a8ac176c tempest-TestImageHashVerification-2080228071 tempest-TestImageHashVerification-2080228071-project-member] Registering scheme swift+http with {'store': , 'location_class': , 'store_entry': 'swift'} {{(pid=103011) register_scheme_map /opt/stack/data/venv/lib/python3.12/site-packages/glance_store/location.py:146}}
Jul 29 14:58:52.106534 np0000006089 devstack@g-api.service[103011]: DEBUG glance_store.location [None req-98ff01ca-2e80-4df4-afc0-6a23a8ac176c tempest-TestImageHashVerification-2080228071 tempest-TestImageHashVerification-2080228071-project-member] Registering scheme swift+https with {'store': , 'location_class': , 'store_entry': 'swift'} {{(pid=103011) register_scheme_map /opt/stack/data/venv/lib/python3.12/site-packages/glance_store/location.py:146}}
Jul 29 14:58:52.106616 np0000006089 devstack@g-api.service[103011]: DEBUG glance_store.location [None req-98ff01ca-2e80-4df4-afc0-6a23a8ac176c tempest-TestImageHashVerification-2080228071 tempest-TestImageHashVerification-2080228071-project-member] Registering scheme swift with {'store': , 'location_class': , 'store_entry': 'swift'} {{(pid=103011) register_scheme_map /opt/stack/data/venv/lib/python3.12/site-packages/glance_store/location.py:146}}
Jul 29 14:58:52.106673 np0000006089 devstack@g-api.service[103011]: DEBUG glance_store.location [None req-98ff01ca-2e80-4df4-afc0-6a23a8ac176c tempest-TestImageHashVerification-2080228071 tempest-TestImageHashVerification-2080228071-project-member] Registering scheme swift+http with {'store': , 'location_class': , 'store_entry': 'swift'} {{(pid=103011) register_scheme_map /opt/stack/data/venv/lib/python3.12/site-packages/glance_store/location.py:146}}
Jul 29 14:58:52.107223 np0000006089 devstack@g-api.service[103011]: DEBUG glance_store.location [None req-98ff01ca-2e80-4df4-afc0-6a23a8ac176c tempest-TestImageHashVerification-2080228071 tempest-TestImageHashVerification-2080228071-project-member] Registering scheme swift+config with {'store': , 'location_class': , 'store_entry': 'swift'} {{(pid=103011) register_scheme_map /opt/stack/data/venv/lib/python3.12/site-packages/glance_store/location.py:146}}
Jul 29 14:58:52.107223 np0000006089 devstack@g-api.service[103011]: DEBUG glance_store.backend [None req-98ff01ca-2e80-4df4-afc0-6a23a8ac176c tempest-TestImageHashVerification-2080228071 tempest-TestImageHashVerification-2080228071-project-member] Skipping store.set_acls... not implemented. {{(pid=103011) set_acls /opt/stack/data/venv/lib/python3.12/site-packages/glance_store/backend.py:507}}
Jul 29 14:58:52.108733 np0000006089 devstack@g-api.service[103011]: [pid: 103011|app: 0|req: 82/343] 127.0.0.1 () {46 vars in 1158 bytes} [Wed Jul 29 14:58:40 2026] PUT /v2/images/d711203e-6bbe-4ee8-b50a-70360eb8196f/file => generated 0 bytes in 11358 msecs (HTTP/1.1 204) 4 headers in 171 bytes (1 switches on core 0)
Jul 29 14:58:52.124885 np0000006089 devstack@g-api.service[103009]: DEBUG glance.api.middleware.version_negotiation [None req-a716af27-763e-4c06-87df-213dd1137f03 tempest-TestImageHashVerification-2080228071 tempest-TestImageHashVerification-2080228071-project-member] Determining version of request: GET /v2/images/d711203e-6bbe-4ee8-b50a-70360eb8196f Accept: */* {{(pid=103009) process_request /opt/stack/glance/glance/api/middleware/version_negotiation.py:44}}
Jul 29 14:58:52.125464 np0000006089 devstack@g-api.service[103009]: DEBUG glance.api.middleware.version_negotiation [None req-a716af27-763e-4c06-87df-213dd1137f03 tempest-TestImageHashVerification-2080228071 tempest-TestImageHashVerification-2080228071-project-member] Using url versioning {{(pid=103009) process_request /opt/stack/glance/glance/api/middleware/version_negotiation.py:57}}
Jul 29 14:58:52.125464 np0000006089 devstack@g-api.service[103009]: DEBUG glance.api.middleware.version_negotiation [None req-a716af27-763e-4c06-87df-213dd1137f03 tempest-TestImageHashVerification-2080228071 tempest-TestImageHashVerification-2080228071-project-member] Matched version: v2 {{(pid=103009) process_request /opt/stack/glance/glance/api/middleware/version_negotiation.py:69}}
Jul 29 14:58:52.125464 np0000006089 devstack@g-api.service[103009]: DEBUG glance.api.middleware.version_negotiation [None req-a716af27-763e-4c06-87df-213dd1137f03 tempest-TestImageHashVerification-2080228071 tempest-TestImageHashVerification-2080228071-project-member] new path /v2/images/d711203e-6bbe-4ee8-b50a-70360eb8196f {{(pid=103009) process_request /opt/stack/glance/glance/api/middleware/version_negotiation.py:70}}
Jul 29 14:58:52.139829 np0000006089 devstack@g-api.service[103009]: [pid: 103009|app: 0|req: 83/344] 127.0.0.1 () {44 vars in 1115 bytes} [Wed Jul 29 14:58:52 2026] GET /v2/images/d711203e-6bbe-4ee8-b50a-70360eb8196f => generated 820 bytes in 15 msecs (HTTP/1.1 200) 4 headers in 157 bytes (1 switches on core 0)
Jul 29 14:58:52.146051 np0000006089 devstack@g-api.service[103010]: DEBUG glance.api.middleware.version_negotiation [None req-c423d505-0733-41b8-9fc3-c2864ef36794 tempest-TestImageHashVerification-2080228071 tempest-TestImageHashVerification-2080228071-project-member] Determining version of request: GET /v2/schemas/image Accept: */* {{(pid=103010) process_request /opt/stack/glance/glance/api/middleware/version_negotiation.py:44}}
Jul 29 14:58:52.146351 np0000006089 devstack@g-api.service[103010]: DEBUG glance.api.middleware.version_negotiation [None req-c423d505-0733-41b8-9fc3-c2864ef36794 tempest-TestImageHashVerification-2080228071 tempest-TestImageHashVerification-2080228071-project-member] Using url versioning {{(pid=103010) process_request /opt/stack/glance/glance/api/middleware/version_negotiation.py:57}}
Jul 29 14:58:52.146351 np0000006089 devstack@g-api.service[103010]: DEBUG glance.api.middleware.version_negotiation [None req-c423d505-0733-41b8-9fc3-c2864ef36794 tempest-TestImageHashVerification-2080228071 tempest-TestImageHashVerification-2080228071-project-member] Matched version: v2 {{(pid=103010) process_request /opt/stack/glance/glance/api/middleware/version_negotiation.py:69}}
Jul 29 14:58:52.146351 np0000006089 devstack@g-api.service[103010]: DEBUG glance.api.middleware.version_negotiation [None req-c423d505-0733-41b8-9fc3-c2864ef36794 tempest-TestImageHashVerification-2080228071 tempest-TestImageHashVerification-2080228071-project-member] new path /v2/schemas/image {{(pid=103010) process_request /opt/stack/glance/glance/api/middleware/version_negotiation.py:70}}
Jul 29 14:58:52.152547 np0000006089 devstack@g-api.service[103010]: [pid: 103010|app: 0|req: 92/345] 127.0.0.1 () {44 vars in 1055 bytes} [Wed Jul 29 14:58:52 2026] GET /v2/schemas/image => generated 6083 bytes in 7 msecs (HTTP/1.1 200) 4 headers in 158 bytes (1 switches on core 0)
Jul 29 14:58:52.161068 np0000006089 devstack@g-api.service[103012]: DEBUG glance.api.middleware.version_negotiation [None req-a956aafd-8409-4544-b2a8-5a6b8e418824 tempest-TestImageHashVerification-2080228071 tempest-TestImageHashVerification-2080228071-project-member] Determining version of request: GET /v2/schemas/image Accept: */* {{(pid=103012) process_request /opt/stack/glance/glance/api/middleware/version_negotiation.py:44}}
Jul 29 14:58:52.161193 np0000006089 devstack@g-api.service[103012]: DEBUG glance.api.middleware.version_negotiation [None req-a956aafd-8409-4544-b2a8-5a6b8e418824 tempest-TestImageHashVerification-2080228071 tempest-TestImageHashVerification-2080228071-project-member] Using url versioning {{(pid=103012) process_request /opt/stack/glance/glance/api/middleware/version_negotiation.py:57}}
Jul 29 14:58:52.161316 np0000006089 devstack@g-api.service[103012]: DEBUG glance.api.middleware.version_negotiation [None req-a956aafd-8409-4544-b2a8-5a6b8e418824 tempest-TestImageHashVerification-2080228071 tempest-TestImageHashVerification-2080228071-project-member] Matched version: v2 {{(pid=103012) process_request /opt/stack/glance/glance/api/middleware/version_negotiation.py:69}}
Jul 29 14:58:52.161408 np0000006089 devstack@g-api.service[103012]: DEBUG glance.api.middleware.version_negotiation [None req-a956aafd-8409-4544-b2a8-5a6b8e418824 tempest-TestImageHashVerification-2080228071 tempest-TestImageHashVerification-2080228071-project-member] new path /v2/schemas/image {{(pid=103012) process_request /opt/stack/glance/glance/api/middleware/version_negotiation.py:70}}
Jul 29 14:58:52.163503 np0000006089 devstack@g-api.service[103012]: [pid: 103012|app: 0|req: 89/346] 127.0.0.1 () {44 vars in 1055 bytes} [Wed Jul 29 14:58:52 2026] GET /v2/schemas/image => generated 6083 bytes in 2 msecs (HTTP/1.1 200) 4 headers in 158 bytes (1 switches on core 0)
Jul 29 14:58:53.481444 np0000006089 devstack@g-api.service[103011]: DEBUG glance.api.middleware.version_negotiation [None req-98ff01ca-2e80-4df4-afc0-6a23a8ac176c tempest-TestImageHashVerification-2080228071 tempest-TestImageHashVerification-2080228071-project-member] Determining version of request: GET /v2/images/d711203e-6bbe-4ee8-b50a-70360eb8196f Accept: application/json {{(pid=103011) process_request /opt/stack/glance/glance/api/middleware/version_negotiation.py:44}}
Jul 29 14:58:53.481444 np0000006089 devstack@g-api.service[103011]: DEBUG glance.api.middleware.version_negotiation [None req-98ff01ca-2e80-4df4-afc0-6a23a8ac176c tempest-TestImageHashVerification-2080228071 tempest-TestImageHashVerification-2080228071-project-member] Using url versioning {{(pid=103011) process_request /opt/stack/glance/glance/api/middleware/version_negotiation.py:57}}
Jul 29 14:58:53.481444 np0000006089 devstack@g-api.service[103011]: DEBUG glance.api.middleware.version_negotiation [None req-98ff01ca-2e80-4df4-afc0-6a23a8ac176c tempest-TestImageHashVerification-2080228071 tempest-TestImageHashVerification-2080228071-project-member] Matched version: v2 {{(pid=103011) process_request /opt/stack/glance/glance/api/middleware/version_negotiation.py:69}}
Jul 29 14:58:53.481444 np0000006089 devstack@g-api.service[103011]: DEBUG glance.api.middleware.version_negotiation [None req-98ff01ca-2e80-4df4-afc0-6a23a8ac176c tempest-TestImageHashVerification-2080228071 tempest-TestImageHashVerification-2080228071-project-member] new path /v2/images/d711203e-6bbe-4ee8-b50a-70360eb8196f {{(pid=103011) process_request /opt/stack/glance/glance/api/middleware/version_negotiation.py:70}}
Jul 29 14:58:53.481444 np0000006089 devstack@g-api.service[103011]: [pid: 103011|app: 0|req: 83/347] 127.0.0.1 () {40 vars in 838 bytes} [Wed Jul 29 14:58:52 2026] GET /v2/images/d711203e-6bbe-4ee8-b50a-70360eb8196f => generated 820 bytes in 9 msecs (HTTP/1.1 200) 4 headers in 157 bytes (1 switches on core 0)
Jul 29 14:58:53.490902 np0000006089 devstack@g-api.service[103009]: DEBUG glance.api.middleware.version_negotiation [None req-98ff01ca-2e80-4df4-afc0-6a23a8ac176c tempest-TestImageHashVerification-2080228071 tempest-TestImageHashVerification-2080228071-project-member] Determining version of request: GET /v2/images/acc5b7bf-71bf-470f-9bfd-606f2ee2382c Accept: */* {{(pid=103009) process_request /opt/stack/glance/glance/api/middleware/version_negotiation.py:44}}
Jul 29 14:58:53.490902 np0000006089 devstack@g-api.service[103009]: DEBUG glance.api.middleware.version_negotiation [None req-98ff01ca-2e80-4df4-afc0-6a23a8ac176c tempest-TestImageHashVerification-2080228071 tempest-TestImageHashVerification-2080228071-project-member] Using url versioning {{(pid=103009) process_request /opt/stack/glance/glance/api/middleware/version_negotiation.py:57}}
Jul 29 14:58:53.490902 np0000006089 devstack@g-api.service[103009]: DEBUG glance.api.middleware.version_negotiation [None req-98ff01ca-2e80-4df4-afc0-6a23a8ac176c tempest-TestImageHashVerification-2080228071 tempest-TestImageHashVerification-2080228071-project-member] Matched version: v2 {{(pid=103009) process_request /opt/stack/glance/glance/api/middleware/version_negotiation.py:69}}
Jul 29 14:58:53.490902 np0000006089 devstack@g-api.service[103009]: DEBUG glance.api.middleware.version_negotiation [None req-98ff01ca-2e80-4df4-afc0-6a23a8ac176c tempest-TestImageHashVerification-2080228071 tempest-TestImageHashVerification-2080228071-project-member] new path /v2/images/acc5b7bf-71bf-470f-9bfd-606f2ee2382c {{(pid=103009) process_request /opt/stack/glance/glance/api/middleware/version_negotiation.py:70}}
Jul 29 14:58:53.490902 np0000006089 devstack@g-api.service[103009]: [pid: 103009|app: 0|req: 84/348] 127.0.0.1 () {44 vars in 1115 bytes} [Wed Jul 29 14:58:53 2026] GET /v2/images/acc5b7bf-71bf-470f-9bfd-606f2ee2382c => generated 1044 bytes in 16 msecs (HTTP/1.1 200) 4 headers in 158 bytes (1 switches on core 0)
Jul 29 14:58:53.492546 np0000006089 devstack@g-api.service[103010]: DEBUG glance.api.middleware.version_negotiation [None req-98ff01ca-2e80-4df4-afc0-6a23a8ac176c tempest-TestImageHashVerification-2080228071 tempest-TestImageHashVerification-2080228071-project-member] Determining version of request: GET /v2/schemas/image Accept: */* {{(pid=103010) process_request /opt/stack/glance/glance/api/middleware/version_negotiation.py:44}}
Jul 29 14:58:53.492546 np0000006089 devstack@g-api.service[103010]: DEBUG glance.api.middleware.version_negotiation [None req-98ff01ca-2e80-4df4-afc0-6a23a8ac176c tempest-TestImageHashVerification-2080228071 tempest-TestImageHashVerification-2080228071-project-member] Using url versioning {{(pid=103010) process_request /opt/stack/glance/glance/api/middleware/version_negotiation.py:57}}
