Jun 02 21:22:17.385589 np0000001979 devstack@neutron-api.service[86985]: DEBUG ovsdbapp.backend.ovs_idl.transaction [None req-aa9c89d8-53be-4fd7-a716-6af218f18eeb None None] Running txn n=1 command(idx=0): PgAddCommand(_result=None, name=pg_62ab5d1c_b4f1_42ea_b129_6ec16a127a7c, may_exist=False, columns={'acls': [], 'external_ids': {'neutron:security_group_id': '62ab5d1c-b4f1-42ea-b129-6ec16a127a7c'}}) {{(pid=86985) do_commit /opt/stack/data/venv/lib/python3.12/site-packages/ovsdbapp/backend/ovs_idl/transaction.py:89}}
Jun 02 21:22:17.385855 np0000001979 devstack@neutron-api.service[86985]: DEBUG ovsdbapp.backend.ovs_idl.transaction [None req-aa9c89d8-53be-4fd7-a716-6af218f18eeb None None] Running txn n=1 command(idx=1): PgAclAddCommand(_result=None, entity=pg_62ab5d1c_b4f1_42ea_b129_6ec16a127a7c, direction=from-lport, priority=1002, match=inport == @pg_62ab5d1c_b4f1_42ea_b129_6ec16a127a7c && ip4, action=allow-related, log=False, may_exist=True, severity=[], name=[], meter=[], external_ids={'neutron:security_group_rule_id': '58fd5994-045f-4166-980f-a74a2507d070'}) {{(pid=86985) do_commit /opt/stack/data/venv/lib/python3.12/site-packages/ovsdbapp/backend/ovs_idl/transaction.py:89}}
Jun 02 21:22:17.386114 np0000001979 devstack@neutron-api.service[86985]: DEBUG ovsdbapp.backend.ovs_idl.transaction [None req-aa9c89d8-53be-4fd7-a716-6af218f18eeb None None] Running txn n=1 command(idx=2): PgAclAddCommand(_result=None, entity=pg_62ab5d1c_b4f1_42ea_b129_6ec16a127a7c, direction=from-lport, priority=1002, match=inport == @pg_62ab5d1c_b4f1_42ea_b129_6ec16a127a7c && ip6, action=allow-related, log=False, may_exist=True, severity=[], name=[], meter=[], external_ids={'neutron:security_group_rule_id': '8749dea9-c94d-4c15-88e9-e4fad2937fe6'}) {{(pid=86985) do_commit /opt/stack/data/venv/lib/python3.12/site-packages/ovsdbapp/backend/ovs_idl/transaction.py:89}}
Jun 02 21:22:17.386325 np0000001979 devstack@neutron-api.service[86985]: DEBUG ovsdbapp.backend.ovs_idl.transaction [None req-aa9c89d8-53be-4fd7-a716-6af218f18eeb None None] Running txn n=1 command(idx=3): PgAclAddCommand(_result=None, entity=pg_62ab5d1c_b4f1_42ea_b129_6ec16a127a7c, direction=to-lport, priority=1002, match=outport == @pg_62ab5d1c_b4f1_42ea_b129_6ec16a127a7c && ip4 && ip4.src == $pg_62ab5d1c_b4f1_42ea_b129_6ec16a127a7c_ip4, action=allow-related, log=False, may_exist=True, severity=[], name=[], meter=[], external_ids={'neutron:security_group_rule_id': 'aceee574-76c5-4f95-bf96-8c0c3cf71b23'}) {{(pid=86985) do_commit /opt/stack/data/venv/lib/python3.12/site-packages/ovsdbapp/backend/ovs_idl/transaction.py:89}}
Jun 02 21:22:17.386517 np0000001979 devstack@neutron-api.service[86985]: DEBUG ovsdbapp.backend.ovs_idl.transaction [None req-aa9c89d8-53be-4fd7-a716-6af218f18eeb None None] Running txn n=1 command(idx=4): PgAclAddCommand(_result=None, entity=pg_62ab5d1c_b4f1_42ea_b129_6ec16a127a7c, direction=to-lport, priority=1002, match=outport == @pg_62ab5d1c_b4f1_42ea_b129_6ec16a127a7c && ip6 && ip6.src == $pg_62ab5d1c_b4f1_42ea_b129_6ec16a127a7c_ip6, action=allow-related, log=False, may_exist=True, severity=[], name=[], meter=[], external_ids={'neutron:security_group_rule_id': 'd563da80-881d-4232-9eca-635017a495cf'}) {{(pid=86985) do_commit /opt/stack/data/venv/lib/python3.12/site-packages/ovsdbapp/backend/ovs_idl/transaction.py:89}}
Jun 02 21:22:17.387365 np0000001979 devstack@neutron-api.service[86986]: DEBUG neutron.api.rpc.handlers.resources_rpc [None req-0a827879-c395-4b2c-95b9-70ca65dabac9 admin admin] Pushing event updated for resources: {'Network': ['ID=769ccda3-9b24-418c-bbdb-95b953159219,revision_number=1']} {{(pid=86986) push /opt/stack/neutron/neutron/api/rpc/handlers/resources_rpc.py:237}}
Jun 02 21:22:17.390008 np0000001979 devstack@neutron-api.service[86985]: DEBUG neutron.plugins.ml2.drivers.ovn.mech_driver.ovsdb.ovsdb_monitor [None req-aa9c89d8-53be-4fd7-a716-6af218f18eeb None None] Hash Ring: Node 8ebf583cf7c95ee2a9e301f887bddf65 (host: np0000001979) handling event "create" for row 4eb8d6c3-0dae-4c73-a38d-0087ebb87bd7 (table: ACL) {{(pid=86985) notify /opt/stack/neutron/neutron/plugins/ml2/drivers/ovn/mech_driver/ovsdb/ovsdb_monitor.py:1015}}
Jun 02 21:22:17.390274 np0000001979 devstack@neutron-api.service[86985]: DEBUG neutron.plugins.ml2.drivers.ovn.mech_driver.ovsdb.ovsdb_monitor [None req-aa9c89d8-53be-4fd7-a716-6af218f18eeb None None] Hash Ring: Node 8ebf583cf7c95ee2a9e301f887bddf65 (host: np0000001979) handling event "create" for row 7131687c-5429-4dce-b121-de59d28cd97e (table: ACL) {{(pid=86985) notify /opt/stack/neutron/neutron/plugins/ml2/drivers/ovn/mech_driver/ovsdb/ovsdb_monitor.py:1015}}
Jun 02 21:22:17.391714 np0000001979 devstack@neutron-api.service[86985]: DEBUG neutron.plugins.ml2.drivers.ovn.mech_driver.ovsdb.ovsdb_monitor [None req-aa9c89d8-53be-4fd7-a716-6af218f18eeb None None] Hash Ring: Node 8ebf583cf7c95ee2a9e301f887bddf65 (host: np0000001979) handling event "create" for row 7eae7482-a281-44f0-ab1a-ddb071903921 (table: ACL) {{(pid=86985) notify /opt/stack/neutron/neutron/plugins/ml2/drivers/ovn/mech_driver/ovsdb/ovsdb_monitor.py:1015}}
Jun 02 21:22:17.392768 np0000001979 devstack@neutron-api.service[86986]: DEBUG neutron.plugins.ml2.drivers.ovn.mech_driver.ovsdb.ovsdb_monitor [None req-35a7540f-f41f-4a97-8953-0550f075f9d4 None None] Hash Ring: Node c27bc570a39b56be89be51f7e679e08b (host: np0000001979) handling event "create" for row 57910c2a-49a8-4099-99a8-197c7d5a3a69 (table: ACL) {{(pid=86986) notify /opt/stack/neutron/neutron/plugins/ml2/drivers/ovn/mech_driver/ovsdb/ovsdb_monitor.py:1015}}
Jun 02 21:22:17.392973 np0000001979 devstack@neutron-api.service[86986]: DEBUG neutron.plugins.ml2.drivers.ovn.mech_driver.ovsdb.ovsdb_monitor [None req-35a7540f-f41f-4a97-8953-0550f075f9d4 None None] Hash Ring: Node c27bc570a39b56be89be51f7e679e08b (host: np0000001979) handling event "create" for row df6ea05b-6f45-4c16-933b-51e73686c39c (table: Port_Group) {{(pid=86986) notify /opt/stack/neutron/neutron/plugins/ml2/drivers/ovn/mech_driver/ovsdb/ovsdb_monitor.py:1015}}
Jun 02 21:22:17.398662 np0000001979 devstack@neutron-api.service[86986]: DEBUG ovsdbapp.backend.ovs_idl.transaction [None req-35a7540f-f41f-4a97-8953-0550f075f9d4 None None] Running txn n=1 command(idx=0): AddNetworkCommand(_result=None, network_uuid=769ccda3-9b24-418c-bbdb-95b953159219, may_exist=True, columns={'external_ids': {'neutron:network_name': 'tempest-TaggedBootDevicesTest-1148008621-network', 'neutron:mtu': '1372', 'neutron:revision_number': '1', 'neutron:availability_zone_hints': '', 'neutron:provnet-network-type': 'geneve'}, 'other_config': {'mcast_snoop': 'false', 'mcast_flood_unregistered': 'false', 'vlan-passthru': 'false'}}) {{(pid=86986) do_commit /opt/stack/data/venv/lib/python3.12/site-packages/ovsdbapp/backend/ovs_idl/transaction.py:89}}
Jun 02 21:22:17.400079 np0000001979 devstack@neutron-api.service[86986]: DEBUG neutron.plugins.ml2.drivers.ovn.mech_driver.ovsdb.ovsdb_monitor [None req-35a7540f-f41f-4a97-8953-0550f075f9d4 None None] Hash Ring: Node c27bc570a39b56be89be51f7e679e08b (host: np0000001979) handling event "create" for row 769ccda3-9b24-418c-bbdb-95b953159219 (table: Logical_Switch) {{(pid=86986) notify /opt/stack/neutron/neutron/plugins/ml2/drivers/ovn/mech_driver/ovsdb/ovsdb_monitor.py:1015}}
Jun 02 21:22:17.404140 np0000001979 devstack@neutron-api.service[86985]: DEBUG neutron.plugins.ml2.drivers.ovn.mech_driver.ovsdb.ovsdb_monitor [None req-abcea3ab-b52e-4aff-8adb-2ebe6e75dc58 None None] Hash Ring: Node 8ebf583cf7c95ee2a9e301f887bddf65 (host: np0000001979) handling event "create" for row 59850a92-1e7a-4e82-8baf-93f62ee6ccb1 (table: Datapath_Binding) {{(pid=86985) notify /opt/stack/neutron/neutron/plugins/ml2/drivers/ovn/mech_driver/ovsdb/ovsdb_monitor.py:1015}}
Jun 02 21:22:17.407540 np0000001979 devstack@neutron-api.service[86985]: INFO neutron.db.ovn_revision_numbers_db [None req-a461defc-fb60-4577-a051-c11b6a3441c2 admin admin] Successfully bumped revision number for resource 62ab5d1c-b4f1-42ea-b129-6ec16a127a7c (type: security_groups) to 1
Jun 02 21:22:17.415065 np0000001979 devstack@neutron-api.service[86986]: INFO neutron.db.ovn_revision_numbers_db [None req-0a827879-c395-4b2c-95b9-70ca65dabac9 admin admin] Successfully bumped revision number for resource 769ccda3-9b24-418c-bbdb-95b953159219 (type: networks) to 1
Jun 02 21:22:17.417234 np0000001979 devstack@neutron-api.service[86985]: INFO neutron.db.ovn_revision_numbers_db [None req-a461defc-fb60-4577-a051-c11b6a3441c2 admin admin] Successfully bumped revision number for resource 58fd5994-045f-4166-980f-a74a2507d070 (type: security_group_rules) to 0
Jun 02 21:22:17.423903 np0000001979 devstack@neutron-api.service[86986]: DEBUG neutron_lib.callbacks.manager [None req-0a827879-c395-4b2c-95b9-70ca65dabac9 admin admin] Publish callbacks ['neutron.plugins.ml2.plugin.SecurityGroupDbMixin._ensure_default_security_group_handler-3372747'] for port (None), before_create {{(pid=86986) _notify_loop /opt/stack/data/venv/lib/python3.12/site-packages/neutron_lib/callbacks/manager.py:184}}
Jun 02 21:22:17.425732 np0000001979 devstack@neutron-api.service[86985]: INFO neutron.db.ovn_revision_numbers_db [None req-a461defc-fb60-4577-a051-c11b6a3441c2 admin admin] Successfully bumped revision number for resource 8749dea9-c94d-4c15-88e9-e4fad2937fe6 (type: security_group_rules) to 0
Jun 02 21:22:17.433737 np0000001979 devstack@neutron-api.service[86985]: INFO neutron.db.ovn_revision_numbers_db [None req-a461defc-fb60-4577-a051-c11b6a3441c2 admin admin] Successfully bumped revision number for resource aceee574-76c5-4f95-bf96-8c0c3cf71b23 (type: security_group_rules) to 0
Jun 02 21:22:17.441928 np0000001979 devstack@neutron-api.service[86985]: INFO neutron.db.ovn_revision_numbers_db [None req-a461defc-fb60-4577-a051-c11b6a3441c2 admin admin] Successfully bumped revision number for resource d563da80-881d-4232-9eca-635017a495cf (type: security_group_rules) to 0
Jun 02 21:22:17.461088 np0000001979 devstack@neutron-api.service[86985]: DEBUG neutron.api.rpc.handlers.resources_rpc [None req-a461defc-fb60-4577-a051-c11b6a3441c2 admin admin] Pushing event updated for resources: {'SecurityGroup': ['ID=62ab5d1c-b4f1-42ea-b129-6ec16a127a7c,revision_number=1']} {{(pid=86985) push /opt/stack/neutron/neutron/api/rpc/handlers/resources_rpc.py:237}}
Jun 02 21:22:17.465748 np0000001979 devstack@neutron-api.service[86985]: DEBUG neutron.api.rpc.callbacks.version_manager [None req-a461defc-fb60-4577-a051-c11b6a3441c2 admin admin] Tracked resource versions report:
Jun 02 21:22:17.465748 np0000001979 devstack@neutron-api.service[86985]: pushed versions:
Jun 02 21:22:17.465748 np0000001979 devstack@neutron-api.service[86985]: { 'AddressGroup': {'1.2'},
Jun 02 21:22:17.465748 np0000001979 devstack@neutron-api.service[86985]: 'Agent': {'1.1'},
Jun 02 21:22:17.465748 np0000001979 devstack@neutron-api.service[86985]: 'ConntrackHelper': {'1.0'},
Jun 02 21:22:17.465748 np0000001979 devstack@neutron-api.service[86985]: 'LocalIPAssociation': {'1.0'},
Jun 02 21:22:17.465748 np0000001979 devstack@neutron-api.service[86985]: 'Log': {'1.0'},
Jun 02 21:22:17.465748 np0000001979 devstack@neutron-api.service[86985]: 'NDPProxy': {'1.0'},
Jun 02 21:22:17.465748 np0000001979 devstack@neutron-api.service[86985]: 'Network': {'1.3'},
Jun 02 21:22:17.465748 np0000001979 devstack@neutron-api.service[86985]: 'Port': {'1.11'},
Jun 02 21:22:17.465748 np0000001979 devstack@neutron-api.service[86985]: 'PortForwarding': {'1.3'},
Jun 02 21:22:17.465748 np0000001979 devstack@neutron-api.service[86985]: 'QosPolicy': {'1.10'},
Jun 02 21:22:17.465748 np0000001979 devstack@neutron-api.service[86985]: 'SecurityGroup': {'1.6'},
Jun 02 21:22:17.465748 np0000001979 devstack@neutron-api.service[86985]: 'SecurityGroupRule': {'1.3'},
Jun 02 21:22:17.465748 np0000001979 devstack@neutron-api.service[86985]: 'SubPort': {'1.0'},
Jun 02 21:22:17.465748 np0000001979 devstack@neutron-api.service[86985]: 'Subnet': {'1.2'},
Jun 02 21:22:17.465748 np0000001979 devstack@neutron-api.service[86985]: 'Trunk': {'1.1'}}
Jun 02 21:22:17.465748 np0000001979 devstack@neutron-api.service[86985]: consumer versions:
Jun 02 21:22:17.465748 np0000001979 devstack@neutron-api.service[86985]: { OVN Neutron agent@np0000001979: {},
Jun 02 21:22:17.465748 np0000001979 devstack@neutron-api.service[86985]: OVN Controller Gateway agent@np0000001979: {}}
Jun 02 21:22:17.465748 np0000001979 devstack@neutron-api.service[86985]: {{(pid=86985) report /opt/stack/neutron/neutron/api/rpc/callbacks/version_manager.py:183}}
Jun 02 21:22:17.474583 np0000001979 devstack@neutron-api.service[86986]: DEBUG neutron_lib.callbacks.manager [None req-0a827879-c395-4b2c-95b9-70ca65dabac9 admin admin] Publish callbacks ['neutron.plugins.ml2.drivers.ovn.mech_driver.mech_driver.OVNMechanismDriver._validate_allowed_address_pairs-337696'] for allowed_address_pair (44605cad-c2e8-414d-b61d-179796985c5a), before_create {{(pid=86986) _notify_loop /opt/stack/data/venv/lib/python3.12/site-packages/neutron_lib/callbacks/manager.py:184}}
Jun 02 21:22:17.475030 np0000001979 devstack@neutron-api.service[86986]: DEBUG neutron_lib.callbacks.manager [None req-0a827879-c395-4b2c-95b9-70ca65dabac9 admin admin] Publish callbacks [] for port (44605cad-c2e8-414d-b61d-179796985c5a), precommit_create {{(pid=86986) _notify_loop /opt/stack/data/venv/lib/python3.12/site-packages/neutron_lib/callbacks/manager.py:184}}
Jun 02 21:22:17.475225 np0000001979 devstack@neutron-api.service[86986]: DEBUG neutron.plugins.ml2.drivers.ovn.mech_driver.mech_driver [None req-0a827879-c395-4b2c-95b9-70ca65dabac9 admin admin] No provisioning block for port 44605cad-c2e8-414d-b61d-179796985c5a since it does not have a host {{(pid=86986) _is_port_provisioning_required /opt/stack/neutron/neutron/plugins/ml2/drivers/ovn/mech_driver/mech_driver.py:896}}
Jun 02 21:22:17.475298 np0000001979 devstack@neutron-api.service[86986]: DEBUG neutron.db.ovn_revision_numbers_db [None req-0a827879-c395-4b2c-95b9-70ca65dabac9 admin admin] create_initial_revision uuid=44605cad-c2e8-414d-b61d-179796985c5a, type=ports, rev=-1 {{(pid=86986) create_initial_revision /opt/stack/neutron/neutron/db/ovn_revision_numbers_db.py:98}}
Jun 02 21:22:17.490076 np0000001979 devstack@neutron-api.service[86985]: DEBUG neutron.plugins.ml2.drivers.helpers [None req-a461defc-fb60-4577-a051-c11b6a3441c2 admin admin] geneve segment allocate from pool success with {'geneve_vni': 46585} {{(pid=86985) allocate_partially_specified_segment /opt/stack/neutron/neutron/plugins/ml2/drivers/helpers.py:142}}
Jun 02 21:22:17.495149 np0000001979 devstack@neutron-api.service[86985]: DEBUG neutron_lib.callbacks.manager [None req-a461defc-fb60-4577-a051-c11b6a3441c2 admin admin] Publish callbacks ['neutron.services.segments.db._add_segment_host_mapping_for_segment-8667903677654', 'neutron.plugins.ml2.plugin.Ml2Plugin._handle_segment_change-2077820'] for segment (af3b1a35-2cad-46da-b4e4-406186e68dc4), precommit_create {{(pid=86985) _notify_loop /opt/stack/data/venv/lib/python3.12/site-packages/neutron_lib/callbacks/manager.py:184}}
Jun 02 21:22:17.495321 np0000001979 devstack@neutron-api.service[86985]: INFO neutron.db.segments_db [None req-a461defc-fb60-4577-a051-c11b6a3441c2 admin admin] Added segment af3b1a35-2cad-46da-b4e4-406186e68dc4 of type geneve for network 36bd87bf-be16-46ae-b825-1eb81f5bcf3c
Jun 02 21:22:17.498525 np0000001979 devstack@neutron-api.service[86986]: DEBUG neutron_lib.callbacks.manager [None req-0a827879-c395-4b2c-95b9-70ca65dabac9 admin admin] Publish callbacks ['neutron.plugins.ml2.ovo_rpc._ObjectChangeHandler.handle_event-7289704'] for port (44605cad-c2e8-414d-b61d-179796985c5a), after_create {{(pid=86986) _notify_loop /opt/stack/data/venv/lib/python3.12/site-packages/neutron_lib/callbacks/manager.py:184}}
Jun 02 21:22:17.506083 np0000001979 devstack@neutron-api.service[86985]: DEBUG neutron_lib.callbacks.manager [None req-a461defc-fb60-4577-a051-c11b6a3441c2 admin admin] Publish callbacks ['neutron.services.auto_allocate.db._ensure_external_network_default_value_callback-8667902481952'] for network (36bd87bf-be16-46ae-b825-1eb81f5bcf3c), precommit_create {{(pid=86985) _notify_loop /opt/stack/data/venv/lib/python3.12/site-packages/neutron_lib/callbacks/manager.py:184}}
Jun 02 21:22:17.514950 np0000001979 devstack@neutron-api.service[86985]: DEBUG neutron.plugins.ml2.drivers.ovn.mech_driver.mech_driver [None req-a461defc-fb60-4577-a051-c11b6a3441c2 admin admin] Validating network segment with type geneve, segmentation ID 46585, physical network None {{(pid=86985) _validate_network_segments /opt/stack/neutron/neutron/plugins/ml2/drivers/ovn/mech_driver/mech_driver.py:643}}
Jun 02 21:22:17.515042 np0000001979 devstack@neutron-api.service[86985]: DEBUG neutron.db.ovn_revision_numbers_db [None req-a461defc-fb60-4577-a051-c11b6a3441c2 admin admin] create_initial_revision uuid=36bd87bf-be16-46ae-b825-1eb81f5bcf3c, type=networks, rev=-1 {{(pid=86985) create_initial_revision /opt/stack/neutron/neutron/db/ovn_revision_numbers_db.py:98}}
Jun 02 21:22:17.520739 np0000001979 devstack@neutron-api.service[86985]: DEBUG neutron_lib.callbacks.manager [None req-a461defc-fb60-4577-a051-c11b6a3441c2 admin admin] Publish callbacks ['neutron.plugins.ml2.ovo_rpc._ObjectChangeHandler.handle_event-7332608'] for network (36bd87bf-be16-46ae-b825-1eb81f5bcf3c), after_create {{(pid=86985) _notify_loop /opt/stack/data/venv/lib/python3.12/site-packages/neutron_lib/callbacks/manager.py:184}}
Jun 02 21:22:17.522090 np0000001979 devstack@neutron-api.service[86986]: DEBUG neutron.api.rpc.handlers.resources_rpc [None req-0a827879-c395-4b2c-95b9-70ca65dabac9 admin admin] Pushing event updated for resources: {'Port': ['ID=44605cad-c2e8-414d-b61d-179796985c5a,revision_number=1']} {{(pid=86986) push /opt/stack/neutron/neutron/api/rpc/handlers/resources_rpc.py:237}}
Jun 02 21:22:17.527012 np0000001979 devstack@neutron-api.service[86986]: DEBUG ovsdbapp.backend.ovs_idl.transaction [None req-35a7540f-f41f-4a97-8953-0550f075f9d4 None None] Running txn n=1 command(idx=0): AddLSwitchPortCommand(_result=None, lport=44605cad-c2e8-414d-b61d-179796985c5a, lswitch=neutron-769ccda3-9b24-418c-bbdb-95b953159219, may_exist=True, network_uuid=769ccda3-9b24-418c-bbdb-95b953159219, columns={'addresses': ['fa:16:3e:c7:0e:99'], 'external_ids': {'neutron:port_name': '', 'neutron:device_id': 'ovnmeta-769ccda3-9b24-418c-bbdb-95b953159219', 'neutron:project_id': '7eac1a61600842f8bbcc5c7af196fb96', 'neutron:cidrs': '', 'neutron:device_owner': 'network:distributed', 'neutron:subnet_pool_addr_scope4': '', 'neutron:subnet_pool_addr_scope6': '', 'neutron:network_name': 'neutron-769ccda3-9b24-418c-bbdb-95b953159219', 'neutron:security_group_ids': '', 'neutron:revision_number': '1', 'neutron:vnic_type': 'normal', 'neutron:port_capabilities': '', 'neutron:mtu': '1372'}, 'parent_name': [], 'tag': [], 'enabled': True, 'options': {}, 'type': 'localport', 'port_security': [], 'dhcpv4_options': [], 'dhcpv6_options': []}) {{(pid=86986) do_commit /opt/stack/data/venv/lib/python3.12/site-packages/ovsdbapp/backend/ovs_idl/transaction.py:89}}
Jun 02 21:22:17.527371 np0000001979 devstack@neutron-api.service[86986]: DEBUG ovsdbapp.backend.ovs_idl.transaction [None req-35a7540f-f41f-4a97-8953-0550f075f9d4 None None] Running txn n=1 command(idx=1): QoSDelCommand(_result=None, switch=neutron-769ccda3-9b24-418c-bbdb-95b953159219, conditions=[('direction', '=', 'to-lport'), ('priority', '=', 2002), ('match', '=', 'outport == "44605cad-c2e8-414d-b61d-179796985c5a"')], if_exists=True) {{(pid=86986) do_commit /opt/stack/data/venv/lib/python3.12/site-packages/ovsdbapp/backend/ovs_idl/transaction.py:89}}
Jun 02 21:22:17.527510 np0000001979 devstack@neutron-api.service[86986]: DEBUG ovsdbapp.backend.ovs_idl.transaction [None req-35a7540f-f41f-4a97-8953-0550f075f9d4 None None] Running txn n=1 command(idx=2): QoSDelCommand(_result=None, switch=neutron-769ccda3-9b24-418c-bbdb-95b953159219, conditions=[('direction', '=', 'from-lport'), ('priority', '=', 2002), ('match', '=', 'inport == "44605cad-c2e8-414d-b61d-179796985c5a"')], if_exists=True) {{(pid=86986) do_commit /opt/stack/data/venv/lib/python3.12/site-packages/ovsdbapp/backend/ovs_idl/transaction.py:89}}
Jun 02 21:22:17.529530 np0000001979 devstack@neutron-api.service[86986]: DEBUG neutron.plugins.ml2.drivers.ovn.mech_driver.ovsdb.ovsdb_monitor [None req-35a7540f-f41f-4a97-8953-0550f075f9d4 None None] Hash Ring: Node c27bc570a39b56be89be51f7e679e08b (host: np0000001979) handling event "update" for row 769ccda3-9b24-418c-bbdb-95b953159219 (table: Logical_Switch) {{(pid=86986) notify /opt/stack/neutron/neutron/plugins/ml2/drivers/ovn/mech_driver/ovsdb/ovsdb_monitor.py:1015}}
Jun 02 21:22:17.530928 np0000001979 devstack@neutron-api.service[86986]: DEBUG neutron.plugins.ml2.drivers.ovn.mech_driver.ovsdb.ovsdb_monitor [None req-35a7540f-f41f-4a97-8953-0550f075f9d4 None None] Hash Ring: Node c27bc570a39b56be89be51f7e679e08b (host: np0000001979) handling event "create" for row 8fc0ecf2-0055-44af-82cb-9ffc0d8c7d85 (table: Logical_Switch_Port) {{(pid=86986) notify /opt/stack/neutron/neutron/plugins/ml2/drivers/ovn/mech_driver/ovsdb/ovsdb_monitor.py:1015}}
Jun 02 21:22:17.530928 np0000001979 devstack@neutron-api.service[86986]: DEBUG ovsdbapp.backend.ovs_idl.event [None req-35a7540f-f41f-4a97-8953-0550f075f9d4 None None] Matched CREATE: LogicalSwitchPortCreateEvent(events=('create',), table='Logical_Switch_Port', conditions=[], old_conditions=None), priority=20 to row=Logical_Switch_Port(uuid=8fc0ecf2-0055-44af-82cb-9ffc0d8c7d85, addresses=['fa:16:3e:c7:0e:99'], dhcpv4_options=[], dhcpv6_options=[], dynamic_addresses=[], enabled=True, external_ids={'neutron:cidrs': '', 'neutron:device_id': 'ovnmeta-769ccda3-9b24-418c-bbdb-95b953159219', 'neutron:device_owner': 'network:distributed', 'neutron:mtu': '1372', 'neutron:network_name': 'neutron-769ccda3-9b24-418c-bbdb-95b953159219', 'neutron:port_capabilities': '', 'neutron:port_name': '', 'neutron:project_id': '7eac1a61600842f8bbcc5c7af196fb96', 'neutron:revision_number': '1', 'neutron:security_group_ids': '', 'neutron:subnet_pool_addr_scope4': '', 'neutron:subnet_pool_addr_scope6': '', 'neutron:vnic_type': 'normal'}, ha_chassis_group=[], mirror_rules=[], name='44605cad-c2e8-414d-b61d-179796985c5a', options={}, parent_name=[], port_security=[], tag=[], tag_request=[], type='localport', up=[]) old= {{(pid=86986) matches /opt/stack/data/venv/lib/python3.12/site-packages/ovsdbapp/backend/ovs_idl/event.py:55}}
Jun 02 21:22:17.530928 np0000001979 devstack@neutron-api.service[86986]: INFO neutron.plugins.ml2.drivers.ovn.mech_driver.mech_driver [None req-ac6a51ac-d2b9-4db8-9160-b66f39c5d4ac None None] OVN reports status down for port: 44605cad-c2e8-414d-b61d-179796985c5a
Jun 02 21:22:17.531712 np0000001979 devstack@neutron-api.service[86986]: DEBUG neutron.plugins.ml2.drivers.ovn.mech_driver.ovsdb.ovsdb_monitor [None req-35a7540f-f41f-4a97-8953-0550f075f9d4 None None] Hash Ring: Node c27bc570a39b56be89be51f7e679e08b (host: np0000001979) handling event "update" for row 8fc0ecf2-0055-44af-82cb-9ffc0d8c7d85 (table: Logical_Switch_Port) {{(pid=86986) notify /opt/stack/neutron/neutron/plugins/ml2/drivers/ovn/mech_driver/ovsdb/ovsdb_monitor.py:1015}}
Jun 02 21:22:17.535454 np0000001979 devstack@neutron-api.service[86985]: DEBUG neutron.plugins.ml2.drivers.ovn.mech_driver.ovsdb.ovsdb_monitor [None req-abcea3ab-b52e-4aff-8adb-2ebe6e75dc58 None None] Hash Ring: Node 8ebf583cf7c95ee2a9e301f887bddf65 (host: np0000001979) handling event "create" for row 93f8407b-ea9f-4fc9-9c8e-bf38cd596516 (table: Port_Binding) {{(pid=86985) notify /opt/stack/neutron/neutron/plugins/ml2/drivers/ovn/mech_driver/ovsdb/ovsdb_monitor.py:1015}}
Jun 02 21:22:17.538576 np0000001979 devstack@neutron-api.service[86985]: DEBUG neutron.api.rpc.handlers.resources_rpc [None req-a461defc-fb60-4577-a051-c11b6a3441c2 admin admin] Pushing event updated for resources: {'Network': ['ID=36bd87bf-be16-46ae-b825-1eb81f5bcf3c,revision_number=1']} {{(pid=86985) push /opt/stack/neutron/neutron/api/rpc/handlers/resources_rpc.py:237}}
Jun 02 21:22:17.546449 np0000001979 devstack@neutron-api.service[86985]: DEBUG ovsdbapp.backend.ovs_idl.transaction [None req-aa9c89d8-53be-4fd7-a716-6af218f18eeb None None] Running txn n=1 command(idx=0): AddNetworkCommand(_result=None, network_uuid=36bd87bf-be16-46ae-b825-1eb81f5bcf3c, may_exist=True, columns={'external_ids': {'neutron:network_name': 'tempest-ServerActionsV293TestJSON-194035727-network', 'neutron:mtu': '1372', 'neutron:revision_number': '1', 'neutron:availability_zone_hints': '', 'neutron:provnet-network-type': 'geneve'}, 'other_config': {'mcast_snoop': 'false', 'mcast_flood_unregistered': 'false', 'vlan-passthru': 'false'}}) {{(pid=86985) do_commit /opt/stack/data/venv/lib/python3.12/site-packages/ovsdbapp/backend/ovs_idl/transaction.py:89}}
Jun 02 21:22:17.552083 np0000001979 devstack@neutron-api.service[86986]: DEBUG neutron.plugins.ml2.drivers.ovn.mech_driver.ovsdb.ovsdb_monitor [None req-35a7540f-f41f-4a97-8953-0550f075f9d4 None None] Hash Ring: Node c27bc570a39b56be89be51f7e679e08b (host: np0000001979) handling event "create" for row 36bd87bf-be16-46ae-b825-1eb81f5bcf3c (table: Logical_Switch) {{(pid=86986) notify /opt/stack/neutron/neutron/plugins/ml2/drivers/ovn/mech_driver/ovsdb/ovsdb_monitor.py:1015}}
Jun 02 21:22:17.555317 np0000001979 devstack@neutron-api.service[86986]: DEBUG neutron.plugins.ml2.drivers.ovn.mech_driver.ovsdb.ovsdb_monitor [None req-af6e7b88-ae76-4dcb-9de8-85bdd5a4c412 None None] Hash Ring: Node c27bc570a39b56be89be51f7e679e08b (host: np0000001979) handling event "create" for row 9e244ad3-f173-4d36-9a5d-76babd95e700 (table: Datapath_Binding) {{(pid=86986) notify /opt/stack/neutron/neutron/plugins/ml2/drivers/ovn/mech_driver/ovsdb/ovsdb_monitor.py:1015}}
Jun 02 21:22:17.565710 np0000001979 devstack@neutron-api.service[86985]: INFO neutron.db.ovn_revision_numbers_db [None req-a461defc-fb60-4577-a051-c11b6a3441c2 admin admin] Successfully bumped revision number for resource 36bd87bf-be16-46ae-b825-1eb81f5bcf3c (type: networks) to 1
Jun 02 21:22:17.575689 np0000001979 devstack@neutron-api.service[86985]: DEBUG neutron_lib.callbacks.manager [None req-a461defc-fb60-4577-a051-c11b6a3441c2 admin admin] Publish callbacks ['neutron.plugins.ml2.plugin.SecurityGroupDbMixin._ensure_default_security_group_handler-213686'] for port (None), before_create {{(pid=86985) _notify_loop /opt/stack/data/venv/lib/python3.12/site-packages/neutron_lib/callbacks/manager.py:184}}
Jun 02 21:22:17.579291 np0000001979 devstack@neutron-api.service[86986]: DEBUG neutron.db.provisioning_blocks [None req-ac6a51ac-d2b9-4db8-9160-b66f39c5d4ac None None] Transition to ACTIVE for port object 44605cad-c2e8-414d-b61d-179796985c5a will not be triggered until provisioned by entity L2. {{(pid=86986) add_provisioning_component /opt/stack/neutron/neutron/db/provisioning_blocks.py:74}}
Jun 02 21:22:17.580639 np0000001979 devstack@neutron-api.service[86986]: INFO neutron.db.ovn_revision_numbers_db [None req-0a827879-c395-4b2c-95b9-70ca65dabac9 admin admin] Successfully bumped revision number for resource 44605cad-c2e8-414d-b61d-179796985c5a (type: ports) to 1
Jun 02 21:22:17.587334 np0000001979 devstack@neutron-api.service[86986]: DEBUG neutron.pecan_wsgi.hooks.policy_enforcement [None req-0a827879-c395-4b2c-95b9-70ca65dabac9 admin admin] Attributes excluded by policy engine: ['standard_attr_id'] {{(pid=86986) _exclude_attributes_by_policy /opt/stack/neutron/neutron/pecan_wsgi/hooks/policy_enforcement.py:256}}
Jun 02 21:22:17.587823 np0000001979 devstack@neutron-api.service[86986]: DEBUG neutron_lib.callbacks.manager [None req-0a827879-c395-4b2c-95b9-70ca65dabac9 admin admin] Publish callbacks [] for network (None), before_response {{(pid=86986) _notify_loop /opt/stack/data/venv/lib/python3.12/site-packages/neutron_lib/callbacks/manager.py:184}}
Jun 02 21:22:17.607659 np0000001979 devstack@neutron-api.service[86986]: [pid: 86986|app: 0|req: 23/44] 10.4.3.160 () {68 vars in 1277 bytes} [Tue Jun 2 21:22:16 2026] POST /networking/v2.0/networks => generated 722 bytes in 879 msecs (HTTP/1.1 201) 4 headers in 162 bytes (1 switches on core 0)
Jun 02 21:22:17.609704 np0000001979 devstack@neutron-api.service[86986]: DEBUG neutron.plugins.ml2.plugin [None req-ac6a51ac-d2b9-4db8-9160-b66f39c5d4ac None None] Current status of the port 44605cad-c2e8-414d-b61d-179796985c5a is: DOWN; New status is: DOWN {{(pid=86986) _update_individual_port_db_status /opt/stack/neutron/neutron/plugins/ml2/plugin.py:2469}}
Jun 02 21:22:17.610580 np0000001979 devstack@neutron-api.service[86986]: DEBUG ovsdbapp.backend.ovs_idl.transaction [None req-35a7540f-f41f-4a97-8953-0550f075f9d4 None None] Running txn n=1 command(idx=0): DbRemoveCommand(_result=None, table=Logical_Switch_Port, record=44605cad-c2e8-414d-b61d-179796985c5a, column=external_ids, values=('neutron:host_id',), keyvalues={}, if_exists=True) {{(pid=86986) do_commit /opt/stack/data/venv/lib/python3.12/site-packages/ovsdbapp/backend/ovs_idl/transaction.py:89}}
Jun 02 21:22:17.637128 np0000001979 devstack@neutron-api.service[86985]: DEBUG neutron_lib.callbacks.manager [None req-a461defc-fb60-4577-a051-c11b6a3441c2 admin admin] Publish callbacks ['neutron.plugins.ml2.drivers.ovn.mech_driver.mech_driver.OVNMechanismDriver._validate_allowed_address_pairs-339581'] for allowed_address_pair (41497950-ed0a-450f-8557-16efe9503a45), before_create {{(pid=86985) _notify_loop /opt/stack/data/venv/lib/python3.12/site-packages/neutron_lib/callbacks/manager.py:184}}
Jun 02 21:22:17.637582 np0000001979 devstack@neutron-api.service[86985]: DEBUG neutron_lib.callbacks.manager [None req-a461defc-fb60-4577-a051-c11b6a3441c2 admin admin] Publish callbacks [] for port (41497950-ed0a-450f-8557-16efe9503a45), precommit_create {{(pid=86985) _notify_loop /opt/stack/data/venv/lib/python3.12/site-packages/neutron_lib/callbacks/manager.py:184}}
Jun 02 21:22:17.637718 np0000001979 devstack@neutron-api.service[86985]: DEBUG neutron.plugins.ml2.drivers.ovn.mech_driver.mech_driver [None req-a461defc-fb60-4577-a051-c11b6a3441c2 admin admin] No provisioning block for port 41497950-ed0a-450f-8557-16efe9503a45 since it does not have a host {{(pid=86985) _is_port_provisioning_required /opt/stack/neutron/neutron/plugins/ml2/drivers/ovn/mech_driver/mech_driver.py:896}}
Jun 02 21:22:17.637819 np0000001979 devstack@neutron-api.service[86985]: DEBUG neutron.db.ovn_revision_numbers_db [None req-a461defc-fb60-4577-a051-c11b6a3441c2 admin admin] create_initial_revision uuid=41497950-ed0a-450f-8557-16efe9503a45, type=ports, rev=-1 {{(pid=86985) create_initial_revision /opt/stack/neutron/neutron/db/ovn_revision_numbers_db.py:98}}
Jun 02 21:22:17.661932 np0000001979 devstack@neutron-api.service[86985]: DEBUG neutron_lib.callbacks.manager [None req-a461defc-fb60-4577-a051-c11b6a3441c2 admin admin] Publish callbacks ['neutron.plugins.ml2.ovo_rpc._ObjectChangeHandler.handle_event-7332659'] for port (41497950-ed0a-450f-8557-16efe9503a45), after_create {{(pid=86985) _notify_loop /opt/stack/data/venv/lib/python3.12/site-packages/neutron_lib/callbacks/manager.py:184}}
Jun 02 21:22:17.688464 np0000001979 devstack@neutron-api.service[86985]: DEBUG neutron.api.rpc.handlers.resources_rpc [None req-a461defc-fb60-4577-a051-c11b6a3441c2 admin admin] Pushing event updated for resources: {'Port': ['ID=41497950-ed0a-450f-8557-16efe9503a45,revision_number=1']} {{(pid=86985) push /opt/stack/neutron/neutron/api/rpc/handlers/resources_rpc.py:237}}
Jun 02 21:22:17.694266 np0000001979 devstack@neutron-api.service[86985]: DEBUG ovsdbapp.backend.ovs_idl.transaction [None req-aa9c89d8-53be-4fd7-a716-6af218f18eeb None None] Running txn n=1 command(idx=0): AddLSwitchPortCommand(_result=None, lport=41497950-ed0a-450f-8557-16efe9503a45, lswitch=neutron-36bd87bf-be16-46ae-b825-1eb81f5bcf3c, may_exist=True, network_uuid=36bd87bf-be16-46ae-b825-1eb81f5bcf3c, columns={'addresses': ['fa:16:3e:97:ca:9a'], 'external_ids': {'neutron:port_name': '', 'neutron:device_id': 'ovnmeta-36bd87bf-be16-46ae-b825-1eb81f5bcf3c', 'neutron:project_id': 'd1bc03aadae04cc19d91d5225fcd974d', 'neutron:cidrs': '', 'neutron:device_owner': 'network:distributed', 'neutron:subnet_pool_addr_scope4': '', 'neutron:subnet_pool_addr_scope6': '', 'neutron:network_name': 'neutron-36bd87bf-be16-46ae-b825-1eb81f5bcf3c', 'neutron:security_group_ids': '', 'neutron:revision_number': '1', 'neutron:vnic_type': 'normal', 'neutron:port_capabilities': '', 'neutron:mtu': '1372'}, 'parent_name': [], 'tag': [], 'enabled': True, 'options': {}, 'type': 'localport', 'port_security': [], 'dhcpv4_options': [], 'dhcpv6_options': []}) {{(pid=86985) do_commit /opt/stack/data/venv/lib/python3.12/site-packages/ovsdbapp/backend/ovs_idl/transaction.py:89}}
Jun 02 21:22:17.694715 np0000001979 devstack@neutron-api.service[86985]: DEBUG ovsdbapp.backend.ovs_idl.transaction [None req-aa9c89d8-53be-4fd7-a716-6af218f18eeb None None] Running txn n=1 command(idx=1): QoSDelCommand(_result=None, switch=neutron-36bd87bf-be16-46ae-b825-1eb81f5bcf3c, conditions=[('direction', '=', 'to-lport'), ('priority', '=', 2002), ('match', '=', 'outport == "41497950-ed0a-450f-8557-16efe9503a45"')], if_exists=True) {{(pid=86985) do_commit /opt/stack/data/venv/lib/python3.12/site-packages/ovsdbapp/backend/ovs_idl/transaction.py:89}}
Jun 02 21:22:17.694876 np0000001979 devstack@neutron-api.service[86985]: DEBUG ovsdbapp.backend.ovs_idl.transaction [None req-aa9c89d8-53be-4fd7-a716-6af218f18eeb None None] Running txn n=1 command(idx=2): QoSDelCommand(_result=None, switch=neutron-36bd87bf-be16-46ae-b825-1eb81f5bcf3c, conditions=[('direction', '=', 'from-lport'), ('priority', '=', 2002), ('match', '=', 'inport == "41497950-ed0a-450f-8557-16efe9503a45"')], if_exists=True) {{(pid=86985) do_commit /opt/stack/data/venv/lib/python3.12/site-packages/ovsdbapp/backend/ovs_idl/transaction.py:89}}
Jun 02 21:22:17.698415 np0000001979 devstack@neutron-api.service[86986]: DEBUG neutron.plugins.ml2.drivers.ovn.mech_driver.ovsdb.ovsdb_monitor [None req-35a7540f-f41f-4a97-8953-0550f075f9d4 None None] Hash Ring: Node c27bc570a39b56be89be51f7e679e08b (host: np0000001979) handling event "update" for row 36bd87bf-be16-46ae-b825-1eb81f5bcf3c (table: Logical_Switch) {{(pid=86986) notify /opt/stack/neutron/neutron/plugins/ml2/drivers/ovn/mech_driver/ovsdb/ovsdb_monitor.py:1015}}
Jun 02 21:22:17.698638 np0000001979 devstack@neutron-api.service[86986]: DEBUG neutron.plugins.ml2.drivers.ovn.mech_driver.ovsdb.ovsdb_monitor [None req-35a7540f-f41f-4a97-8953-0550f075f9d4 None None] Hash Ring: Node c27bc570a39b56be89be51f7e679e08b (host: np0000001979) handling event "create" for row 8ab1f811-141f-4dd9-9325-25cf065ce84a (table: Logical_Switch_Port) {{(pid=86986) notify /opt/stack/neutron/neutron/plugins/ml2/drivers/ovn/mech_driver/ovsdb/ovsdb_monitor.py:1015}}
Jun 02 21:22:17.700055 np0000001979 devstack@neutron-api.service[86986]: DEBUG ovsdbapp.backend.ovs_idl.event [None req-35a7540f-f41f-4a97-8953-0550f075f9d4 None None] Matched CREATE: LogicalSwitchPortCreateEvent(events=('create',), table='Logical_Switch_Port', conditions=[], old_conditions=None), priority=20 to row=Logical_Switch_Port(uuid=8ab1f811-141f-4dd9-9325-25cf065ce84a, addresses=['fa:16:3e:97:ca:9a'], dhcpv4_options=[], dhcpv6_options=[], dynamic_addresses=[], enabled=True, external_ids={'neutron:cidrs': '', 'neutron:device_id': 'ovnmeta-36bd87bf-be16-46ae-b825-1eb81f5bcf3c', 'neutron:device_owner': 'network:distributed', 'neutron:mtu': '1372', 'neutron:network_name': 'neutron-36bd87bf-be16-46ae-b825-1eb81f5bcf3c', 'neutron:port_capabilities': '', 'neutron:port_name': '', 'neutron:project_id': 'd1bc03aadae04cc19d91d5225fcd974d', 'neutron:revision_number': '1', 'neutron:security_group_ids': '', 'neutron:subnet_pool_addr_scope4': '', 'neutron:subnet_pool_addr_scope6': '', 'neutron:vnic_type': 'normal'}, ha_chassis_group=[], mirror_rules=[], name='41497950-ed0a-450f-8557-16efe9503a45', options={}, parent_name=[], port_security=[], tag=[], tag_request=[], type='localport', up=[]) old= {{(pid=86986) matches /opt/stack/data/venv/lib/python3.12/site-packages/ovsdbapp/backend/ovs_idl/event.py:55}}
Jun 02 21:22:17.700798 np0000001979 devstack@neutron-api.service[86986]: INFO neutron.plugins.ml2.drivers.ovn.mech_driver.mech_driver [None req-ac6a51ac-d2b9-4db8-9160-b66f39c5d4ac None None] OVN reports status down for port: 41497950-ed0a-450f-8557-16efe9503a45
Jun 02 21:22:17.702262 np0000001979 devstack@neutron-api.service[86986]: DEBUG neutron.plugins.ml2.drivers.ovn.mech_driver.ovsdb.ovsdb_monitor [None req-35a7540f-f41f-4a97-8953-0550f075f9d4 None None] Hash Ring: Node c27bc570a39b56be89be51f7e679e08b (host: np0000001979) handling event "update" for row 8ab1f811-141f-4dd9-9325-25cf065ce84a (table: Logical_Switch_Port) {{(pid=86986) notify /opt/stack/neutron/neutron/plugins/ml2/drivers/ovn/mech_driver/ovsdb/ovsdb_monitor.py:1015}}
Jun 02 21:22:17.703240 np0000001979 devstack@neutron-api.service[86986]: DEBUG neutron.plugins.ml2.drivers.ovn.mech_driver.ovsdb.ovsdb_monitor [None req-af6e7b88-ae76-4dcb-9de8-85bdd5a4c412 None None] Hash Ring: Node c27bc570a39b56be89be51f7e679e08b (host: np0000001979) handling event "create" for row ff0e091d-8002-4a68-a5ff-21ff7028dae4 (table: Port_Binding) {{(pid=86986) notify /opt/stack/neutron/neutron/plugins/ml2/drivers/ovn/mech_driver/ovsdb/ovsdb_monitor.py:1015}}
Jun 02 21:22:17.720109 np0000001979 devstack@neutron-api.service[86986]: DEBUG neutron.db.provisioning_blocks [None req-ac6a51ac-d2b9-4db8-9160-b66f39c5d4ac None None] Transition to ACTIVE for port object 41497950-ed0a-450f-8557-16efe9503a45 will not be triggered until provisioned by entity L2. {{(pid=86986) add_provisioning_component /opt/stack/neutron/neutron/db/provisioning_blocks.py:74}}
Jun 02 21:22:17.723648 np0000001979 devstack@neutron-api.service[86985]: INFO neutron.db.ovn_revision_numbers_db [None req-a461defc-fb60-4577-a051-c11b6a3441c2 admin admin] Successfully bumped revision number for resource 41497950-ed0a-450f-8557-16efe9503a45 (type: ports) to 1
Jun 02 21:22:17.734061 np0000001979 devstack@neutron-api.service[86985]: DEBUG neutron.pecan_wsgi.hooks.policy_enforcement [None req-a461defc-fb60-4577-a051-c11b6a3441c2 admin admin] Attributes excluded by policy engine: ['standard_attr_id'] {{(pid=86985) _exclude_attributes_by_policy /opt/stack/neutron/neutron/pecan_wsgi/hooks/policy_enforcement.py:256}}
Jun 02 21:22:17.734387 np0000001979 devstack@neutron-api.service[86985]: DEBUG neutron_lib.callbacks.manager [None req-a461defc-fb60-4577-a051-c11b6a3441c2 admin admin] Publish callbacks [] for network (None), before_response {{(pid=86985) _notify_loop /opt/stack/data/venv/lib/python3.12/site-packages/neutron_lib/callbacks/manager.py:184}}
Jun 02 21:22:17.740600 np0000001979 devstack@neutron-api.service[86986]: DEBUG neutron.api.v2.base [None req-de598ffe-4f2d-4cd5-b9e1-9e478fdeb717 admin admin] Request body: {'network': {'name': 'tempest-AttachVolumeTestJSON-1255476721-network', 'project_id': '99eab922961b4e9dbd4696026cc0011d'}} {{(pid=86986) prepare_request_body /opt/stack/neutron/neutron/api/v2/base.py:727}}
Jun 02 21:22:17.742427 np0000001979 devstack@neutron-api.service[86986]: DEBUG neutron.plugins.ml2.plugin [None req-ac6a51ac-d2b9-4db8-9160-b66f39c5d4ac None None] Current status of the port 41497950-ed0a-450f-8557-16efe9503a45 is: DOWN; New status is: DOWN {{(pid=86986) _update_individual_port_db_status /opt/stack/neutron/neutron/plugins/ml2/plugin.py:2469}}
Jun 02 21:22:17.743061 np0000001979 devstack@neutron-api.service[86985]: [pid: 86985|app: 0|req: 22/45] 10.4.3.160 () {68 vars in 1277 bytes} [Tue Jun 2 21:22:16 2026] POST /networking/v2.0/networks => generated 725 bytes in 978 msecs (HTTP/1.1 201) 4 headers in 162 bytes (1 switches on core 0)
Jun 02 21:22:17.743439 np0000001979 devstack@neutron-api.service[86986]: DEBUG ovsdbapp.backend.ovs_idl.transaction [None req-35a7540f-f41f-4a97-8953-0550f075f9d4 None None] Running txn n=1 command(idx=0): DbRemoveCommand(_result=None, table=Logical_Switch_Port, record=41497950-ed0a-450f-8557-16efe9503a45, column=external_ids, values=('neutron:host_id',), keyvalues={}, if_exists=True) {{(pid=86986) do_commit /opt/stack/data/venv/lib/python3.12/site-packages/ovsdbapp/backend/ovs_idl/transaction.py:89}}
Jun 02 21:22:17.753595 np0000001979 devstack@neutron-api.service[86986]: DEBUG neutron.pecan_wsgi.hooks.quota_enforcement [None req-de598ffe-4f2d-4cd5-b9e1-9e478fdeb717 admin admin] Made reservation on behalf of 99eab922961b4e9dbd4696026cc0011d for: {'network': 1} {{(pid=86986) before /opt/stack/neutron/neutron/pecan_wsgi/hooks/quota_enforcement.py:66}}
Jun 02 21:22:17.756237 np0000001979 devstack@neutron-api.service[86986]: DEBUG neutron_lib.callbacks.manager [None req-de598ffe-4f2d-4cd5-b9e1-9e478fdeb717 admin admin] Publish callbacks ['neutron.plugins.ml2.plugin.SecurityGroupDbMixin._ensure_default_security_group_handler-3372747'] for network (None), before_create {{(pid=86986) _notify_loop /opt/stack/data/venv/lib/python3.12/site-packages/neutron_lib/callbacks/manager.py:184}}
Jun 02 21:22:17.760263 np0000001979 devstack@neutron-api.service[86986]: DEBUG neutron_lib.callbacks.manager [None req-de598ffe-4f2d-4cd5-b9e1-9e478fdeb717 admin admin] Publish callbacks [] for security_group (None), before_create {{(pid=86986) _notify_loop /opt/stack/data/venv/lib/python3.12/site-packages/neutron_lib/callbacks/manager.py:184}}
Jun 02 21:22:17.805401 np0000001979 devstack@neutron-api.service[86986]: DEBUG neutron_lib.callbacks.manager [None req-de598ffe-4f2d-4cd5-b9e1-9e478fdeb717 admin admin] Publish callbacks ['neutron.plugins.ml2.drivers.ovn.mech_driver.mech_driver.OVNMechanismDriver._create_security_group_precommit-337832'] for security_group (ecba0379-d24b-4f65-91cc-6e2448df8048), precommit_create {{(pid=86986) _notify_loop /opt/stack/data/venv/lib/python3.12/site-packages/neutron_lib/callbacks/manager.py:184}}
Jun 02 21:22:17.805521 np0000001979 devstack@neutron-api.service[86986]: DEBUG neutron.db.ovn_revision_numbers_db [None req-de598ffe-4f2d-4cd5-b9e1-9e478fdeb717 admin admin] create_initial_revision uuid=ecba0379-d24b-4f65-91cc-6e2448df8048, type=security_groups, rev=-1 {{(pid=86986) create_initial_revision /opt/stack/neutron/neutron/db/ovn_revision_numbers_db.py:98}}
Jun 02 21:22:17.806583 np0000001979 devstack@neutron-api.service[86986]: DEBUG neutron.db.ovn_revision_numbers_db [None req-de598ffe-4f2d-4cd5-b9e1-9e478fdeb717 admin admin] create_initial_revision uuid=06c58da7-d786-4163-bcd6-06cf6c57bcb3, type=security_group_rules, rev=-1 {{(pid=86986) create_initial_revision /opt/stack/neutron/neutron/db/ovn_revision_numbers_db.py:98}}
Jun 02 21:22:17.807462 np0000001979 devstack@neutron-api.service[86986]: DEBUG neutron.db.ovn_revision_numbers_db [None req-de598ffe-4f2d-4cd5-b9e1-9e478fdeb717 admin admin] create_initial_revision uuid=b283414d-36f6-47b9-a8d1-08451cbf7829, type=security_group_rules, rev=-1 {{(pid=86986) create_initial_revision /opt/stack/neutron/neutron/db/ovn_revision_numbers_db.py:98}}
Jun 02 21:22:17.808287 np0000001979 devstack@neutron-api.service[86986]: DEBUG neutron.db.ovn_revision_numbers_db [None req-de598ffe-4f2d-4cd5-b9e1-9e478fdeb717 admin admin] create_initial_revision uuid=bfe28519-83bb-44b7-bbd8-47d9e5a62959, type=security_group_rules, rev=-1 {{(pid=86986) create_initial_revision /opt/stack/neutron/neutron/db/ovn_revision_numbers_db.py:98}}
Jun 02 21:22:17.809095 np0000001979 devstack@neutron-api.service[86986]: DEBUG neutron.db.ovn_revision_numbers_db [None req-de598ffe-4f2d-4cd5-b9e1-9e478fdeb717 admin admin] create_initial_revision uuid=cf458ee5-5c54-4538-a3f5-6a8e4b25d611, type=security_group_rules, rev=-1 {{(pid=86986) create_initial_revision /opt/stack/neutron/neutron/db/ovn_revision_numbers_db.py:98}}
Jun 02 21:22:17.813389 np0000001979 devstack@neutron-api.service[86986]: DEBUG neutron_lib.callbacks.manager [None req-de598ffe-4f2d-4cd5-b9e1-9e478fdeb717 admin admin] Publish callbacks ['neutron.plugins.ml2.drivers.ovn.mech_driver.mech_driver.OVNMechanismDriver._create_security_group-337854', 'neutron.plugins.ml2.ovo_rpc._ObjectChangeHandler.handle_event-7289724'] for security_group (ecba0379-d24b-4f65-91cc-6e2448df8048), after_create {{(pid=86986) _notify_loop /opt/stack/data/venv/lib/python3.12/site-packages/neutron_lib/callbacks/manager.py:184}}
Jun 02 21:22:17.813849 np0000001979 devstack@neutron-api.service[86986]: DEBUG ovsdbapp.backend.ovs_idl.transaction [None req-35a7540f-f41f-4a97-8953-0550f075f9d4 None None] Running txn n=1 command(idx=0): PgAddCommand(_result=None, name=pg_ecba0379_d24b_4f65_91cc_6e2448df8048, may_exist=False, columns={'acls': [], 'external_ids': {'neutron:security_group_id': 'ecba0379-d24b-4f65-91cc-6e2448df8048'}}) {{(pid=86986) do_commit /opt/stack/data/venv/lib/python3.12/site-packages/ovsdbapp/backend/ovs_idl/transaction.py:89}}
Jun 02 21:22:17.814154 np0000001979 devstack@neutron-api.service[86986]: DEBUG ovsdbapp.backend.ovs_idl.transaction [None req-35a7540f-f41f-4a97-8953-0550f075f9d4 None None] Running txn n=1 command(idx=1): PgAclAddCommand(_result=None, entity=pg_ecba0379_d24b_4f65_91cc_6e2448df8048, direction=from-lport, priority=1002, match=inport == @pg_ecba0379_d24b_4f65_91cc_6e2448df8048 && ip4, action=allow-related, log=False, may_exist=True, severity=[], name=[], meter=[], external_ids={'neutron:security_group_rule_id': '06c58da7-d786-4163-bcd6-06cf6c57bcb3'}) {{(pid=86986) do_commit /opt/stack/data/venv/lib/python3.12/site-packages/ovsdbapp/backend/ovs_idl/transaction.py:89}}
Jun 02 21:22:17.814429 np0000001979 devstack@neutron-api.service[86986]: DEBUG ovsdbapp.backend.ovs_idl.transaction [None req-35a7540f-f41f-4a97-8953-0550f075f9d4 None None] Running txn n=1 command(idx=2): PgAclAddCommand(_result=None, entity=pg_ecba0379_d24b_4f65_91cc_6e2448df8048, direction=to-lport, priority=1002, match=outport == @pg_ecba0379_d24b_4f65_91cc_6e2448df8048 && ip4 && ip4.src == $pg_ecba0379_d24b_4f65_91cc_6e2448df8048_ip4, action=allow-related, log=False, may_exist=True, severity=[], name=[], meter=[], external_ids={'neutron:security_group_rule_id': 'b283414d-36f6-47b9-a8d1-08451cbf7829'}) {{(pid=86986) do_commit /opt/stack/data/venv/lib/python3.12/site-packages/ovsdbapp/backend/ovs_idl/transaction.py:89}}
Jun 02 21:22:17.814673 np0000001979 devstack@neutron-api.service[86986]: DEBUG ovsdbapp.backend.ovs_idl.transaction [None req-35a7540f-f41f-4a97-8953-0550f075f9d4 None None] Running txn n=1 command(idx=3): PgAclAddCommand(_result=None, entity=pg_ecba0379_d24b_4f65_91cc_6e2448df8048, direction=from-lport, priority=1002, match=inport == @pg_ecba0379_d24b_4f65_91cc_6e2448df8048 && ip6, action=allow-related, log=False, may_exist=True, severity=[], name=[], meter=[], external_ids={'neutron:security_group_rule_id': 'bfe28519-83bb-44b7-bbd8-47d9e5a62959'}) {{(pid=86986) do_commit /opt/stack/data/venv/lib/python3.12/site-packages/ovsdbapp/backend/ovs_idl/transaction.py:89}}
Jun 02 21:22:17.814879 np0000001979 devstack@neutron-api.service[86986]: DEBUG ovsdbapp.backend.ovs_idl.transaction [None req-35a7540f-f41f-4a97-8953-0550f075f9d4 None None] Running txn n=1 command(idx=4): PgAclAddCommand(_result=None, entity=pg_ecba0379_d24b_4f65_91cc_6e2448df8048, direction=to-lport, priority=1002, match=outport == @pg_ecba0379_d24b_4f65_91cc_6e2448df8048 && ip6 && ip6.src == $pg_ecba0379_d24b_4f65_91cc_6e2448df8048_ip6, action=allow-related, log=False, may_exist=True, severity=[], name=[], meter=[], external_ids={'neutron:security_group_rule_id': 'cf458ee5-5c54-4538-a3f5-6a8e4b25d611'}) {{(pid=86986) do_commit /opt/stack/data/venv/lib/python3.12/site-packages/ovsdbapp/backend/ovs_idl/transaction.py:89}}
Jun 02 21:22:17.830032 np0000001979 devstack@neutron-api.service[86985]: DEBUG neutron.plugins.ml2.drivers.ovn.mech_driver.ovsdb.ovsdb_monitor [None req-aa9c89d8-53be-4fd7-a716-6af218f18eeb None None] Hash Ring: Node 8ebf583cf7c95ee2a9e301f887bddf65 (host: np0000001979) handling event "create" for row 0734e07a-a205-4535-bbb6-f4fa2c166220 (table: ACL) {{(pid=86985) notify /opt/stack/neutron/neutron/plugins/ml2/drivers/ovn/mech_driver/ovsdb/ovsdb_monitor.py:1015}}
Jun 02 21:22:17.830250 np0000001979 devstack@neutron-api.service[86985]: DEBUG neutron.plugins.ml2.drivers.ovn.mech_driver.ovsdb.ovsdb_monitor [None req-aa9c89d8-53be-4fd7-a716-6af218f18eeb None None] Hash Ring: Node 8ebf583cf7c95ee2a9e301f887bddf65 (host: np0000001979) handling event "create" for row 959caab9-0fd8-436e-99ce-66e81dce806c (table: ACL) {{(pid=86985) notify /opt/stack/neutron/neutron/plugins/ml2/drivers/ovn/mech_driver/ovsdb/ovsdb_monitor.py:1015}}
Jun 02 21:22:17.830463 np0000001979 devstack@neutron-api.service[86985]: DEBUG neutron.plugins.ml2.drivers.ovn.mech_driver.ovsdb.ovsdb_monitor [None req-aa9c89d8-53be-4fd7-a716-6af218f18eeb None None] Hash Ring: Node 8ebf583cf7c95ee2a9e301f887bddf65 (host: np0000001979) handling event "create" for row ade62f99-65b4-464d-99fe-011ff5401638 (table: ACL) {{(pid=86985) notify /opt/stack/neutron/neutron/plugins/ml2/drivers/ovn/mech_driver/ovsdb/ovsdb_monitor.py:1015}}
Jun 02 21:22:17.830672 np0000001979 devstack@neutron-api.service[86985]: DEBUG neutron.plugins.ml2.drivers.ovn.mech_driver.ovsdb.ovsdb_monitor [None req-aa9c89d8-53be-4fd7-a716-6af218f18eeb None None] Hash Ring: Node 8ebf583cf7c95ee2a9e301f887bddf65 (host: np0000001979) handling event "create" for row bb306c1c-462d-4263-9422-74cd93c9f639 (table: Port_Group) {{(pid=86985) notify /opt/stack/neutron/neutron/plugins/ml2/drivers/ovn/mech_driver/ovsdb/ovsdb_monitor.py:1015}}
