May 15 19:12:59.902860 np0000000882 devstack@g-api.service[98675]: DEBUG glance.api.middleware.version_negotiation [None req-7af74208-c153-485b-835d-4f7d3aff6d21 tempest-VolumesSnapshotTestJSON-569837701 tempest-VolumesSnapshotTestJSON-569837701-project-member] new path /v2/schemas/image {{(pid=98675) process_request /opt/stack/glance/glance/api/middleware/version_negotiation.py:70}}
May 15 19:12:59.904778 np0000000882 devstack@g-api.service[98675]: [pid: 98675|app: 0|req: 200/394] 127.0.0.1 () {44 vars in 1051 bytes} [Fri May 15 19:12:59 2026] GET /v2/schemas/image => generated 6083 bytes in 3 msecs (HTTP/1.1 200) 4 headers in 158 bytes (1 switches on core 0)
May 15 19:12:59.918105 np0000000882 devstack@g-api.service[98675]: DEBUG glance.api.middleware.version_negotiation [None req-7af74208-c153-485b-835d-4f7d3aff6d21 tempest-VolumesSnapshotTestJSON-569837701 tempest-VolumesSnapshotTestJSON-569837701-project-member] Determining version of request: GET /v2/schemas/image Accept: */* {{(pid=98675) process_request /opt/stack/glance/glance/api/middleware/version_negotiation.py:44}}
May 15 19:12:59.919126 np0000000882 devstack@g-api.service[98675]: DEBUG glance.api.middleware.version_negotiation [None req-7af74208-c153-485b-835d-4f7d3aff6d21 tempest-VolumesSnapshotTestJSON-569837701 tempest-VolumesSnapshotTestJSON-569837701-project-member] Using url versioning {{(pid=98675) process_request /opt/stack/glance/glance/api/middleware/version_negotiation.py:57}}
May 15 19:12:59.919126 np0000000882 devstack@g-api.service[98675]: DEBUG glance.api.middleware.version_negotiation [None req-7af74208-c153-485b-835d-4f7d3aff6d21 tempest-VolumesSnapshotTestJSON-569837701 tempest-VolumesSnapshotTestJSON-569837701-project-member] Matched version: v2 {{(pid=98675) process_request /opt/stack/glance/glance/api/middleware/version_negotiation.py:69}}
May 15 19:12:59.919126 np0000000882 devstack@g-api.service[98675]: DEBUG glance.api.middleware.version_negotiation [None req-7af74208-c153-485b-835d-4f7d3aff6d21 tempest-VolumesSnapshotTestJSON-569837701 tempest-VolumesSnapshotTestJSON-569837701-project-member] new path /v2/schemas/image {{(pid=98675) process_request /opt/stack/glance/glance/api/middleware/version_negotiation.py:70}}
May 15 19:12:59.920168 np0000000882 devstack@g-api.service[98676]: [pid: 98676|app: 0|req: 195/395] 127.0.0.1 () {40 vars in 837 bytes} [Fri May 15 19:12:59 2026] DELETE /v2/images/c150fb33-0542-459f-867f-880d5655e592 => generated 0 bytes in 228 msecs (HTTP/1.1 204) 4 headers in 171 bytes (1 switches on core 0)
May 15 19:12:59.921599 np0000000882 devstack@g-api.service[98675]: [pid: 98675|app: 0|req: 201/396] 127.0.0.1 () {44 vars in 1051 bytes} [Fri May 15 19:12:59 2026] GET /v2/schemas/image => generated 6083 bytes in 4 msecs (HTTP/1.1 200) 4 headers in 158 bytes (1 switches on core 0)
May 15 19:12:59.927787 np0000000882 devstack@g-api.service[98676]: DEBUG glance.api.middleware.version_negotiation [None req-7b04f69b-a19e-4eb4-8d25-aa5f96dd587b tempest-VolumesActionsTest-1303841109 tempest-VolumesActionsTest-1303841109-project-member] Determining version of request: DELETE /v2/images/280a7fea-a51e-48dd-878c-8cb50f92bd1d Accept: application/json {{(pid=98676) process_request /opt/stack/glance/glance/api/middleware/version_negotiation.py:44}}
May 15 19:12:59.928118 np0000000882 devstack@g-api.service[98676]: DEBUG glance.api.middleware.version_negotiation [None req-7b04f69b-a19e-4eb4-8d25-aa5f96dd587b tempest-VolumesActionsTest-1303841109 tempest-VolumesActionsTest-1303841109-project-member] Using url versioning {{(pid=98676) process_request /opt/stack/glance/glance/api/middleware/version_negotiation.py:57}}
May 15 19:12:59.928313 np0000000882 devstack@g-api.service[98676]: DEBUG glance.api.middleware.version_negotiation [None req-7b04f69b-a19e-4eb4-8d25-aa5f96dd587b tempest-VolumesActionsTest-1303841109 tempest-VolumesActionsTest-1303841109-project-member] Matched version: v2 {{(pid=98676) process_request /opt/stack/glance/glance/api/middleware/version_negotiation.py:69}}
May 15 19:12:59.928467 np0000000882 devstack@g-api.service[98676]: DEBUG glance.api.middleware.version_negotiation [None req-7b04f69b-a19e-4eb4-8d25-aa5f96dd587b tempest-VolumesActionsTest-1303841109 tempest-VolumesActionsTest-1303841109-project-member] new path /v2/images/280a7fea-a51e-48dd-878c-8cb50f92bd1d {{(pid=98676) process_request /opt/stack/glance/glance/api/middleware/version_negotiation.py:70}}
May 15 19:12:59.937600 np0000000882 devstack@g-api.service[98676]: WARNING glance.api.v2.images [None req-784adfc5-0738-4ad1-b15b-f3782afb74b2 tempest-VolumesActionsTest-1303841109 tempest-VolumesActionsTest-1303841109-project-member] After upload to backend, deletion of staged image data has failed because it cannot be found at /tmp/staging//280a7fea-a51e-48dd-878c-8cb50f92bd1d
May 15 19:12:59.938237 np0000000882 devstack@g-api.service[98676]: DEBUG glance_store.backend [None req-784adfc5-0738-4ad1-b15b-f3782afb74b2 tempest-VolumesActionsTest-1303841109 tempest-VolumesActionsTest-1303841109-project-member] Attempting to import store swift {{(pid=98676) _load_store /opt/stack/data/venv/lib/python3.12/site-packages/glance_store/backend.py:215}}
May 15 19:12:59.941058 np0000000882 devstack@g-api.service[98676]: DEBUG glance_store.capabilities [None req-784adfc5-0738-4ad1-b15b-f3782afb74b2 tempest-VolumesActionsTest-1303841109 tempest-VolumesActionsTest-1303841109-project-member] Store glance_store._drivers.swift.store.SingleTenantStore doesn't support updating dynamic storage capabilities. Please overwrite 'update_capabilities' method of the store to implement updating logics if needed. {{(pid=98676) update_capabilities /opt/stack/data/venv/lib/python3.12/site-packages/glance_store/capabilities.py:91}}
May 15 19:12:59.941273 np0000000882 devstack@g-api.service[98676]: DEBUG glance_store.driver [None req-784adfc5-0738-4ad1-b15b-f3782afb74b2 tempest-VolumesActionsTest-1303841109 tempest-VolumesActionsTest-1303841109-project-member] Late loading location class glance_store._drivers.swift.store.StoreLocation {{(pid=98676) get_store_location_class /opt/stack/data/venv/lib/python3.12/site-packages/glance_store/driver.py:134}}
May 15 19:12:59.941434 np0000000882 devstack@g-api.service[98676]: DEBUG glance_store.location [None req-784adfc5-0738-4ad1-b15b-f3782afb74b2 tempest-VolumesActionsTest-1303841109 tempest-VolumesActionsTest-1303841109-project-member] Registering scheme swift+https with {'store': , 'location_class': , 'store_entry': 'swift'} {{(pid=98676) register_scheme_map /opt/stack/data/venv/lib/python3.12/site-packages/glance_store/location.py:146}}
May 15 19:12:59.941582 np0000000882 devstack@g-api.service[98676]: DEBUG glance_store.location [None req-784adfc5-0738-4ad1-b15b-f3782afb74b2 tempest-VolumesActionsTest-1303841109 tempest-VolumesActionsTest-1303841109-project-member] Registering scheme swift+https with {'store': , 'location_class': , 'store_entry': 'swift'} {{(pid=98676) register_scheme_map /opt/stack/data/venv/lib/python3.12/site-packages/glance_store/location.py:146}}
May 15 19:12:59.941725 np0000000882 devstack@g-api.service[98676]: DEBUG glance_store.location [None req-784adfc5-0738-4ad1-b15b-f3782afb74b2 tempest-VolumesActionsTest-1303841109 tempest-VolumesActionsTest-1303841109-project-member] Registering scheme swift with {'store': , 'location_class': , 'store_entry': 'swift'} {{(pid=98676) register_scheme_map /opt/stack/data/venv/lib/python3.12/site-packages/glance_store/location.py:146}}
May 15 19:12:59.941842 np0000000882 devstack@g-api.service[98676]: DEBUG glance_store.location [None req-784adfc5-0738-4ad1-b15b-f3782afb74b2 tempest-VolumesActionsTest-1303841109 tempest-VolumesActionsTest-1303841109-project-member] Registering scheme swift+https with {'store': , 'location_class': , 'store_entry': 'swift'} {{(pid=98676) register_scheme_map /opt/stack/data/venv/lib/python3.12/site-packages/glance_store/location.py:146}}
May 15 19:12:59.941919 np0000000882 devstack@g-api.service[98676]: DEBUG glance_store.location [None req-784adfc5-0738-4ad1-b15b-f3782afb74b2 tempest-VolumesActionsTest-1303841109 tempest-VolumesActionsTest-1303841109-project-member] Registering scheme swift with {'store': , 'location_class': , 'store_entry': 'swift'} {{(pid=98676) register_scheme_map /opt/stack/data/venv/lib/python3.12/site-packages/glance_store/location.py:146}}
May 15 19:12:59.942184 np0000000882 devstack@g-api.service[98676]: DEBUG glance_store.location [None req-784adfc5-0738-4ad1-b15b-f3782afb74b2 tempest-VolumesActionsTest-1303841109 tempest-VolumesActionsTest-1303841109-project-member] Registering scheme swift+http with {'store': , 'location_class': , 'store_entry': 'swift'} {{(pid=98676) register_scheme_map /opt/stack/data/venv/lib/python3.12/site-packages/glance_store/location.py:146}}
May 15 19:12:59.943614 np0000000882 devstack@g-api.service[98676]: DEBUG glance_store.location [None req-784adfc5-0738-4ad1-b15b-f3782afb74b2 tempest-VolumesActionsTest-1303841109 tempest-VolumesActionsTest-1303841109-project-member] Registering scheme swift+https with {'store': , 'location_class': , 'store_entry': 'swift'} {{(pid=98676) register_scheme_map /opt/stack/data/venv/lib/python3.12/site-packages/glance_store/location.py:146}}
May 15 19:12:59.943614 np0000000882 devstack@g-api.service[98676]: DEBUG glance_store.location [None req-784adfc5-0738-4ad1-b15b-f3782afb74b2 tempest-VolumesActionsTest-1303841109 tempest-VolumesActionsTest-1303841109-project-member] Registering scheme swift with {'store': , 'location_class': , 'store_entry': 'swift'} {{(pid=98676) register_scheme_map /opt/stack/data/venv/lib/python3.12/site-packages/glance_store/location.py:146}}
May 15 19:12:59.943614 np0000000882 devstack@g-api.service[98676]: DEBUG glance_store.location [None req-784adfc5-0738-4ad1-b15b-f3782afb74b2 tempest-VolumesActionsTest-1303841109 tempest-VolumesActionsTest-1303841109-project-member] Registering scheme swift+http with {'store': , 'location_class': , 'store_entry': 'swift'} {{(pid=98676) register_scheme_map /opt/stack/data/venv/lib/python3.12/site-packages/glance_store/location.py:146}}
May 15 19:12:59.943760 np0000000882 devstack@g-api.service[98675]: DEBUG glance.api.middleware.version_negotiation [None req-7af74208-c153-485b-835d-4f7d3aff6d21 tempest-VolumesSnapshotTestJSON-569837701 tempest-VolumesSnapshotTestJSON-569837701-project-member] Determining version of request: GET /v2/images/b3093172-180a-43e0-916a-624727cfdf7d Accept: */* {{(pid=98675) process_request /opt/stack/glance/glance/api/middleware/version_negotiation.py:44}}
May 15 19:12:59.943760 np0000000882 devstack@g-api.service[98675]: DEBUG glance.api.middleware.version_negotiation [None req-7af74208-c153-485b-835d-4f7d3aff6d21 tempest-VolumesSnapshotTestJSON-569837701 tempest-VolumesSnapshotTestJSON-569837701-project-member] Using url versioning {{(pid=98675) process_request /opt/stack/glance/glance/api/middleware/version_negotiation.py:57}}
May 15 19:12:59.943850 np0000000882 devstack@g-api.service[98676]: DEBUG glance_store.location [None req-784adfc5-0738-4ad1-b15b-f3782afb74b2 tempest-VolumesActionsTest-1303841109 tempest-VolumesActionsTest-1303841109-project-member] Registering scheme swift+config with {'store': , 'location_class': , 'store_entry': 'swift'} {{(pid=98676) register_scheme_map /opt/stack/data/venv/lib/python3.12/site-packages/glance_store/location.py:146}}
May 15 19:12:59.943909 np0000000882 devstack@g-api.service[98675]: DEBUG glance.api.middleware.version_negotiation [None req-7af74208-c153-485b-835d-4f7d3aff6d21 tempest-VolumesSnapshotTestJSON-569837701 tempest-VolumesSnapshotTestJSON-569837701-project-member] Matched version: v2 {{(pid=98675) process_request /opt/stack/glance/glance/api/middleware/version_negotiation.py:69}}
May 15 19:12:59.943909 np0000000882 devstack@g-api.service[98675]: DEBUG glance.api.middleware.version_negotiation [None req-7af74208-c153-485b-835d-4f7d3aff6d21 tempest-VolumesSnapshotTestJSON-569837701 tempest-VolumesSnapshotTestJSON-569837701-project-member] new path /v2/images/b3093172-180a-43e0-916a-624727cfdf7d {{(pid=98675) process_request /opt/stack/glance/glance/api/middleware/version_negotiation.py:70}}
May 15 19:12:59.944118 np0000000882 devstack@g-api.service[98676]: DEBUG keystoneclient.auth.identity.v3.base [None req-784adfc5-0738-4ad1-b15b-f3782afb74b2 tempest-VolumesActionsTest-1303841109 tempest-VolumesActionsTest-1303841109-project-member] Making authentication request to https://10.4.3.22/identity/v3/auth/tokens {{(pid=98676) get_auth_ref /opt/stack/data/venv/lib/python3.12/site-packages/keystoneclient/auth/identity/v3/base.py:185}}
May 15 19:12:59.955038 np0000000882 devstack@g-api.service[98675]: [pid: 98675|app: 0|req: 202/397] 127.0.0.1 () {44 vars in 1111 bytes} [Fri May 15 19:12:59 2026] GET /v2/images/b3093172-180a-43e0-916a-624727cfdf7d => generated 1044 bytes in 12 msecs (HTTP/1.1 200) 4 headers in 158 bytes (1 switches on core 0)
May 15 19:12:59.965172 np0000000882 devstack@g-api.service[98675]: DEBUG glance.api.middleware.version_negotiation [None req-7af74208-c153-485b-835d-4f7d3aff6d21 tempest-VolumesSnapshotTestJSON-569837701 tempest-VolumesSnapshotTestJSON-569837701-project-member] Determining version of request: GET /v2/schemas/image Accept: */* {{(pid=98675) process_request /opt/stack/glance/glance/api/middleware/version_negotiation.py:44}}
May 15 19:12:59.965172 np0000000882 devstack@g-api.service[98675]: DEBUG glance.api.middleware.version_negotiation [None req-7af74208-c153-485b-835d-4f7d3aff6d21 tempest-VolumesSnapshotTestJSON-569837701 tempest-VolumesSnapshotTestJSON-569837701-project-member] Using url versioning {{(pid=98675) process_request /opt/stack/glance/glance/api/middleware/version_negotiation.py:57}}
May 15 19:12:59.965172 np0000000882 devstack@g-api.service[98675]: DEBUG glance.api.middleware.version_negotiation [None req-7af74208-c153-485b-835d-4f7d3aff6d21 tempest-VolumesSnapshotTestJSON-569837701 tempest-VolumesSnapshotTestJSON-569837701-project-member] Matched version: v2 {{(pid=98675) process_request /opt/stack/glance/glance/api/middleware/version_negotiation.py:69}}
May 15 19:12:59.965172 np0000000882 devstack@g-api.service[98675]: DEBUG glance.api.middleware.version_negotiation [None req-7af74208-c153-485b-835d-4f7d3aff6d21 tempest-VolumesSnapshotTestJSON-569837701 tempest-VolumesSnapshotTestJSON-569837701-project-member] new path /v2/schemas/image {{(pid=98675) process_request /opt/stack/glance/glance/api/middleware/version_negotiation.py:70}}
May 15 19:12:59.967363 np0000000882 devstack@g-api.service[98675]: [pid: 98675|app: 0|req: 203/398] 127.0.0.1 () {44 vars in 1051 bytes} [Fri May 15 19:12:59 2026] GET /v2/schemas/image => generated 6083 bytes in 3 msecs (HTTP/1.1 200) 4 headers in 158 bytes (1 switches on core 0)
May 15 19:12:59.975114 np0000000882 devstack@g-api.service[98676]: DEBUG keystoneclient.auth.identity.v3.base [None req-784adfc5-0738-4ad1-b15b-f3782afb74b2 tempest-VolumesActionsTest-1303841109 tempest-VolumesActionsTest-1303841109-project-member] {"token": {"methods": ["password"], "user": {"domain": {"id": "default", "name": "Default"}, "id": "b94d5a88f50241e2a558693df7e491b4", "name": "glance-swift", "password_expires_at": null}, "audit_ids": ["IEyvTmtERtCFwW0lbIQtuw"], "expires_at": "2026-05-15T20:12:59.000000Z", "issued_at": "2026-05-15T19:12:59.000000Z", "project": {"domain": {"id": "default", "name": "Default"}, "id": "1679d41c84c24841adde7ddc143ba9e0", "name": "service"}, "is_domain": false, "roles": [{"id": "27fe9d86791641588560d63f086f0ae4", "name": "service"}, {"id": "9abbfd58067a442883f74649672595a6", "name": "ResellerAdmin"}], "catalog": [{"endpoints": [{"id": "fd6c33f4def84e0e9ac505940feb9c0a", "interface": "public", "region_id": "RegionOne", "url": "https://10.4.3.22/volume/v3", "region": "RegionOne"}], "id": "28bd01bc91e140138a8056b56c319009", "type": "block-storage", "name": "cinder"}, {"endpoints": [{"id": "6aadfd8a38e7475d8157319932a21600", "interface": "public", "region_id": "RegionOne", "url": "https://10.4.3.22/identity", "region": "RegionOne"}], "id": "544182f68f4a4a2baa76e0133494210b", "type": "identity", "name": "keystone"}, {"endpoints": [{"id": "c854e9ce0e474893a984b6a655adca91", "interface": "public", "region_id": "RegionOne", "url": "https://10.4.3.22/networking", "region": "RegionOne"}], "id": "54cb42eb4e214206911f136db1e67197", "type": "network", "name": "neutron"}, {"endpoints": [{"id": "f67329451738441ea6603f3d54a77166", "interface": "public", "region_id": "RegionOne", "url": "https://10.4.3.22/image", "region": "RegionOne"}], "id": "8601b50573624f7d8c9e121c5a18e228", "type": "image", "name": "glance"}, {"endpoints": [{"id": "4c78e8ba6b1b457598f2fd7568a573e2", "interface": "admin", "region_id": "RegionOne", "url": "https://10.4.3.22:8080", "region": "RegionOne"}, {"id": "b350a0cdf2914054a8fa7cf578c5ff9b", "interface": "public", "region_id": "RegionOne", "url": "https://10.4.3.22:8080/v1/AUTH_1679d41c84c24841adde7ddc143ba9e0", "region": "RegionOne"}], "id": "a2e57fd5326f40588a3e2b9df7e82d52", "type": "object-store", "name": "swift"}, {"endpoints": [{"id": "6d7fce74f2584b238707867814e5996a", "interface": "public", "region_id": "RegionOne", "url": "https://10.4.3.22/compute/v2.1", "region": "RegionOne"}], "id": "b48c94078dcb497787a4a2d35c4f1688", "type": "compute", "name": "nova"}, {"endpoints": [{"id": "2d9443895eda47cea1f157c668d89610", "interface": "public", "region_id": "RegionOne", "url": "https://10.4.3.22/placement", "region": "RegionOne"}], "id": "d04c9a014cc04f06a3e9c2a16c898834", "type": "placement", "name": "placement"}, {"endpoints": [{"id": "25c127ea1a344df295886607659e5bf5", "interface": "public", "region_id": "RegionOne", "url": "https://10.4.3.22/compute/v2/1679d41c84c24841adde7ddc143ba9e0", "region": "RegionOne"}], "id": "f77316bc596f47ab8328848706a0467f", "type": "compute_legacy", "name": "nova_legacy"}]}} {{(pid=98676) get_auth_ref /opt/stack/data/venv/lib/python3.12/site-packages/keystoneclient/auth/identity/v3/base.py:190}}
May 15 19:12:59.975544 np0000000882 devstack@g-api.service[98676]: DEBUG keystoneclient.httpclient [None req-784adfc5-0738-4ad1-b15b-f3782afb74b2 tempest-VolumesActionsTest-1303841109 tempest-VolumesActionsTest-1303841109-project-member] Failed to find endpoint for management url admin endpoint for identity service not found {{(pid=98676) _process_management_url /opt/stack/data/venv/lib/python3.12/site-packages/keystoneclient/httpclient.py:670}}
May 15 19:13:00.024824 np0000000882 devstack@g-api.service[98676]: DEBUG swiftclient [None req-784adfc5-0738-4ad1-b15b-f3782afb74b2 tempest-VolumesActionsTest-1303841109 tempest-VolumesActionsTest-1303841109-project-member] REQ: curl -i https://10.4.3.22:8080/v1/AUTH_1679d41c84c24841adde7ddc143ba9e0/glance/280a7fea-a51e-48dd-878c-8cb50f92bd1d -I -H "X-Auth-Token: gAAAAABqB3A72LTv..." {{(pid=98676) http_log /opt/stack/data/venv/lib/python3.12/site-packages/swiftclient/client.py:160}}
May 15 19:13:00.024970 np0000000882 devstack@g-api.service[98676]: DEBUG swiftclient [None req-784adfc5-0738-4ad1-b15b-f3782afb74b2 tempest-VolumesActionsTest-1303841109 tempest-VolumesActionsTest-1303841109-project-member] RESP STATUS: 200 OK {{(pid=98676) http_log /opt/stack/data/venv/lib/python3.12/site-packages/swiftclient/client.py:161}}
May 15 19:13:00.025241 np0000000882 devstack@g-api.service[98676]: DEBUG swiftclient [None req-784adfc5-0738-4ad1-b15b-f3782afb74b2 tempest-VolumesActionsTest-1303841109 tempest-VolumesActionsTest-1303841109-project-member] RESP HEADERS: {'Date': 'Fri, 15 May 2026 19:13:00 GMT', 'Server': 'Apache/2.4.58 (Ubuntu)', 'Content-Type': 'application/octet-stream', 'Content-Length': '1073741824', 'X-Object-Manifest': 'glance/280a7fea-a51e-48dd-878c-8cb50f92bd1d-', 'Last-Modified': 'Fri, 15 May 2026 19:12:52 GMT', 'X-Timestamp': '1778872371.34235', 'Accept-Ranges': 'bytes', 'Etag': '"e2b666a07d254dcd948713f72f2c28d8"', 'X-Trans-Id': 'tx94b0145a8f0040849d957-006a07703b', 'X-Openstack-Request-Id': 'tx94b0145a8f0040849d957-006a07703b', 'Connection': 'close'} {{(pid=98676) http_log /opt/stack/data/venv/lib/python3.12/site-packages/swiftclient/client.py:162}}
May 15 19:13:00.051071 np0000000882 devstack@g-api.service[98676]: DEBUG swiftclient [None req-784adfc5-0738-4ad1-b15b-f3782afb74b2 tempest-VolumesActionsTest-1303841109 tempest-VolumesActionsTest-1303841109-project-member] REQ: curl -i https://10.4.3.22:8080/v1/AUTH_1679d41c84c24841adde7ddc143ba9e0/glance?format=json&prefix=280a7fea-a51e-48dd-878c-8cb50f92bd1d- -X GET -H "X-Auth-Token: gAAAAABqB3A72LTv..." -H "Accept-Encoding: gzip" {{(pid=98676) http_log /opt/stack/data/venv/lib/python3.12/site-packages/swiftclient/client.py:160}}
May 15 19:13:00.051688 np0000000882 devstack@g-api.service[98676]: DEBUG swiftclient [None req-784adfc5-0738-4ad1-b15b-f3782afb74b2 tempest-VolumesActionsTest-1303841109 tempest-VolumesActionsTest-1303841109-project-member] RESP STATUS: 200 OK {{(pid=98676) http_log /opt/stack/data/venv/lib/python3.12/site-packages/swiftclient/client.py:161}}
May 15 19:13:00.051688 np0000000882 devstack@g-api.service[98676]: DEBUG swiftclient [None req-784adfc5-0738-4ad1-b15b-f3782afb74b2 tempest-VolumesActionsTest-1303841109 tempest-VolumesActionsTest-1303841109-project-member] RESP HEADERS: {'Date': 'Fri, 15 May 2026 19:13:00 GMT', 'Server': 'Apache/2.4.58 (Ubuntu)', 'Content-Type': 'application/json; charset=utf-8', 'Content-Length': '1265', 'X-Container-Object-Count': '10', 'X-Container-Bytes-Used': '1138098176', 'X-Timestamp': '1778871751.89761', 'Last-Modified': 'Fri, 15 May 2026 19:02:32 GMT', 'Accept-Ranges': 'bytes', 'X-Storage-Policy': 'Policy-0', 'X-Container-Sharding': 'False', 'X-Trans-Id': 'txb221cc2997d54162be5a2-006a07703c', 'X-Openstack-Request-Id': 'txb221cc2997d54162be5a2-006a07703c', 'Connection': 'close'} {{(pid=98676) http_log /opt/stack/data/venv/lib/python3.12/site-packages/swiftclient/client.py:162}}
May 15 19:13:00.051688 np0000000882 devstack@g-api.service[98676]: DEBUG swiftclient [None req-784adfc5-0738-4ad1-b15b-f3782afb74b2 tempest-VolumesActionsTest-1303841109 tempest-VolumesActionsTest-1303841109-project-member] RESP BODY: b'[{"bytes": 204800000, "hash": "eda9a9889837ac4bc81d6387d92c1bec", "name": "280a7fea-a51e-48dd-878c-8cb50f92bd1d-00001", "content_type": "application/octet-stream", "last_modified": "2026-05-15T19:12:40.812880"}, {"bytes": 204800000, "hash": "eda9a9889837ac4bc81d6387d92c1bec", "name": "280a7fea-a51e-48dd-878c-8cb50f92bd1d-00002", "content_type": "application/octet-stream", "last_modified": "2026-05-15T19:12:42.626900"}, {"bytes": 204800000, "hash": "eda9a9889837ac4bc81d6387d92c1bec", "name": "280a7fea-a51e-48dd-878c-8cb50f92bd1d-00003", "content_type": "application/octet-stream", "last_modified": "2026-05-15T19:12:44.774640"}, {"bytes": 204800000, "hash": "eda9a9889837ac4bc81d6387d92c1bec", "name": "280a7fea-a51e-48dd-878c-8cb50f92bd1d-00004", "content_type": "application/octet-stream", "last_modified": "2026-05-15T19:12:46.958520"}, {"bytes": 204800000, "hash": "eda9a9889837ac4bc81d6387d92c1bec", "name": "280a7fea-a51e-48dd-878c-8cb50f92bd1d-00005", "content_type": "application/octet-stream", "last_modified": "2026-05-15T19:12:48.892900"}, {"bytes": 49741824, "hash": "708761f3b8777ec77058e63da08eeeb6", "name": "280a7fea-a51e-48dd-878c-8cb50f92bd1d-00006", "content_type": "application/octet-stream", "last_modified": "2026-05-15T19:12:50.857390"}]' {{(pid=98676) http_log /opt/stack/data/venv/lib/python3.12/site-packages/swiftclient/client.py:166}}
May 15 19:13:00.074842 np0000000882 devstack@g-api.service[98676]: DEBUG swiftclient [None req-784adfc5-0738-4ad1-b15b-f3782afb74b2 tempest-VolumesActionsTest-1303841109 tempest-VolumesActionsTest-1303841109-project-member] REQ: curl -i https://10.4.3.22:8080/v1/AUTH_1679d41c84c24841adde7ddc143ba9e0/glance/280a7fea-a51e-48dd-878c-8cb50f92bd1d-00001 DELETE -H "X-Auth-Token: gAAAAABqB3A72LTv..." {{(pid=98676) http_log /opt/stack/data/venv/lib/python3.12/site-packages/swiftclient/client.py:160}}
May 15 19:13:00.075019 np0000000882 devstack@g-api.service[98676]: DEBUG swiftclient [None req-784adfc5-0738-4ad1-b15b-f3782afb74b2 tempest-VolumesActionsTest-1303841109 tempest-VolumesActionsTest-1303841109-project-member] RESP STATUS: 204 No Content {{(pid=98676) http_log /opt/stack/data/venv/lib/python3.12/site-packages/swiftclient/client.py:161}}
May 15 19:13:00.075195 np0000000882 devstack@g-api.service[98676]: DEBUG swiftclient [None req-784adfc5-0738-4ad1-b15b-f3782afb74b2 tempest-VolumesActionsTest-1303841109 tempest-VolumesActionsTest-1303841109-project-member] RESP HEADERS: {'Date': 'Fri, 15 May 2026 19:13:00 GMT', 'Server': 'Apache/2.4.58 (Ubuntu)', 'Content-Type': 'text/html; charset=UTF-8', 'X-Trans-Id': 'txf4b488f447ea4618afbe1-006a07703c', 'X-Openstack-Request-Id': 'txf4b488f447ea4618afbe1-006a07703c', 'Connection': 'close'} {{(pid=98676) http_log /opt/stack/data/venv/lib/python3.12/site-packages/swiftclient/client.py:162}}
May 15 19:13:00.098354 np0000000882 devstack@g-api.service[98676]: DEBUG swiftclient [None req-784adfc5-0738-4ad1-b15b-f3782afb74b2 tempest-VolumesActionsTest-1303841109 tempest-VolumesActionsTest-1303841109-project-member] REQ: curl -i https://10.4.3.22:8080/v1/AUTH_1679d41c84c24841adde7ddc143ba9e0/glance/280a7fea-a51e-48dd-878c-8cb50f92bd1d-00002 DELETE -H "X-Auth-Token: gAAAAABqB3A72LTv..." {{(pid=98676) http_log /opt/stack/data/venv/lib/python3.12/site-packages/swiftclient/client.py:160}}
May 15 19:13:00.100740 np0000000882 devstack@g-api.service[98676]: DEBUG swiftclient [None req-784adfc5-0738-4ad1-b15b-f3782afb74b2 tempest-VolumesActionsTest-1303841109 tempest-VolumesActionsTest-1303841109-project-member] RESP STATUS: 204 No Content {{(pid=98676) http_log /opt/stack/data/venv/lib/python3.12/site-packages/swiftclient/client.py:161}}
May 15 19:13:00.101067 np0000000882 devstack@g-api.service[98676]: DEBUG swiftclient [None req-784adfc5-0738-4ad1-b15b-f3782afb74b2 tempest-VolumesActionsTest-1303841109 tempest-VolumesActionsTest-1303841109-project-member] RESP HEADERS: {'Date': 'Fri, 15 May 2026 19:13:00 GMT', 'Server': 'Apache/2.4.58 (Ubuntu)', 'Content-Type': 'text/html; charset=UTF-8', 'X-Trans-Id': 'tx173ee0a89cfe4fe2903c7-006a07703c', 'X-Openstack-Request-Id': 'tx173ee0a89cfe4fe2903c7-006a07703c', 'Connection': 'close'} {{(pid=98676) http_log /opt/stack/data/venv/lib/python3.12/site-packages/swiftclient/client.py:162}}
May 15 19:13:00.124376 np0000000882 devstack@g-api.service[98676]: DEBUG swiftclient [None req-784adfc5-0738-4ad1-b15b-f3782afb74b2 tempest-VolumesActionsTest-1303841109 tempest-VolumesActionsTest-1303841109-project-member] REQ: curl -i https://10.4.3.22:8080/v1/AUTH_1679d41c84c24841adde7ddc143ba9e0/glance/280a7fea-a51e-48dd-878c-8cb50f92bd1d-00003 DELETE -H "X-Auth-Token: gAAAAABqB3A72LTv..." {{(pid=98676) http_log /opt/stack/data/venv/lib/python3.12/site-packages/swiftclient/client.py:160}}
May 15 19:13:00.124508 np0000000882 devstack@g-api.service[98676]: DEBUG swiftclient [None req-784adfc5-0738-4ad1-b15b-f3782afb74b2 tempest-VolumesActionsTest-1303841109 tempest-VolumesActionsTest-1303841109-project-member] RESP STATUS: 204 No Content {{(pid=98676) http_log /opt/stack/data/venv/lib/python3.12/site-packages/swiftclient/client.py:161}}
May 15 19:13:00.124659 np0000000882 devstack@g-api.service[98676]: DEBUG swiftclient [None req-784adfc5-0738-4ad1-b15b-f3782afb74b2 tempest-VolumesActionsTest-1303841109 tempest-VolumesActionsTest-1303841109-project-member] RESP HEADERS: {'Date': 'Fri, 15 May 2026 19:13:00 GMT', 'Server': 'Apache/2.4.58 (Ubuntu)', 'Content-Type': 'text/html; charset=UTF-8', 'X-Trans-Id': 'tx74adfc62ea4749a1b0b76-006a07703c', 'X-Openstack-Request-Id': 'tx74adfc62ea4749a1b0b76-006a07703c', 'Connection': 'close'} {{(pid=98676) http_log /opt/stack/data/venv/lib/python3.12/site-packages/swiftclient/client.py:162}}
May 15 19:13:00.157144 np0000000882 devstack@g-api.service[98676]: DEBUG swiftclient [None req-784adfc5-0738-4ad1-b15b-f3782afb74b2 tempest-VolumesActionsTest-1303841109 tempest-VolumesActionsTest-1303841109-project-member] REQ: curl -i https://10.4.3.22:8080/v1/AUTH_1679d41c84c24841adde7ddc143ba9e0/glance/280a7fea-a51e-48dd-878c-8cb50f92bd1d-00004 DELETE -H "X-Auth-Token: gAAAAABqB3A72LTv..." {{(pid=98676) http_log /opt/stack/data/venv/lib/python3.12/site-packages/swiftclient/client.py:160}}
May 15 19:13:00.157262 np0000000882 devstack@g-api.service[98676]: DEBUG swiftclient [None req-784adfc5-0738-4ad1-b15b-f3782afb74b2 tempest-VolumesActionsTest-1303841109 tempest-VolumesActionsTest-1303841109-project-member] RESP STATUS: 204 No Content {{(pid=98676) http_log /opt/stack/data/venv/lib/python3.12/site-packages/swiftclient/client.py:161}}
May 15 19:13:00.157423 np0000000882 devstack@g-api.service[98676]: DEBUG swiftclient [None req-784adfc5-0738-4ad1-b15b-f3782afb74b2 tempest-VolumesActionsTest-1303841109 tempest-VolumesActionsTest-1303841109-project-member] RESP HEADERS: {'Date': 'Fri, 15 May 2026 19:13:00 GMT', 'Server': 'Apache/2.4.58 (Ubuntu)', 'Content-Type': 'text/html; charset=UTF-8', 'X-Trans-Id': 'tx53bbca157a6f49df8f40f-006a07703c', 'X-Openstack-Request-Id': 'tx53bbca157a6f49df8f40f-006a07703c', 'Connection': 'close'} {{(pid=98676) http_log /opt/stack/data/venv/lib/python3.12/site-packages/swiftclient/client.py:162}}
May 15 19:13:00.186963 np0000000882 devstack@g-api.service[98676]: DEBUG swiftclient [None req-784adfc5-0738-4ad1-b15b-f3782afb74b2 tempest-VolumesActionsTest-1303841109 tempest-VolumesActionsTest-1303841109-project-member] REQ: curl -i https://10.4.3.22:8080/v1/AUTH_1679d41c84c24841adde7ddc143ba9e0/glance/280a7fea-a51e-48dd-878c-8cb50f92bd1d-00005 DELETE -H "X-Auth-Token: gAAAAABqB3A72LTv..." {{(pid=98676) http_log /opt/stack/data/venv/lib/python3.12/site-packages/swiftclient/client.py:160}}
May 15 19:13:00.186963 np0000000882 devstack@g-api.service[98676]: DEBUG swiftclient [None req-784adfc5-0738-4ad1-b15b-f3782afb74b2 tempest-VolumesActionsTest-1303841109 tempest-VolumesActionsTest-1303841109-project-member] RESP STATUS: 204 No Content {{(pid=98676) http_log /opt/stack/data/venv/lib/python3.12/site-packages/swiftclient/client.py:161}}
May 15 19:13:00.186963 np0000000882 devstack@g-api.service[98676]: DEBUG swiftclient [None req-784adfc5-0738-4ad1-b15b-f3782afb74b2 tempest-VolumesActionsTest-1303841109 tempest-VolumesActionsTest-1303841109-project-member] RESP HEADERS: {'Date': 'Fri, 15 May 2026 19:13:00 GMT', 'Server': 'Apache/2.4.58 (Ubuntu)', 'Content-Type': 'text/html; charset=UTF-8', 'X-Trans-Id': 'tx62842a364c8c4d8284b95-006a07703c', 'X-Openstack-Request-Id': 'tx62842a364c8c4d8284b95-006a07703c', 'Connection': 'close'} {{(pid=98676) http_log /opt/stack/data/venv/lib/python3.12/site-packages/swiftclient/client.py:162}}
May 15 19:13:00.213400 np0000000882 devstack@g-api.service[98676]: DEBUG swiftclient [None req-784adfc5-0738-4ad1-b15b-f3782afb74b2 tempest-VolumesActionsTest-1303841109 tempest-VolumesActionsTest-1303841109-project-member] REQ: curl -i https://10.4.3.22:8080/v1/AUTH_1679d41c84c24841adde7ddc143ba9e0/glance/280a7fea-a51e-48dd-878c-8cb50f92bd1d-00006 DELETE -H "X-Auth-Token: gAAAAABqB3A72LTv..." {{(pid=98676) http_log /opt/stack/data/venv/lib/python3.12/site-packages/swiftclient/client.py:160}}
May 15 19:13:00.213493 np0000000882 devstack@g-api.service[98676]: DEBUG swiftclient [None req-784adfc5-0738-4ad1-b15b-f3782afb74b2 tempest-VolumesActionsTest-1303841109 tempest-VolumesActionsTest-1303841109-project-member] RESP STATUS: 204 No Content {{(pid=98676) http_log /opt/stack/data/venv/lib/python3.12/site-packages/swiftclient/client.py:161}}
May 15 19:13:00.213636 np0000000882 devstack@g-api.service[98676]: DEBUG swiftclient [None req-784adfc5-0738-4ad1-b15b-f3782afb74b2 tempest-VolumesActionsTest-1303841109 tempest-VolumesActionsTest-1303841109-project-member] RESP HEADERS: {'Date': 'Fri, 15 May 2026 19:13:00 GMT', 'Server': 'Apache/2.4.58 (Ubuntu)', 'Content-Type': 'text/html; charset=UTF-8', 'X-Trans-Id': 'txbe4e9bc4c57142b1b0504-006a07703c', 'X-Openstack-Request-Id': 'txbe4e9bc4c57142b1b0504-006a07703c', 'Connection': 'close'} {{(pid=98676) http_log /opt/stack/data/venv/lib/python3.12/site-packages/swiftclient/client.py:162}}
May 15 19:13:00.241403 np0000000882 devstack@g-api.service[98676]: DEBUG swiftclient [None req-784adfc5-0738-4ad1-b15b-f3782afb74b2 tempest-VolumesActionsTest-1303841109 tempest-VolumesActionsTest-1303841109-project-member] REQ: curl -i https://10.4.3.22:8080/v1/AUTH_1679d41c84c24841adde7ddc143ba9e0/glance/280a7fea-a51e-48dd-878c-8cb50f92bd1d DELETE -H "X-Auth-Token: gAAAAABqB3A72LTv..." {{(pid=98676) http_log /opt/stack/data/venv/lib/python3.12/site-packages/swiftclient/client.py:160}}
May 15 19:13:00.241403 np0000000882 devstack@g-api.service[98676]: DEBUG swiftclient [None req-784adfc5-0738-4ad1-b15b-f3782afb74b2 tempest-VolumesActionsTest-1303841109 tempest-VolumesActionsTest-1303841109-project-member] RESP STATUS: 204 No Content {{(pid=98676) http_log /opt/stack/data/venv/lib/python3.12/site-packages/swiftclient/client.py:161}}
May 15 19:13:00.241600 np0000000882 devstack@g-api.service[98676]: DEBUG swiftclient [None req-784adfc5-0738-4ad1-b15b-f3782afb74b2 tempest-VolumesActionsTest-1303841109 tempest-VolumesActionsTest-1303841109-project-member] RESP HEADERS: {'Date': 'Fri, 15 May 2026 19:13:00 GMT', 'Server': 'Apache/2.4.58 (Ubuntu)', 'Content-Type': 'text/html; charset=UTF-8', 'X-Trans-Id': 'txb982080c8b6a4a2a9bc85-006a07703c', 'X-Openstack-Request-Id': 'txb982080c8b6a4a2a9bc85-006a07703c', 'Connection': 'close'} {{(pid=98676) http_log /opt/stack/data/venv/lib/python3.12/site-packages/swiftclient/client.py:162}}
May 15 19:13:00.271830 np0000000882 devstack@g-api.service[98676]: [pid: 98676|app: 0|req: 196/399] 127.0.0.1 () {40 vars in 837 bytes} [Fri May 15 19:12:59 2026] DELETE /v2/images/280a7fea-a51e-48dd-878c-8cb50f92bd1d => generated 0 bytes in 344 msecs (HTTP/1.1 204) 4 headers in 171 bytes (1 switches on core 0)
May 15 19:13:00.308865 np0000000882 devstack@g-api.service[98675]: DEBUG glance.api.middleware.version_negotiation [None req-7af74208-c153-485b-835d-4f7d3aff6d21 tempest-VolumesSnapshotTestJSON-569837701 tempest-VolumesSnapshotTestJSON-569837701-project-member] Determining version of request: GET /versions Accept: */* {{(pid=98675) process_request /opt/stack/glance/glance/api/middleware/version_negotiation.py:44}}
May 15 19:13:00.308865 np0000000882 devstack@g-api.service[98675]: [pid: 98675|app: 0|req: 204/400] 127.0.0.1 () {44 vars in 1035 bytes} [Fri May 15 19:13:00 2026] GET /versions => generated 1394 bytes in 1 msecs (HTTP/1.1 200) 3 headers in 92 bytes (1 switches on core 0)
May 15 19:13:00.316117 np0000000882 devstack@g-api.service[98676]: DEBUG glance.api.middleware.version_negotiation [None req-784adfc5-0738-4ad1-b15b-f3782afb74b2 tempest-VolumesActionsTest-1303841109 tempest-VolumesActionsTest-1303841109-project-member] Determining version of request: GET /v2/images/b3093172-180a-43e0-916a-624727cfdf7d/locations Accept: */* {{(pid=98676) process_request /opt/stack/glance/glance/api/middleware/version_negotiation.py:44}}
May 15 19:13:00.316212 np0000000882 devstack@g-api.service[98676]: DEBUG glance.api.middleware.version_negotiation [None req-784adfc5-0738-4ad1-b15b-f3782afb74b2 tempest-VolumesActionsTest-1303841109 tempest-VolumesActionsTest-1303841109-project-member] Using url versioning {{(pid=98676) process_request /opt/stack/glance/glance/api/middleware/version_negotiation.py:57}}
May 15 19:13:00.316381 np0000000882 devstack@g-api.service[98676]: DEBUG glance.api.middleware.version_negotiation [None req-784adfc5-0738-4ad1-b15b-f3782afb74b2 tempest-VolumesActionsTest-1303841109 tempest-VolumesActionsTest-1303841109-project-member] Matched version: v2 {{(pid=98676) process_request /opt/stack/glance/glance/api/middleware/version_negotiation.py:69}}
May 15 19:13:00.316501 np0000000882 devstack@g-api.service[98676]: DEBUG glance.api.middleware.version_negotiation [None req-784adfc5-0738-4ad1-b15b-f3782afb74b2 tempest-VolumesActionsTest-1303841109 tempest-VolumesActionsTest-1303841109-project-member] new path /v2/images/b3093172-180a-43e0-916a-624727cfdf7d/locations {{(pid=98676) process_request /opt/stack/glance/glance/api/middleware/version_negotiation.py:70}}
May 15 19:13:00.384342 np0000000882 devstack@g-api.service[98676]: [pid: 98676|app: 0|req: 197/401] 127.0.0.1 () {44 vars in 1131 bytes} [Fri May 15 19:13:00 2026] GET /v2/images/b3093172-180a-43e0-916a-624727cfdf7d/locations => generated 92 bytes in 68 msecs (HTTP/1.1 200) 4 headers in 156 bytes (1 switches on core 0)
May 15 19:13:00.393516 np0000000882 devstack@g-api.service[98675]: DEBUG glance.api.middleware.version_negotiation [None req-7af74208-c153-485b-835d-4f7d3aff6d21 tempest-VolumesSnapshotTestJSON-569837701 tempest-VolumesSnapshotTestJSON-569837701-project-member] Determining version of request: GET /v2/images/b3093172-180a-43e0-916a-624727cfdf7d Accept: */* {{(pid=98675) process_request /opt/stack/glance/glance/api/middleware/version_negotiation.py:44}}
May 15 19:13:00.393516 np0000000882 devstack@g-api.service[98675]: DEBUG glance.api.middleware.version_negotiation [None req-7af74208-c153-485b-835d-4f7d3aff6d21 tempest-VolumesSnapshotTestJSON-569837701 tempest-VolumesSnapshotTestJSON-569837701-project-member] Using url versioning {{(pid=98675) process_request /opt/stack/glance/glance/api/middleware/version_negotiation.py:57}}
May 15 19:13:00.393516 np0000000882 devstack@g-api.service[98675]: DEBUG glance.api.middleware.version_negotiation [None req-7af74208-c153-485b-835d-4f7d3aff6d21 tempest-VolumesSnapshotTestJSON-569837701 tempest-VolumesSnapshotTestJSON-569837701-project-member] Matched version: v2 {{(pid=98675) process_request /opt/stack/glance/glance/api/middleware/version_negotiation.py:69}}
May 15 19:13:00.393516 np0000000882 devstack@g-api.service[98675]: DEBUG glance.api.middleware.version_negotiation [None req-7af74208-c153-485b-835d-4f7d3aff6d21 tempest-VolumesSnapshotTestJSON-569837701 tempest-VolumesSnapshotTestJSON-569837701-project-member] new path /v2/images/b3093172-180a-43e0-916a-624727cfdf7d {{(pid=98675) process_request /opt/stack/glance/glance/api/middleware/version_negotiation.py:70}}
May 15 19:13:00.406458 np0000000882 devstack@g-api.service[98675]: [pid: 98675|app: 0|req: 205/402] 127.0.0.1 () {44 vars in 1111 bytes} [Fri May 15 19:13:00 2026] GET /v2/images/b3093172-180a-43e0-916a-624727cfdf7d => generated 1044 bytes in 14 msecs (HTTP/1.1 200) 4 headers in 158 bytes (1 switches on core 0)
May 15 19:13:00.416476 np0000000882 devstack@g-api.service[98676]: DEBUG glance.api.middleware.version_negotiation [None req-7af74208-c153-485b-835d-4f7d3aff6d21 service glance] Determining version of request: GET /v2/schemas/image Accept: */* {{(pid=98676) process_request /opt/stack/glance/glance/api/middleware/version_negotiation.py:44}}
May 15 19:13:00.416681 np0000000882 devstack@g-api.service[98676]: DEBUG glance.api.middleware.version_negotiation [None req-7af74208-c153-485b-835d-4f7d3aff6d21 service glance] Using url versioning {{(pid=98676) process_request /opt/stack/glance/glance/api/middleware/version_negotiation.py:57}}
May 15 19:13:00.416849 np0000000882 devstack@g-api.service[98676]: DEBUG glance.api.middleware.version_negotiation [None req-7af74208-c153-485b-835d-4f7d3aff6d21 service glance] Matched version: v2 {{(pid=98676) process_request /opt/stack/glance/glance/api/middleware/version_negotiation.py:69}}
May 15 19:13:00.416961 np0000000882 devstack@g-api.service[98676]: DEBUG glance.api.middleware.version_negotiation [None req-7af74208-c153-485b-835d-4f7d3aff6d21 service glance] new path /v2/schemas/image {{(pid=98676) process_request /opt/stack/glance/glance/api/middleware/version_negotiation.py:70}}
May 15 19:13:00.419476 np0000000882 devstack@g-api.service[98676]: [pid: 98676|app: 0|req: 198/403] 127.0.0.1 () {44 vars in 1051 bytes} [Fri May 15 19:13:00 2026] GET /v2/schemas/image => generated 6083 bytes in 3 msecs (HTTP/1.1 200) 4 headers in 158 bytes (1 switches on core 0)
May 15 19:13:00.438751 np0000000882 devstack@g-api.service[98675]: DEBUG glance.api.middleware.version_negotiation [None req-7af74208-c153-485b-835d-4f7d3aff6d21 tempest-VolumesSnapshotTestJSON-569837701 tempest-VolumesSnapshotTestJSON-569837701-project-member] Determining version of request: GET /v2/schemas/image Accept: */* {{(pid=98675) process_request /opt/stack/glance/glance/api/middleware/version_negotiation.py:44}}
May 15 19:13:00.439442 np0000000882 devstack@g-api.service[98675]: DEBUG glance.api.middleware.version_negotiation [None req-7af74208-c153-485b-835d-4f7d3aff6d21 tempest-VolumesSnapshotTestJSON-569837701 tempest-VolumesSnapshotTestJSON-569837701-project-member] Using url versioning {{(pid=98675) process_request /opt/stack/glance/glance/api/middleware/version_negotiation.py:57}}
May 15 19:13:00.439442 np0000000882 devstack@g-api.service[98675]: DEBUG glance.api.middleware.version_negotiation [None req-7af74208-c153-485b-835d-4f7d3aff6d21 tempest-VolumesSnapshotTestJSON-569837701 tempest-VolumesSnapshotTestJSON-569837701-project-member] Matched version: v2 {{(pid=98675) process_request /opt/stack/glance/glance/api/middleware/version_negotiation.py:69}}
May 15 19:13:00.439538 np0000000882 devstack@g-api.service[98675]: DEBUG glance.api.middleware.version_negotiation [None req-7af74208-c153-485b-835d-4f7d3aff6d21 tempest-VolumesSnapshotTestJSON-569837701 tempest-VolumesSnapshotTestJSON-569837701-project-member] new path /v2/schemas/image {{(pid=98675) process_request /opt/stack/glance/glance/api/middleware/version_negotiation.py:70}}
May 15 19:13:00.441861 np0000000882 devstack@g-api.service[98675]: [pid: 98675|app: 0|req: 206/404] 127.0.0.1 () {44 vars in 1051 bytes} [Fri May 15 19:13:00 2026] GET /v2/schemas/image => generated 6083 bytes in 3 msecs (HTTP/1.1 200) 4 headers in 158 bytes (1 switches on core 0)
May 15 19:13:02.525265 np0000000882 devstack@g-api.service[98676]: DEBUG glance.api.middleware.version_negotiation [None req-7af74208-c153-485b-835d-4f7d3aff6d21 tempest-VolumesSnapshotTestJSON-569837701 tempest-VolumesSnapshotTestJSON-569837701-project-member] Determining version of request: GET /v2/images/b3093172-180a-43e0-916a-624727cfdf7d Accept: */* {{(pid=98676) process_request /opt/stack/glance/glance/api/middleware/version_negotiation.py:44}}
May 15 19:13:02.525650 np0000000882 devstack@g-api.service[98676]: DEBUG glance.api.middleware.version_negotiation [None req-7af74208-c153-485b-835d-4f7d3aff6d21 tempest-VolumesSnapshotTestJSON-569837701 tempest-VolumesSnapshotTestJSON-569837701-project-member] Using url versioning {{(pid=98676) process_request /opt/stack/glance/glance/api/middleware/version_negotiation.py:57}}
May 15 19:13:02.525650 np0000000882 devstack@g-api.service[98676]: DEBUG glance.api.middleware.version_negotiation [None req-7af74208-c153-485b-835d-4f7d3aff6d21 tempest-VolumesSnapshotTestJSON-569837701 tempest-VolumesSnapshotTestJSON-569837701-project-member] Matched version: v2 {{(pid=98676) process_request /opt/stack/glance/glance/api/middleware/version_negotiation.py:69}}
May 15 19:13:02.525788 np0000000882 devstack@g-api.service[98676]: DEBUG glance.api.middleware.version_negotiation [None req-7af74208-c153-485b-835d-4f7d3aff6d21 tempest-VolumesSnapshotTestJSON-569837701 tempest-VolumesSnapshotTestJSON-569837701-project-member] new path /v2/images/b3093172-180a-43e0-916a-624727cfdf7d {{(pid=98676) process_request /opt/stack/glance/glance/api/middleware/version_negotiation.py:70}}
May 15 19:13:02.538608 np0000000882 devstack@g-api.service[98676]: [pid: 98676|app: 0|req: 199/405] 127.0.0.1 () {44 vars in 1111 bytes} [Fri May 15 19:13:02 2026] GET /v2/images/b3093172-180a-43e0-916a-624727cfdf7d => generated 1044 bytes in 13 msecs (HTTP/1.1 200) 4 headers in 158 bytes (1 switches on core 0)
May 15 19:13:02.570546 np0000000882 devstack@g-api.service[98675]: DEBUG glance.api.middleware.version_negotiation [None req-7af74208-c153-485b-835d-4f7d3aff6d21 tempest-VolumesSnapshotTestJSON-569837701 tempest-VolumesSnapshotTestJSON-569837701-project-member] Determining version of request: GET /v2/schemas/image Accept: */* {{(pid=98675) process_request /opt/stack/glance/glance/api/middleware/version_negotiation.py:44}}
May 15 19:13:02.572049 np0000000882 devstack@g-api.service[98675]: DEBUG glance.api.middleware.version_negotiation [None req-7af74208-c153-485b-835d-4f7d3aff6d21 tempest-VolumesSnapshotTestJSON-569837701 tempest-VolumesSnapshotTestJSON-569837701-project-member] Using url versioning {{(pid=98675) process_request /opt/stack/glance/glance/api/middleware/version_negotiation.py:57}}
May 15 19:13:02.572049 np0000000882 devstack@g-api.service[98675]: DEBUG glance.api.middleware.version_negotiation [None req-7af74208-c153-485b-835d-4f7d3aff6d21 tempest-VolumesSnapshotTestJSON-569837701 tempest-VolumesSnapshotTestJSON-569837701-project-member] Matched version: v2 {{(pid=98675) process_request /opt/stack/glance/glance/api/middleware/version_negotiation.py:69}}
May 15 19:13:02.572049 np0000000882 devstack@g-api.service[98675]: DEBUG glance.api.middleware.version_negotiation [None req-7af74208-c153-485b-835d-4f7d3aff6d21 tempest-VolumesSnapshotTestJSON-569837701 tempest-VolumesSnapshotTestJSON-569837701-project-member] new path /v2/schemas/image {{(pid=98675) process_request /opt/stack/glance/glance/api/middleware/version_negotiation.py:70}}
May 15 19:13:02.574669 np0000000882 devstack@g-api.service[98675]: [pid: 98675|app: 0|req: 207/406] 127.0.0.1 () {44 vars in 1051 bytes} [Fri May 15 19:13:02 2026] GET /v2/schemas/image => generated 6083 bytes in 4 msecs (HTTP/1.1 200) 4 headers in 158 bytes (1 switches on core 0)
May 15 19:13:04.340570 np0000000882 devstack@g-api.service[98676]: DEBUG glance.api.middleware.version_negotiation [None req-bda9b8b5-78af-443f-a95f-a669fe3e9191 tempest-VolumesSnapshotTestJSON-569837701 tempest-VolumesSnapshotTestJSON-569837701-project-member] Determining version of request: GET /v2/images/b3093172-180a-43e0-916a-624727cfdf7d Accept: application/json {{(pid=98676) process_request /opt/stack/glance/glance/api/middleware/version_negotiation.py:44}}
May 15 19:13:04.340570 np0000000882 devstack@g-api.service[98676]: DEBUG glance.api.middleware.version_negotiation [None req-bda9b8b5-78af-443f-a95f-a669fe3e9191 tempest-VolumesSnapshotTestJSON-569837701 tempest-VolumesSnapshotTestJSON-569837701-project-member] Using url versioning {{(pid=98676) process_request /opt/stack/glance/glance/api/middleware/version_negotiation.py:57}}
May 15 19:13:04.340570 np0000000882 devstack@g-api.service[98676]: DEBUG glance.api.middleware.version_negotiation [None req-bda9b8b5-78af-443f-a95f-a669fe3e9191 tempest-VolumesSnapshotTestJSON-569837701 tempest-VolumesSnapshotTestJSON-569837701-project-member] Matched version: v2 {{(pid=98676) process_request /opt/stack/glance/glance/api/middleware/version_negotiation.py:69}}
May 15 19:13:04.340570 np0000000882 devstack@g-api.service[98676]: DEBUG glance.api.middleware.version_negotiation [None req-bda9b8b5-78af-443f-a95f-a669fe3e9191 tempest-VolumesSnapshotTestJSON-569837701 tempest-VolumesSnapshotTestJSON-569837701-project-member] new path /v2/images/b3093172-180a-43e0-916a-624727cfdf7d {{(pid=98676) process_request /opt/stack/glance/glance/api/middleware/version_negotiation.py:70}}
May 15 19:13:04.447838 np0000000882 devstack@g-api.service[98676]: [pid: 98676|app: 0|req: 200/407] 127.0.0.1 () {40 vars in 834 bytes} [Fri May 15 19:13:04 2026] GET /v2/images/b3093172-180a-43e0-916a-624727cfdf7d => generated 1044 bytes in 108 msecs (HTTP/1.1 200) 4 headers in 158 bytes (1 switches on core 0)
May 15 19:13:04.463111 np0000000882 devstack@g-api.service[98675]: DEBUG glance.api.middleware.version_negotiation [None req-bda9b8b5-78af-443f-a95f-a669fe3e9191 tempest-VolumesSnapshotTestJSON-569837701 tempest-VolumesSnapshotTestJSON-569837701-project-member] Determining version of request: GET /v2/images/b3093172-180a-43e0-916a-624727cfdf7d Accept: */* {{(pid=98675) process_request /opt/stack/glance/glance/api/middleware/version_negotiation.py:44}}
May 15 19:13:04.463470 np0000000882 devstack@g-api.service[98675]: DEBUG glance.api.middleware.version_negotiation [None req-bda9b8b5-78af-443f-a95f-a669fe3e9191 tempest-VolumesSnapshotTestJSON-569837701 tempest-VolumesSnapshotTestJSON-569837701-project-member] Using url versioning {{(pid=98675) process_request /opt/stack/glance/glance/api/middleware/version_negotiation.py:57}}
May 15 19:13:04.463470 np0000000882 devstack@g-api.service[98675]: DEBUG glance.api.middleware.version_negotiation [None req-bda9b8b5-78af-443f-a95f-a669fe3e9191 tempest-VolumesSnapshotTestJSON-569837701 tempest-VolumesSnapshotTestJSON-569837701-project-member] Matched version: v2 {{(pid=98675) process_request /opt/stack/glance/glance/api/middleware/version_negotiation.py:69}}
May 15 19:13:04.463470 np0000000882 devstack@g-api.service[98675]: DEBUG glance.api.middleware.version_negotiation [None req-bda9b8b5-78af-443f-a95f-a669fe3e9191 tempest-VolumesSnapshotTestJSON-569837701 tempest-VolumesSnapshotTestJSON-569837701-project-member] new path /v2/images/b3093172-180a-43e0-916a-624727cfdf7d {{(pid=98675) process_request /opt/stack/glance/glance/api/middleware/version_negotiation.py:70}}
May 15 19:13:04.471331 np0000000882 devstack@g-api.service[98675]: [pid: 98675|app: 0|req: 208/408] 127.0.0.1 () {44 vars in 1111 bytes} [Fri May 15 19:13:04 2026] GET /v2/images/b3093172-180a-43e0-916a-624727cfdf7d => generated 1044 bytes in 8 msecs (HTTP/1.1 200) 4 headers in 158 bytes (1 switches on core 0)
