May 15 19:04:41.234383 np0000000882 devstack@neutron-api.service[86697]: DEBUG neutron.plugins.ml2.drivers.ovn.mech_driver.ovsdb.ovsdb_monitor [None req-dc5e50d0-d119-4dcb-b959-4351f2d3532b None None] Hash Ring: Node ee74945c30395d048596e04eb9d399e2 (host: np0000000882) handling event "create" for row 29f32828-75b0-4d90-a289-34e6515cc00f (table: Logical_Switch_Port) {{(pid=86697) notify /opt/stack/neutron/neutron/plugins/ml2/drivers/ovn/mech_driver/ovsdb/ovsdb_monitor.py:942}}
May 15 19:04:41.235302 np0000000882 devstack@neutron-api.service[86697]: DEBUG ovsdbapp.backend.ovs_idl.event [None req-dc5e50d0-d119-4dcb-b959-4351f2d3532b None None] Matched CREATE: LogicalSwitchPortCreateEvent(events=('create',), table='Logical_Switch_Port', conditions=[], old_conditions=None), priority=20 to row=Logical_Switch_Port(uuid=29f32828-75b0-4d90-a289-34e6515cc00f, addresses=['unknown'], dhcpv4_options=[], dhcpv6_options=[], dynamic_addresses=[], enabled=True, external_ids={'neutron:cidrs': '172.24.5.100/24 2001:db8::104/64', 'neutron:device_id': '846ed5fb-b6dd-4962-bb0c-11573169c720', 'neutron:device_owner': 'network:router_gateway', 'neutron:mtu': '', 'neutron:network_name': 'neutron-a95e7fa1-f18b-45f1-bf16-84eef2631bcb', 'neutron:port_capabilities': '', 'neutron:port_name': '', 'neutron:project_id': '', 'neutron:revision_number': '1', 'neutron:security_group_ids': '', 'neutron:subnet_pool_addr_scope4': '', 'neutron:subnet_pool_addr_scope6': '', 'neutron:vnic_type': 'normal'}, ha_chassis_group=[], mirror_rules=[], name='5cc4d06a-4577-472b-84ca-e765acc2b354', options={}, parent_name=[], port_security=[], tag=[], tag_request=[], type='', up=[]) old= {{(pid=86697) matches /opt/stack/data/venv/lib/python3.12/site-packages/ovsdbapp/backend/ovs_idl/event.py:55}}
May 15 19:04:41.240309 np0000000882 devstack@neutron-api.service[86697]: DEBUG neutron.plugins.ml2.drivers.ovn.mech_driver.ovsdb.ovsdb_monitor [None req-dc5e50d0-d119-4dcb-b959-4351f2d3532b None None] Touching Hash Ring node "ee74945c30395d048596e04eb9d399e2" from IDL notify handler {{(pid=86697) notify /opt/stack/neutron/neutron/plugins/ml2/drivers/ovn/mech_driver/ovsdb/ovsdb_monitor.py:934}}
May 15 19:04:41.258246 np0000000882 devstack@neutron-api.service[86697]: DEBUG neutron.plugins.ml2.drivers.ovn.mech_driver.ovsdb.ovsdb_monitor [None req-dc5e50d0-d119-4dcb-b959-4351f2d3532b None None] Hash Ring: Node ee74945c30395d048596e04eb9d399e2 (host: np0000000882) handling event "update" for row 29f32828-75b0-4d90-a289-34e6515cc00f (table: Logical_Switch_Port) {{(pid=86697) notify /opt/stack/neutron/neutron/plugins/ml2/drivers/ovn/mech_driver/ovsdb/ovsdb_monitor.py:942}}
May 15 19:04:41.354760 np0000000882 devstack@neutron-api.service[86696]: DEBUG ovsdbapp.backend.ovs_idl.transaction [None req-bfeca328-5485-4c6a-bc41-cb91fe79288a None None] Running txn n=1 command(idx=0): DbSetCommand(_result=None, table=Logical_Switch_Port, record=ca3aa60d-6df5-405c-afbd-d9f66698e2fa, col_values=(('external_ids', {'neutron:host_id': 'np0000000882'}),), if_exists=True) {{(pid=86696) do_commit /opt/stack/data/venv/lib/python3.12/site-packages/ovsdbapp/backend/ovs_idl/transaction.py:89}}
May 15 19:04:41.355529 np0000000882 devstack@neutron-api.service[86696]: DEBUG ovsdbapp.backend.ovs_idl.transaction [None req-bfeca328-5485-4c6a-bc41-cb91fe79288a None None] Transaction caused no change {{(pid=86696) do_commit /opt/stack/data/venv/lib/python3.12/site-packages/ovsdbapp/backend/ovs_idl/transaction.py:129}}
May 15 19:04:41.356643 np0000000882 devstack@neutron-api.service[86697]: DEBUG neutron_lib.callbacks.manager [None req-1330e7c7-141d-42ed-8685-de48b3898cae None None] Publish callbacks ['neutron.plugins.ml2.plugin.SecurityGroupDbMixin._ensure_default_security_group_handler-46842', 'neutron.services.ovn_l3.plugin.OVNL3RouterPlugin._port_update-8025725924012', 'neutron.db.l3_db.L3_NAT_dbonly_mixin._prevent_internal_ip_change_for_fip-8025727444782'] for port (32833329-a04e-4d53-8d34-ff06db519df2), before_update {{(pid=86697) _notify_loop /opt/stack/data/venv/lib/python3.12/site-packages/neutron_lib/callbacks/manager.py:184}}
May 15 19:04:41.357942 np0000000882 devstack@neutron-api.service[86696]: INFO neutron.plugins.ml2.drivers.ovn.mech_driver.mech_driver [None req-a0602de5-bd7b-4c8f-9b83-7db3f9a140cd None None] OVN reports status down for port: 5602744a-1e9b-48c2-9d89-99bf19fe8571
May 15 19:04:41.368413 np0000000882 devstack@neutron-api.service[86697]: INFO neutron.db.ovn_revision_numbers_db [None req-5e7d38e7-502f-487e-b5dc-ced9cd0b9245 admin admin] Successfully bumped revision number for resource c57c668a-6c75-40bf-b310-f912e19a90ae (type: routers) to 2
May 15 19:04:41.370624 np0000000882 devstack@neutron-api.service[86697]: INFO neutron.db.ovn_revision_numbers_db [None req-dbc5b6f7-9e32-40de-a9a7-55cf123a4f35 None None] Successfully bumped revision number for resource ff6935e9-cfd4-4fc9-b1ac-611a081c1358 (type: ports) to 6
May 15 19:04:41.395867 np0000000882 devstack@neutron-api.service[86697]: DEBUG neutron_lib.callbacks.manager [None req-5e7d38e7-502f-487e-b5dc-ced9cd0b9245 admin admin] Publish callbacks [] for router (None), before_response {{(pid=86697) _notify_loop /opt/stack/data/venv/lib/python3.12/site-packages/neutron_lib/callbacks/manager.py:184}}
May 15 19:04:41.397831 np0000000882 devstack@neutron-api.service[86697]: [pid: 86697|app: 0|req: 33/64] 10.4.3.22 () {68 vars in 1267 bytes} [Fri May 15 19:04:39 2026] POST /networking/v2.0/routers => generated 1159 bytes in 2339 msecs (HTTP/1.1 201) 4 headers in 163 bytes (1 switches on core 0)
May 15 19:04:41.398632 np0000000882 devstack@neutron-api.service[86697]: DEBUG neutron_lib.callbacks.manager [None req-dbc5b6f7-9e32-40de-a9a7-55cf123a4f35 None None] Publish callbacks ['neutron.plugins.ml2.ovo_rpc._ObjectChangeHandler.handle_event-3605308', 'neutron.services.ovn_l3.plugin.OVNL3RouterPlugin._port_update-8025725924012'] for port (ff6935e9-cfd4-4fc9-b1ac-611a081c1358), after_update {{(pid=86697) _notify_loop /opt/stack/data/venv/lib/python3.12/site-packages/neutron_lib/callbacks/manager.py:184}}
May 15 19:04:41.408484 np0000000882 devstack@neutron-api.service[86697]: DEBUG neutron.api.v2.base [None req-75cf76ab-ae96-41f9-b13c-c5511fcd58b7 admin admin] Request body: {'router': {'name': 'tempest-ServerActionsTestOtherB-858364500-router', 'project_id': 'e612948cc41a4a30ac07698d436e87aa', 'external_gateway_info': {'network_id': 'a95e7fa1-f18b-45f1-bf16-84eef2631bcb'}}} {{(pid=86697) prepare_request_body /opt/stack/neutron/neutron/api/v2/base.py:727}}
May 15 19:04:41.442031 np0000000882 devstack@neutron-api.service[86696]: DEBUG neutron.db.provisioning_blocks [None req-a0602de5-bd7b-4c8f-9b83-7db3f9a140cd None None] Transition to ACTIVE for port object 5602744a-1e9b-48c2-9d89-99bf19fe8571 will not be triggered until provisioned by entity L2. {{(pid=86696) add_provisioning_component /opt/stack/neutron/neutron/db/provisioning_blocks.py:74}}
May 15 19:04:41.450194 np0000000882 devstack@neutron-api.service[86697]: DEBUG neutron_lib.callbacks.manager [None req-75cf76ab-ae96-41f9-b13c-c5511fcd58b7 admin admin] Publish callbacks ['neutron.services.ovn_l3.service_providers.driver_controller.DriverController._check_router_request-1669536'] for router (2dbfd38b-ff0a-4b8b-bf13-6ef0ed8744c1), before_create {{(pid=86697) _notify_loop /opt/stack/data/venv/lib/python3.12/site-packages/neutron_lib/callbacks/manager.py:184}}
May 15 19:04:41.451983 np0000000882 devstack@neutron-api.service[86697]: DEBUG neutron_lib.callbacks.manager [None req-75cf76ab-ae96-41f9-b13c-c5511fcd58b7 admin admin] Publish callbacks ['neutron.services.ovn_l3.service_providers.ovn.OVN_L3_HA_db_mixin._precommit_router_create-2932022', 'neutron.services.ovn_l3.plugin.RouterAvailabilityZoneMixin._process_az_request-3165802', 'neutron.services.ovn_l3.plugin.ExtraGatewaysDbOnlyMixin._process_bfd_ecmp_create-1480', 'neutron.services.ovn_l3.service_providers.ovn.OvnDriver._process_router_create_precommit-2931860', 'neutron.services.ovn_l3.service_providers.driver_controller.DriverController._set_router_provider-1669534'] for router (2dbfd38b-ff0a-4b8b-bf13-6ef0ed8744c1), precommit_create {{(pid=86697) _notify_loop /opt/stack/data/venv/lib/python3.12/site-packages/neutron_lib/callbacks/manager.py:184}}
May 15 19:04:41.454602 np0000000882 devstack@neutron-api.service[86697]: DEBUG neutron.api.rpc.handlers.resources_rpc [None req-b3606208-6dfd-4816-9006-eb1b0be5293b None None] Pushing event updated for resources: {'Port': ['ID=ff6935e9-cfd4-4fc9-b1ac-611a081c1358,revision_number=6']} {{(pid=86697) push /opt/stack/neutron/neutron/api/rpc/handlers/resources_rpc.py:237}}
May 15 19:04:41.466710 np0000000882 devstack@neutron-api.service[86697]: WARNING neutron.plugins.ml2.drivers.ovn.mech_driver.ovsdb.ovn_client [None req-b3606208-6dfd-4816-9006-eb1b0be5293b None None] Logical_Switch_Port ff6935e9-cfd4-4fc9-b1ac-611a081c1358 host information not removed, the port state is up
May 15 19:04:41.467629 np0000000882 devstack@neutron-api.service[86697]: INFO neutron.plugins.ml2.drivers.ovn.mech_driver.mech_driver [None req-b3606208-6dfd-4816-9006-eb1b0be5293b None None] OVN reports status up for port: ff6935e9-cfd4-4fc9-b1ac-611a081c1358
May 15 19:04:41.475256 np0000000882 devstack@neutron-api.service[86697]: DEBUG neutron.db.ovn_revision_numbers_db [None req-75cf76ab-ae96-41f9-b13c-c5511fcd58b7 admin admin] create_initial_revision uuid=2dbfd38b-ff0a-4b8b-bf13-6ef0ed8744c1, type=routers, rev=-1 {{(pid=86697) create_initial_revision /opt/stack/neutron/neutron/db/ovn_revision_numbers_db.py:98}}
May 15 19:04:41.482051 np0000000882 devstack@neutron-api.service[86697]: DEBUG neutron.db.provisioning_blocks [None req-b3606208-6dfd-4816-9006-eb1b0be5293b None None] Provisioning for port ff6935e9-cfd4-4fc9-b1ac-611a081c1358 completed by entity L2. {{(pid=86697) provisioning_complete /opt/stack/neutron/neutron/db/provisioning_blocks.py:133}}
May 15 19:04:41.486365 np0000000882 devstack@neutron-api.service[86696]: DEBUG neutron_lib.callbacks.manager [None req-1a84b96b-ff5a-44d4-bf08-3d713043de1f admin admin] Publish callbacks [] for router_gateway (846ed5fb-b6dd-4962-bb0c-11573169c720), after_create {{(pid=86696) _notify_loop /opt/stack/data/venv/lib/python3.12/site-packages/neutron_lib/callbacks/manager.py:184}}
May 15 19:04:41.494891 np0000000882 devstack@neutron-api.service[86696]: DEBUG neutron.plugins.ml2.plugin [None req-a0602de5-bd7b-4c8f-9b83-7db3f9a140cd None None] Current status of the port 5602744a-1e9b-48c2-9d89-99bf19fe8571 is: DOWN; New status is: DOWN {{(pid=86696) _update_individual_port_db_status /opt/stack/neutron/neutron/plugins/ml2/plugin.py:2466}}
May 15 19:04:41.495566 np0000000882 devstack@neutron-api.service[86696]: WARNING neutron.plugins.ml2.drivers.ovn.mech_driver.ovsdb.ovn_client [None req-a0602de5-bd7b-4c8f-9b83-7db3f9a140cd None None] Logical_Switch_Port 5602744a-1e9b-48c2-9d89-99bf19fe8571 host information not removed, the port state is up
May 15 19:04:41.495916 np0000000882 devstack@neutron-api.service[86696]: INFO neutron.plugins.ml2.drivers.ovn.mech_driver.mech_driver [None req-a0602de5-bd7b-4c8f-9b83-7db3f9a140cd None None] OVN reports status up for port: 5602744a-1e9b-48c2-9d89-99bf19fe8571
May 15 19:04:41.496260 np0000000882 devstack@neutron-api.service[86697]: DEBUG neutron.db.provisioning_blocks [None req-b3606208-6dfd-4816-9006-eb1b0be5293b None None] Provisioning complete for port ff6935e9-cfd4-4fc9-b1ac-611a081c1358 triggered by entity L2. {{(pid=86697) provisioning_complete /opt/stack/neutron/neutron/db/provisioning_blocks.py:141}}
May 15 19:04:41.497452 np0000000882 devstack@neutron-api.service[86697]: DEBUG neutron_lib.callbacks.manager [None req-b3606208-6dfd-4816-9006-eb1b0be5293b None None] Publish callbacks ['neutron.plugins.ml2.plugin.Ml2Plugin._port_provisioned-321354'] for port (ff6935e9-cfd4-4fc9-b1ac-611a081c1358), provisioning_complete {{(pid=86697) _notify_loop /opt/stack/data/venv/lib/python3.12/site-packages/neutron_lib/callbacks/manager.py:184}}
May 15 19:04:41.498036 np0000000882 devstack@neutron-api.service[86697]: INFO neutron.plugins.ml2.plugin [None req-b3606208-6dfd-4816-9006-eb1b0be5293b None None] Attempt 1 to provision port ff6935e9-cfd4-4fc9-b1ac-611a081c1358
May 15 19:04:41.520155 np0000000882 devstack@neutron-api.service[86696]: DEBUG neutron.db.provisioning_blocks [None req-a0602de5-bd7b-4c8f-9b83-7db3f9a140cd None None] Provisioning for port 5602744a-1e9b-48c2-9d89-99bf19fe8571 completed by entity L2. {{(pid=86696) provisioning_complete /opt/stack/neutron/neutron/db/provisioning_blocks.py:133}}
May 15 19:04:41.524579 np0000000882 devstack@neutron-api.service[86696]: DEBUG ovsdbapp.backend.ovs_idl.transaction [None req-bfeca328-5485-4c6a-bc41-cb91fe79288a None None] Running txn n=1 command(idx=0): CheckRevisionNumberCommand(_result=None, name=ca3aa60d-6df5-405c-afbd-d9f66698e2fa, resource={'id': 'ca3aa60d-6df5-405c-afbd-d9f66698e2fa', 'name': '', 'network_id': 'a95e7fa1-f18b-45f1-bf16-84eef2631bcb', 'project_id': '', 'mac_address': 'fa:16:3e:c2:b5:8f', 'admin_state_up': True, 'status': 'ACTIVE', 'device_id': 'd9f7c649-2a62-479d-b84c-e544d06509a0', 'device_owner': 'network:router_gateway', 'standard_attr_id': 110, 'fixed_ips': [{'subnet_id': '2d6b21e7-59cd-4d06-918e-9d8b773a7e4b', 'ip_address': '172.24.5.109'}, {'subnet_id': 'a045739d-33df-49e8-b3ca-33af3cd74413', 'ip_address': '2001:db8::2e5'}], 'allowed_address_pairs': [], 'extra_dhcp_opts': [], 'security_groups': [], 'description': '', 'binding:vnic_type': 'normal', 'binding:profile': {}, 'binding:host_id': 'np0000000882', 'binding:vif_type': 'ovs', 'binding:vif_details': {'port_filter': True, 'connectivity': 'l2', 'ovs_create_tap': False, 'bridge_name': 'br-int', 'datapath_type': 'system', 'bound_drivers': {'0': 'ovn'}}, 'port_security_enabled': False, 'tags': [], 'created_at': '2026-05-15T19:04:37Z', 'updated_at': '2026-05-15T19:04:41Z', 'revision_number': 5, 'tenant_id': '', 'network': {'id': 'a95e7fa1-f18b-45f1-bf16-84eef2631bcb', 'name': 'public', 'tenant_id': '1fb0ad0da52e45be874dcf864bfd9e8a', 'project_id': '1fb0ad0da52e45be874dcf864bfd9e8a', 'admin_state_up': True, 'mtu': 1430, 'status': 'ACTIVE', 'subnets': ['2d6b21e7-59cd-4d06-918e-9d8b773a7e4b', 'a045739d-33df-49e8-b3ca-33af3cd74413'], 'standard_attr_id': 18, 'shared': False, 'availability_zone_hints': [], 'availability_zones': [], 'ipv4_address_scope': None, 'ipv6_address_scope': None, 'router:external': True, 'qinq': False, 'vlan_transparent': False, 'description': '', 'port_security_enabled': True, 'is_default': True, 'tags': [], 'created_at': '2026-05-15T19:01:49Z', 'updated_at': '2026-05-15T19:01:56Z', 'revision_number': 3, 'provider:network_type': 'flat', 'provider:physical_network': 'public', 'provider:segmentation_id': None}}, resource_type=ports, if_exists=True) {{(pid=86696) do_commit /opt/stack/data/venv/lib/python3.12/site-packages/ovsdbapp/backend/ovs_idl/transaction.py:89}}
May 15 19:04:41.525055 np0000000882 devstack@neutron-api.service[86696]: DEBUG ovsdbapp.backend.ovs_idl.transaction [None req-bfeca328-5485-4c6a-bc41-cb91fe79288a None None] Running txn n=1 command(idx=1): SetLSwitchPortCommand(_result=None, lport=ca3aa60d-6df5-405c-afbd-d9f66698e2fa, external_ids_update=None, columns={'external_ids': {'neutron:port_name': '', 'neutron:device_id': 'd9f7c649-2a62-479d-b84c-e544d06509a0', 'neutron:project_id': '', 'neutron:cidrs': '172.24.5.109/24 2001:db8::2e5/64', 'neutron:device_owner': 'network:router_gateway', 'neutron:subnet_pool_addr_scope4': '', 'neutron:subnet_pool_addr_scope6': '', 'neutron:network_name': 'neutron-a95e7fa1-f18b-45f1-bf16-84eef2631bcb', 'neutron:security_group_ids': '', 'neutron:revision_number': '5', 'neutron:vnic_type': 'normal', 'neutron:port_capabilities': '', 'neutron:mtu': '', 'neutron:host_id': 'np0000000882'}, 'parent_name': [], 'tag': [], 'options': {'requested-chassis': 'np0000000882', 'exclude-lb-vips-from-garp': 'true', 'nat-addresses': 'router', 'router-port': 'lrp-ca3aa60d-6df5-405c-afbd-d9f66698e2fa'}, 'enabled': True, 'port_security': [], 'dhcpv4_options': [], 'dhcpv6_options': [], 'type': 'router', 'ha_chassis_group': []}, if_exists=False) {{(pid=86696) do_commit /opt/stack/data/venv/lib/python3.12/site-packages/ovsdbapp/backend/ovs_idl/transaction.py:89}}
May 15 19:04:41.525674 np0000000882 devstack@neutron-api.service[86696]: DEBUG ovsdbapp.backend.ovs_idl.transaction [None req-bfeca328-5485-4c6a-bc41-cb91fe79288a None None] Running txn n=1 command(idx=2): PgDelPortCommand(_result=None, port_group=neutron_pg_drop, lsp=['ca3aa60d-6df5-405c-afbd-d9f66698e2fa'], if_exists=False) {{(pid=86696) do_commit /opt/stack/data/venv/lib/python3.12/site-packages/ovsdbapp/backend/ovs_idl/transaction.py:89}}
May 15 19:04:41.531883 np0000000882 devstack@neutron-api.service[86697]: DEBUG neutron_lib.callbacks.manager [None req-75cf76ab-ae96-41f9-b13c-c5511fcd58b7 admin admin] Publish callbacks [] for router_controller (2dbfd38b-ff0a-4b8b-bf13-6ef0ed8744c1), precommit_add_association {{(pid=86697) _notify_loop /opt/stack/data/venv/lib/python3.12/site-packages/neutron_lib/callbacks/manager.py:184}}
May 15 19:04:41.538002 np0000000882 devstack@neutron-api.service[86696]: DEBUG neutron.db.provisioning_blocks [None req-a0602de5-bd7b-4c8f-9b83-7db3f9a140cd None None] Provisioning complete for port 5602744a-1e9b-48c2-9d89-99bf19fe8571 triggered by entity L2. {{(pid=86696) provisioning_complete /opt/stack/neutron/neutron/db/provisioning_blocks.py:141}}
May 15 19:04:41.538002 np0000000882 devstack@neutron-api.service[86696]: DEBUG neutron_lib.callbacks.manager [None req-a0602de5-bd7b-4c8f-9b83-7db3f9a140cd None None] Publish callbacks ['neutron.plugins.ml2.plugin.Ml2Plugin._port_provisioned-190379'] for port (5602744a-1e9b-48c2-9d89-99bf19fe8571), provisioning_complete {{(pid=86696) _notify_loop /opt/stack/data/venv/lib/python3.12/site-packages/neutron_lib/callbacks/manager.py:184}}
May 15 19:04:41.538002 np0000000882 devstack@neutron-api.service[86696]: INFO neutron.plugins.ml2.plugin [None req-a0602de5-bd7b-4c8f-9b83-7db3f9a140cd None None] Attempt 1 to provision port 5602744a-1e9b-48c2-9d89-99bf19fe8571
May 15 19:04:41.545665 np0000000882 devstack@neutron-api.service[86696]: DEBUG neutron.plugins.ml2.drivers.ovn.mech_driver.ovsdb.ovsdb_monitor [None req-bfeca328-5485-4c6a-bc41-cb91fe79288a None None] Touching Hash Ring node "97d95e4b875f59f385645ca67e4597de" from IDL notify handler {{(pid=86696) notify /opt/stack/neutron/neutron/plugins/ml2/drivers/ovn/mech_driver/ovsdb/ovsdb_monitor.py:934}}
May 15 19:04:41.558014 np0000000882 devstack@neutron-api.service[86696]: DEBUG neutron.plugins.ml2.drivers.ovn.mech_driver.ovsdb.ovsdb_monitor [None req-bfeca328-5485-4c6a-bc41-cb91fe79288a None None] Hash Ring: Node 97d95e4b875f59f385645ca67e4597de (host: np0000000882) handling event "update" for row 067a6046-2c66-4780-bcf2-10d4f1c62055 (table: Logical_Switch_Port) {{(pid=86696) notify /opt/stack/neutron/neutron/plugins/ml2/drivers/ovn/mech_driver/ovsdb/ovsdb_monitor.py:942}}
May 15 19:04:41.561301 np0000000882 devstack@neutron-api.service[86697]: DEBUG neutron.plugins.ml2.drivers.ovn.mech_driver.ovsdb.ovsdb_monitor [None req-5b9089de-a575-4579-b1d1-0f582e921e60 None None] Touching Hash Ring node "ee74945c30395d048596e04eb9d399e2" from IDL notify handler {{(pid=86697) notify /opt/stack/neutron/neutron/plugins/ml2/drivers/ovn/mech_driver/ovsdb/ovsdb_monitor.py:934}}
May 15 19:04:41.580822 np0000000882 devstack@neutron-api.service[86697]: DEBUG neutron.plugins.ml2.drivers.ovn.mech_driver.ovsdb.ovsdb_monitor [None req-5b9089de-a575-4579-b1d1-0f582e921e60 None None] Hash Ring: Node ee74945c30395d048596e04eb9d399e2 (host: np0000000882) handling event "update" for row 32db8b71-b26f-4144-9c84-a37e6d4fa961 (table: Port_Binding) {{(pid=86697) notify /opt/stack/neutron/neutron/plugins/ml2/drivers/ovn/mech_driver/ovsdb/ovsdb_monitor.py:942}}
May 15 19:04:41.593244 np0000000882 devstack@neutron-api.service[86696]: DEBUG neutron.plugins.ml2.plugin [None req-a0602de5-bd7b-4c8f-9b83-7db3f9a140cd None None] Port 5602744a-1e9b-48c2-9d89-99bf19fe8571 cannot update to ACTIVE because it is not bound. {{(pid=86696) _port_provisioned /opt/stack/neutron/neutron/plugins/ml2/plugin.py:386}}
May 15 19:04:41.636842 np0000000882 devstack@neutron-api.service[86696]: INFO neutron.db.ovn_revision_numbers_db [None req-4fa7c02d-996b-4cd0-9ef3-45c4cccb0b32 None None] Successfully bumped revision number for resource ca3aa60d-6df5-405c-afbd-d9f66698e2fa (type: ports) to 5
May 15 19:04:41.667959 np0000000882 devstack@neutron-api.service[86697]: DEBUG neutron.plugins.ml2.plugin [None req-b3606208-6dfd-4816-9006-eb1b0be5293b None None] Current status of the port ff6935e9-cfd4-4fc9-b1ac-611a081c1358 is: DOWN; New status is: ACTIVE {{(pid=86697) _update_individual_port_db_status /opt/stack/neutron/neutron/plugins/ml2/plugin.py:2466}}
May 15 19:04:41.668194 np0000000882 devstack@neutron-api.service[86697]: DEBUG neutron_lib.callbacks.manager [None req-b3606208-6dfd-4816-9006-eb1b0be5293b None None] Publish callbacks ['neutron.plugins.ml2.plugin.SecurityGroupDbMixin._ensure_default_security_group_handler-46842', 'neutron.services.ovn_l3.plugin.OVNL3RouterPlugin._port_update-8025725924012', 'neutron.db.l3_db.L3_NAT_dbonly_mixin._prevent_internal_ip_change_for_fip-8025727444782'] for port (ff6935e9-cfd4-4fc9-b1ac-611a081c1358), before_update {{(pid=86697) _notify_loop /opt/stack/data/venv/lib/python3.12/site-packages/neutron_lib/callbacks/manager.py:184}}
May 15 19:04:41.673147 np0000000882 devstack@neutron-api.service[86697]: DEBUG neutron_lib.callbacks.manager [None req-75cf76ab-ae96-41f9-b13c-c5511fcd58b7 admin admin] Publish callbacks [] for router_gateway (2dbfd38b-ff0a-4b8b-bf13-6ef0ed8744c1), precommit_update {{(pid=86697) _notify_loop /opt/stack/data/venv/lib/python3.12/site-packages/neutron_lib/callbacks/manager.py:184}}
May 15 19:04:41.676785 np0000000882 devstack@neutron-api.service[86696]: DEBUG neutron_lib.callbacks.manager [None req-4fa7c02d-996b-4cd0-9ef3-45c4cccb0b32 None None] Publish callbacks ['neutron.plugins.ml2.ovo_rpc._ObjectChangeHandler.handle_event-2759617', 'neutron.services.ovn_l3.plugin.OVNL3RouterPlugin._port_update-8025724970468'] for port (ca3aa60d-6df5-405c-afbd-d9f66698e2fa), after_update {{(pid=86696) _notify_loop /opt/stack/data/venv/lib/python3.12/site-packages/neutron_lib/callbacks/manager.py:184}}
May 15 19:04:41.698120 np0000000882 devstack@neutron-api.service[86697]: DEBUG neutron_lib.callbacks.manager [None req-1330e7c7-141d-42ed-8685-de48b3898cae None None] Publish callbacks [] for port (32833329-a04e-4d53-8d34-ff06db519df2), precommit_update {{(pid=86697) _notify_loop /opt/stack/data/venv/lib/python3.12/site-packages/neutron_lib/callbacks/manager.py:184}}
May 15 19:04:41.706553 np0000000882 devstack@neutron-api.service[86697]: DEBUG neutron.plugins.ml2.db [None req-b3606208-6dfd-4816-9006-eb1b0be5293b None None] For port ff6935e9-cfd4-4fc9-b1ac-611a081c1358, host np0000000882, got binding levels [PortBindingLevel(driver='ovn',host='np0000000882',level=0,port_id=ff6935e9-cfd4-4fc9-b1ac-611a081c1358,segment=NetworkSegment(e5a80b1c-2fd0-4203-a243-af1d906094bc),segment_id=e5a80b1c-2fd0-4203-a243-af1d906094bc)] {{(pid=86697) get_binding_level_objs /opt/stack/neutron/neutron/plugins/ml2/db.py:74}}
May 15 19:04:41.708855 np0000000882 devstack@neutron-api.service[86697]: DEBUG neutron.plugins.ml2.drivers.ovn.mech_driver.mech_driver [None req-b3606208-6dfd-4816-9006-eb1b0be5293b None None] No provisioning block for port ff6935e9-cfd4-4fc9-b1ac-611a081c1358 since it is active {{(pid=86697) _is_port_provisioning_required /opt/stack/neutron/neutron/plugins/ml2/drivers/ovn/mech_driver/mech_driver.py:889}}
May 15 19:04:41.713967 np0000000882 devstack@neutron-api.service[86697]: DEBUG neutron.db.provisioning_blocks [None req-1330e7c7-141d-42ed-8685-de48b3898cae None None] Transition to ACTIVE for port object 32833329-a04e-4d53-8d34-ff06db519df2 will not be triggered until provisioned by entity L2. {{(pid=86697) add_provisioning_component /opt/stack/neutron/neutron/db/provisioning_blocks.py:74}}
May 15 19:04:41.717038 np0000000882 devstack@neutron-api.service[86696]: DEBUG neutron.api.rpc.handlers.resources_rpc [None req-4fa7c02d-996b-4cd0-9ef3-45c4cccb0b32 None None] Pushing event updated for resources: {'Port': ['ID=ca3aa60d-6df5-405c-afbd-d9f66698e2fa,revision_number=5']} {{(pid=86696) push /opt/stack/neutron/neutron/api/rpc/handlers/resources_rpc.py:237}}
May 15 19:04:41.718617 np0000000882 devstack@neutron-api.service[86696]: DEBUG neutron_lib.callbacks.manager [None req-1a84b96b-ff5a-44d4-bf08-3d713043de1f admin admin] Publish callbacks ['neutron.services.ovn_l3.service_providers.ovn.OvnDriver._process_router_create-16103332'] for router (846ed5fb-b6dd-4962-bb0c-11573169c720), after_create {{(pid=86696) _notify_loop /opt/stack/data/venv/lib/python3.12/site-packages/neutron_lib/callbacks/manager.py:184}}
May 15 19:04:41.720519 np0000000882 devstack@neutron-api.service[86696]: INFO neutron.plugins.ml2.drivers.ovn.mech_driver.ovsdb.ovsdb_monitor [None req-4fa7c02d-996b-4cd0-9ef3-45c4cccb0b32 None None] Router 559e200d-dc21-46e7-8f10-b35ca0571da0 is bound to host np0000000882
May 15 19:04:41.779657 np0000000882 devstack@neutron-api.service[86696]: DEBUG neutron_lib.callbacks.manager [None req-4fa7c02d-996b-4cd0-9ef3-45c4cccb0b32 None None] Publish callbacks ['neutron.plugins.ml2.plugin.SecurityGroupDbMixin._ensure_default_security_group_handler-445205', 'neutron.services.ovn_l3.plugin.OVNL3RouterPlugin._port_update-8025724970468', 'neutron.db.l3_db.L3_NAT_dbonly_mixin._prevent_internal_ip_change_for_fip-8025727441630'] for port (5602744a-1e9b-48c2-9d89-99bf19fe8571), before_update {{(pid=86696) _notify_loop /opt/stack/data/venv/lib/python3.12/site-packages/neutron_lib/callbacks/manager.py:184}}
May 15 19:04:41.835161 np0000000882 devstack@neutron-api.service[86697]: DEBUG neutron_lib.callbacks.manager [None req-1330e7c7-141d-42ed-8685-de48b3898cae None None] Publish callbacks ['neutron.plugins.ml2.ovo_rpc._ObjectChangeHandler.handle_event-3605308', 'neutron.services.ovn_l3.plugin.OVNL3RouterPlugin._port_update-8025725924012'] for port (32833329-a04e-4d53-8d34-ff06db519df2), after_update {{(pid=86697) _notify_loop /opt/stack/data/venv/lib/python3.12/site-packages/neutron_lib/callbacks/manager.py:184}}
May 15 19:04:41.877091 np0000000882 devstack@neutron-api.service[86697]: DEBUG neutron_lib.callbacks.manager [None req-75cf76ab-ae96-41f9-b13c-c5511fcd58b7 admin admin] Publish callbacks [] for router_gateway (2dbfd38b-ff0a-4b8b-bf13-6ef0ed8744c1), before_create {{(pid=86697) _notify_loop /opt/stack/data/venv/lib/python3.12/site-packages/neutron_lib/callbacks/manager.py:184}}
May 15 19:04:41.877564 np0000000882 devstack@neutron-api.service[86697]: DEBUG neutron_lib.callbacks.manager [None req-75cf76ab-ae96-41f9-b13c-c5511fcd58b7 admin admin] Publish callbacks ['neutron.plugins.ml2.plugin.SecurityGroupDbMixin._ensure_default_security_group_handler-46842'] for port (None), before_create {{(pid=86697) _notify_loop /opt/stack/data/venv/lib/python3.12/site-packages/neutron_lib/callbacks/manager.py:184}}
May 15 19:04:41.901142 np0000000882 devstack@neutron-api.service[86697]: DEBUG neutron.api.rpc.handlers.resources_rpc [None req-76837efa-d560-47c5-8aa9-a8abd10e9657 None None] Pushing event updated for resources: {'Port': ['ID=32833329-a04e-4d53-8d34-ff06db519df2,revision_number=2']} {{(pid=86697) push /opt/stack/neutron/neutron/api/rpc/handlers/resources_rpc.py:237}}
May 15 19:04:41.955634 np0000000882 devstack@neutron-api.service[86696]: DEBUG neutron_lib.callbacks.manager [None req-4fa7c02d-996b-4cd0-9ef3-45c4cccb0b32 None None] Publish callbacks [] for port (5602744a-1e9b-48c2-9d89-99bf19fe8571), precommit_update {{(pid=86696) _notify_loop /opt/stack/data/venv/lib/python3.12/site-packages/neutron_lib/callbacks/manager.py:184}}
May 15 19:04:41.965379 np0000000882 devstack@neutron-api.service[86696]: DEBUG neutron.db.provisioning_blocks [None req-4fa7c02d-996b-4cd0-9ef3-45c4cccb0b32 None None] Transition to ACTIVE for port object 5602744a-1e9b-48c2-9d89-99bf19fe8571 will not be triggered until provisioned by entity L2. {{(pid=86696) add_provisioning_component /opt/stack/neutron/neutron/db/provisioning_blocks.py:74}}
May 15 19:04:42.033232 np0000000882 devstack@neutron-api.service[86697]: DEBUG neutron.db.db_base_plugin_common [None req-75cf76ab-ae96-41f9-b13c-c5511fcd58b7 admin admin] Allocated IP 172.24.5.89 (a95e7fa1-f18b-45f1-bf16-84eef2631bcb/2d6b21e7-59cd-4d06-918e-9d8b773a7e4b/5a1982fb-524a-4426-8d3c-9cb2c179612b) {{(pid=86697) _store_ip_allocation /opt/stack/neutron/neutron/db/db_base_plugin_common.py:131}}
May 15 19:04:42.039044 np0000000882 devstack@neutron-api.service[86696]: DEBUG neutron_lib.callbacks.manager [None req-4fa7c02d-996b-4cd0-9ef3-45c4cccb0b32 None None] Publish callbacks ['neutron.plugins.ml2.ovo_rpc._ObjectChangeHandler.handle_event-2759617', 'neutron.services.ovn_l3.plugin.OVNL3RouterPlugin._port_update-8025724970468'] for port (5602744a-1e9b-48c2-9d89-99bf19fe8571), after_update {{(pid=86696) _notify_loop /opt/stack/data/venv/lib/python3.12/site-packages/neutron_lib/callbacks/manager.py:184}}
May 15 19:04:42.040277 np0000000882 devstack@neutron-api.service[86697]: DEBUG neutron.db.db_base_plugin_common [None req-75cf76ab-ae96-41f9-b13c-c5511fcd58b7 admin admin] Allocated IP 2001:db8::1bf (a95e7fa1-f18b-45f1-bf16-84eef2631bcb/a045739d-33df-49e8-b3ca-33af3cd74413/5a1982fb-524a-4426-8d3c-9cb2c179612b) {{(pid=86697) _store_ip_allocation /opt/stack/neutron/neutron/db/db_base_plugin_common.py:131}}
May 15 19:04:42.094818 np0000000882 devstack@neutron-api.service[86696]: DEBUG neutron.api.rpc.handlers.resources_rpc [None req-4416e3a0-3aaf-4034-b222-62115b56238e None None] Pushing event updated for resources: {'Port': ['ID=5602744a-1e9b-48c2-9d89-99bf19fe8571,revision_number=2']} {{(pid=86696) push /opt/stack/neutron/neutron/api/rpc/handlers/resources_rpc.py:237}}
May 15 19:04:42.165325 np0000000882 devstack@neutron-api.service[86696]: DEBUG ovsdbapp.backend.ovs_idl.transaction [None req-bfeca328-5485-4c6a-bc41-cb91fe79288a None None] Running txn n=1 command(idx=0): LrAddCommand(_result=None, router=neutron-846ed5fb-b6dd-4962-bb0c-11573169c720, may_exist=True, columns={'external_ids': {'neutron:router_name': 'tempest-DeleteServersTestJSON-1990337854-router', 'neutron:revision_number': '2', 'neutron:availability_zone_hints': ''}, 'enabled': True, 'options': {'always_learn_from_arp_request': 'false', 'dynamic_neigh_routers': 'true', 'mac_binding_age_threshold': '300'}}) {{(pid=86696) do_commit /opt/stack/data/venv/lib/python3.12/site-packages/ovsdbapp/backend/ovs_idl/transaction.py:89}}
May 15 19:04:42.165631 np0000000882 devstack@neutron-api.service[86696]: DEBUG ovsdbapp.backend.ovs_idl.transaction [None req-bfeca328-5485-4c6a-bc41-cb91fe79288a None None] Running txn n=1 command(idx=1): AddLRouterPortCommand(_result=None, name=lrp-5cc4d06a-4577-472b-84ca-e765acc2b354, lrouter=neutron-846ed5fb-b6dd-4962-bb0c-11573169c720, may_exist=True, columns={'mac': 'fa:16:3e:69:af:d2', 'networks': ['172.24.5.100/24', '2001:db8::104/64'], 'external_ids': {'neutron:revision_number': '1', 'neutron:subnet_ids': '2d6b21e7-59cd-4d06-918e-9d8b773a7e4b a045739d-33df-49e8-b3ca-33af3cd74413', 'neutron:network_name': 'neutron-a95e7fa1-f18b-45f1-bf16-84eef2631bcb', 'neutron:is_ext_gw': 'True', 'neutron:router_name': 'neutron-846ed5fb-b6dd-4962-bb0c-11573169c720'}, 'options': {'reside-on-redirect-chassis': 'true', 'gateway_mtu': '1430'}}) {{(pid=86696) do_commit /opt/stack/data/venv/lib/python3.12/site-packages/ovsdbapp/backend/ovs_idl/transaction.py:89}}
May 15 19:04:42.165961 np0000000882 devstack@neutron-api.service[86696]: DEBUG ovsdbapp.backend.ovs_idl.transaction [None req-bfeca328-5485-4c6a-bc41-cb91fe79288a None None] Running txn n=1 command(idx=2): ScheduleNewGatewayCommand(_result=None, g_name=lrp-5cc4d06a-4577-472b-84ca-e765acc2b354, sb_api=, lrouter_name=neutron-846ed5fb-b6dd-4962-bb0c-11573169c720, ovn_client=, scheduler=, physnet=public, az_hints=[]) {{(pid=86696) do_commit /opt/stack/data/venv/lib/python3.12/site-packages/ovsdbapp/backend/ovs_idl/transaction.py:89}}
May 15 19:04:42.166378 np0000000882 devstack@neutron-api.service[86696]: DEBUG neutron.plugins.ml2.drivers.ovn.mech_driver.ovsdb.ovn_client [None req-bfeca328-5485-4c6a-bc41-cb91fe79288a None None] Chassis candidates for scheduling gateway router ports for "public" physical network: ['c0021efc-7e5c-4a06-804c-3d3e8e2b4ff5'] {{(pid=86696) get_candidates_for_scheduling /opt/stack/neutron/neutron/plugins/ml2/drivers/ovn/mech_driver/ovsdb/ovn_client.py:1715}}
May 15 19:04:42.166937 np0000000882 devstack@neutron-api.service[86696]: DEBUG neutron.scheduler.l3_ovn_scheduler [None req-bfeca328-5485-4c6a-bc41-cb91fe79288a None None] Gateway lrp-5cc4d06a-4577-472b-84ca-e765acc2b354 scheduled on chassis ['c0021efc-7e5c-4a06-804c-3d3e8e2b4ff5'] {{(pid=86696) _schedule_gateway /opt/stack/neutron/neutron/scheduler/l3_ovn_scheduler.py:88}}
May 15 19:04:42.168035 np0000000882 devstack@neutron-api.service[86696]: DEBUG ovsdbapp.backend.ovs_idl.transaction [None req-bfeca328-5485-4c6a-bc41-cb91fe79288a None None] Running txn n=1 command(idx=3): SetLRouterPortInLSwitchPortCommand(_result=None, lswitch_port=5cc4d06a-4577-472b-84ca-e765acc2b354, lrouter_port=lrp-5cc4d06a-4577-472b-84ca-e765acc2b354, is_gw_port=True, if_exists=True, lsp_address=router) {{(pid=86696) do_commit /opt/stack/data/venv/lib/python3.12/site-packages/ovsdbapp/backend/ovs_idl/transaction.py:89}}
May 15 19:04:42.168267 np0000000882 devstack@neutron-api.service[86696]: DEBUG ovsdbapp.backend.ovs_idl.transaction [None req-bfeca328-5485-4c6a-bc41-cb91fe79288a None None] Running txn n=1 command(idx=4): AddStaticRouteCommand(_result=None, lrouter=neutron-846ed5fb-b6dd-4962-bb0c-11573169c720, maintain_bfd=False, columns={'ip_prefix': '0.0.0.0/0', 'nexthop': '172.24.5.1', 'external_ids': {'neutron:is_ext_gw': 'true', 'neutron:subnet_id': '2d6b21e7-59cd-4d06-918e-9d8b773a7e4b', 'neutron:is_static_route': 'true'}}) {{(pid=86696) do_commit /opt/stack/data/venv/lib/python3.12/site-packages/ovsdbapp/backend/ovs_idl/transaction.py:89}}
May 15 19:04:42.168499 np0000000882 devstack@neutron-api.service[86696]: DEBUG ovsdbapp.backend.ovs_idl.transaction [None req-bfeca328-5485-4c6a-bc41-cb91fe79288a None None] Running txn n=1 command(idx=5): AddStaticRouteCommand(_result=None, lrouter=neutron-846ed5fb-b6dd-4962-bb0c-11573169c720, maintain_bfd=False, columns={'ip_prefix': '::/0', 'nexthop': '2001:db8::2', 'external_ids': {'neutron:is_ext_gw': 'true', 'neutron:subnet_id': 'a045739d-33df-49e8-b3ca-33af3cd74413', 'neutron:is_static_route': 'true'}}) {{(pid=86696) do_commit /opt/stack/data/venv/lib/python3.12/site-packages/ovsdbapp/backend/ovs_idl/transaction.py:89}}
May 15 19:04:42.168686 np0000000882 devstack@neutron-api.service[86696]: DEBUG ovsdbapp.backend.ovs_idl.transaction [None req-bfeca328-5485-4c6a-bc41-cb91fe79288a None None] Running txn n=1 command(idx=6): QoSDelCommand(_result=None, switch=neutron-a95e7fa1-f18b-45f1-bf16-84eef2631bcb, conditions=[('direction', '=', 'from-lport'), ('priority', '=', 2002), ('match', '=', 'inport == "5cc4d06a-4577-472b-84ca-e765acc2b354"')], if_exists=True) {{(pid=86696) do_commit /opt/stack/data/venv/lib/python3.12/site-packages/ovsdbapp/backend/ovs_idl/transaction.py:89}}
May 15 19:04:42.168891 np0000000882 devstack@neutron-api.service[86696]: DEBUG ovsdbapp.backend.ovs_idl.transaction [None req-bfeca328-5485-4c6a-bc41-cb91fe79288a None None] Running txn n=1 command(idx=7): QoSDelCommand(_result=None, switch=neutron-a95e7fa1-f18b-45f1-bf16-84eef2631bcb, conditions=[('direction', '=', 'to-lport'), ('priority', '=', 2002), ('match', '=', 'outport == "5cc4d06a-4577-472b-84ca-e765acc2b354"')], if_exists=True) {{(pid=86696) do_commit /opt/stack/data/venv/lib/python3.12/site-packages/ovsdbapp/backend/ovs_idl/transaction.py:89}}
May 15 19:04:42.177307 np0000000882 devstack@neutron-api.service[86696]: DEBUG neutron.plugins.ml2.drivers.ovn.mech_driver.ovsdb.ovsdb_monitor [None req-bfeca328-5485-4c6a-bc41-cb91fe79288a None None] Touching Hash Ring node "97d95e4b875f59f385645ca67e4597de" from IDL notify handler {{(pid=86696) notify /opt/stack/neutron/neutron/plugins/ml2/drivers/ovn/mech_driver/ovsdb/ovsdb_monitor.py:934}}
May 15 19:04:42.178630 np0000000882 devstack@neutron-api.service[86697]: DEBUG neutron_lib.callbacks.manager [None req-75cf76ab-ae96-41f9-b13c-c5511fcd58b7 admin admin] Publish callbacks ['neutron.plugins.ml2.drivers.ovn.mech_driver.mech_driver.OVNMechanismDriver._validate_allowed_address_pairs-4123300'] for allowed_address_pair (5a1982fb-524a-4426-8d3c-9cb2c179612b), before_create {{(pid=86697) _notify_loop /opt/stack/data/venv/lib/python3.12/site-packages/neutron_lib/callbacks/manager.py:184}}
May 15 19:04:42.179151 np0000000882 devstack@neutron-api.service[86697]: DEBUG neutron_lib.callbacks.manager [None req-75cf76ab-ae96-41f9-b13c-c5511fcd58b7 admin admin] Publish callbacks [] for port (5a1982fb-524a-4426-8d3c-9cb2c179612b), precommit_create {{(pid=86697) _notify_loop /opt/stack/data/venv/lib/python3.12/site-packages/neutron_lib/callbacks/manager.py:184}}
May 15 19:04:42.179323 np0000000882 devstack@neutron-api.service[86697]: DEBUG neutron.plugins.ml2.drivers.ovn.mech_driver.mech_driver [None req-75cf76ab-ae96-41f9-b13c-c5511fcd58b7 admin admin] No provisioning block for port 5a1982fb-524a-4426-8d3c-9cb2c179612b since it does not have a host {{(pid=86697) _is_port_provisioning_required /opt/stack/neutron/neutron/plugins/ml2/drivers/ovn/mech_driver/mech_driver.py:894}}
May 15 19:04:42.179432 np0000000882 devstack@neutron-api.service[86697]: DEBUG neutron.db.ovn_revision_numbers_db [None req-75cf76ab-ae96-41f9-b13c-c5511fcd58b7 admin admin] create_initial_revision uuid=5a1982fb-524a-4426-8d3c-9cb2c179612b, type=ports, rev=-1 {{(pid=86697) create_initial_revision /opt/stack/neutron/neutron/db/ovn_revision_numbers_db.py:98}}
May 15 19:04:42.186929 np0000000882 devstack@neutron-api.service[86696]: DEBUG neutron.plugins.ml2.drivers.ovn.mech_driver.ovsdb.ovsdb_monitor [None req-bfeca328-5485-4c6a-bc41-cb91fe79288a None None] Hash Ring: Node 97d95e4b875f59f385645ca67e4597de (host: np0000000882) handling event "create" for row 77673ac1-6024-4953-9c70-69990184cbf3 (table: HA_Chassis) {{(pid=86696) notify /opt/stack/neutron/neutron/plugins/ml2/drivers/ovn/mech_driver/ovsdb/ovsdb_monitor.py:942}}
May 15 19:04:42.189561 np0000000882 devstack@neutron-api.service[86696]: DEBUG neutron.plugins.ml2.drivers.ovn.mech_driver.ovsdb.ovsdb_monitor [None req-bfeca328-5485-4c6a-bc41-cb91fe79288a None None] Touching Hash Ring node "97d95e4b875f59f385645ca67e4597de" from IDL notify handler {{(pid=86696) notify /opt/stack/neutron/neutron/plugins/ml2/drivers/ovn/mech_driver/ovsdb/ovsdb_monitor.py:934}}
May 15 19:04:42.194449 np0000000882 devstack@neutron-api.service[86696]: DEBUG neutron.plugins.ml2.drivers.ovn.mech_driver.ovsdb.ovsdb_monitor [None req-c30b12f7-730e-4fee-a992-a284a2b84b40 None None] Touching Hash Ring node "97d95e4b875f59f385645ca67e4597de" from IDL notify handler {{(pid=86696) notify /opt/stack/neutron/neutron/plugins/ml2/drivers/ovn/mech_driver/ovsdb/ovsdb_monitor.py:934}}
May 15 19:04:42.194759 np0000000882 devstack@neutron-api.service[86697]: DEBUG neutron.plugins.ml2.drivers.ovn.mech_driver.ovsdb.ovsdb_monitor [None req-5b9089de-a575-4579-b1d1-0f582e921e60 None None] Touching Hash Ring node "ee74945c30395d048596e04eb9d399e2" from IDL notify handler {{(pid=86697) notify /opt/stack/neutron/neutron/plugins/ml2/drivers/ovn/mech_driver/ovsdb/ovsdb_monitor.py:934}}
May 15 19:04:42.201218 np0000000882 devstack@neutron-api.service[86696]: DEBUG neutron.plugins.ml2.drivers.ovn.mech_driver.ovsdb.ovsdb_monitor [None req-bfeca328-5485-4c6a-bc41-cb91fe79288a None None] Hash Ring: Node 97d95e4b875f59f385645ca67e4597de (host: np0000000882) handling event "create" for row 2461da96-1829-41bc-a688-27ca61eec742 (table: Logical_Router) {{(pid=86696) notify /opt/stack/neutron/neutron/plugins/ml2/drivers/ovn/mech_driver/ovsdb/ovsdb_monitor.py:942}}
May 15 19:04:42.203135 np0000000882 devstack@neutron-api.service[86696]: DEBUG neutron.plugins.ml2.drivers.ovn.mech_driver.ovsdb.ovsdb_monitor [None req-c30b12f7-730e-4fee-a992-a284a2b84b40 None None] Hash Ring: Node 97d95e4b875f59f385645ca67e4597de (host: np0000000882) handling event "update" for row fd294347-4aac-4c86-a139-f1d1df3de9b8 (table: Port_Binding) {{(pid=86696) notify /opt/stack/neutron/neutron/plugins/ml2/drivers/ovn/mech_driver/ovsdb/ovsdb_monitor.py:942}}
May 15 19:04:42.204446 np0000000882 devstack@neutron-api.service[86697]: DEBUG neutron.plugins.ml2.drivers.ovn.mech_driver.ovsdb.ovsdb_monitor [None req-5b9089de-a575-4579-b1d1-0f582e921e60 None None] Hash Ring: Node ee74945c30395d048596e04eb9d399e2 (host: np0000000882) handling event "create" for row 9e979322-51c2-4d5e-9ce8-16e15a5570b0 (table: Datapath_Binding) {{(pid=86697) notify /opt/stack/neutron/neutron/plugins/ml2/drivers/ovn/mech_driver/ovsdb/ovsdb_monitor.py:942}}
May 15 19:04:42.204850 np0000000882 devstack@neutron-api.service[86696]: DEBUG neutron.plugins.ml2.drivers.ovn.mech_driver.ovsdb.ovsdb_monitor [None req-bfeca328-5485-4c6a-bc41-cb91fe79288a None None] Touching Hash Ring node "97d95e4b875f59f385645ca67e4597de" from IDL notify handler {{(pid=86696) notify /opt/stack/neutron/neutron/plugins/ml2/drivers/ovn/mech_driver/ovsdb/ovsdb_monitor.py:934}}
May 15 19:04:42.206523 np0000000882 devstack@neutron-api.service[86697]: DEBUG neutron.plugins.ml2.drivers.ovn.mech_driver.ovsdb.ovsdb_monitor [None req-dc5e50d0-d119-4dcb-b959-4351f2d3532b None None] Touching Hash Ring node "ee74945c30395d048596e04eb9d399e2" from IDL notify handler {{(pid=86697) notify /opt/stack/neutron/neutron/plugins/ml2/drivers/ovn/mech_driver/ovsdb/ovsdb_monitor.py:934}}
May 15 19:04:42.209308 np0000000882 devstack@neutron-api.service[86696]: DEBUG neutron.plugins.ml2.drivers.ovn.mech_driver.ovsdb.ovsdb_monitor [None req-bfeca328-5485-4c6a-bc41-cb91fe79288a None None] Hash Ring: Node 97d95e4b875f59f385645ca67e4597de (host: np0000000882) handling event "create" for row ac822604-a0f3-401a-9d3d-2bd2e6651d02 (table: Logical_Router_Port) {{(pid=86696) notify /opt/stack/neutron/neutron/plugins/ml2/drivers/ovn/mech_driver/ovsdb/ovsdb_monitor.py:942}}
May 15 19:04:42.210214 np0000000882 devstack@neutron-api.service[86696]: DEBUG ovsdbapp.backend.ovs_idl.event [None req-bfeca328-5485-4c6a-bc41-cb91fe79288a None None] Matched CREATE: LogicalRouterPortEvent(events=('create', 'delete'), table='Logical_Router_Port', conditions=None, old_conditions=None), priority=20 to row=Logical_Router_Port(uuid=ac822604-a0f3-401a-9d3d-2bd2e6651d02, enabled=[], external_ids={'neutron:is_ext_gw': 'True', 'neutron:network_name': 'neutron-a95e7fa1-f18b-45f1-bf16-84eef2631bcb', 'neutron:revision_number': '1', 'neutron:router_name': 'neutron-846ed5fb-b6dd-4962-bb0c-11573169c720', 'neutron:subnet_ids': '2d6b21e7-59cd-4d06-918e-9d8b773a7e4b a045739d-33df-49e8-b3ca-33af3cd74413'}, gateway_chassis=[], ha_chassis_group=caad0388-f72a-49e2-b8bc-0b207e4da82a, ipv6_prefix=[], ipv6_ra_configs={}, mac='fa:16:3e:69:af:d2', name='lrp-5cc4d06a-4577-472b-84ca-e765acc2b354', networks=['172.24.5.100/24', '2001:db8::104/64'], options={'gateway_mtu': '1430', 'reside-on-redirect-chassis': 'true'}, peer=[], status={}) old= {{(pid=86696) matches /opt/stack/data/venv/lib/python3.12/site-packages/ovsdbapp/backend/ovs_idl/event.py:55}}
May 15 19:04:42.211960 np0000000882 devstack@neutron-api.service[86696]: DEBUG neutron.plugins.ml2.drivers.ovn.mech_driver.ovsdb.ovsdb_monitor [None req-bfeca328-5485-4c6a-bc41-cb91fe79288a None None] Touching Hash Ring node "97d95e4b875f59f385645ca67e4597de" from IDL notify handler {{(pid=86696) notify /opt/stack/neutron/neutron/plugins/ml2/drivers/ovn/mech_driver/ovsdb/ovsdb_monitor.py:934}}
May 15 19:04:42.216710 np0000000882 devstack@neutron-api.service[86696]: DEBUG neutron.plugins.ml2.drivers.ovn.mech_driver.ovsdb.ovsdb_monitor [None req-bfeca328-5485-4c6a-bc41-cb91fe79288a None None] Hash Ring: Node 97d95e4b875f59f385645ca67e4597de (host: np0000000882) handling event "create" for row 8d7fd76b-f7c4-4f83-8293-037e7a56ffd1 (table: Logical_Router_Static_Route) {{(pid=86696) notify /opt/stack/neutron/neutron/plugins/ml2/drivers/ovn/mech_driver/ovsdb/ovsdb_monitor.py:942}}
May 15 19:04:42.220203 np0000000882 devstack@neutron-api.service[86697]: DEBUG neutron.plugins.ml2.drivers.ovn.mech_driver.ovsdb.ovsdb_monitor [None req-5b9089de-a575-4579-b1d1-0f582e921e60 None None] Touching Hash Ring node "ee74945c30395d048596e04eb9d399e2" from IDL notify handler {{(pid=86697) notify /opt/stack/neutron/neutron/plugins/ml2/drivers/ovn/mech_driver/ovsdb/ovsdb_monitor.py:934}}
May 15 19:04:42.221516 np0000000882 devstack@neutron-api.service[86696]: DEBUG neutron.plugins.ml2.drivers.ovn.mech_driver.ovsdb.ovsdb_monitor [None req-bfeca328-5485-4c6a-bc41-cb91fe79288a None None] Touching Hash Ring node "97d95e4b875f59f385645ca67e4597de" from IDL notify handler {{(pid=86696) notify /opt/stack/neutron/neutron/plugins/ml2/drivers/ovn/mech_driver/ovsdb/ovsdb_monitor.py:934}}
May 15 19:04:42.223760 np0000000882 devstack@neutron-api.service[86696]: DEBUG neutron.plugins.ml2.drivers.ovn.mech_driver.ovsdb.ovsdb_monitor [None req-bfeca328-5485-4c6a-bc41-cb91fe79288a None None] Hash Ring: Node 97d95e4b875f59f385645ca67e4597de (host: np0000000882) handling event "update" for row ac822604-a0f3-401a-9d3d-2bd2e6651d02 (table: Logical_Router_Port) {{(pid=86696) notify /opt/stack/neutron/neutron/plugins/ml2/drivers/ovn/mech_driver/ovsdb/ovsdb_monitor.py:942}}
May 15 19:04:42.224162 np0000000882 devstack@neutron-api.service[86697]: DEBUG neutron.plugins.ml2.drivers.ovn.mech_driver.ovsdb.ovsdb_monitor [None req-dc5e50d0-d119-4dcb-b959-4351f2d3532b None None] Hash Ring: Node ee74945c30395d048596e04eb9d399e2 (host: np0000000882) handling event "create" for row caad0388-f72a-49e2-b8bc-0b207e4da82a (table: HA_Chassis_Group) {{(pid=86697) notify /opt/stack/neutron/neutron/plugins/ml2/drivers/ovn/mech_driver/ovsdb/ovsdb_monitor.py:942}}
May 15 19:04:42.225855 np0000000882 devstack@neutron-api.service[86696]: DEBUG ovsdbapp.backend.ovs_idl.transaction [None req-bfeca328-5485-4c6a-bc41-cb91fe79288a None None] Running txn n=1 command(idx=0): CheckRevisionNumberCommand(_result=None, name=5602744a-1e9b-48c2-9d89-99bf19fe8571, resource={'id': '5602744a-1e9b-48c2-9d89-99bf19fe8571', 'name': '', 'network_id': 'a95e7fa1-f18b-45f1-bf16-84eef2631bcb', 'project_id': '', 'mac_address': 'fa:16:3e:d6:76:8f', 'admin_state_up': True, 'status': 'DOWN', 'device_id': '559e200d-dc21-46e7-8f10-b35ca0571da0', 'device_owner': 'network:router_gateway', 'standard_attr_id': 114, 'fixed_ips': [{'subnet_id': '2d6b21e7-59cd-4d06-918e-9d8b773a7e4b', 'ip_address': '172.24.5.224'}, {'subnet_id': 'a045739d-33df-49e8-b3ca-33af3cd74413', 'ip_address': '2001:db8::37f'}], 'allowed_address_pairs': [], 'extra_dhcp_opts': [], 'security_groups': [], 'description': '', 'binding:vnic_type': 'normal', 'binding:profile': {}, 'binding:host_id': 'np0000000882', 'binding:vif_type': 'unbound', 'binding:vif_details': {}, 'port_security_enabled': False, 'tags': [], 'created_at': '2026-05-15T19:04:38Z', 'updated_at': '2026-05-15T19:04:38Z', 'revision_number': 1, 'tenant_id': '', 'network': {'id': 'a95e7fa1-f18b-45f1-bf16-84eef2631bcb', 'name': 'public', 'tenant_id': '1fb0ad0da52e45be874dcf864bfd9e8a', 'project_id': '1fb0ad0da52e45be874dcf864bfd9e8a', 'admin_state_up': True, 'mtu': 1430, 'status': 'ACTIVE', 'subnets': ['2d6b21e7-59cd-4d06-918e-9d8b773a7e4b', 'a045739d-33df-49e8-b3ca-33af3cd74413'], 'standard_attr_id': 18, 'shared': False, 'availability_zone_hints': [], 'availability_zones': [], 'ipv4_address_scope': None, 'ipv6_address_scope': None, 'router:external': True, 'qinq': False, 'vlan_transparent': False, 'description': '', 'port_security_enabled': True, 'is_default': True, 'tags': [], 'created_at': '2026-05-15T19:01:49Z', 'updated_at': '2026-05-15T19:01:56Z', 'revision_number': 3, 'provider:network_type': 'flat', 'provider:physical_network': 'public', 'provider:segmentation_id': None}}, resource_type=ports, if_exists=True) {{(pid=86696) do_commit /opt/stack/data/venv/lib/python3.12/site-packages/ovsdbapp/backend/ovs_idl/transaction.py:89}}
May 15 19:04:42.226137 np0000000882 devstack@neutron-api.service[86696]: DEBUG ovsdbapp.backend.ovs_idl.transaction [None req-bfeca328-5485-4c6a-bc41-cb91fe79288a None None] Running txn n=1 command(idx=1): SetLSwitchPortCommand(_result=None, lport=5602744a-1e9b-48c2-9d89-99bf19fe8571, external_ids_update=None, columns={'external_ids': {'neutron:port_name': '', 'neutron:device_id': '559e200d-dc21-46e7-8f10-b35ca0571da0', 'neutron:project_id': '', 'neutron:cidrs': '172.24.5.224/24 2001:db8::37f/64', 'neutron:device_owner': 'network:router_gateway', 'neutron:subnet_pool_addr_scope4': '', 'neutron:subnet_pool_addr_scope6': '', 'neutron:network_name': 'neutron-a95e7fa1-f18b-45f1-bf16-84eef2631bcb', 'neutron:security_group_ids': '', 'neutron:revision_number': '1', 'neutron:vnic_type': 'normal', 'neutron:port_capabilities': '', 'neutron:mtu': ''}, 'parent_name': [], 'tag': [], 'options': {'requested-chassis': 'np0000000882', 'exclude-lb-vips-from-garp': 'true', 'nat-addresses': 'router', 'router-port': 'lrp-5602744a-1e9b-48c2-9d89-99bf19fe8571'}, 'enabled': True, 'port_security': [], 'dhcpv4_options': [], 'dhcpv6_options': [], 'type': 'router', 'ha_chassis_group': []}, if_exists=False) {{(pid=86696) do_commit /opt/stack/data/venv/lib/python3.12/site-packages/ovsdbapp/backend/ovs_idl/transaction.py:89}}
